216.73.216.41 - - [29/Aug/2026:00:20:44 +0330] "GET /?u=10568281504 HTTP/2.0" 200 1883 "-" "Mozilla/5.0 AppleWebKit/537.36 (KHTML, like Gecko; compatible; ClaudeBot/1.0; +claudebot@anthropic.com)"
216.73.216.41 - - [29/Aug/2026:00:20:44 +0330] "GET /?u=2291296600 HTTP/2.0" 200 1883 "-" "Mozilla/5.0 AppleWebKit/537.36 (KHTML, like Gecko; compatible; ClaudeBot/1.0; +claudebot@anthropic.com)"
216.73.216.41 - - [29/Aug/2026:00:20:44 +0330] "GET /?u=18320116307 HTTP/2.0" 200 1883 "-" "Mozilla/5.0 AppleWebKit/537.36 (KHTML, like Gecko; compatible; ClaudeBot/1.0; +claudebot@anthropic.com)"
216.73.216.41 - - [29/Aug/2026:00:20:44 +0330] "GET /?u=11269290205 HTTP/2.0" 200 1883 "-" "Mozilla/5.0 AppleWebKit/537.36 (KHTML, like Gecko; compatible; ClaudeBot/1.0; +claudebot@anthropic.com)"
216.73.216.41 - - [29/Aug/2026:00:20:45 +0330] "GET /?u=2994923700 HTTP/2.0" 200 1883 "-" "Mozilla/5.0 AppleWebKit/537.36 (KHTML, like Gecko; compatible; ClaudeBot/1.0; +claudebot@anthropic.com)"
216.73.216.41 - - [29/Aug/2026:00:20:45 +0330] "GET /?u=852815703 HTTP/2.0" 200 1883 "-" "Mozilla/5.0 AppleWebKit/537.36 (KHTML, like Gecko; compatible; ClaudeBot/1.0; +claudebot@anthropic.com)"
216.73.216.41 - - [29/Aug/2026:00:20:45 +0330] "GET /?u=8777733803 HTTP/2.0" 200 1883 "-" "Mozilla/5.0 AppleWebKit/537.36 (KHTML, like Gecko; compatible; ClaudeBot/1.0; +claudebot@anthropic.com)"
216.73.216.41 - - [29/Aug/2026:00:20:45 +0330] "GET /?u=51142122301 HTTP/2.0" 200 1883 "-" "Mozilla/5.0 AppleWebKit/537.36 (KHTML, like Gecko; compatible; ClaudeBot/1.0; +claudebot@anthropic.com)"
216.73.216.41 - - [29/Aug/2026:00:20:45 +0330] "GET /?u=6362913800 HTTP/2.0" 200 1883 "-" "Mozilla/5.0 AppleWebKit/537.36 (KHTML, like Gecko; compatible; ClaudeBot/1.0; +claudebot@anthropic.com)"
216.73.216.41 - - [29/Aug/2026:00:20:45 +0330] "GET /?u=0852280100 HTTP/2.0" 200 1883 "-" "Mozilla/5.0 AppleWebKit/537.36 (KHTML, like Gecko; compatible; ClaudeBot/1.0; +claudebot@anthropic.com)"
40.77.167.29 - - [29/Aug/2026:00:20:45 +0330] "GET /?u=3175724001700 HTTP/2.0" 200 33055 "-" "Mozilla/5.0 AppleWebKit/537.36 (KHTML, like Gecko; compatible; bingbot/2.0; +http://www.bing.com/bingbot.htm) Chrome/116.0.1938.76 Safari/537.36"
216.73.216.41 - - [29/Aug/2026:00:20:46 +0330] "GET /?u=0116498301 HTTP/2.0" 200 1883 "-" "Mozilla/5.0 AppleWebKit/537.36 (KHTML, like Gecko; compatible; ClaudeBot/1.0; +claudebot@anthropic.com)"
216.73.216.41 - - [29/Aug/2026:00:20:46 +0330] "GET /?u=0799954400 HTTP/2.0" 200 1883 "-" "Mozilla/5.0 AppleWebKit/537.36 (KHTML, like Gecko; compatible; ClaudeBot/1.0; +claudebot@anthropic.com)"
216.73.216.41 - - [29/Aug/2026:00:20:46 +0330] "GET /?u=85488282800 HTTP/2.0" 200 1883 "-" "Mozilla/5.0 AppleWebKit/537.36 (KHTML, like Gecko; compatible; ClaudeBot/1.0; +claudebot@anthropic.com)"
127.0.0.1 - - [29/Aug/2026:00:20:46 +0330] "GET /api/v3/product-show/amz-B0C1X2NWV9?amazon_region=usa-amazon%20ORDER%20BY%201000--%20- HTTP/1.1" 301 169 "-" "node"
127.0.0.1 - - [29/Aug/2026:00:20:46 +0330] "GET /api/v3/product-show/amz-B0C1X2NWV9?amazon_region= HTTP/1.1" 301 169 "-" "node"
216.73.216.41 - - [29/Aug/2026:00:20:46 +0330] "GET /?u=1182719002 HTTP/2.0" 200 1883 "-" "Mozilla/5.0 AppleWebKit/537.36 (KHTML, like Gecko; compatible; ClaudeBot/1.0; +claudebot@anthropic.com)"
127.0.0.1 - - [29/Aug/2026:00:20:46 +0330] "GET /api/v3/product-show/amz-B0C1X2NWV9?amazon_region=usa-amazon%20ORDER%20BY%201000--%20- HTTP/1.1" 200 4675 "-" "node"
157.55.39.9 - - [29/Aug/2026:00:20:46 +0330] "GET /?u=1169016357602 HTTP/2.0" 200 33301 "-" "Mozilla/5.0 AppleWebKit/537.36 (KHTML, like Gecko; compatible; bingbot/2.0; +http://www.bing.com/bingbot.htm) Chrome/116.0.1938.76 Safari/537.36"
127.0.0.1 - - [29/Aug/2026:00:20:46 +0330] "GET /api/v3/product-show/amz-B0C1X2NWV9?amazon_region= HTTP/1.1" 200 4675 "-" "node"
216.73.216.41 - - [29/Aug/2026:00:20:46 +0330] "GET /?u=14887162011 HTTP/2.0" 200 1883 "-" "Mozilla/5.0 AppleWebKit/537.36 (KHTML, like Gecko; compatible; ClaudeBot/1.0; +claudebot@anthropic.com)"
216.73.216.41 - - [29/Aug/2026:00:20:46 +0330] "GET /?u=3322176609 HTTP/2.0" 200 1883 "-" "Mozilla/5.0 AppleWebKit/537.36 (KHTML, like Gecko; compatible; ClaudeBot/1.0; +claudebot@anthropic.com)"
216.73.216.41 - - [29/Aug/2026:00:20:46 +0330] "GET /?u=2818318110 HTTP/2.0" 200 1883 "-" "Mozilla/5.0 AppleWebKit/537.36 (KHTML, like Gecko; compatible; ClaudeBot/1.0; +claudebot@anthropic.com)"
216.73.216.41 - - [29/Aug/2026:00:20:47 +0330] "GET /?u=08558460101 HTTP/2.0" 200 1883 "-" "Mozilla/5.0 AppleWebKit/537.36 (KHTML, like Gecko; compatible; ClaudeBot/1.0; +claudebot@anthropic.com)"
216.73.216.41 - - [29/Aug/2026:00:20:47 +0330] "GET /?u=07215247201 HTTP/2.0" 200 1883 "-" "Mozilla/5.0 AppleWebKit/537.36 (KHTML, like Gecko; compatible; ClaudeBot/1.0; +claudebot@anthropic.com)"
216.73.216.41 - - [29/Aug/2026:00:20:47 +0330] "GET /?u=99358224601 HTTP/2.0" 200 1883 "-" "Mozilla/5.0 AppleWebKit/537.36 (KHTML, like Gecko; compatible; ClaudeBot/1.0; +claudebot@anthropic.com)"
127.0.0.1 - - [29/Aug/2026:00:20:47 +0330] "GET /api/v1/categories-amazon HTTP/1.1" 200 34230 "-" "node"
216.73.216.41 - - [29/Aug/2026:00:20:47 +0330] "GET /?u=71289366206 HTTP/2.0" 200 1883 "-" "Mozilla/5.0 AppleWebKit/537.36 (KHTML, like Gecko; compatible; ClaudeBot/1.0; +claudebot@anthropic.com)"
86.204.214.181 - - [29/Aug/2026:00:20:47 +0330] "GET /product/amz-B0C1X2NWV9/mens-cnc-machinist-dad-like-a-regular-dad-but-cooler-t-shirt?amazon-region=usa-amazon%20ORDER%20BY%201000--%20- HTTP/2.0" 200 104502 "-" "Mozilla/5.0 (Windows NT 10.0; Win64; x64) AppleWebKit/537.36 (KHTML, like Gecko) Chrome/120.0.0.0 Safari/537.36 Edg/120.0.0.0"
40.77.167.29 - - [29/Aug/2026:00:20:47 +0330] "GET /?u=78405199951900 HTTP/2.0" 200 34206 "-" "Mozilla/5.0 AppleWebKit/537.36 (KHTML, like Gecko; compatible; bingbot/2.0; +http://www.bing.com/bingbot.htm) Chrome/116.0.1938.76 Safari/537.36"
216.73.216.41 - - [29/Aug/2026:00:20:47 +0330] "GET /?u=01271102006 HTTP/2.0" 200 1883 "-" "Mozilla/5.0 AppleWebKit/537.36 (KHTML, like Gecko; compatible; ClaudeBot/1.0; +claudebot@anthropic.com)"
216.73.216.41 - - [29/Aug/2026:00:20:48 +0330] "GET /?u=0630159000 HTTP/2.0" 200 1883 "-" "Mozilla/5.0 AppleWebKit/537.36 (KHTML, like Gecko; compatible; ClaudeBot/1.0; +claudebot@anthropic.com)"
157.55.39.60 - - [29/Aug/2026:00:20:48 +0330] "GET /?u=5679054387701 HTTP/2.0" 200 33331 "-" "Mozilla/5.0 AppleWebKit/537.36 (KHTML, like Gecko; compatible; bingbot/2.0; +http://www.bing.com/bingbot.htm) Chrome/116.0.1938.76 Safari/537.36"
216.73.216.41 - - [29/Aug/2026:00:20:48 +0330] "GET /?u=7448078600 HTTP/2.0" 200 1883 "-" "Mozilla/5.0 AppleWebKit/537.36 (KHTML, like Gecko; compatible; ClaudeBot/1.0; +claudebot@anthropic.com)"
216.73.216.41 - - [29/Aug/2026:00:20:48 +0330] "GET /?u=70178439503 HTTP/2.0" 200 1883 "-" "Mozilla/5.0 AppleWebKit/537.36 (KHTML, like Gecko; compatible; ClaudeBot/1.0; +claudebot@anthropic.com)"
216.73.216.41 - - [29/Aug/2026:00:20:48 +0330] "GET /?u=982353707 HTTP/2.0" 200 1883 "-" "Mozilla/5.0 AppleWebKit/537.36 (KHTML, like Gecko; compatible; ClaudeBot/1.0; +claudebot@anthropic.com)"
216.73.216.41 - - [29/Aug/2026:00:20:48 +0330] "GET /?u=04202323902 HTTP/2.0" 200 1883 "-" "Mozilla/5.0 AppleWebKit/537.36 (KHTML, like Gecko; compatible; ClaudeBot/1.0; +claudebot@anthropic.com)"
216.73.216.41 - - [29/Aug/2026:00:20:48 +0330] "GET /?u=36736247601 HTTP/2.0" 200 1883 "-" "Mozilla/5.0 AppleWebKit/537.36 (KHTML, like Gecko; compatible; ClaudeBot/1.0; +claudebot@anthropic.com)"
216.73.216.41 - - [29/Aug/2026:00:20:48 +0330] "GET /?u=53010488500 HTTP/2.0" 200 1883 "-" "Mozilla/5.0 AppleWebKit/537.36 (KHTML, like Gecko; compatible; ClaudeBot/1.0; +claudebot@anthropic.com)"
40.77.167.29 - - [29/Aug/2026:00:20:48 +0330] "GET /?u=92321188359003 HTTP/2.0" 200 33218 "-" "Mozilla/5.0 AppleWebKit/537.36 (KHTML, like Gecko; compatible; bingbot/2.0; +http://www.bing.com/bingbot.htm) Chrome/116.0.1938.76 Safari/537.36"
216.73.216.41 - - [29/Aug/2026:00:20:49 +0330] "GET /?u=72072440902 HTTP/2.0" 200 1883 "-" "Mozilla/5.0 AppleWebKit/537.36 (KHTML, like Gecko; compatible; ClaudeBot/1.0; +claudebot@anthropic.com)"
157.55.39.9 - - [29/Aug/2026:00:20:49 +0330] "GET /?u=81471271123001 HTTP/2.0" 200 33446 "-" "Mozilla/5.0 AppleWebKit/537.36 (KHTML, like Gecko; compatible; bingbot/2.0; +http://www.bing.com/bingbot.htm) Chrome/116.0.1938.76 Safari/537.36"
216.73.216.41 - - [29/Aug/2026:00:20:49 +0330] "GET /?u=07918357502 HTTP/2.0" 200 1883 "-" "Mozilla/5.0 AppleWebKit/537.36 (KHTML, like Gecko; compatible; ClaudeBot/1.0; +claudebot@anthropic.com)"
216.73.216.41 - - [29/Aug/2026:00:20:49 +0330] "GET /?u=8260964100 HTTP/2.0" 200 1883 "-" "Mozilla/5.0 AppleWebKit/537.36 (KHTML, like Gecko; compatible; ClaudeBot/1.0; +claudebot@anthropic.com)"
127.0.0.1 - - [29/Aug/2026:00:20:49 +0330] "GET /api/v3/product-show/amz-B0C1X2NWV9?amazon_region=usa-amazon%22%20AND%20EXTRACTVALUE(1486,CONCAT(0x7e,((SELECT%20(ELT(1486=1486,1)))),0x7e))--%20- HTTP/1.1" 301 169 "-" "node"
127.0.0.1 - - [29/Aug/2026:00:20:49 +0330] "GET /api/v3/product-show/amz-B0C1X2NWV9?amazon_region= HTTP/1.1" 301 169 "-" "node"
216.73.216.41 - - [29/Aug/2026:00:20:50 +0330] "GET /?u=09997304201 HTTP/2.0" 200 1883 "-" "Mozilla/5.0 AppleWebKit/537.36 (KHTML, like Gecko; compatible; ClaudeBot/1.0; +claudebot@anthropic.com)"
216.73.216.41 - - [29/Aug/2026:00:20:50 +0330] "GET /?u=51612414801 HTTP/2.0" 200 1883 "-" "Mozilla/5.0 AppleWebKit/537.36 (KHTML, like Gecko; compatible; ClaudeBot/1.0; +claudebot@anthropic.com)"
216.73.216.41 - - [29/Aug/2026:00:20:50 +0330] "GET /?u=02069266901 HTTP/2.0" 200 1883 "-" "Mozilla/5.0 AppleWebKit/537.36 (KHTML, like Gecko; compatible; ClaudeBot/1.0; +claudebot@anthropic.com)"
216.73.216.41 - - [29/Aug/2026:00:20:50 +0330] "GET /?u=03201356401 HTTP/2.0" 200 1883 "-" "Mozilla/5.0 AppleWebKit/537.36 (KHTML, like Gecko; compatible; ClaudeBot/1.0; +claudebot@anthropic.com)"
127.0.0.1 - - [29/Aug/2026:00:20:50 +0330] "GET /api/v3/product-show/amz-B0C1X2NWV9?amazon_region=usa-amazon%22%20AND%20EXTRACTVALUE(1486,CONCAT(0x7e,((SELECT%20(ELT(1486=1486,1)))),0x7e))--%20- HTTP/1.1" 200 4675 "-" "node"
127.0.0.1 - - [29/Aug/2026:00:20:50 +0330] "GET /api/v3/product-show/amz-B0C1X2NWV9?amazon_region= HTTP/1.1" 200 4681 "-" "node"
216.73.216.41 - - [29/Aug/2026:00:20:50 +0330] "GET /?u=7479535100 HTTP/2.0" 200 1883 "-" "Mozilla/5.0 AppleWebKit/537.36 (KHTML, like Gecko; compatible; ClaudeBot/1.0; +claudebot@anthropic.com)"
216.73.216.41 - - [29/Aug/2026:00:20:50 +0330] "GET /?u=2290131200 HTTP/2.0" 200 1883 "-" "Mozilla/5.0 AppleWebKit/537.36 (KHTML, like Gecko; compatible; ClaudeBot/1.0; +claudebot@anthropic.com)"
216.73.216.41 - - [29/Aug/2026:00:20:50 +0330] "GET /?u=029928108 HTTP/2.0" 200 1883 "-" "Mozilla/5.0 AppleWebKit/537.36 (KHTML, like Gecko; compatible; ClaudeBot/1.0; +claudebot@anthropic.com)"
216.73.216.41 - - [29/Aug/2026:00:20:51 +0330] "GET /?u=08188181706 HTTP/2.0" 200 1883 "-" "Mozilla/5.0 AppleWebKit/537.36 (KHTML, like Gecko; compatible; ClaudeBot/1.0; +claudebot@anthropic.com)"
40.77.167.29 - - [29/Aug/2026:00:20:51 +0330] "GET /?u=2845798160600 HTTP/2.0" 200 35870 "-" "Mozilla/5.0 AppleWebKit/537.36 (KHTML, like Gecko; compatible; bingbot/2.0; +http://www.bing.com/bingbot.htm) Chrome/116.0.1938.76 Safari/537.36"
127.0.0.1 - - [29/Aug/2026:00:20:51 +0330] "GET /api/v1/categories-amazon HTTP/1.1" 200 34199 "-" "node"
86.204.214.181 - - [29/Aug/2026:00:20:51 +0330] "GET /product/amz-B0C1X2NWV9/mens-cnc-machinist-dad-like-a-regular-dad-but-cooler-t-shirt?amazon-region=usa-amazon%22%20AND%20EXTRACTVALUE%281486%2CCONCAT%280x7e%2C%28%28SELECT%20%28ELT%281486%3D1486%2C1%29%29%29%29%2C0x7e%29%29--%20- HTTP/2.0" 200 104654 "-" "Mozilla/5.0 (Macintosh; Intel Mac OS X 10.15; rv:121.0) Gecko/20100101 Firefox/121.0"
216.73.216.41 - - [29/Aug/2026:00:20:51 +0330] "GET /?u=2287783204 HTTP/2.0" 200 1883 "-" "Mozilla/5.0 AppleWebKit/537.36 (KHTML, like Gecko; compatible; ClaudeBot/1.0; +claudebot@anthropic.com)"
216.73.216.41 - - [29/Aug/2026:00:20:51 +0330] "GET /?u=92291206201 HTTP/2.0" 200 1883 "-" "Mozilla/5.0 AppleWebKit/537.36 (KHTML, like Gecko; compatible; ClaudeBot/1.0; +claudebot@anthropic.com)"
216.73.216.41 - - [29/Aug/2026:00:20:51 +0330] "GET /?u=31359424700 HTTP/2.0" 200 1883 "-" "Mozilla/5.0 AppleWebKit/537.36 (KHTML, like Gecko; compatible; ClaudeBot/1.0; +claudebot@anthropic.com)"
216.73.216.41 - - [29/Aug/2026:00:20:51 +0330] "GET /?u=2276922006 HTTP/2.0" 200 1883 "-" "Mozilla/5.0 AppleWebKit/537.36 (KHTML, like Gecko; compatible; ClaudeBot/1.0; +claudebot@anthropic.com)"
216.73.216.41 - - [29/Aug/2026:00:20:51 +0330] "GET /?u=5331179006 HTTP/2.0" 200 1883 "-" "Mozilla/5.0 AppleWebKit/537.36 (KHTML, like Gecko; compatible; ClaudeBot/1.0; +claudebot@anthropic.com)"
216.73.216.41 - - [29/Aug/2026:00:20:51 +0330] "GET /?u=3853260700 HTTP/2.0" 200 1883 "-" "Mozilla/5.0 AppleWebKit/537.36 (KHTML, like Gecko; compatible; ClaudeBot/1.0; +claudebot@anthropic.com)"
216.73.216.41 - - [29/Aug/2026:00:20:52 +0330] "GET /?u=6982232301 HTTP/2.0" 200 1883 "-" "Mozilla/5.0 AppleWebKit/537.36 (KHTML, like Gecko; compatible; ClaudeBot/1.0; +claudebot@anthropic.com)"
216.73.216.41 - - [29/Aug/2026:00:20:52 +0330] "GET /?u=52010491900 HTTP/2.0" 200 1883 "-" "Mozilla/5.0 AppleWebKit/537.36 (KHTML, like Gecko; compatible; ClaudeBot/1.0; +claudebot@anthropic.com)"
216.73.216.41 - - [29/Aug/2026:00:20:52 +0330] "GET /?u=2106487300 HTTP/2.0" 200 1883 "-" "Mozilla/5.0 AppleWebKit/537.36 (KHTML, like Gecko; compatible; ClaudeBot/1.0; +claudebot@anthropic.com)"
127.0.0.1 - - [29/Aug/2026:00:20:52 +0330] "GET /api/v3/product-show/amz-B0C1X2NWV9?amazon_region=usa-amazon%27%20UNION%20ALL%20SELECT%20%27mdabrceyngqminfzjdpjgfqonirrdror%27--%20s3z8ez HTTP/1.1" 301 169 "-" "node"
127.0.0.1 - - [29/Aug/2026:00:20:52 +0330] "GET /api/v3/product-show/amz-B0C1X2NWV9?amazon_region= HTTP/1.1" 301 169 "-" "node"
216.73.216.41 - - [29/Aug/2026:00:20:52 +0330] "GET /?u=2993840706 HTTP/2.0" 200 1883 "-" "Mozilla/5.0 AppleWebKit/537.36 (KHTML, like Gecko; compatible; ClaudeBot/1.0; +claudebot@anthropic.com)"
127.0.0.1 - - [29/Aug/2026:00:20:52 +0330] "GET /api/v3/product-show/amz-B0C1X2NWV9?amazon_region= HTTP/1.1" 200 4675 "-" "node"
127.0.0.1 - - [29/Aug/2026:00:20:52 +0330] "GET /api/v3/product-show/amz-B0C1X2NWV9?amazon_region=usa-amazon%27%20UNION%20ALL%20SELECT%20%27mdabrceyngqminfzjdpjgfqonirrdror%27--%20s3z8ez HTTP/1.1" 200 4675 "-" "node"
216.73.216.41 - - [29/Aug/2026:00:20:52 +0330] "GET /?u=03047108100 HTTP/2.0" 200 1883 "-" "Mozilla/5.0 AppleWebKit/537.36 (KHTML, like Gecko; compatible; ClaudeBot/1.0; +claudebot@anthropic.com)"
216.73.216.41 - - [29/Aug/2026:00:20:53 +0330] "GET /?u=02496274300 HTTP/2.0" 200 1883 "-" "Mozilla/5.0 AppleWebKit/537.36 (KHTML, like Gecko; compatible; ClaudeBot/1.0; +claudebot@anthropic.com)"
216.73.216.41 - - [29/Aug/2026:00:20:53 +0330] "GET /?u=97331497900 HTTP/2.0" 200 1883 "-" "Mozilla/5.0 AppleWebKit/537.36 (KHTML, like Gecko; compatible; ClaudeBot/1.0; +claudebot@anthropic.com)"
127.0.0.1 - - [29/Aug/2026:00:20:53 +0330] "GET /api/v1/categories-amazon HTTP/1.1" 200 34230 "-" "node"
216.73.216.41 - - [29/Aug/2026:00:20:53 +0330] "GET /?u=0023719503 HTTP/2.0" 200 1883 "-" "Mozilla/5.0 AppleWebKit/537.36 (KHTML, like Gecko; compatible; ClaudeBot/1.0; +claudebot@anthropic.com)"
86.204.214.181 - - [29/Aug/2026:00:20:53 +0330] "GET /product/amz-B0C1X2NWV9/mens-cnc-machinist-dad-like-a-regular-dad-but-cooler-t-shirt?amazon-region=usa-amazon%27%20UNION%20ALL%20SELECT%20%27mdabrceyngqminfzjdpjgfqonirrdror%27--%20s3z8ez HTTP/2.0" 200 104613 "-" "Mozilla/5.0 (X11; Linux x86_64; rv:121.0) Gecko/20100101 Firefox/121.0"
216.73.216.41 - - [29/Aug/2026:00:20:53 +0330] "GET /?u=780111205 HTTP/2.0" 200 1883 "-" "Mozilla/5.0 AppleWebKit/537.36 (KHTML, like Gecko; compatible; ClaudeBot/1.0; +claudebot@anthropic.com)"
216.73.216.41 - - [29/Aug/2026:00:20:53 +0330] "GET /?u=48003340902 HTTP/2.0" 200 1883 "-" "Mozilla/5.0 AppleWebKit/537.36 (KHTML, like Gecko; compatible; ClaudeBot/1.0; +claudebot@anthropic.com)"
216.73.216.41 - - [29/Aug/2026:00:20:54 +0330] "GET /?u=28708157201 HTTP/2.0" 200 1883 "-" "Mozilla/5.0 AppleWebKit/537.36 (KHTML, like Gecko; compatible; ClaudeBot/1.0; +claudebot@anthropic.com)"
216.73.216.41 - - [29/Aug/2026:00:20:54 +0330] "GET /?u=4199656500 HTTP/2.0" 200 1883 "-" "Mozilla/5.0 AppleWebKit/537.36 (KHTML, like Gecko; compatible; ClaudeBot/1.0; +claudebot@anthropic.com)"
216.73.216.41 - - [29/Aug/2026:00:20:54 +0330] "GET /?u=0997016402 HTTP/2.0" 200 1883 "-" "Mozilla/5.0 AppleWebKit/537.36 (KHTML, like Gecko; compatible; ClaudeBot/1.0; +claudebot@anthropic.com)"
127.0.0.1 - - [29/Aug/2026:00:20:54 +0330] "GET /api/v3/product-show/amz-B0BRBX5LD9?amazon_region=undefined HTTP/1.1" 301 169 "-" "node"
127.0.0.1 - - [29/Aug/2026:00:20:54 +0330] "GET /api/v3/product-show/amz-B0BRBX5LD9?amazon_region= HTTP/1.1" 301 169 "-" "node"
216.73.216.41 - - [29/Aug/2026:00:20:54 +0330] "GET /?u=2275292902 HTTP/2.0" 200 1883 "-" "Mozilla/5.0 AppleWebKit/537.36 (KHTML, like Gecko; compatible; ClaudeBot/1.0; +claudebot@anthropic.com)"
127.0.0.1 - - [29/Aug/2026:00:20:54 +0330] "GET /api/v3/product-show/amz-B0BRBX5LD9?amazon_region=undefined HTTP/1.1" 200 16731 "-" "node"
127.0.0.1 - - [29/Aug/2026:00:20:54 +0330] "GET /api/v3/product-show/amz-B0BRBX5LD9?amazon_region= HTTP/1.1" 200 16716 "-" "node"
216.73.216.41 - - [29/Aug/2026:00:20:54 +0330] "GET /?u=60009299901 HTTP/2.0" 200 1883 "-" "Mozilla/5.0 AppleWebKit/537.36 (KHTML, like Gecko; compatible; ClaudeBot/1.0; +claudebot@anthropic.com)"
216.73.216.41 - - [29/Aug/2026:00:20:54 +0330] "GET /?u=78297101201 HTTP/2.0" 200 1883 "-" "Mozilla/5.0 AppleWebKit/537.36 (KHTML, like Gecko; compatible; ClaudeBot/1.0; +claudebot@anthropic.com)"
216.73.216.41 - - [29/Aug/2026:00:20:55 +0330] "GET /?u=6013020802 HTTP/2.0" 200 1883 "-" "Mozilla/5.0 AppleWebKit/537.36 (KHTML, like Gecko; compatible; ClaudeBot/1.0; +claudebot@anthropic.com)"
216.73.216.41 - - [29/Aug/2026:00:20:55 +0330] "GET /?u=71033193301 HTTP/2.0" 200 1883 "-" "Mozilla/5.0 AppleWebKit/537.36 (KHTML, like Gecko; compatible; ClaudeBot/1.0; +claudebot@anthropic.com)"
216.73.216.41 - - [29/Aug/2026:00:20:55 +0330] "GET /?u=41598373205 HTTP/2.0" 200 1883 "-" "Mozilla/5.0 AppleWebKit/537.36 (KHTML, like Gecko; compatible; ClaudeBot/1.0; +claudebot@anthropic.com)"
216.73.216.41 - - [29/Aug/2026:00:20:55 +0330] "GET /?u=80950283206 HTTP/2.0" 200 1883 "-" "Mozilla/5.0 AppleWebKit/537.36 (KHTML, like Gecko; compatible; ClaudeBot/1.0; +claudebot@anthropic.com)"
216.73.216.41 - - [29/Aug/2026:00:20:55 +0330] "GET /?u=70514484202 HTTP/2.0" 200 1883 "-" "Mozilla/5.0 AppleWebKit/537.36 (KHTML, like Gecko; compatible; ClaudeBot/1.0; +claudebot@anthropic.com)"
5.117.211.132 - - [29/Aug/2026:00:20:55 +0330] "POST /api/v1/calculator-show HTTP/2.0" 200 360 "https://charsooq.com/" "Mozilla/5.0 (Windows NT 10.0; Win64; x64) AppleWebKit/537.36 (KHTML, like Gecko) Chrome/151.0.0.0 Safari/537.36"
127.0.0.1 - - [29/Aug/2026:00:20:55 +0330] "GET /api/v1/categories-amazon HTTP/1.1" 200 34199 "-" "node"
216.73.216.41 - - [29/Aug/2026:00:20:55 +0330] "GET /?u=81343282904 HTTP/2.0" 200 1883 "-" "Mozilla/5.0 AppleWebKit/537.36 (KHTML, like Gecko; compatible; ClaudeBot/1.0; +claudebot@anthropic.com)"
216.73.216.41 - - [29/Aug/2026:00:20:55 +0330] "GET /?u=0932728700 HTTP/2.0" 200 1883 "-" "Mozilla/5.0 AppleWebKit/537.36 (KHTML, like Gecko; compatible; ClaudeBot/1.0; +claudebot@anthropic.com)"
216.73.216.41 - - [29/Aug/2026:00:20:56 +0330] "GET /?u=22929259504 HTTP/2.0" 200 1883 "-" "Mozilla/5.0 AppleWebKit/537.36 (KHTML, like Gecko; compatible; ClaudeBot/1.0; +claudebot@anthropic.com)"
127.0.0.1 - - [29/Aug/2026:00:20:56 +0330] "GET /api/v3/product-show/amz-B0C1X2NWV9?amazon_region=usa-amazon%%22%20AND%20EXTRACTVALUE(5300,CONCAT(0x7e,((SELECT%20(ELT(5300=5300,1)))),0x7e))--%20- HTTP/1.1" 301 169 "-" "node"
127.0.0.1 - - [29/Aug/2026:00:20:56 +0330] "GET /api/v3/product-show/amz-B0C1X2NWV9?amazon_region= HTTP/1.1" 301 169 "-" "node"
129.0.189.180 - - [29/Aug/2026:00:20:56 +0330] "GET /product/amz-B0BRBX5LD9/Cooler-Master-MasterAccessory-Vertical-GPU-Card-Holder-Kit-V3-White-Premium-Riser-Cable-PCI-E-4-0-x16-165mm-PCIe-3-0-Compatible-Adjustable-Length-for-E-ATX-ATX-Micro-ATX-Case-MCA-U000R-WFVK03 HTTP/1.1" 200 108312 "-" "Mozilla/5.0 (Macintosh; Intel Mac OS X 11.3; rv:135.0) Gecko/20100101 Firefox/135.0"
216.73.216.41 - - [29/Aug/2026:00:20:56 +0330] "GET /?u=2158193208 HTTP/2.0" 200 1883 "-" "Mozilla/5.0 AppleWebKit/537.36 (KHTML, like Gecko; compatible; ClaudeBot/1.0; +claudebot@anthropic.com)"
216.73.216.41 - - [29/Aug/2026:00:20:56 +0330] "GET /?u=6509918402 HTTP/2.0" 200 1883 "-" "Mozilla/5.0 AppleWebKit/537.36 (KHTML, like Gecko; compatible; ClaudeBot/1.0; +claudebot@anthropic.com)"
216.73.216.41 - - [29/Aug/2026:00:20:56 +0330] "GET /?u=1960937804 HTTP/2.0" 200 1883 "-" "Mozilla/5.0 AppleWebKit/537.36 (KHTML, like Gecko; compatible; ClaudeBot/1.0; +claudebot@anthropic.com)"
127.0.0.1 - - [29/Aug/2026:00:20:56 +0330] "GET /api/v3/product-show/amz-B0C1X2NWV9?amazon_region=usa-amazon%%22%20AND%20EXTRACTVALUE(5300,CONCAT(0x7e,((SELECT%20(ELT(5300=5300,1)))),0x7e))--%20- HTTP/1.1" 200 4675 "-" "node"
216.73.216.41 - - [29/Aug/2026:00:20:56 +0330] "GET /?u=828887100 HTTP/2.0" 200 1883 "-" "Mozilla/5.0 AppleWebKit/537.36 (KHTML, like Gecko; compatible; ClaudeBot/1.0; +claudebot@anthropic.com)"
127.0.0.1 - - [29/Aug/2026:00:20:56 +0330] "GET /api/v3/product-show/amz-B0C1X2NWV9?amazon_region= HTTP/1.1" 200 4675 "-" "node"
216.73.216.41 - - [29/Aug/2026:00:20:56 +0330] "GET /?u=280265800 HTTP/2.0" 200 1883 "-" "Mozilla/5.0 AppleWebKit/537.36 (KHTML, like Gecko; compatible; ClaudeBot/1.0; +claudebot@anthropic.com)"
216.73.216.41 - - [29/Aug/2026:00:20:57 +0330] "GET /?path=%2F%2Fproc%2F3225457%2Fcwd%2Fsys%2Fbus%2Fworkqueue HTTP/2.0" 200 1003 "-" "Mozilla/5.0 AppleWebKit/537.36 (KHTML, like Gecko; compatible; ClaudeBot/1.0; +claudebot@anthropic.com)"
216.73.216.41 - - [29/Aug/2026:00:20:57 +0330] "GET /?u=27679176103 HTTP/2.0" 200 1883 "-" "Mozilla/5.0 AppleWebKit/537.36 (KHTML, like Gecko; compatible; ClaudeBot/1.0; +claudebot@anthropic.com)"
216.73.216.41 - - [29/Aug/2026:00:20:57 +0330] "GET /?u=79352176405 HTTP/2.0" 200 1883 "-" "Mozilla/5.0 AppleWebKit/537.36 (KHTML, like Gecko; compatible; ClaudeBot/1.0; +claudebot@anthropic.com)"
216.73.216.41 - - [29/Aug/2026:00:20:57 +0330] "GET /?u=24813155100 HTTP/2.0" 200 1883 "-" "Mozilla/5.0 AppleWebKit/537.36 (KHTML, like Gecko; compatible; ClaudeBot/1.0; +claudebot@anthropic.com)"
216.73.216.41 - - [29/Aug/2026:00:20:57 +0330] "GET /?u=70450123905 HTTP/2.0" 200 1883 "-" "Mozilla/5.0 AppleWebKit/537.36 (KHTML, like Gecko; compatible; ClaudeBot/1.0; +claudebot@anthropic.com)"
127.0.0.1 - - [29/Aug/2026:00:20:57 +0330] "GET /api/v1/categories-amazon HTTP/1.1" 200 34230 "-" "node"
86.204.214.181 - - [29/Aug/2026:00:20:57 +0330] "GET /product/amz-B0C1X2NWV9/mens-cnc-machinist-dad-like-a-regular-dad-but-cooler-t-shirt?amazon-region=usa-amazon%25%22%20AND%20EXTRACTVALUE%285300%2CCONCAT%280x7e%2C%28%28SELECT%20%28ELT%285300%3D5300%2C1%29%29%29%29%2C0x7e%29%29--%20- HTTP/2.0" 200 104655 "-" "Mozilla/5.0 (Macintosh; Intel Mac OS X 10.15; rv:121.0) Gecko/20100101 Firefox/121.0"
216.73.216.41 - - [29/Aug/2026:00:20:57 +0330] "GET /?u=00811354500 HTTP/2.0" 200 1883 "-" "Mozilla/5.0 AppleWebKit/537.36 (KHTML, like Gecko; compatible; ClaudeBot/1.0; +claudebot@anthropic.com)"
216.73.216.41 - - [29/Aug/2026:00:20:58 +0330] "GET /?u=82500342102 HTTP/2.0" 200 1883 "-" "Mozilla/5.0 AppleWebKit/537.36 (KHTML, like Gecko; compatible; ClaudeBot/1.0; +claudebot@anthropic.com)"
216.73.216.41 - - [29/Aug/2026:00:20:58 +0330] "GET /?u=0103758708 HTTP/2.0" 200 1883 "-" "Mozilla/5.0 AppleWebKit/537.36 (KHTML, like Gecko; compatible; ClaudeBot/1.0; +claudebot@anthropic.com)"
157.55.39.9 - - [29/Aug/2026:00:20:58 +0330] "GET /?u=2929410507800 HTTP/2.0" 200 32751 "-" "Mozilla/5.0 AppleWebKit/537.36 (KHTML, like Gecko; compatible; bingbot/2.0; +http://www.bing.com/bingbot.htm) Chrome/116.0.1938.76 Safari/537.36"
216.73.216.41 - - [29/Aug/2026:00:20:58 +0330] "GET /?u=00039343003 HTTP/2.0" 200 1883 "-" "Mozilla/5.0 AppleWebKit/537.36 (KHTML, like Gecko; compatible; ClaudeBot/1.0; +claudebot@anthropic.com)"
216.73.216.41 - - [29/Aug/2026:00:20:58 +0330] "GET /?u=0612230201 HTTP/2.0" 200 1883 "-" "Mozilla/5.0 AppleWebKit/537.36 (KHTML, like Gecko; compatible; ClaudeBot/1.0; +claudebot@anthropic.com)"
216.73.216.41 - - [29/Aug/2026:00:20:58 +0330] "GET /?u=09780236704 HTTP/2.0" 200 1883 "-" "Mozilla/5.0 AppleWebKit/537.36 (KHTML, like Gecko; compatible; ClaudeBot/1.0; +claudebot@anthropic.com)"
216.73.216.41 - - [29/Aug/2026:00:20:58 +0330] "GET /?u=4775297600 HTTP/2.0" 200 1883 "-" "Mozilla/5.0 AppleWebKit/537.36 (KHTML, like Gecko; compatible; ClaudeBot/1.0; +claudebot@anthropic.com)"
216.73.216.41 - - [29/Aug/2026:00:20:58 +0330] "GET /?u=31389109101 HTTP/2.0" 200 1883 "-" "Mozilla/5.0 AppleWebKit/537.36 (KHTML, like Gecko; compatible; ClaudeBot/1.0; +claudebot@anthropic.com)"
216.73.216.41 - - [29/Aug/2026:00:20:58 +0330] "GET /?u=158324203 HTTP/2.0" 200 1883 "-" "Mozilla/5.0 AppleWebKit/537.36 (KHTML, like Gecko; compatible; ClaudeBot/1.0; +claudebot@anthropic.com)"
127.0.0.1 - - [29/Aug/2026:00:20:59 +0330] "GET /api/v3/product-show/amz-B0C1X2NWV9?amazon_region=usa-amazon%27%20UNION%20ALL%20SELECT%20%27mdabrceyngqminfzjdpjgfqonirrdror%27--%20s3z8ez HTTP/1.1" 301 169 "-" "node"
127.0.0.1 - - [29/Aug/2026:00:20:59 +0330] "GET /api/v3/product-show/amz-B0C1X2NWV9?amazon_region= HTTP/1.1" 301 169 "-" "node"
216.73.216.41 - - [29/Aug/2026:00:20:59 +0330] "GET /?u=52009296010 HTTP/2.0" 200 1883 "-" "Mozilla/5.0 AppleWebKit/537.36 (KHTML, like Gecko; compatible; ClaudeBot/1.0; +claudebot@anthropic.com)"
127.0.0.1 - - [29/Aug/2026:00:20:59 +0330] "GET /api/v3/product-show/amz-B0C1X2NWV9?amazon_region=usa-amazon%27%20UNION%20ALL%20SELECT%20%27mdabrceyngqminfzjdpjgfqonirrdror%27--%20s3z8ez HTTP/1.1" 200 4675 "-" "node"
127.0.0.1 - - [29/Aug/2026:00:20:59 +0330] "GET /api/v3/product-show/amz-B0C1X2NWV9?amazon_region= HTTP/1.1" 200 4675 "-" "node"
216.73.216.41 - - [29/Aug/2026:00:20:59 +0330] "GET /?u=3018736804 HTTP/2.0" 200 1883 "-" "Mozilla/5.0 AppleWebKit/537.36 (KHTML, like Gecko; compatible; ClaudeBot/1.0; +claudebot@anthropic.com)"
216.73.216.41 - - [29/Aug/2026:00:20:59 +0330] "GET /?u=9007097701 HTTP/2.0" 200 1883 "-" "Mozilla/5.0 AppleWebKit/537.36 (KHTML, like Gecko; compatible; ClaudeBot/1.0; +claudebot@anthropic.com)"
216.73.216.41 - - [29/Aug/2026:00:20:59 +0330] "GET /?u=92211216601 HTTP/2.0" 200 1883 "-" "Mozilla/5.0 AppleWebKit/537.36 (KHTML, like Gecko; compatible; ClaudeBot/1.0; +claudebot@anthropic.com)"
216.73.216.41 - - [29/Aug/2026:00:20:59 +0330] "GET /?u=71009107700 HTTP/2.0" 200 1883 "-" "Mozilla/5.0 AppleWebKit/537.36 (KHTML, like Gecko; compatible; ClaudeBot/1.0; +claudebot@anthropic.com)"
127.0.0.1 - - [29/Aug/2026:00:20:59 +0330] "GET /api/v1/categories-amazon HTTP/1.1" 200 34199 "-" "node"
216.73.216.41 - - [29/Aug/2026:00:20:59 +0330] "GET /?u=7207555900 HTTP/2.0" 200 1883 "-" "Mozilla/5.0 AppleWebKit/537.36 (KHTML, like Gecko; compatible; ClaudeBot/1.0; +claudebot@anthropic.com)"
86.204.214.181 - - [29/Aug/2026:00:21:00 +0330] "GET /product/amz-B0C1X2NWV9/mens-cnc-machinist-dad-like-a-regular-dad-but-cooler-t-shirt?amazon-region=usa-amazon%27%20UNION%20ALL%20SELECT%20%27mdabrceyngqminfzjdpjgfqonirrdror%27--%20s3z8ez HTTP/2.0" 200 104597 "-" "Mozilla/5.0 (Macintosh; Intel Mac OS X 10_15_7) AppleWebKit/605.1.15 (KHTML, like Gecko) Version/17.2 Safari/605.1.15"
216.73.216.41 - - [29/Aug/2026:00:21:00 +0330] "GET /?u=877035200 HTTP/2.0" 200 1883 "-" "Mozilla/5.0 AppleWebKit/537.36 (KHTML, like Gecko; compatible; ClaudeBot/1.0; +claudebot@anthropic.com)"
216.73.216.41 - - [29/Aug/2026:00:21:00 +0330] "GET /?u=69780490800 HTTP/2.0" 200 1883 "-" "Mozilla/5.0 AppleWebKit/537.36 (KHTML, like Gecko; compatible; ClaudeBot/1.0; +claudebot@anthropic.com)"
216.73.216.41 - - [29/Aug/2026:00:21:00 +0330] "GET /?u=09419230100 HTTP/2.0" 200 1883 "-" "Mozilla/5.0 AppleWebKit/537.36 (KHTML, like Gecko; compatible; ClaudeBot/1.0; +claudebot@anthropic.com)"
216.73.216.41 - - [29/Aug/2026:00:21:00 +0330] "GET /?u=92008371900 HTTP/2.0" 200 1883 "-" "Mozilla/5.0 AppleWebKit/537.36 (KHTML, like Gecko; compatible; ClaudeBot/1.0; +claudebot@anthropic.com)"
216.73.216.41 - - [29/Aug/2026:00:21:00 +0330] "GET /?u=19903148409 HTTP/2.0" 200 1883 "-" "Mozilla/5.0 AppleWebKit/537.36 (KHTML, like Gecko; compatible; ClaudeBot/1.0; +claudebot@anthropic.com)"
216.73.216.41 - - [29/Aug/2026:00:21:00 +0330] "GET /?path=%2F%2Fproc%2F3225462%2Fcwd%2Flib%2Fnode_modules HTTP/2.0" 200 911 "-" "Mozilla/5.0 AppleWebKit/537.36 (KHTML, like Gecko; compatible; ClaudeBot/1.0; +claudebot@anthropic.com)"
216.73.216.41 - - [29/Aug/2026:00:21:01 +0330] "GET /?u=19972377400 HTTP/2.0" 200 1883 "-" "Mozilla/5.0 AppleWebKit/537.36 (KHTML, like Gecko; compatible; ClaudeBot/1.0; +claudebot@anthropic.com)"
216.73.216.41 - - [29/Aug/2026:00:21:01 +0330] "GET /?u=82096398501 HTTP/2.0" 200 1883 "-" "Mozilla/5.0 AppleWebKit/537.36 (KHTML, like Gecko; compatible; ClaudeBot/1.0; +claudebot@anthropic.com)"
216.73.216.41 - - [29/Aug/2026:00:21:01 +0330] "GET /?u=87388233602 HTTP/2.0" 200 1883 "-" "Mozilla/5.0 AppleWebKit/537.36 (KHTML, like Gecko; compatible; ClaudeBot/1.0; +claudebot@anthropic.com)"
216.73.216.41 - - [29/Aug/2026:00:21:01 +0330] "GET /?path=%2F%2Fproc%2F3225466%2Fcwd%2Flib%2Fnode_modules HTTP/2.0" 200 912 "-" "Mozilla/5.0 AppleWebKit/537.36 (KHTML, like Gecko; compatible; ClaudeBot/1.0; +claudebot@anthropic.com)"
216.73.216.41 - - [29/Aug/2026:00:21:01 +0330] "GET /?u=77784386401 HTTP/2.0" 200 1883 "-" "Mozilla/5.0 AppleWebKit/537.36 (KHTML, like Gecko; compatible; ClaudeBot/1.0; +claudebot@anthropic.com)"
216.73.216.41 - - [29/Aug/2026:00:21:01 +0330] "GET /?u=96148103702 HTTP/2.0" 200 1883 "-" "Mozilla/5.0 AppleWebKit/537.36 (KHTML, like Gecko; compatible; ClaudeBot/1.0; +claudebot@anthropic.com)"
216.73.216.41 - - [29/Aug/2026:00:21:01 +0330] "GET /?u=5869011000 HTTP/2.0" 200 1883 "-" "Mozilla/5.0 AppleWebKit/537.36 (KHTML, like Gecko; compatible; ClaudeBot/1.0; +claudebot@anthropic.com)"
216.73.216.41 - - [29/Aug/2026:00:21:01 +0330] "GET /?u=42827361000 HTTP/2.0" 200 1883 "-" "Mozilla/5.0 AppleWebKit/537.36 (KHTML, like Gecko; compatible; ClaudeBot/1.0; +claudebot@anthropic.com)"
216.73.216.41 - - [29/Aug/2026:00:21:01 +0330] "GET /?u=15729447802 HTTP/2.0" 200 1883 "-" "Mozilla/5.0 AppleWebKit/537.36 (KHTML, like Gecko; compatible; ClaudeBot/1.0; +claudebot@anthropic.com)"
127.0.0.1 - - [29/Aug/2026:00:21:02 +0330] "GET /api/v3/product-show/amz-B0C1X2NWV9?amazon_region=usa-amazon`%20AND%20EXTRACTVALUE(2814,CONCAT(0x7e,((SELECT%20(ELT(2814=2814,1)))),0x7e))--%20- HTTP/1.1" 301 169 "-" "node"
127.0.0.1 - - [29/Aug/2026:00:21:02 +0330] "GET /api/v3/product-show/amz-B0C1X2NWV9?amazon_region= HTTP/1.1" 301 169 "-" "node"
127.0.0.1 - - [29/Aug/2026:00:21:02 +0330] "GET /api/v3/product-show/amz-B0C1X2NWV9?amazon_region=usa-amazon`%20AND%20EXTRACTVALUE(2814,CONCAT(0x7e,((SELECT%20(ELT(2814=2814,1)))),0x7e))--%20- HTTP/1.1" 200 4675 "-" "node"
216.73.216.41 - - [29/Aug/2026:00:21:02 +0330] "GET /?u=4155324100 HTTP/2.0" 200 1883 "-" "Mozilla/5.0 AppleWebKit/537.36 (KHTML, like Gecko; compatible; ClaudeBot/1.0; +claudebot@anthropic.com)"
127.0.0.1 - - [29/Aug/2026:00:21:02 +0330] "GET /api/v3/product-show/amz-B0C1X2NWV9?amazon_region= HTTP/1.1" 200 4675 "-" "node"
216.73.216.41 - - [29/Aug/2026:00:21:02 +0330] "GET /?u=2929329400 HTTP/2.0" 200 1883 "-" "Mozilla/5.0 AppleWebKit/537.36 (KHTML, like Gecko; compatible; ClaudeBot/1.0; +claudebot@anthropic.com)"
216.73.216.41 - - [29/Aug/2026:00:21:02 +0330] "GET /?u=91028321600 HTTP/2.0" 200 1883 "-" "Mozilla/5.0 AppleWebKit/537.36 (KHTML, like Gecko; compatible; ClaudeBot/1.0; +claudebot@anthropic.com)"
216.73.216.41 - - [29/Aug/2026:00:21:02 +0330] "GET /?path=%2F%2Fproc%2F3225452%2Fcwd%2Fsys%2Fbus%2Fworkqueue HTTP/2.0" 200 1002 "-" "Mozilla/5.0 AppleWebKit/537.36 (KHTML, like Gecko; compatible; ClaudeBot/1.0; +claudebot@anthropic.com)"
216.73.216.41 - - [29/Aug/2026:00:21:03 +0330] "GET /?u=95430101902 HTTP/2.0" 200 1883 "-" "Mozilla/5.0 AppleWebKit/537.36 (KHTML, like Gecko; compatible; ClaudeBot/1.0; +claudebot@anthropic.com)"
216.73.216.41 - - [29/Aug/2026:00:21:03 +0330] "GET /?u=89211107906 HTTP/2.0" 200 1883 "-" "Mozilla/5.0 AppleWebKit/537.36 (KHTML, like Gecko; compatible; ClaudeBot/1.0; +claudebot@anthropic.com)"
216.73.216.41 - - [29/Aug/2026:00:21:03 +0330] "GET /?u=188685902 HTTP/2.0" 200 1883 "-" "Mozilla/5.0 AppleWebKit/537.36 (KHTML, like Gecko; compatible; ClaudeBot/1.0; +claudebot@anthropic.com)"
127.0.0.1 - - [29/Aug/2026:00:21:03 +0330] "GET /api/v1/categories-amazon HTTP/1.1" 200 34230 "-" "node"
216.73.216.41 - - [29/Aug/2026:00:21:03 +0330] "GET /?u=37820255403 HTTP/2.0" 200 1883 "-" "Mozilla/5.0 AppleWebKit/537.36 (KHTML, like Gecko; compatible; ClaudeBot/1.0; +claudebot@anthropic.com)"
86.204.214.181 - - [29/Aug/2026:00:21:03 +0330] "GET /product/amz-B0C1X2NWV9/mens-cnc-machinist-dad-like-a-regular-dad-but-cooler-t-shirt?amazon-region=usa-amazon%60%20AND%20EXTRACTVALUE%282814%2CCONCAT%280x7e%2C%28%28SELECT%20%28ELT%282814%3D2814%2C1%29%29%29%29%2C0x7e%29%29--%20- HTTP/2.0" 200 104646 "-" "Mozilla/5.0 (Windows NT 10.0; Win64; x64) AppleWebKit/537.36 (KHTML, like Gecko) Chrome/120.0.0.0 Safari/537.36"
216.73.216.41 - - [29/Aug/2026:00:21:03 +0330] "GET /?u=08999360205 HTTP/2.0" 200 1883 "-" "Mozilla/5.0 AppleWebKit/537.36 (KHTML, like Gecko; compatible; ClaudeBot/1.0; +claudebot@anthropic.com)"
216.73.216.41 - - [29/Aug/2026:00:21:03 +0330] "GET /?u=9101730408 HTTP/2.0" 200 1883 "-" "Mozilla/5.0 AppleWebKit/537.36 (KHTML, like Gecko; compatible; ClaudeBot/1.0; +claudebot@anthropic.com)"
216.73.216.41 - - [29/Aug/2026:00:21:04 +0330] "GET /?u=14323299107 HTTP/2.0" 200 1883 "-" "Mozilla/5.0 AppleWebKit/537.36 (KHTML, like Gecko; compatible; ClaudeBot/1.0; +claudebot@anthropic.com)"
216.73.216.41 - - [29/Aug/2026:00:21:04 +0330] "GET /?u=05281139004 HTTP/2.0" 200 1883 "-" "Mozilla/5.0 AppleWebKit/537.36 (KHTML, like Gecko; compatible; ClaudeBot/1.0; +claudebot@anthropic.com)"
216.73.216.41 - - [29/Aug/2026:00:21:04 +0330] "GET /?u=2137679805 HTTP/2.0" 200 1883 "-" "Mozilla/5.0 AppleWebKit/537.36 (KHTML, like Gecko; compatible; ClaudeBot/1.0; +claudebot@anthropic.com)"
216.73.216.41 - - [29/Aug/2026:00:21:04 +0330] "GET /?path=%2F%2Fproc%2F3225462%2Fcwd%2Fsys%2Fbus%2Fworkqueue HTTP/2.0" 200 1003 "-" "Mozilla/5.0 AppleWebKit/537.36 (KHTML, like Gecko; compatible; ClaudeBot/1.0; +claudebot@anthropic.com)"
216.73.216.41 - - [29/Aug/2026:00:21:04 +0330] "GET /?u=90157356207 HTTP/2.0" 200 1883 "-" "Mozilla/5.0 AppleWebKit/537.36 (KHTML, like Gecko; compatible; ClaudeBot/1.0; +claudebot@anthropic.com)"
216.73.216.41 - - [29/Aug/2026:00:21:04 +0330] "GET /?u=47521376400 HTTP/2.0" 200 1883 "-" "Mozilla/5.0 AppleWebKit/537.36 (KHTML, like Gecko; compatible; ClaudeBot/1.0; +claudebot@anthropic.com)"
216.73.216.41 - - [29/Aug/2026:00:21:04 +0330] "GET /?u=2908950301 HTTP/2.0" 200 1883 "-" "Mozilla/5.0 AppleWebKit/537.36 (KHTML, like Gecko; compatible; ClaudeBot/1.0; +claudebot@anthropic.com)"
216.73.216.41 - - [29/Aug/2026:00:21:04 +0330] "GET /?u=7001334401 HTTP/2.0" 200 1883 "-" "Mozilla/5.0 AppleWebKit/537.36 (KHTML, like Gecko; compatible; ClaudeBot/1.0; +claudebot@anthropic.com)"
216.73.216.41 - - [29/Aug/2026:00:21:04 +0330] "GET /?u=8577378300 HTTP/2.0" 200 1883 "-" "Mozilla/5.0 AppleWebKit/537.36 (KHTML, like Gecko; compatible; ClaudeBot/1.0; +claudebot@anthropic.com)"
127.0.0.1 - - [29/Aug/2026:00:21:05 +0330] "GET /api/v3/product-show/amz-B0C1X2NWV9?amazon_region=usa-amazon%20UNION%20ALL%20SELECT%20%27mdabrceyngqminfzjdpjgfqonirrdror%27--%20s3z8ez HTTP/1.1" 301 169 "-" "node"
127.0.0.1 - - [29/Aug/2026:00:21:05 +0330] "GET /api/v3/product-show/amz-B0C1X2NWV9?amazon_region= HTTP/1.1" 301 169 "-" "node"
216.73.216.41 - - [29/Aug/2026:00:21:05 +0330] "GET /?u=79749483000 HTTP/2.0" 200 1883 "-" "Mozilla/5.0 AppleWebKit/537.36 (KHTML, like Gecko; compatible; ClaudeBot/1.0; +claudebot@anthropic.com)"
216.73.216.41 - - [29/Aug/2026:00:21:05 +0330] "GET /?u=21241489100 HTTP/2.0" 200 1883 "-" "Mozilla/5.0 AppleWebKit/537.36 (KHTML, like Gecko; compatible; ClaudeBot/1.0; +claudebot@anthropic.com)"
127.0.0.1 - - [29/Aug/2026:00:21:05 +0330] "GET /api/v3/product-show/amz-B0C1X2NWV9?amazon_region=usa-amazon%20UNION%20ALL%20SELECT%20%27mdabrceyngqminfzjdpjgfqonirrdror%27--%20s3z8ez HTTP/1.1" 200 4675 "-" "node"
127.0.0.1 - - [29/Aug/2026:00:21:05 +0330] "GET /api/v3/product-show/amz-B0C1X2NWV9?amazon_region= HTTP/1.1" 200 4675 "-" "node"
216.73.216.41 - - [29/Aug/2026:00:21:05 +0330] "GET /?u=16894353402 HTTP/2.0" 200 1883 "-" "Mozilla/5.0 AppleWebKit/537.36 (KHTML, like Gecko; compatible; ClaudeBot/1.0; +claudebot@anthropic.com)"
216.73.216.41 - - [29/Aug/2026:00:21:05 +0330] "GET /?u=1601933402 HTTP/2.0" 200 1883 "-" "Mozilla/5.0 AppleWebKit/537.36 (KHTML, like Gecko; compatible; ClaudeBot/1.0; +claudebot@anthropic.com)"
216.73.216.41 - - [29/Aug/2026:00:21:06 +0330] "GET /?u=07020153902 HTTP/2.0" 200 1883 "-" "Mozilla/5.0 AppleWebKit/537.36 (KHTML, like Gecko; compatible; ClaudeBot/1.0; +claudebot@anthropic.com)"
216.73.216.41 - - [29/Aug/2026:00:21:06 +0330] "GET /?u=725807601 HTTP/2.0" 200 1883 "-" "Mozilla/5.0 AppleWebKit/537.36 (KHTML, like Gecko; compatible; ClaudeBot/1.0; +claudebot@anthropic.com)"
216.73.216.41 - - [29/Aug/2026:00:21:06 +0330] "GET /?u=02709259607 HTTP/2.0" 200 1883 "-" "Mozilla/5.0 AppleWebKit/537.36 (KHTML, like Gecko; compatible; ClaudeBot/1.0; +claudebot@anthropic.com)"
216.73.216.41 - - [29/Aug/2026:00:21:06 +0330] "GET /?u=22280196906 HTTP/2.0" 200 1883 "-" "Mozilla/5.0 AppleWebKit/537.36 (KHTML, like Gecko; compatible; ClaudeBot/1.0; +claudebot@anthropic.com)"
216.73.216.41 - - [29/Aug/2026:00:21:06 +0330] "GET /?u=02778239306 HTTP/2.0" 200 1883 "-" "Mozilla/5.0 AppleWebKit/537.36 (KHTML, like Gecko; compatible; ClaudeBot/1.0; +claudebot@anthropic.com)"
127.0.0.1 - - [29/Aug/2026:00:21:06 +0330] "GET /api/v1/categories-amazon HTTP/1.1" 200 34199 "-" "node"
216.73.216.41 - - [29/Aug/2026:00:21:06 +0330] "GET /?path=%2F%2Fproc%2F3225466%2Fcwd%2Fsys%2Fbus%2Fworkqueue HTTP/2.0" 200 1003 "-" "Mozilla/5.0 AppleWebKit/537.36 (KHTML, like Gecko; compatible; ClaudeBot/1.0; +claudebot@anthropic.com)"
86.204.214.181 - - [29/Aug/2026:00:21:06 +0330] "GET /product/amz-B0C1X2NWV9/mens-cnc-machinist-dad-like-a-regular-dad-but-cooler-t-shirt?amazon-region=usa-amazon%20UNION%20ALL%20SELECT%20%27mdabrceyngqminfzjdpjgfqonirrdror%27--%20s3z8ez HTTP/2.0" 200 104592 "-" "Mozilla/5.0 (Windows NT 10.0; Win64; x64; rv:121.0) Gecko/20100101 Firefox/121.0"
216.73.216.41 - - [29/Aug/2026:00:21:06 +0330] "GET /?path=%2F%2Fproc%2F3225460%2Fcwd%2Flib%2Fnode_modules HTTP/2.0" 200 912 "-" "Mozilla/5.0 AppleWebKit/537.36 (KHTML, like Gecko; compatible; ClaudeBot/1.0; +claudebot@anthropic.com)"
216.73.216.41 - - [29/Aug/2026:00:21:06 +0330] "GET /?u=04712428305 HTTP/2.0" 200 1883 "-" "Mozilla/5.0 AppleWebKit/537.36 (KHTML, like Gecko; compatible; ClaudeBot/1.0; +claudebot@anthropic.com)"
216.73.216.41 - - [29/Aug/2026:00:21:07 +0330] "GET /?u=933871807 HTTP/2.0" 200 1883 "-" "Mozilla/5.0 AppleWebKit/537.36 (KHTML, like Gecko; compatible; ClaudeBot/1.0; +claudebot@anthropic.com)"
216.73.216.41 - - [29/Aug/2026:00:21:07 +0330] "GET /?u=5120986602 HTTP/2.0" 200 1883 "-" "Mozilla/5.0 AppleWebKit/537.36 (KHTML, like Gecko; compatible; ClaudeBot/1.0; +claudebot@anthropic.com)"
216.73.216.41 - - [29/Aug/2026:00:21:07 +0330] "GET /?u=82017386302 HTTP/2.0" 200 1883 "-" "Mozilla/5.0 AppleWebKit/537.36 (KHTML, like Gecko; compatible; ClaudeBot/1.0; +claudebot@anthropic.com)"
127.0.0.1 - - [29/Aug/2026:00:21:07 +0330] "GET /api/v1/show-products-offers/TrekkerIIcap HTTP/1.1" 301 169 "-" "node"
127.0.0.1 - - [29/Aug/2026:00:21:07 +0330] "GET /api/v1/show-products-offers/TrekkerIIcap HTTP/1.1" 200 3238 "-" "node"
216.73.216.41 - - [29/Aug/2026:00:21:07 +0330] "GET /?u=91085389100 HTTP/2.0" 200 1883 "-" "Mozilla/5.0 AppleWebKit/537.36 (KHTML, like Gecko; compatible; ClaudeBot/1.0; +claudebot@anthropic.com)"
5.117.211.132 - - [29/Aug/2026:00:21:07 +0330] "GET /products/TrekkerIIcap/%DA%A9%D9%84%D8%A7%D9%87-%D8%A2%D9%81%D8%AA%D8%A7%D8%A8%DB%8C-%D9%85%DB%8C%D9%84%D8%AA?_rsc=cz33q HTTP/2.0" 200 2159 "https://charsooq.com/china?url=https://www.aliexpress.com/item/1005008704128402.html" "Mozilla/5.0 (Windows NT 10.0; Win64; x64) AppleWebKit/537.36 (KHTML, like Gecko) Chrome/151.0.0.0 Safari/537.36"
216.73.216.41 - - [29/Aug/2026:00:21:07 +0330] "GET /?u=02201326702 HTTP/2.0" 200 1883 "-" "Mozilla/5.0 AppleWebKit/537.36 (KHTML, like Gecko; compatible; ClaudeBot/1.0; +claudebot@anthropic.com)"
216.73.216.41 - - [29/Aug/2026:00:21:07 +0330] "GET /?u=09829402913 HTTP/2.0" 200 1883 "-" "Mozilla/5.0 AppleWebKit/537.36 (KHTML, like Gecko; compatible; ClaudeBot/1.0; +claudebot@anthropic.com)"
216.73.216.41 - - [29/Aug/2026:00:21:07 +0330] "GET /?u=20110438201 HTTP/2.0" 200 1883 "-" "Mozilla/5.0 AppleWebKit/537.36 (KHTML, like Gecko; compatible; ClaudeBot/1.0; +claudebot@anthropic.com)"
216.73.216.41 - - [29/Aug/2026:00:21:08 +0330] "GET /?u=0261955100 HTTP/2.0" 200 1883 "-" "Mozilla/5.0 AppleWebKit/537.36 (KHTML, like Gecko; compatible; ClaudeBot/1.0; +claudebot@anthropic.com)"
127.0.0.1 - - [29/Aug/2026:00:21:08 +0330] "GET /api/v3/product-show/amz-B0C1X2NWV9?amazon_region=usa-amazon)%20AND%20EXTRACTVALUE(6091,CONCAT(0x7e,((SELECT%20(ELT(6091=6091,1)))),0x7e))--%20- HTTP/1.1" 301 169 "-" "node"
127.0.0.1 - - [29/Aug/2026:00:21:08 +0330] "GET /api/v3/product-show/amz-B0C1X2NWV9?amazon_region= HTTP/1.1" 301 169 "-" "node"
216.73.216.41 - - [29/Aug/2026:00:21:08 +0330] "GET /?u=10329473000 HTTP/2.0" 200 1883 "-" "Mozilla/5.0 AppleWebKit/537.36 (KHTML, like Gecko; compatible; ClaudeBot/1.0; +claudebot@anthropic.com)"
127.0.0.1 - - [29/Aug/2026:00:21:08 +0330] "GET /api/v3/product-show/amz-B0C1X2NWV9?amazon_region= HTTP/1.1" 200 4675 "-" "node"
127.0.0.1 - - [29/Aug/2026:00:21:08 +0330] "GET /api/v3/product-show/amz-B0C1X2NWV9?amazon_region=usa-amazon)%20AND%20EXTRACTVALUE(6091,CONCAT(0x7e,((SELECT%20(ELT(6091=6091,1)))),0x7e))--%20- HTTP/1.1" 200 4675 "-" "node"
216.73.216.41 - - [29/Aug/2026:00:21:08 +0330] "GET /?u=67226325902 HTTP/2.0" 200 1883 "-" "Mozilla/5.0 AppleWebKit/537.36 (KHTML, like Gecko; compatible; ClaudeBot/1.0; +claudebot@anthropic.com)"
216.73.216.41 - - [29/Aug/2026:00:21:08 +0330] "GET /?u=461129100 HTTP/2.0" 200 1883 "-" "Mozilla/5.0 AppleWebKit/537.36 (KHTML, like Gecko; compatible; ClaudeBot/1.0; +claudebot@anthropic.com)"
216.73.216.41 - - [29/Aug/2026:00:21:08 +0330] "GET /?u=2202143602 HTTP/2.0" 200 1883 "-" "Mozilla/5.0 AppleWebKit/537.36 (KHTML, like Gecko; compatible; ClaudeBot/1.0; +claudebot@anthropic.com)"
216.73.216.41 - - [29/Aug/2026:00:21:08 +0330] "GET /?u=78606409201 HTTP/2.0" 200 1883 "-" "Mozilla/5.0 AppleWebKit/537.36 (KHTML, like Gecko; compatible; ClaudeBot/1.0; +claudebot@anthropic.com)"
127.0.0.1 - - [29/Aug/2026:00:21:09 +0330] "GET /api/v1/categories-amazon HTTP/1.1" 200 34199 "-" "node"
216.73.216.41 - - [29/Aug/2026:00:21:09 +0330] "GET /?u=2222970801 HTTP/2.0" 200 1883 "-" "Mozilla/5.0 AppleWebKit/537.36 (KHTML, like Gecko; compatible; ClaudeBot/1.0; +claudebot@anthropic.com)"
86.204.214.181 - - [29/Aug/2026:00:21:09 +0330] "GET /product/amz-B0C1X2NWV9/mens-cnc-machinist-dad-like-a-regular-dad-but-cooler-t-shirt?amazon-region=usa-amazon%29%20AND%20EXTRACTVALUE%286091%2CCONCAT%280x7e%2C%28%28SELECT%20%28ELT%286091%3D6091%2C1%29%29%29%29%2C0x7e%29%29--%20- HTTP/2.0" 200 104646 "-" "Mozilla/5.0 (Macintosh; Intel Mac OS X 10_15_7) AppleWebKit/605.1.15 (KHTML, like Gecko) Version/17.2 Safari/605.1.15"
216.73.216.41 - - [29/Aug/2026:00:21:09 +0330] "GET /?u=08908441005 HTTP/2.0" 200 1883 "-" "Mozilla/5.0 AppleWebKit/537.36 (KHTML, like Gecko; compatible; ClaudeBot/1.0; +claudebot@anthropic.com)"
216.73.216.41 - - [29/Aug/2026:00:21:09 +0330] "GET /?u=55718156908 HTTP/2.0" 200 1883 "-" "Mozilla/5.0 AppleWebKit/537.36 (KHTML, like Gecko; compatible; ClaudeBot/1.0; +claudebot@anthropic.com)"
216.73.216.41 - - [29/Aug/2026:00:21:09 +0330] "GET /?u=02208102701 HTTP/2.0" 200 1883 "-" "Mozilla/5.0 AppleWebKit/537.36 (KHTML, like Gecko; compatible; ClaudeBot/1.0; +claudebot@anthropic.com)"
216.73.216.41 - - [29/Aug/2026:00:21:09 +0330] "GET /?u=528045601 HTTP/2.0" 200 1883 "-" "Mozilla/5.0 AppleWebKit/537.36 (KHTML, like Gecko; compatible; ClaudeBot/1.0; +claudebot@anthropic.com)"
5.117.211.132 - - [29/Aug/2026:00:21:09 +0330] "GET /assets/images/home/china/aliexpress-logo.webp HTTP/2.0" 200 26194 "https://charsooq.com/china?url=https://www.aliexpress.com/item/1005008704128402.html" "Mozilla/5.0 (Windows NT 10.0; Win64; x64) AppleWebKit/537.36 (KHTML, like Gecko) Chrome/151.0.0.0 Safari/537.36"
216.73.216.41 - - [29/Aug/2026:00:21:09 +0330] "GET /?u=31006478809 HTTP/2.0" 200 1883 "-" "Mozilla/5.0 AppleWebKit/537.36 (KHTML, like Gecko; compatible; ClaudeBot/1.0; +claudebot@anthropic.com)"
216.73.216.41 - - [29/Aug/2026:00:21:09 +0330] "GET /?u=98478239402 HTTP/2.0" 200 1883 "-" "Mozilla/5.0 AppleWebKit/537.36 (KHTML, like Gecko; compatible; ClaudeBot/1.0; +claudebot@anthropic.com)"
216.73.216.41 - - [29/Aug/2026:00:21:10 +0330] "GET /?u=10071211500 HTTP/2.0" 200 1883 "-" "Mozilla/5.0 AppleWebKit/537.36 (KHTML, like Gecko; compatible; ClaudeBot/1.0; +claudebot@anthropic.com)"
216.73.216.41 - - [29/Aug/2026:00:21:10 +0330] "GET /?u=7175779600 HTTP/2.0" 200 1883 "-" "Mozilla/5.0 AppleWebKit/537.36 (KHTML, like Gecko; compatible; ClaudeBot/1.0; +claudebot@anthropic.com)"
216.73.216.41 - - [29/Aug/2026:00:21:10 +0330] "GET /?u=60208262003 HTTP/2.0" 200 1883 "-" "Mozilla/5.0 AppleWebKit/537.36 (KHTML, like Gecko; compatible; ClaudeBot/1.0; +claudebot@anthropic.com)"
216.73.216.41 - - [29/Aug/2026:00:21:10 +0330] "GET /?u=19425201702 HTTP/2.0" 200 1883 "-" "Mozilla/5.0 AppleWebKit/537.36 (KHTML, like Gecko; compatible; ClaudeBot/1.0; +claudebot@anthropic.com)"
216.73.216.41 - - [29/Aug/2026:00:21:10 +0330] "GET /?u=93099288713 HTTP/2.0" 200 1883 "-" "Mozilla/5.0 AppleWebKit/537.36 (KHTML, like Gecko; compatible; ClaudeBot/1.0; +claudebot@anthropic.com)"
127.0.0.1 - - [29/Aug/2026:00:21:11 +0330] "GET /api/v3/product-show/amz-B0C1X2NWV9?amazon_region=usa-amazon%20UNION%20ALL%20SELECT%20%27mdabrceyngqminfzjdpjgfqonirrdror%27--%20s3z8ez HTTP/1.1" 301 169 "-" "node"
127.0.0.1 - - [29/Aug/2026:00:21:11 +0330] "GET /api/v3/product-show/amz-B0C1X2NWV9?amazon_region= HTTP/1.1" 301 169 "-" "node"
216.73.216.41 - - [29/Aug/2026:00:21:11 +0330] "GET /?u=21909304500 HTTP/2.0" 200 1883 "-" "Mozilla/5.0 AppleWebKit/537.36 (KHTML, like Gecko; compatible; ClaudeBot/1.0; +claudebot@anthropic.com)"
127.0.0.1 - - [29/Aug/2026:00:21:11 +0330] "GET /api/v3/product-show/amz-B0C1X2NWV9?amazon_region=usa-amazon%20UNION%20ALL%20SELECT%20%27mdabrceyngqminfzjdpjgfqonirrdror%27--%20s3z8ez HTTP/1.1" 200 4675 "-" "node"
216.73.216.41 - - [29/Aug/2026:00:21:11 +0330] "GET /?u=89718207602 HTTP/2.0" 200 1883 "-" "Mozilla/5.0 AppleWebKit/537.36 (KHTML, like Gecko; compatible; ClaudeBot/1.0; +claudebot@anthropic.com)"
216.73.216.41 - - [29/Aug/2026:00:21:11 +0330] "GET /?u=04019256002 HTTP/2.0" 200 1883 "-" "Mozilla/5.0 AppleWebKit/537.36 (KHTML, like Gecko; compatible; ClaudeBot/1.0; +claudebot@anthropic.com)"
216.73.216.41 - - [29/Aug/2026:00:21:11 +0330] "GET /?u=862282801 HTTP/2.0" 200 1883 "-" "Mozilla/5.0 AppleWebKit/537.36 (KHTML, like Gecko; compatible; ClaudeBot/1.0; +claudebot@anthropic.com)"
216.73.216.41 - - [29/Aug/2026:00:21:11 +0330] "GET /?u=029927401 HTTP/2.0" 200 1883 "-" "Mozilla/5.0 AppleWebKit/537.36 (KHTML, like Gecko; compatible; ClaudeBot/1.0; +claudebot@anthropic.com)"
216.73.216.41 - - [29/Aug/2026:00:21:11 +0330] "GET /?u=3521864604 HTTP/2.0" 200 1883 "-" "Mozilla/5.0 AppleWebKit/537.36 (KHTML, like Gecko; compatible; ClaudeBot/1.0; +claudebot@anthropic.com)"
127.0.0.1 - - [29/Aug/2026:00:21:11 +0330] "GET /api/v3/product-show/amz-B0C1X2NWV9?amazon_region= HTTP/1.1" 200 4675 "-" "node"
216.73.216.41 - - [29/Aug/2026:00:21:11 +0330] "GET /?u=8405029200 HTTP/2.0" 200 1883 "-" "Mozilla/5.0 AppleWebKit/537.36 (KHTML, like Gecko; compatible; ClaudeBot/1.0; +claudebot@anthropic.com)"
216.73.216.41 - - [29/Aug/2026:00:21:12 +0330] "GET /?u=77791140004 HTTP/2.0" 200 1883 "-" "Mozilla/5.0 AppleWebKit/537.36 (KHTML, like Gecko; compatible; ClaudeBot/1.0; +claudebot@anthropic.com)"
216.73.216.41 - - [29/Aug/2026:00:21:12 +0330] "GET /?u=93481152200 HTTP/2.0" 200 1883 "-" "Mozilla/5.0 AppleWebKit/537.36 (KHTML, like Gecko; compatible; ClaudeBot/1.0; +claudebot@anthropic.com)"
127.0.0.1 - - [29/Aug/2026:00:21:12 +0330] "GET /api/v1/categories-amazon HTTP/1.1" 200 34199 "-" "node"
86.204.214.181 - - [29/Aug/2026:00:21:12 +0330] "GET /product/amz-B0C1X2NWV9/mens-cnc-machinist-dad-like-a-regular-dad-but-cooler-t-shirt?amazon-region=usa-amazon%20UNION%20ALL%20SELECT%20%27mdabrceyngqminfzjdpjgfqonirrdror%27--%20s3z8ez HTTP/2.0" 200 104592 "-" "Mozilla/5.0 (Windows NT 10.0; Win64; x64; rv:121.0) Gecko/20100101 Firefox/121.0"
216.73.216.41 - - [29/Aug/2026:00:21:12 +0330] "GET /?u=8093870205 HTTP/2.0" 200 1883 "-" "Mozilla/5.0 AppleWebKit/537.36 (KHTML, like Gecko; compatible; ClaudeBot/1.0; +claudebot@anthropic.com)"
216.73.216.41 - - [29/Aug/2026:00:21:13 +0330] "GET /?u=9203997401 HTTP/2.0" 200 1883 "-" "Mozilla/5.0 AppleWebKit/537.36 (KHTML, like Gecko; compatible; ClaudeBot/1.0; +claudebot@anthropic.com)"
216.73.216.41 - - [29/Aug/2026:00:21:13 +0330] "GET /?u=08861150105 HTTP/2.0" 200 1883 "-" "Mozilla/5.0 AppleWebKit/537.36 (KHTML, like Gecko; compatible; ClaudeBot/1.0; +claudebot@anthropic.com)"
