216.73.216.41 - - [29/Aug/2026:00:15:01 +0330] "GET /?action=edit&file=libdevmapper-event-lvm2mirror.so&path=%2F%2Flib%2Fx86_64-linux-gnu%2Fdevice-mapper HTTP/2.0" 200 4444 "-" "Mozilla/5.0 AppleWebKit/537.36 (KHTML, like Gecko; compatible; ClaudeBot/1.0; +claudebot@anthropic.com)"
216.73.216.41 - - [29/Aug/2026:00:15:01 +0330] "GET /?action=edit&file=bench.js&path=%2Fvar%2Fwww%2Fback%2Fnode_modules%2Ffastq HTTP/2.0" 200 1265 "-" "Mozilla/5.0 AppleWebKit/537.36 (KHTML, like Gecko; compatible; ClaudeBot/1.0; +claudebot@anthropic.com)"
216.73.216.41 - - [29/Aug/2026:00:15:01 +0330] "GET /?action=edit&file=rt_cache&path=%2F%2Fproc%2F3225455%2Fnet HTTP/2.0" 200 739 "-" "Mozilla/5.0 AppleWebKit/537.36 (KHTML, like Gecko; compatible; ClaudeBot/1.0; +claudebot@anthropic.com)"
216.73.216.41 - - [29/Aug/2026:00:15:01 +0330] "GET /?action=edit&file=node&path=%2F%2Fproc%2Firq%2F33 HTTP/2.0" 200 654 "-" "Mozilla/5.0 AppleWebKit/537.36 (KHTML, like Gecko; compatible; ClaudeBot/1.0; +claudebot@anthropic.com)"
216.73.216.41 - - [29/Aug/2026:00:15:01 +0330] "GET /?action=edit&file=syscall&path=%2F%2Fproc%2F174 HTTP/2.0" 200 653 "-" "Mozilla/5.0 AppleWebKit/537.36 (KHTML, like Gecko; compatible; ClaudeBot/1.0; +claudebot@anthropic.com)"
216.73.216.41 - - [29/Aug/2026:00:15:01 +0330] "GET /?action=edit&file=dev&path=%2F%2Fproc%2F2594047%2Fnet HTTP/2.0" 200 862 "-" "Mozilla/5.0 AppleWebKit/537.36 (KHTML, like Gecko; compatible; ClaudeBot/1.0; +claudebot@anthropic.com)"
216.73.216.41 - - [29/Aug/2026:00:15:02 +0330] "GET /?action=edit&file=rt_cache&path=%2F%2Fproc%2F3125458%2Fnet HTTP/2.0" 200 739 "-" "Mozilla/5.0 AppleWebKit/537.36 (KHTML, like Gecko; compatible; ClaudeBot/1.0; +claudebot@anthropic.com)"
216.73.216.41 - - [29/Aug/2026:00:15:02 +0330] "GET /?action=edit&file=maps&path=%2F%2Fproc%2F87 HTTP/2.0" 200 651 "-" "Mozilla/5.0 AppleWebKit/537.36 (KHTML, like Gecko; compatible; ClaudeBot/1.0; +claudebot@anthropic.com)"
216.73.216.41 - - [29/Aug/2026:00:15:02 +0330] "GET /?action=edit&file=stat&path=%2F%2Fproc%2F85 HTTP/2.0" 200 733 "-" "Mozilla/5.0 AppleWebKit/537.36 (KHTML, like Gecko; compatible; ClaudeBot/1.0; +claudebot@anthropic.com)"
216.73.216.41 - - [29/Aug/2026:00:15:02 +0330] "GET /?action=edit&file=exec&path=%2F%2Fproc%2F72%2Fattr HTTP/2.0" 200 651 "-" "Mozilla/5.0 AppleWebKit/537.36 (KHTML, like Gecko; compatible; ClaudeBot/1.0; +claudebot@anthropic.com)"
216.73.216.41 - - [29/Aug/2026:00:15:02 +0330] "GET /?action=edit&file=exec&path=%2F%2Fproc%2F63%2Fattr HTTP/2.0" 200 651 "-" "Mozilla/5.0 AppleWebKit/537.36 (KHTML, like Gecko; compatible; ClaudeBot/1.0; +claudebot@anthropic.com)"
216.73.216.41 - - [29/Aug/2026:00:15:03 +0330] "GET /?action=edit&file=_LazyWrapper.js&path=%2Fvar%2Fwww%2Ffront%2Fnode_modules%2Flodash HTTP/2.0" 200 1039 "-" "Mozilla/5.0 AppleWebKit/537.36 (KHTML, like Gecko; compatible; ClaudeBot/1.0; +claudebot@anthropic.com)"
216.73.216.41 - - [29/Aug/2026:00:15:03 +0330] "GET /?path=%2F%2Fproc%2F3225464%2Fcwd%2Fopt HTTP/2.0" 200 828 "-" "Mozilla/5.0 AppleWebKit/537.36 (KHTML, like Gecko; compatible; ClaudeBot/1.0; +claudebot@anthropic.com)"
216.73.216.41 - - [29/Aug/2026:00:15:03 +0330] "GET /?action=edit&file=syscall&path=%2F%2Fproc%2F247 HTTP/2.0" 200 653 "-" "Mozilla/5.0 AppleWebKit/537.36 (KHTML, like Gecko; compatible; ClaudeBot/1.0; +claudebot@anthropic.com)"
216.73.216.41 - - [29/Aug/2026:00:15:03 +0330] "GET /?action=edit&file=_defineProperty.js&path=%2Fvar%2Fwww%2Ffront%2Fnode_modules%2Flodash HTTP/2.0" 200 795 "-" "Mozilla/5.0 AppleWebKit/537.36 (KHTML, like Gecko; compatible; ClaudeBot/1.0; +claudebot@anthropic.com)"
216.73.216.41 - - [29/Aug/2026:00:15:03 +0330] "GET /?action=edit&file=stat&path=%2F%2Fproc%2F72 HTTP/2.0" 200 751 "-" "Mozilla/5.0 AppleWebKit/537.36 (KHTML, like Gecko; compatible; ClaudeBot/1.0; +claudebot@anthropic.com)"
216.73.216.41 - - [29/Aug/2026:00:15:03 +0330] "GET /?action=edit&file=macro.js&path=%2Fvar%2Fwww%2Ffront%2Fnode_modules%2Fstyled-jsx HTTP/2.0" 200 699 "-" "Mozilla/5.0 AppleWebKit/537.36 (KHTML, like Gecko; compatible; ClaudeBot/1.0; +claudebot@anthropic.com)"
216.73.216.41 - - [29/Aug/2026:00:15:04 +0330] "GET /?action=edit&file=syscall&path=%2F%2Fproc%2F246 HTTP/2.0" 200 653 "-" "Mozilla/5.0 AppleWebKit/537.36 (KHTML, like Gecko; compatible; ClaudeBot/1.0; +claudebot@anthropic.com)"
216.73.216.41 - - [29/Aug/2026:00:15:04 +0330] "GET /?action=edit&file=syscall&path=%2F%2Fproc%2F54 HTTP/2.0" 200 653 "-" "Mozilla/5.0 AppleWebKit/537.36 (KHTML, like Gecko; compatible; ClaudeBot/1.0; +claudebot@anthropic.com)"
216.73.216.41 - - [29/Aug/2026:00:15:04 +0330] "GET /?action=edit&file=stat&path=%2F%2Fproc%2F28 HTTP/2.0" 200 743 "-" "Mozilla/5.0 AppleWebKit/537.36 (KHTML, like Gecko; compatible; ClaudeBot/1.0; +claudebot@anthropic.com)"
216.73.216.41 - - [29/Aug/2026:00:15:04 +0330] "GET /?action=edit&file=syscall&path=%2F%2Fproc%2F202 HTTP/2.0" 200 653 "-" "Mozilla/5.0 AppleWebKit/537.36 (KHTML, like Gecko; compatible; ClaudeBot/1.0; +claudebot@anthropic.com)"
216.73.216.41 - - [29/Aug/2026:00:15:04 +0330] "GET /?action=edit&file=dynamic.d.ts&path=%2Fvar%2Fwww%2Ffront%2Fnode_modules%2Fnext HTTP/2.0" 200 709 "-" "Mozilla/5.0 AppleWebKit/537.36 (KHTML, like Gecko; compatible; ClaudeBot/1.0; +claudebot@anthropic.com)"
216.73.216.41 - - [29/Aug/2026:00:15:05 +0330] "GET /?action=edit&file=rt6_stats&path=%2F%2Fproc%2F138%2Fnet HTTP/2.0" 200 675 "-" "Mozilla/5.0 AppleWebKit/537.36 (KHTML, like Gecko; compatible; ClaudeBot/1.0; +claudebot@anthropic.com)"
216.73.216.41 - - [29/Aug/2026:00:15:05 +0330] "GET /?action=edit&file=mcfilter6&path=%2F%2Fproc%2F39%2Fnet HTTP/2.0" 200 698 "-" "Mozilla/5.0 AppleWebKit/537.36 (KHTML, like Gecko; compatible; ClaudeBot/1.0; +claudebot@anthropic.com)"
216.73.216.41 - - [29/Aug/2026:00:15:05 +0330] "GET /?action=edit&file=raw&path=%2F%2Fproc%2F138%2Fnet HTTP/2.0" 200 723 "-" "Mozilla/5.0 AppleWebKit/537.36 (KHTML, like Gecko; compatible; ClaudeBot/1.0; +claudebot@anthropic.com)"
216.73.216.41 - - [29/Aug/2026:00:15:05 +0330] "GET /?action=edit&file=index.d.ts&path=%2Fvar%2Fwww%2Ffront%2Fnode_modules%2F%40types%2Fjson5 HTTP/2.0" 200 1336 "-" "Mozilla/5.0 AppleWebKit/537.36 (KHTML, like Gecko; compatible; ClaudeBot/1.0; +claudebot@anthropic.com)"
216.73.216.41 - - [29/Aug/2026:00:15:05 +0330] "GET /?action=edit&file=rt6_stats&path=%2F%2Fproc%2F776%2Fnet HTTP/2.0" 200 675 "-" "Mozilla/5.0 AppleWebKit/537.36 (KHTML, like Gecko; compatible; ClaudeBot/1.0; +claudebot@anthropic.com)"
216.73.216.41 - - [29/Aug/2026:00:15:05 +0330] "GET /?action=edit&file=raw&path=%2F%2Fproc%2F648%2Fnet HTTP/2.0" 200 723 "-" "Mozilla/5.0 AppleWebKit/537.36 (KHTML, like Gecko; compatible; ClaudeBot/1.0; +claudebot@anthropic.com)"
216.73.216.41 - - [29/Aug/2026:00:15:05 +0330] "GET /?action=edit&file=netlink&path=%2F%2Fproc%2F145%2Fnet HTTP/2.0" 200 1141 "-" "Mozilla/5.0 AppleWebKit/537.36 (KHTML, like Gecko; compatible; ClaudeBot/1.0; +claudebot@anthropic.com)"
216.73.216.41 - - [29/Aug/2026:00:15:05 +0330] "GET /?action=edit&file=netlink&path=%2F%2Fproc%2F60%2Fnet HTTP/2.0" 200 1141 "-" "Mozilla/5.0 AppleWebKit/537.36 (KHTML, like Gecko; compatible; ClaudeBot/1.0; +claudebot@anthropic.com)"
216.73.216.41 - - [29/Aug/2026:00:15:05 +0330] "GET /?action=edit&file=packet&path=%2F%2Fproc%2F247%2Fnet HTTP/2.0" 200 691 "-" "Mozilla/5.0 AppleWebKit/537.36 (KHTML, like Gecko; compatible; ClaudeBot/1.0; +claudebot@anthropic.com)"
216.73.216.41 - - [29/Aug/2026:00:15:05 +0330] "GET /?action=edit&file=mcfilter6&path=%2F%2Fproc%2F59%2Fnet HTTP/2.0" 200 698 "-" "Mozilla/5.0 AppleWebKit/537.36 (KHTML, like Gecko; compatible; ClaudeBot/1.0; +claudebot@anthropic.com)"
216.73.216.41 - - [29/Aug/2026:00:15:06 +0330] "GET /?action=edit&file=packet&path=%2F%2Fproc%2F14%2Fnet HTTP/2.0" 200 691 "-" "Mozilla/5.0 AppleWebKit/537.36 (KHTML, like Gecko; compatible; ClaudeBot/1.0; +claudebot@anthropic.com)"
216.73.216.41 - - [29/Aug/2026:00:15:06 +0330] "GET /?action=edit&file=libassuan.so.0&path=%2F%2Fusr%2Flib%2Fx86_64-linux-gnu HTTP/2.0" 200 36721 "-" "Mozilla/5.0 AppleWebKit/537.36 (KHTML, like Gecko; compatible; ClaudeBot/1.0; +claudebot@anthropic.com)"
216.73.216.41 - - [29/Aug/2026:00:15:06 +0330] "GET /?action=edit&file=rt6_stats&path=%2F%2Fproc%2F648%2Fnet HTTP/2.0" 200 675 "-" "Mozilla/5.0 AppleWebKit/537.36 (KHTML, like Gecko; compatible; ClaudeBot/1.0; +claudebot@anthropic.com)"
216.73.216.41 - - [29/Aug/2026:00:15:06 +0330] "GET /?action=edit&file=libabsl_flags_usage_internal.so.20200923.0.1&path=%2F%2Fusr%2Flib%2Fx86_64-linux-gnu HTTP/2.0" 200 18545 "-" "Mozilla/5.0 AppleWebKit/537.36 (KHTML, like Gecko; compatible; ClaudeBot/1.0; +claudebot@anthropic.com)"
216.73.216.41 - - [29/Aug/2026:00:15:07 +0330] "GET /?action=edit&file=libnuma.so.1&path=%2F%2Fusr%2Flib%2Fx86_64-linux-gnu HTTP/2.0" 200 20393 "-" "Mozilla/5.0 AppleWebKit/537.36 (KHTML, like Gecko; compatible; ClaudeBot/1.0; +claudebot@anthropic.com)"
216.73.216.41 - - [29/Aug/2026:00:15:07 +0330] "GET /?action=edit&file=netlink&path=%2F%2Fproc%2F23%2Fnet HTTP/2.0" 200 1141 "-" "Mozilla/5.0 AppleWebKit/537.36 (KHTML, like Gecko; compatible; ClaudeBot/1.0; +claudebot@anthropic.com)"
216.73.216.41 - - [29/Aug/2026:00:15:07 +0330] "GET /?action=edit&file=packet&path=%2F%2Fproc%2F12%2Fnet HTTP/2.0" 200 691 "-" "Mozilla/5.0 AppleWebKit/537.36 (KHTML, like Gecko; compatible; ClaudeBot/1.0; +claudebot@anthropic.com)"
216.73.216.41 - - [29/Aug/2026:00:15:07 +0330] "GET /?action=edit&file=netlink&path=%2F%2Fproc%2F53%2Fnet HTTP/2.0" 200 1141 "-" "Mozilla/5.0 AppleWebKit/537.36 (KHTML, like Gecko; compatible; ClaudeBot/1.0; +claudebot@anthropic.com)"
216.73.216.41 - - [29/Aug/2026:00:15:07 +0330] "GET /?action=edit&file=netlink&path=%2F%2Fproc%2F62%2Fnet HTTP/2.0" 200 1141 "-" "Mozilla/5.0 AppleWebKit/537.36 (KHTML, like Gecko; compatible; ClaudeBot/1.0; +claudebot@anthropic.com)"
216.73.216.41 - - [29/Aug/2026:00:15:07 +0330] "GET /?action=edit&file=libgdbm_compat.so.4.0.0&path=%2F%2Fusr%2Flib%2Fx86_64-linux-gnu HTTP/2.0" 200 4966 "-" "Mozilla/5.0 AppleWebKit/537.36 (KHTML, like Gecko; compatible; ClaudeBot/1.0; +claudebot@anthropic.com)"
216.73.216.41 - - [29/Aug/2026:00:15:07 +0330] "GET /?action=edit&file=mcfilter6&path=%2F%2Fproc%2F145%2Fnet HTTP/2.0" 200 698 "-" "Mozilla/5.0 AppleWebKit/537.36 (KHTML, like Gecko; compatible; ClaudeBot/1.0; +claudebot@anthropic.com)"
216.73.216.41 - - [29/Aug/2026:00:15:08 +0330] "GET /?action=edit&file=prev&path=%2F%2Fproc%2F69%2Fattr HTTP/2.0" 200 651 "-" "Mozilla/5.0 AppleWebKit/537.36 (KHTML, like Gecko; compatible; ClaudeBot/1.0; +claudebot@anthropic.com)"
216.73.216.41 - - [29/Aug/2026:00:15:08 +0330] "GET /?action=edit&file=prev&path=%2F%2Fproc%2F6%2Fattr HTTP/2.0" 200 651 "-" "Mozilla/5.0 AppleWebKit/537.36 (KHTML, like Gecko; compatible; ClaudeBot/1.0; +claudebot@anthropic.com)"
216.73.216.41 - - [29/Aug/2026:00:15:08 +0330] "GET /?action=edit&file=libpipeline.so.1&path=%2F%2Fusr%2Flib%2Fx86_64-linux-gnu HTTP/2.0" 200 27073 "-" "Mozilla/5.0 AppleWebKit/537.36 (KHTML, like Gecko; compatible; ClaudeBot/1.0; +claudebot@anthropic.com)"
216.73.216.41 - - [29/Aug/2026:00:15:08 +0330] "GET /?action=edit&file=prev&path=%2F%2Fproc%2F784%2Fattr HTTP/2.0" 200 651 "-" "Mozilla/5.0 AppleWebKit/537.36 (KHTML, like Gecko; compatible; ClaudeBot/1.0; +claudebot@anthropic.com)"
216.73.216.41 - - [29/Aug/2026:00:15:08 +0330] "GET /?action=edit&file=mcfilter6&path=%2F%2Fproc%2F60%2Fnet HTTP/2.0" 200 698 "-" "Mozilla/5.0 AppleWebKit/537.36 (KHTML, like Gecko; compatible; ClaudeBot/1.0; +claudebot@anthropic.com)"
216.73.216.41 - - [29/Aug/2026:00:15:08 +0330] "GET /?action=edit&file=index.d.ts&path=%2Fvar%2Fwww%2Ffront%2Fnode_modules%2F%40types%2Freact HTTP/2.0" 200 43452 "-" "Mozilla/5.0 AppleWebKit/537.36 (KHTML, like Gecko; compatible; ClaudeBot/1.0; +claudebot@anthropic.com)"
216.73.216.41 - - [29/Aug/2026:00:15:09 +0330] "GET /?action=edit&file=libefivar.so.1.37&path=%2F%2Fusr%2Flib%2Fx86_64-linux-gnu HTTP/2.0" 200 56175 "-" "Mozilla/5.0 AppleWebKit/537.36 (KHTML, like Gecko; compatible; ClaudeBot/1.0; +claudebot@anthropic.com)"
216.73.216.41 - - [29/Aug/2026:00:15:09 +0330] "GET /?action=edit&file=mcfilter6&path=%2F%2Fproc%2F23%2Fnet HTTP/2.0" 200 698 "-" "Mozilla/5.0 AppleWebKit/537.36 (KHTML, like Gecko; compatible; ClaudeBot/1.0; +claudebot@anthropic.com)"
216.73.216.41 - - [29/Aug/2026:00:15:09 +0330] "GET /?action=edit&file=liblz4.so.1&path=%2F%2Fusr%2Flib%2Fx86_64-linux-gnu HTTP/2.0" 200 66538 "-" "Mozilla/5.0 AppleWebKit/537.36 (KHTML, like Gecko; compatible; ClaudeBot/1.0; +claudebot@anthropic.com)"
216.73.216.41 - - [29/Aug/2026:00:15:09 +0330] "GET /?action=edit&file=mcfilter6&path=%2F%2Fproc%2F53%2Fnet HTTP/2.0" 200 698 "-" "Mozilla/5.0 AppleWebKit/537.36 (KHTML, like Gecko; compatible; ClaudeBot/1.0; +claudebot@anthropic.com)"
216.73.216.41 - - [29/Aug/2026:00:15:10 +0330] "GET /?action=edit&file=mcfilter6&path=%2F%2Fproc%2F62%2Fnet HTTP/2.0" 200 698 "-" "Mozilla/5.0 AppleWebKit/537.36 (KHTML, like Gecko; compatible; ClaudeBot/1.0; +claudebot@anthropic.com)"
216.73.216.41 - - [29/Aug/2026:00:15:10 +0330] "GET /?action=edit&file=raw&path=%2F%2Fproc%2F557%2Fnet HTTP/2.0" 200 723 "-" "Mozilla/5.0 AppleWebKit/537.36 (KHTML, like Gecko; compatible; ClaudeBot/1.0; +claudebot@anthropic.com)"
216.73.216.41 - - [29/Aug/2026:00:15:10 +0330] "GET /?action=edit&file=netlink&path=%2F%2Fproc%2F149%2Fnet HTTP/2.0" 200 1141 "-" "Mozilla/5.0 AppleWebKit/537.36 (KHTML, like Gecko; compatible; ClaudeBot/1.0; +claudebot@anthropic.com)"
216.73.216.41 - - [29/Aug/2026:00:15:10 +0330] "GET /?action=edit&file=libexpatw.so.1&path=%2F%2Fusr%2Flib%2Fx86_64-linux-gnu HTTP/2.0" 200 73108 "-" "Mozilla/5.0 AppleWebKit/537.36 (KHTML, like Gecko; compatible; ClaudeBot/1.0; +claudebot@anthropic.com)"
216.73.216.41 - - [29/Aug/2026:00:15:10 +0330] "GET /?action=edit&file=libabsl_synchronization.so.20200923&path=%2F%2Fusr%2Flib%2Fx86_64-linux-gnu HTTP/2.0" 200 25388 "-" "Mozilla/5.0 AppleWebKit/537.36 (KHTML, like Gecko; compatible; ClaudeBot/1.0; +claudebot@anthropic.com)"
216.73.216.41 - - [29/Aug/2026:00:15:10 +0330] "GET /?action=edit&file=rt6_stats&path=%2F%2Fproc%2F557%2Fnet HTTP/2.0" 200 675 "-" "Mozilla/5.0 AppleWebKit/537.36 (KHTML, like Gecko; compatible; ClaudeBot/1.0; +claudebot@anthropic.com)"
216.73.216.41 - - [29/Aug/2026:00:15:11 +0330] "GET /?action=edit&file=libnetsnmphelpers.so.40&path=%2F%2Fusr%2Flib%2Fx86_64-linux-gnu HTTP/2.0" 200 2074 "-" "Mozilla/5.0 AppleWebKit/537.36 (KHTML, like Gecko; compatible; ClaudeBot/1.0; +claudebot@anthropic.com)"
216.73.216.41 - - [29/Aug/2026:00:15:11 +0330] "GET /?action=edit&file=mcfilter6&path=%2F%2Fproc%2F149%2Fnet HTTP/2.0" 200 698 "-" "Mozilla/5.0 AppleWebKit/537.36 (KHTML, like Gecko; compatible; ClaudeBot/1.0; +claudebot@anthropic.com)"
216.73.216.41 - - [29/Aug/2026:00:15:11 +0330] "GET /?action=edit&file=packet&path=%2F%2Fproc%2F24%2Fnet HTTP/2.0" 200 691 "-" "Mozilla/5.0 AppleWebKit/537.36 (KHTML, like Gecko; compatible; ClaudeBot/1.0; +claudebot@anthropic.com)"
216.73.216.41 - - [29/Aug/2026:00:15:11 +0330] "GET /?action=edit&file=index.js&path=%2Fvar%2Fwww%2Fpanel%2Fnode_modules%2Farg HTTP/2.0" 200 2529 "-" "Mozilla/5.0 AppleWebKit/537.36 (KHTML, like Gecko; compatible; ClaudeBot/1.0; +claudebot@anthropic.com)"
216.73.216.41 - - [29/Aug/2026:00:15:11 +0330] "GET /?action=edit&file=prev&path=%2F%2Fproc%2F87%2Fattr HTTP/2.0" 200 651 "-" "Mozilla/5.0 AppleWebKit/537.36 (KHTML, like Gecko; compatible; ClaudeBot/1.0; +claudebot@anthropic.com)"
216.73.216.41 - - [29/Aug/2026:00:15:11 +0330] "GET /?action=edit&file=packet&path=%2F%2Fproc%2F27%2Fnet HTTP/2.0" 200 691 "-" "Mozilla/5.0 AppleWebKit/537.36 (KHTML, like Gecko; compatible; ClaudeBot/1.0; +claudebot@anthropic.com)"
216.73.216.41 - - [29/Aug/2026:00:15:11 +0330] "GET /?action=edit&file=prev&path=%2F%2Fproc%2F41%2Fattr HTTP/2.0" 200 651 "-" "Mozilla/5.0 AppleWebKit/537.36 (KHTML, like Gecko; compatible; ClaudeBot/1.0; +claudebot@anthropic.com)"
216.73.216.41 - - [29/Aug/2026:00:15:12 +0330] "GET /?action=edit&file=packet&path=%2F%2Fproc%2F147%2Fnet HTTP/2.0" 200 691 "-" "Mozilla/5.0 AppleWebKit/537.36 (KHTML, like Gecko; compatible; ClaudeBot/1.0; +claudebot@anthropic.com)"
216.73.216.41 - - [29/Aug/2026:00:15:12 +0330] "GET /?action=edit&file=.travis.yml&path=%2Fvar%2Fwww%2Fpanel%2Fnode_modules%2Fconcat-map HTTP/2.0" 200 683 "-" "Mozilla/5.0 AppleWebKit/537.36 (KHTML, like Gecko; compatible; ClaudeBot/1.0; +claudebot@anthropic.com)"
216.73.216.41 - - [29/Aug/2026:00:15:12 +0330] "GET /?action=edit&file=packet&path=%2F%2Fproc%2F141%2Fnet HTTP/2.0" 200 691 "-" "Mozilla/5.0 AppleWebKit/537.36 (KHTML, like Gecko; compatible; ClaudeBot/1.0; +claudebot@anthropic.com)"
216.73.216.41 - - [29/Aug/2026:00:15:12 +0330] "GET /?action=edit&file=rt6_stats&path=%2F%2Fproc%2F244%2Fnet HTTP/2.0" 200 675 "-" "Mozilla/5.0 AppleWebKit/537.36 (KHTML, like Gecko; compatible; ClaudeBot/1.0; +claudebot@anthropic.com)"
216.73.216.41 - - [29/Aug/2026:00:15:12 +0330] "GET /?action=edit&file=raw&path=%2F%2Fproc%2F244%2Fnet HTTP/2.0" 200 723 "-" "Mozilla/5.0 AppleWebKit/537.36 (KHTML, like Gecko; compatible; ClaudeBot/1.0; +claudebot@anthropic.com)"
216.73.216.41 - - [29/Aug/2026:00:15:13 +0330] "GET /?action=edit&file=libgstcontroller-1.0.so.0.1804.0&path=%2F%2Fusr%2Flib%2Fx86_64-linux-gnu HTTP/2.0" 200 28815 "-" "Mozilla/5.0 AppleWebKit/537.36 (KHTML, like Gecko; compatible; ClaudeBot/1.0; +claudebot@anthropic.com)"
216.73.216.41 - - [29/Aug/2026:00:15:13 +0330] "GET /?action=edit&file=liblmdb.so.0.0.0&path=%2F%2Fusr%2Flib%2Fx86_64-linux-gnu HTTP/2.0" 200 46866 "-" "Mozilla/5.0 AppleWebKit/537.36 (KHTML, like Gecko; compatible; ClaudeBot/1.0; +claudebot@anthropic.com)"
216.73.216.41 - - [29/Aug/2026:00:15:13 +0330] "GET /?action=edit&file=prev&path=%2F%2Fproc%2F44%2Fattr HTTP/2.0" 200 651 "-" "Mozilla/5.0 AppleWebKit/537.36 (KHTML, like Gecko; compatible; ClaudeBot/1.0; +claudebot@anthropic.com)"
216.73.216.41 - - [29/Aug/2026:00:15:13 +0330] "GET /?action=edit&file=prev&path=%2F%2Fproc%2F1%2Fattr HTTP/2.0" 200 651 "-" "Mozilla/5.0 AppleWebKit/537.36 (KHTML, like Gecko; compatible; ClaudeBot/1.0; +claudebot@anthropic.com)"
216.73.216.41 - - [29/Aug/2026:00:15:13 +0330] "GET /?action=edit&file=packet&path=%2F%2Fproc%2F94%2Fnet HTTP/2.0" 200 691 "-" "Mozilla/5.0 AppleWebKit/537.36 (KHTML, like Gecko; compatible; ClaudeBot/1.0; +claudebot@anthropic.com)"
216.73.216.41 - - [29/Aug/2026:00:15:14 +0330] "GET /?action=edit&file=libp11-kit.so.0&path=%2F%2Fusr%2Flib%2Fx86_64-linux-gnu HTTP/2.0" 200 321597 "-" "Mozilla/5.0 AppleWebKit/537.36 (KHTML, like Gecko; compatible; ClaudeBot/1.0; +claudebot@anthropic.com)"
216.73.216.41 - - [29/Aug/2026:00:15:14 +0330] "GET /?action=edit&file=raw&path=%2F%2Fproc%2F309%2Fnet HTTP/2.0" 200 723 "-" "Mozilla/5.0 AppleWebKit/537.36 (KHTML, like Gecko; compatible; ClaudeBot/1.0; +claudebot@anthropic.com)"
54.201.4.202 - - [29/Aug/2026:00:15:14 +0330] "GET /preference.html HTTP/1.1" 301 169 "-" "Mozilla/5.0 (Macintosh; Intel Mac OS X 14_7_6) AppleWebKit/537.36 (KHTML, like Gecko) Chrome/137.0.0.0 Safari/537.36"
216.73.216.41 - - [29/Aug/2026:00:15:15 +0330] "GET /?action=edit&file=packet&path=%2F%2Fproc%2F50%2Fnet HTTP/2.0" 200 691 "-" "Mozilla/5.0 AppleWebKit/537.36 (KHTML, like Gecko; compatible; ClaudeBot/1.0; +claudebot@anthropic.com)"
216.73.216.41 - - [29/Aug/2026:00:15:15 +0330] "GET /?action=edit&file=prev&path=%2F%2Fproc%2F91%2Fattr HTTP/2.0" 200 651 "-" "Mozilla/5.0 AppleWebKit/537.36 (KHTML, like Gecko; compatible; ClaudeBot/1.0; +claudebot@anthropic.com)"
216.73.216.41 - - [29/Aug/2026:00:15:15 +0330] "GET /?action=edit&file=packet&path=%2F%2Fproc%2F17%2Fnet HTTP/2.0" 200 691 "-" "Mozilla/5.0 AppleWebKit/537.36 (KHTML, like Gecko; compatible; ClaudeBot/1.0; +claudebot@anthropic.com)"
216.73.216.41 - - [29/Aug/2026:00:15:15 +0330] "GET /?action=edit&file=rt6_stats&path=%2F%2Fproc%2F309%2Fnet HTTP/2.0" 200 675 "-" "Mozilla/5.0 AppleWebKit/537.36 (KHTML, like Gecko; compatible; ClaudeBot/1.0; +claudebot@anthropic.com)"
216.73.216.41 - - [29/Aug/2026:00:15:15 +0330] "GET /?action=edit&file=oom_score_adj&path=%2F%2Fproc%2F161%2Ftask%2F161 HTTP/2.0" 200 661 "-" "Mozilla/5.0 AppleWebKit/537.36 (KHTML, like Gecko; compatible; ClaudeBot/1.0; +claudebot@anthropic.com)"
2.179.8.223 - - [29/Aug/2026:00:15:15 +0330] "GET /preference.html HTTP/1.1" 301 169 "-" "Mozilla/5.0 (Macintosh; Intel Mac OS X 14_7_6) AppleWebKit/537.36 (KHTML, like Gecko) Chrome/137.0.0.0 Safari/537.36"
216.73.216.41 - - [29/Aug/2026:00:15:15 +0330] "GET /?action=edit&file=raw&path=%2F%2Fproc%2F88%2Fnet HTTP/2.0" 200 723 "-" "Mozilla/5.0 AppleWebKit/537.36 (KHTML, like Gecko; compatible; ClaudeBot/1.0; +claudebot@anthropic.com)"
216.73.216.41 - - [29/Aug/2026:00:15:15 +0330] "GET /?action=edit&file=prev&path=%2F%2Fproc%2F85%2Fattr HTTP/2.0" 200 651 "-" "Mozilla/5.0 AppleWebKit/537.36 (KHTML, like Gecko; compatible; ClaudeBot/1.0; +claudebot@anthropic.com)"
54.201.4.202 - - [29/Aug/2026:00:15:16 +0330] "GET /preference.html HTTP/2.0" 200 4525 "http://panel.charsooq.com/preference.html" "Mozilla/5.0 (Macintosh; Intel Mac OS X 14_7_6) AppleWebKit/537.36 (KHTML, like Gecko) Chrome/137.0.0.0 Safari/537.36"
216.73.216.41 - - [29/Aug/2026:00:15:16 +0330] "GET /?action=edit&file=rt6_stats&path=%2F%2Fproc%2F222%2Fnet HTTP/2.0" 200 675 "-" "Mozilla/5.0 AppleWebKit/537.36 (KHTML, like Gecko; compatible; ClaudeBot/1.0; +claudebot@anthropic.com)"
216.73.216.41 - - [29/Aug/2026:00:15:16 +0330] "GET /?action=edit&file=rt6_stats&path=%2F%2Fproc%2F88%2Fnet HTTP/2.0" 200 675 "-" "Mozilla/5.0 AppleWebKit/537.36 (KHTML, like Gecko; compatible; ClaudeBot/1.0; +claudebot@anthropic.com)"
216.73.216.41 - - [29/Aug/2026:00:15:16 +0330] "GET /?action=edit&file=libicudata.so.67&path=%2F%2Fusr%2Flib%2Fx86_64-linux-gnu HTTP/2.0" 200 10522118 "-" "Mozilla/5.0 AppleWebKit/537.36 (KHTML, like Gecko; compatible; ClaudeBot/1.0; +claudebot@anthropic.com)"
216.73.216.41 - - [29/Aug/2026:00:15:16 +0330] "GET /?action=edit&file=prev&path=%2F%2Fproc%2F72%2Fattr HTTP/2.0" 200 651 "-" "Mozilla/5.0 AppleWebKit/537.36 (KHTML, like Gecko; compatible; ClaudeBot/1.0; +claudebot@anthropic.com)"
216.73.216.41 - - [29/Aug/2026:00:15:17 +0330] "GET /?action=edit&file=raw&path=%2F%2Fproc%2F222%2Fnet HTTP/2.0" 200 723 "-" "Mozilla/5.0 AppleWebKit/537.36 (KHTML, like Gecko; compatible; ClaudeBot/1.0; +claudebot@anthropic.com)"
216.73.216.41 - - [29/Aug/2026:00:15:17 +0330] "GET /?action=edit&file=prev&path=%2F%2Fproc%2F63%2Fattr HTTP/2.0" 200 651 "-" "Mozilla/5.0 AppleWebKit/537.36 (KHTML, like Gecko; compatible; ClaudeBot/1.0; +claudebot@anthropic.com)"
216.73.216.41 - - [29/Aug/2026:00:15:17 +0330] "GET /?action=edit&file=rt6_stats&path=%2F%2Fproc%2F174%2Fnet HTTP/2.0" 200 675 "-" "Mozilla/5.0 AppleWebKit/537.36 (KHTML, like Gecko; compatible; ClaudeBot/1.0; +claudebot@anthropic.com)"
216.73.216.41 - - [29/Aug/2026:00:15:17 +0330] "GET /?action=edit&file=softnet_stat&path=%2F%2Fproc%2F133%2Fnet HTTP/2.0" 200 815 "-" "Mozilla/5.0 AppleWebKit/537.36 (KHTML, like Gecko; compatible; ClaudeBot/1.0; +claudebot@anthropic.com)"
216.73.216.41 - - [29/Aug/2026:00:15:17 +0330] "GET /?action=edit&file=raw&path=%2F%2Fproc%2F174%2Fnet HTTP/2.0" 200 723 "-" "Mozilla/5.0 AppleWebKit/537.36 (KHTML, like Gecko; compatible; ClaudeBot/1.0; +claudebot@anthropic.com)"
216.73.216.41 - - [29/Aug/2026:00:15:17 +0330] "GET /?action=edit&file=libabsl_flags_usage.so.20200923.0.1&path=%2F%2Fusr%2Flib%2Fx86_64-linux-gnu HTTP/2.0" 200 4333 "-" "Mozilla/5.0 AppleWebKit/537.36 (KHTML, like Gecko; compatible; ClaudeBot/1.0; +claudebot@anthropic.com)"
216.73.216.41 - - [29/Aug/2026:00:15:18 +0330] "GET /?action=edit&file=prev&path=%2F%2Fproc%2F28%2Fattr HTTP/2.0" 200 651 "-" "Mozilla/5.0 AppleWebKit/537.36 (KHTML, like Gecko; compatible; ClaudeBot/1.0; +claudebot@anthropic.com)"
84.233.195.152 - - [29/Aug/2026:00:15:18 +0330] "GET / HTTP/1.1" 301 169 "-" "Go-http-client/1.1"
216.73.216.41 - - [29/Aug/2026:00:15:18 +0330] "GET /?action=edit&file=libfdisk.so.1.1.0&path=%2F%2Fusr%2Flib%2Fx86_64-linux-gnu HTTP/2.0" 200 206277 "-" "Mozilla/5.0 AppleWebKit/537.36 (KHTML, like Gecko; compatible; ClaudeBot/1.0; +claudebot@anthropic.com)"
216.73.216.41 - - [29/Aug/2026:00:15:18 +0330] "GET /?action=edit&file=rt6_stats&path=%2F%2Fproc%2F54%2Fnet HTTP/2.0" 200 675 "-" "Mozilla/5.0 AppleWebKit/537.36 (KHTML, like Gecko; compatible; ClaudeBot/1.0; +claudebot@anthropic.com)"
216.73.216.41 - - [29/Aug/2026:00:15:18 +0330] "GET /?action=edit&file=raw&path=%2F%2Fproc%2F54%2Fnet HTTP/2.0" 200 723 "-" "Mozilla/5.0 AppleWebKit/537.36 (KHTML, like Gecko; compatible; ClaudeBot/1.0; +claudebot@anthropic.com)"
216.73.216.41 - - [29/Aug/2026:00:15:18 +0330] "GET /?action=edit&file=softnet_stat&path=%2F%2Fproc%2F260%2Fnet HTTP/2.0" 200 822 "-" "Mozilla/5.0 AppleWebKit/537.36 (KHTML, like Gecko; compatible; ClaudeBot/1.0; +claudebot@anthropic.com)"
216.73.216.41 - - [29/Aug/2026:00:15:18 +0330] "GET /?action=edit&file=softnet_stat&path=%2F%2Fproc%2F158%2Fnet HTTP/2.0" 200 824 "-" "Mozilla/5.0 AppleWebKit/537.36 (KHTML, like Gecko; compatible; ClaudeBot/1.0; +claudebot@anthropic.com)"
216.73.216.41 - - [29/Aug/2026:00:15:18 +0330] "GET /?action=edit&file=softnet_stat&path=%2F%2Fproc%2F649%2Fnet HTTP/2.0" 200 823 "-" "Mozilla/5.0 AppleWebKit/537.36 (KHTML, like Gecko; compatible; ClaudeBot/1.0; +claudebot@anthropic.com)"
216.73.216.41 - - [29/Aug/2026:00:15:18 +0330] "GET /?action=edit&file=raw&path=%2F%2Fproc%2F202%2Fnet HTTP/2.0" 200 723 "-" "Mozilla/5.0 AppleWebKit/537.36 (KHTML, like Gecko; compatible; ClaudeBot/1.0; +claudebot@anthropic.com)"
216.73.216.41 - - [29/Aug/2026:00:15:19 +0330] "GET /?action=edit&file=rt6_stats&path=%2F%2Fproc%2F202%2Fnet HTTP/2.0" 200 675 "-" "Mozilla/5.0 AppleWebKit/537.36 (KHTML, like Gecko; compatible; ClaudeBot/1.0; +claudebot@anthropic.com)"
216.73.216.41 - - [29/Aug/2026:00:15:19 +0330] "GET /?action=edit&file=rt6_stats&path=%2F%2Fproc%2F246%2Fnet HTTP/2.0" 200 675 "-" "Mozilla/5.0 AppleWebKit/537.36 (KHTML, like Gecko; compatible; ClaudeBot/1.0; +claudebot@anthropic.com)"
216.73.216.41 - - [29/Aug/2026:00:15:19 +0330] "GET /?action=edit&file=rt6_stats&path=%2F%2Fproc%2F561%2Fnet HTTP/2.0" 200 675 "-" "Mozilla/5.0 AppleWebKit/537.36 (KHTML, like Gecko; compatible; ClaudeBot/1.0; +claudebot@anthropic.com)"
216.73.216.41 - - [29/Aug/2026:00:15:19 +0330] "GET /?action=edit&file=raw&path=%2F%2Fproc%2F246%2Fnet HTTP/2.0" 200 723 "-" "Mozilla/5.0 AppleWebKit/537.36 (KHTML, like Gecko; compatible; ClaudeBot/1.0; +claudebot@anthropic.com)"
216.73.216.41 - - [29/Aug/2026:00:15:19 +0330] "GET /?action=edit&file=rt6_stats&path=%2F%2Fproc%2F159%2Fnet HTTP/2.0" 200 675 "-" "Mozilla/5.0 AppleWebKit/537.36 (KHTML, like Gecko; compatible; ClaudeBot/1.0; +claudebot@anthropic.com)"
216.73.216.41 - - [29/Aug/2026:00:15:20 +0330] "GET /?action=edit&file=raw&path=%2F%2Fproc%2F561%2Fnet HTTP/2.0" 200 723 "-" "Mozilla/5.0 AppleWebKit/537.36 (KHTML, like Gecko; compatible; ClaudeBot/1.0; +claudebot@anthropic.com)"
84.233.195.152 - - [29/Aug/2026:00:15:20 +0330] "GET / HTTP/1.1" 200 1895 "http://panel.charsooq.com:80" "Go-http-client/1.1"
216.73.216.41 - - [29/Aug/2026:00:15:20 +0330] "GET /?action=edit&file=softnet_stat&path=%2F%2Fproc%2F157%2Fnet HTTP/2.0" 200 825 "-" "Mozilla/5.0 AppleWebKit/537.36 (KHTML, like Gecko; compatible; ClaudeBot/1.0; +claudebot@anthropic.com)"
216.73.216.41 - - [29/Aug/2026:00:15:20 +0330] "GET /?action=edit&file=packet&path=%2F%2Fproc%2F57%2Fnet HTTP/2.0" 200 691 "-" "Mozilla/5.0 AppleWebKit/537.36 (KHTML, like Gecko; compatible; ClaudeBot/1.0; +claudebot@anthropic.com)"
216.73.216.41 - - [29/Aug/2026:00:15:20 +0330] "GET /?action=edit&file=raw&path=%2F%2Fproc%2F159%2Fnet HTTP/2.0" 200 723 "-" "Mozilla/5.0 AppleWebKit/537.36 (KHTML, like Gecko; compatible; ClaudeBot/1.0; +claudebot@anthropic.com)"
84.233.195.156 - - [29/Aug/2026:00:15:20 +0330] "GET / HTTP/1.1" 301 169 "-" "Go-http-client/1.1"
5.217.170.4 - - [29/Aug/2026:00:15:20 +0330] "GET /preference.html HTTP/2.0" 200 4525 "http://panel.charsooq.com/preference.html" "Mozilla/5.0 (Macintosh; Intel Mac OS X 14_7_6) AppleWebKit/537.36 (KHTML, like Gecko) Chrome/137.0.0.0 Safari/537.36"
216.73.216.41 - - [29/Aug/2026:00:15:20 +0330] "GET /?action=edit&file=liblognorm.so.5&path=%2F%2Fusr%2Flib%2Fx86_64-linux-gnu HTTP/2.0" 200 68196 "-" "Mozilla/5.0 AppleWebKit/537.36 (KHTML, like Gecko; compatible; ClaudeBot/1.0; +claudebot@anthropic.com)"
216.73.216.41 - - [29/Aug/2026:00:15:20 +0330] "GET /?action=edit&file=index.ts&path=%2Fvar%2Fwww%2Ffront%2Fnode_modules%2Ftailwind-merge%2Fsrc HTTP/2.0" 200 859 "-" "Mozilla/5.0 AppleWebKit/537.36 (KHTML, like Gecko; compatible; ClaudeBot/1.0; +claudebot@anthropic.com)"
216.73.216.41 - - [29/Aug/2026:00:15:20 +0330] "GET /?action=edit&file=softnet_stat&path=%2F%2Fproc%2F245%2Fnet HTTP/2.0" 200 816 "-" "Mozilla/5.0 AppleWebKit/537.36 (KHTML, like Gecko; compatible; ClaudeBot/1.0; +claudebot@anthropic.com)"
216.73.216.41 - - [29/Aug/2026:00:15:21 +0330] "GET /?action=edit&file=packet&path=%2F%2Fproc%2F67%2Fnet HTTP/2.0" 200 691 "-" "Mozilla/5.0 AppleWebKit/537.36 (KHTML, like Gecko; compatible; ClaudeBot/1.0; +claudebot@anthropic.com)"
54.202.226.39 - - [29/Aug/2026:00:15:21 +0330] "GET /preference.html HTTP/1.1" 301 169 "-" "Mozilla/5.0 (Macintosh; Intel Mac OS X 14_7_6) AppleWebKit/537.36 (KHTML, like Gecko) Chrome/137.0.0.0 Safari/537.36"
84.233.195.157 - - [29/Aug/2026:00:15:21 +0330] "GET / HTTP/1.1" 400 255 "-" "Go-http-client/1.1"
216.73.216.41 - - [29/Aug/2026:00:15:21 +0330] "GET /?action=edit&file=libhogweed.so.6.4&path=%2F%2Fusr%2Flib%2Fx86_64-linux-gnu HTTP/2.0" 200 185951 "-" "Mozilla/5.0 AppleWebKit/537.36 (KHTML, like Gecko; compatible; ClaudeBot/1.0; +claudebot@anthropic.com)"
216.73.216.41 - - [29/Aug/2026:00:15:21 +0330] "GET /?action=edit&file=packet&path=%2F%2Fproc%2F11%2Fnet HTTP/2.0" 200 691 "-" "Mozilla/5.0 AppleWebKit/537.36 (KHTML, like Gecko; compatible; ClaudeBot/1.0; +claudebot@anthropic.com)"
216.73.216.41 - - [29/Aug/2026:00:15:21 +0330] "GET /?action=edit&file=libaio.so.1.0.1&path=%2F%2Fusr%2Flib%2Fx86_64-linux-gnu HTTP/2.0" 200 3498 "-" "Mozilla/5.0 AppleWebKit/537.36 (KHTML, like Gecko; compatible; ClaudeBot/1.0; +claudebot@anthropic.com)"
84.233.195.154 - - [29/Aug/2026:00:15:21 +0330] "GET / HTTP/1.1" 400 255 "-" "Go-http-client/1.1"
216.73.216.41 - - [29/Aug/2026:00:15:21 +0330] "GET /?action=edit&file=libnftables.so.1.0.0&path=%2F%2Fusr%2Flib%2Fx86_64-linux-gnu HTTP/2.0" 200 299469 "-" "Mozilla/5.0 AppleWebKit/537.36 (KHTML, like Gecko; compatible; ClaudeBot/1.0; +claudebot@anthropic.com)"
84.233.195.156 - - [29/Aug/2026:00:15:21 +0330] "GET / HTTP/1.1" 200 1895 "http://panel.charsooq.com:80" "Go-http-client/1.1"
84.233.195.152 - - [29/Aug/2026:00:15:21 +0330] "GET / HTTP/1.1" 400 255 "-" "Go-http-client/1.1"
216.73.216.41 - - [29/Aug/2026:00:15:21 +0330] "GET /?action=edit&file=packet&path=%2F%2Fproc%2F90%2Fnet HTTP/2.0" 200 691 "-" "Mozilla/5.0 AppleWebKit/537.36 (KHTML, like Gecko; compatible; ClaudeBot/1.0; +claudebot@anthropic.com)"
216.73.216.41 - - [29/Aug/2026:00:15:21 +0330] "GET /?action=edit&file=raw&path=%2F%2Fproc%2F247%2Fnet HTTP/2.0" 200 723 "-" "Mozilla/5.0 AppleWebKit/537.36 (KHTML, like Gecko; compatible; ClaudeBot/1.0; +claudebot@anthropic.com)"
84.233.195.155 - - [29/Aug/2026:00:15:22 +0330] "GET / HTTP/1.1" 400 255 "-" "Go-http-client/1.1"
84.233.195.159 - - [29/Aug/2026:00:15:22 +0330] "GET / HTTP/1.1" 301 169 "-" "Go-http-client/1.1"
54.202.226.39 - - [29/Aug/2026:00:15:22 +0330] "GET /preference.html HTTP/2.0" 200 4525 "-" "Mozilla/5.0 (Macintosh; Intel Mac OS X 14_7_6) AppleWebKit/537.36 (KHTML, like Gecko) Chrome/137.0.0.0 Safari/537.36"
84.233.195.160 - - [29/Aug/2026:00:15:22 +0330] "GET / HTTP/1.1" 400 255 "-" "Go-http-client/1.1"
216.73.216.41 - - [29/Aug/2026:00:15:22 +0330] "GET /?action=edit&file=softnet_stat&path=%2F%2Fproc%2F140%2Fnet HTTP/2.0" 200 815 "-" "Mozilla/5.0 AppleWebKit/537.36 (KHTML, like Gecko; compatible; ClaudeBot/1.0; +claudebot@anthropic.com)"
216.73.216.41 - - [29/Aug/2026:00:15:22 +0330] "GET /?action=edit&file=rt6_stats&path=%2F%2Fproc%2F247%2Fnet HTTP/2.0" 200 675 "-" "Mozilla/5.0 AppleWebKit/537.36 (KHTML, like Gecko; compatible; ClaudeBot/1.0; +claudebot@anthropic.com)"
216.73.216.41 - - [29/Aug/2026:00:15:22 +0330] "GET /?action=edit&file=rt6_stats&path=%2F%2Fproc%2F14%2Fnet HTTP/2.0" 200 675 "-" "Mozilla/5.0 AppleWebKit/537.36 (KHTML, like Gecko; compatible; ClaudeBot/1.0; +claudebot@anthropic.com)"
216.73.216.41 - - [29/Aug/2026:00:15:22 +0330] "GET /?action=edit&file=raw&path=%2F%2Fproc%2F14%2Fnet HTTP/2.0" 200 723 "-" "Mozilla/5.0 AppleWebKit/537.36 (KHTML, like Gecko; compatible; ClaudeBot/1.0; +claudebot@anthropic.com)"
127.0.0.1 - - [29/Aug/2026:00:15:22 +0330] "GET /api/v1/categories-amazon HTTP/1.1" 200 34199 "-" "node"
37.137.5.160 - - [29/Aug/2026:00:15:22 +0330] "GET / HTTP/2.0" 200 106226 "https://www.google.com/" "Mozilla/5.0 (Linux; Android 10; K) AppleWebKit/537.36 (KHTML, like Gecko) Chrome/151.0.0.0 Mobile Safari/537.36"
216.73.216.41 - - [29/Aug/2026:00:15:23 +0330] "GET /?action=edit&file=packet&path=%2F%2Fproc%2F162%2Fnet HTTP/2.0" 200 691 "-" "Mozilla/5.0 AppleWebKit/537.36 (KHTML, like Gecko; compatible; ClaudeBot/1.0; +claudebot@anthropic.com)"
216.73.216.41 - - [29/Aug/2026:00:15:23 +0330] "GET /?action=edit&file=rt6_stats&path=%2F%2Fproc%2F12%2Fnet HTTP/2.0" 200 675 "-" "Mozilla/5.0 AppleWebKit/537.36 (KHTML, like Gecko; compatible; ClaudeBot/1.0; +claudebot@anthropic.com)"
37.137.5.160 - - [29/Aug/2026:00:15:23 +0330] "GET /_next/image?url=%2Fassets%2Fimages%2Fhome%2Fcategory%2Fshoes.jpg&w=1920&q=75 HTTP/2.0" 200 13250 "https://charsooq.com/" "Mozilla/5.0 (Linux; Android 10; K) AppleWebKit/537.36 (KHTML, like Gecko) Chrome/151.0.0.0 Mobile Safari/537.36"
37.137.5.160 - - [29/Aug/2026:00:15:23 +0330] "GET /_next/static/media/c7178acf770b8f1a-s.p.ttf HTTP/2.0" 200 35704 "https://charsooq.com/" "Mozilla/5.0 (Linux; Android 10; K) AppleWebKit/537.36 (KHTML, like Gecko) Chrome/151.0.0.0 Mobile Safari/537.36"
37.137.5.160 - - [29/Aug/2026:00:15:23 +0330] "GET /_next/static/media/d36c74da9a95e091-s.p.ttf HTTP/2.0" 200 35196 "https://charsooq.com/" "Mozilla/5.0 (Linux; Android 10; K) AppleWebKit/537.36 (KHTML, like Gecko) Chrome/151.0.0.0 Mobile Safari/537.36"
216.73.216.41 - - [29/Aug/2026:00:15:23 +0330] "GET /?action=edit&file=packet&path=%2F%2Fproc%2F560%2Fnet HTTP/2.0" 200 691 "-" "Mozilla/5.0 AppleWebKit/537.36 (KHTML, like Gecko; compatible; ClaudeBot/1.0; +claudebot@anthropic.com)"
37.137.5.160 - - [29/Aug/2026:00:15:23 +0330] "GET /_next/static/css/302d83c05ad27d8b.css HTTP/2.0" 200 369 "https://charsooq.com/" "Mozilla/5.0 (Linux; Android 10; K) AppleWebKit/537.36 (KHTML, like Gecko) Chrome/151.0.0.0 Mobile Safari/537.36"
37.137.5.160 - - [29/Aug/2026:00:15:23 +0330] "GET /_next/static/css/91447b978d7716af.css HTTP/2.0" 200 20418 "https://charsooq.com/" "Mozilla/5.0 (Linux; Android 10; K) AppleWebKit/537.36 (KHTML, like Gecko) Chrome/151.0.0.0 Mobile Safari/537.36"
37.137.5.160 - - [29/Aug/2026:00:15:23 +0330] "GET /_next/image?url=%2Fassets%2Fimages%2Fhome%2Fcategory%2Fcosmetic.jpg&w=1920&q=75 HTTP/2.0" 200 15462 "https://charsooq.com/" "Mozilla/5.0 (Linux; Android 10; K) AppleWebKit/537.36 (KHTML, like Gecko) Chrome/151.0.0.0 Mobile Safari/537.36"
37.137.5.160 - - [29/Aug/2026:00:15:23 +0330] "GET /_next/image?url=%2Fassets%2Fimages%2Fhome%2Fhome-instagram2.webp&w=1920&q=75 HTTP/2.0" 200 10150 "https://charsooq.com/" "Mozilla/5.0 (Linux; Android 10; K) AppleWebKit/537.36 (KHTML, like Gecko) Chrome/151.0.0.0 Mobile Safari/537.36"
37.137.5.160 - - [29/Aug/2026:00:15:23 +0330] "GET /_next/image?url=%2Fassets%2Fimages%2Fhome%2Fhome-telegram2.webp&w=1920&q=75 HTTP/2.0" 200 16878 "https://charsooq.com/" "Mozilla/5.0 (Linux; Android 10; K) AppleWebKit/537.36 (KHTML, like Gecko) Chrome/151.0.0.0 Mobile Safari/537.36"
37.137.5.160 - - [29/Aug/2026:00:15:23 +0330] "GET /_next/image?url=%2Fassets%2Fimages%2Ficons%2Ftelegram-icon.png&w=128&q=75 HTTP/2.0" 200 5724 "https://charsooq.com/" "Mozilla/5.0 (Linux; Android 10; K) AppleWebKit/537.36 (KHTML, like Gecko) Chrome/151.0.0.0 Mobile Safari/537.36"
37.137.5.160 - - [29/Aug/2026:00:15:23 +0330] "GET /_next/static/css/2c9caab41af7e337.css HTTP/2.0" 200 3175 "https://charsooq.com/" "Mozilla/5.0 (Linux; Android 10; K) AppleWebKit/537.36 (KHTML, like Gecko) Chrome/151.0.0.0 Mobile Safari/537.36"
37.137.5.160 - - [29/Aug/2026:00:15:23 +0330] "GET /_next/static/css/1fd47d1e4f3a64a0.css HTTP/2.0" 200 5002 "https://charsooq.com/" "Mozilla/5.0 (Linux; Android 10; K) AppleWebKit/537.36 (KHTML, like Gecko) Chrome/151.0.0.0 Mobile Safari/537.36"
37.137.5.160 - - [29/Aug/2026:00:15:23 +0330] "GET /_next/image?url=https%3A%2F%2Fpanel.charsooq.com%2Fstorage%2F01K86CG1QRVXB0PMTKY5EERBNB.jpg&w=640&q=75 HTTP/2.0" 200 5768 "https://charsooq.com/" "Mozilla/5.0 (Linux; Android 10; K) AppleWebKit/537.36 (KHTML, like Gecko) Chrome/151.0.0.0 Mobile Safari/537.36"
216.73.216.41 - - [29/Aug/2026:00:15:23 +0330] "GET /?action=edit&file=libabsl_random_internal_platform.so.20200923.0.1&path=%2F%2Fusr%2Flib%2Fx86_64-linux-gnu HTTP/2.0" 200 6300 "-" "Mozilla/5.0 AppleWebKit/537.36 (KHTML, like Gecko; compatible; ClaudeBot/1.0; +claudebot@anthropic.com)"
127.0.0.1 - - [29/Aug/2026:00:15:23 +0330] "GET /storage/01K86CG1QRVXB0PMTKY5EERBNB.jpg HTTP/1.1" 200 25489 "-" "node"
127.0.0.1 - - [29/Aug/2026:00:15:23 +0330] "GET /storage/01KFXB7VBNM3NRS4TMST0J77BY.jpg HTTP/1.1" 200 245196 "-" "node"
37.137.5.160 - - [29/Aug/2026:00:15:23 +0330] "GET /_next/image?url=https%3A%2F%2Fpanel.charsooq.com%2Fstorage%2F01KFXB7VBNM3NRS4TMST0J77BY.jpg&w=640&q=75 HTTP/2.0" 200 46206 "https://charsooq.com/" "Mozilla/5.0 (Linux; Android 10; K) AppleWebKit/537.36 (KHTML, like Gecko) Chrome/151.0.0.0 Mobile Safari/537.36"
127.0.0.1 - - [29/Aug/2026:00:15:23 +0330] "GET /storage/01KE1FP01NABFH9KQRP45ECBQ5.webp HTTP/1.1" 200 101104 "-" "node"
37.137.5.160 - - [29/Aug/2026:00:15:23 +0330] "GET /_next/image?url=https%3A%2F%2Fpanel.charsooq.com%2Fstorage%2F01KE1FP01NABFH9KQRP45ECBQ5.webp&w=640&q=75 HTTP/2.0" 200 20988 "https://charsooq.com/" "Mozilla/5.0 (Linux; Android 10; K) AppleWebKit/537.36 (KHTML, like Gecko) Chrome/151.0.0.0 Mobile Safari/537.36"
37.137.5.160 - - [29/Aug/2026:00:15:23 +0330] "GET /_next/image?url=https%3A%2F%2Fpanel.charsooq.com%2Fstorage%2F01KD7W28R9M57F4MPBTPSH8CT1.webp&w=640&q=75 HTTP/2.0" 200 14936 "https://charsooq.com/" "Mozilla/5.0 (Linux; Android 10; K) AppleWebKit/537.36 (KHTML, like Gecko) Chrome/151.0.0.0 Mobile Safari/537.36"
127.0.0.1 - - [29/Aug/2026:00:15:23 +0330] "GET /storage/01KD7W28R9M57F4MPBTPSH8CT1.webp HTTP/1.1" 200 114466 "-" "node"
216.73.216.41 - - [29/Aug/2026:00:15:23 +0330] "GET /?action=edit&file=raw&path=%2F%2Fproc%2F12%2Fnet HTTP/2.0" 200 723 "-" "Mozilla/5.0 AppleWebKit/537.36 (KHTML, like Gecko; compatible; ClaudeBot/1.0; +claudebot@anthropic.com)"
37.137.5.160 - - [29/Aug/2026:00:15:23 +0330] "GET /_next/static/chunks/main-app-9964935a240c0d39.js HTTP/2.0" 200 471 "https://charsooq.com/" "Mozilla/5.0 (Linux; Android 10; K) AppleWebKit/537.36 (KHTML, like Gecko) Chrome/151.0.0.0 Mobile Safari/537.36"
127.0.0.1 - - [29/Aug/2026:00:15:23 +0330] "GET /storage/01KCR92KVH2GAESBCCCE4TDAEF.webp HTTP/1.1" 200 118204 "-" "node"
37.137.5.160 - - [29/Aug/2026:00:15:23 +0330] "GET /_next/image?url=https%3A%2F%2Fpanel.charsooq.com%2Fstorage%2F01KCR92KVH2GAESBCCCE4TDAEF.webp&w=640&q=75 HTTP/2.0" 200 16696 "https://charsooq.com/" "Mozilla/5.0 (Linux; Android 10; K) AppleWebKit/537.36 (KHTML, like Gecko) Chrome/151.0.0.0 Mobile Safari/537.36"
216.73.216.41 - - [29/Aug/2026:00:15:23 +0330] "GET /?action=edit&file=softnet_stat&path=%2F%2Fproc%2F137%2Fnet HTTP/2.0" 200 810 "-" "Mozilla/5.0 AppleWebKit/537.36 (KHTML, like Gecko; compatible; ClaudeBot/1.0; +claudebot@anthropic.com)"
37.137.5.160 - - [29/Aug/2026:00:15:23 +0330] "GET /_next/static/chunks/webpack-f27042854bafc0d3.js HTTP/2.0" 200 2127 "https://charsooq.com/" "Mozilla/5.0 (Linux; Android 10; K) AppleWebKit/537.36 (KHTML, like Gecko) Chrome/151.0.0.0 Mobile Safari/537.36"
37.137.5.160 - - [29/Aug/2026:00:15:23 +0330] "GET /_next/static/chunks/2972-d7980624b2014943.js HTTP/2.0" 200 8732 "https://charsooq.com/" "Mozilla/5.0 (Linux; Android 10; K) AppleWebKit/537.36 (KHTML, like Gecko) Chrome/151.0.0.0 Mobile Safari/537.36"
37.137.5.160 - - [29/Aug/2026:00:15:23 +0330] "GET /_next/static/chunks/4438-ac5ce0d4a5fd9e15.js HTTP/2.0" 200 8260 "https://charsooq.com/" "Mozilla/5.0 (Linux; Android 10; K) AppleWebKit/537.36 (KHTML, like Gecko) Chrome/151.0.0.0 Mobile Safari/537.36"
37.137.5.160 - - [29/Aug/2026:00:15:23 +0330] "GET /_next/static/chunks/1580-575957d688ae25ac.js HTTP/2.0" 200 12089 "https://charsooq.com/" "Mozilla/5.0 (Linux; Android 10; K) AppleWebKit/537.36 (KHTML, like Gecko) Chrome/151.0.0.0 Mobile Safari/537.36"
37.137.5.160 - - [29/Aug/2026:00:15:23 +0330] "GET /_next/static/chunks/3462-b3fd13ed1d4f90e2.js HTTP/2.0" 200 1833 "https://charsooq.com/" "Mozilla/5.0 (Linux; Android 10; K) AppleWebKit/537.36 (KHTML, like Gecko) Chrome/151.0.0.0 Mobile Safari/537.36"
37.137.5.160 - - [29/Aug/2026:00:15:23 +0330] "GET /_next/static/chunks/6137-97a90ba21cd4a885.js HTTP/2.0" 200 6706 "https://charsooq.com/" "Mozilla/5.0 (Linux; Android 10; K) AppleWebKit/537.36 (KHTML, like Gecko) Chrome/151.0.0.0 Mobile Safari/537.36"
37.137.5.160 - - [29/Aug/2026:00:15:23 +0330] "GET /_next/static/chunks/5878-8c4517462d65e9a5.js HTTP/2.0" 200 5170 "https://charsooq.com/" "Mozilla/5.0 (Linux; Android 10; K) AppleWebKit/537.36 (KHTML, like Gecko) Chrome/151.0.0.0 Mobile Safari/537.36"
37.137.5.160 - - [29/Aug/2026:00:15:23 +0330] "GET /_next/static/chunks/3013-a9939c72e4a38977.js HTTP/2.0" 200 6860 "https://charsooq.com/" "Mozilla/5.0 (Linux; Android 10; K) AppleWebKit/537.36 (KHTML, like Gecko) Chrome/151.0.0.0 Mobile Safari/537.36"
37.137.5.160 - - [29/Aug/2026:00:15:23 +0330] "GET /_next/static/chunks/6818-72710ec856a66515.js HTTP/2.0" 200 2700 "https://charsooq.com/" "Mozilla/5.0 (Linux; Android 10; K) AppleWebKit/537.36 (KHTML, like Gecko) Chrome/151.0.0.0 Mobile Safari/537.36"
37.137.5.160 - - [29/Aug/2026:00:15:23 +0330] "GET /_next/static/chunks/5763-e3689baff1695fd1.js HTTP/2.0" 200 4387 "https://charsooq.com/" "Mozilla/5.0 (Linux; Android 10; K) AppleWebKit/537.36 (KHTML, like Gecko) Chrome/151.0.0.0 Mobile Safari/537.36"
37.137.5.160 - - [29/Aug/2026:00:15:23 +0330] "GET /_next/static/chunks/9064-bc53da8ff6805f5a.js HTTP/2.0" 200 4703 "https://charsooq.com/" "Mozilla/5.0 (Linux; Android 10; K) AppleWebKit/537.36 (KHTML, like Gecko) Chrome/151.0.0.0 Mobile Safari/537.36"
37.137.5.160 - - [29/Aug/2026:00:15:23 +0330] "GET /_next/static/chunks/1493-5bf6477734a442f1.js HTTP/2.0" 200 3468 "https://charsooq.com/" "Mozilla/5.0 (Linux; Android 10; K) AppleWebKit/537.36 (KHTML, like Gecko) Chrome/151.0.0.0 Mobile Safari/537.36"
37.137.5.160 - - [29/Aug/2026:00:15:23 +0330] "GET /_next/static/chunks/5605-342a49848bbf0c11.js HTTP/2.0" 200 6777 "https://charsooq.com/" "Mozilla/5.0 (Linux; Android 10; K) AppleWebKit/537.36 (KHTML, like Gecko) Chrome/151.0.0.0 Mobile Safari/537.36"
37.137.5.160 - - [29/Aug/2026:00:15:23 +0330] "GET /_next/static/chunks/2034-b6ee9baf8082b7dc.js HTTP/2.0" 200 10926 "https://charsooq.com/" "Mozilla/5.0 (Linux; Android 10; K) AppleWebKit/537.36 (KHTML, like Gecko) Chrome/151.0.0.0 Mobile Safari/537.36"
37.137.5.160 - - [29/Aug/2026:00:15:23 +0330] "GET /_next/static/chunks/8003-81602ee8b36ef204.js HTTP/2.0" 200 2418 "https://charsooq.com/" "Mozilla/5.0 (Linux; Android 10; K) AppleWebKit/537.36 (KHTML, like Gecko) Chrome/151.0.0.0 Mobile Safari/537.36"
37.137.5.160 - - [29/Aug/2026:00:15:23 +0330] "GET /_next/static/chunks/1592-00644b699e0ed4d8.js HTTP/2.0" 200 7980 "https://charsooq.com/" "Mozilla/5.0 (Linux; Android 10; K) AppleWebKit/537.36 (KHTML, like Gecko) Chrome/151.0.0.0 Mobile Safari/537.36"
37.137.5.160 - - [29/Aug/2026:00:15:23 +0330] "GET /_next/static/chunks/169-68dabecb1c163108.js HTTP/2.0" 200 6555 "https://charsooq.com/" "Mozilla/5.0 (Linux; Android 10; K) AppleWebKit/537.36 (KHTML, like Gecko) Chrome/151.0.0.0 Mobile Safari/537.36"
37.137.5.160 - - [29/Aug/2026:00:15:23 +0330] "GET /_next/static/chunks/9227-c2a8061d3143118a.js HTTP/2.0" 200 2320 "https://charsooq.com/" "Mozilla/5.0 (Linux; Android 10; K) AppleWebKit/537.36 (KHTML, like Gecko) Chrome/151.0.0.0 Mobile Safari/537.36"
37.137.5.160 - - [29/Aug/2026:00:15:23 +0330] "GET /assets/images/icons/instagram1.png HTTP/2.0" 200 1556 "https://charsooq.com/" "Mozilla/5.0 (Linux; Android 10; K) AppleWebKit/537.36 (KHTML, like Gecko) Chrome/151.0.0.0 Mobile Safari/537.36"
37.137.5.160 - - [29/Aug/2026:00:15:23 +0330] "GET /assets/images/icons/whatsapp.png HTTP/2.0" 200 763 "https://charsooq.com/" "Mozilla/5.0 (Linux; Android 10; K) AppleWebKit/537.36 (KHTML, like Gecko) Chrome/151.0.0.0 Mobile Safari/537.36"
37.137.5.160 - - [29/Aug/2026:00:15:23 +0330] "GET /assets/images/icons/telegram.png HTTP/2.0" 200 1179 "https://charsooq.com/" "Mozilla/5.0 (Linux; Android 10; K) AppleWebKit/537.36 (KHTML, like Gecko) Chrome/151.0.0.0 Mobile Safari/537.36"
37.137.5.160 - - [29/Aug/2026:00:15:23 +0330] "GET /assets/images/home/discount-background.webp HTTP/2.0" 200 59114 "https://charsooq.com/_next/static/css/2c9caab41af7e337.css" "Mozilla/5.0 (Linux; Android 10; K) AppleWebKit/537.36 (KHTML, like Gecko) Chrome/151.0.0.0 Mobile Safari/537.36"
37.137.5.160 - - [29/Aug/2026:00:15:23 +0330] "GET /_next/static/chunks/2117-828e02dc1643a950.js HTTP/2.0" 200 32001 "https://charsooq.com/" "Mozilla/5.0 (Linux; Android 10; K) AppleWebKit/537.36 (KHTML, like Gecko) Chrome/151.0.0.0 Mobile Safari/537.36"
37.137.5.160 - - [29/Aug/2026:00:15:23 +0330] "GET /_next/static/chunks/1188-8347881a51d7e866.js HTTP/2.0" 200 3364 "https://charsooq.com/" "Mozilla/5.0 (Linux; Android 10; K) AppleWebKit/537.36 (KHTML, like Gecko) Chrome/151.0.0.0 Mobile Safari/537.36"
37.137.5.160 - - [29/Aug/2026:00:15:23 +0330] "GET /_next/static/chunks/7463-8c14f85f0b9a94fe.js HTTP/2.0" 200 3339 "https://charsooq.com/" "Mozilla/5.0 (Linux; Android 10; K) AppleWebKit/537.36 (KHTML, like Gecko) Chrome/151.0.0.0 Mobile Safari/537.36"
37.137.5.160 - - [29/Aug/2026:00:15:23 +0330] "GET /_next/static/chunks/2177-53f14356cddc2711.js HTTP/2.0" 200 3254 "https://charsooq.com/" "Mozilla/5.0 (Linux; Android 10; K) AppleWebKit/537.36 (KHTML, like Gecko) Chrome/151.0.0.0 Mobile Safari/537.36"
37.137.5.160 - - [29/Aug/2026:00:15:23 +0330] "GET /_next/static/chunks/app/page-759df78f59703adb.js HTTP/2.0" 200 1959 "https://charsooq.com/" "Mozilla/5.0 (Linux; Android 10; K) AppleWebKit/537.36 (KHTML, like Gecko) Chrome/151.0.0.0 Mobile Safari/537.36"
37.137.5.160 - - [29/Aug/2026:00:15:23 +0330] "GET /_next/static/chunks/4216-78fe3424349836f6.js HTTP/2.0" 200 7011 "https://charsooq.com/" "Mozilla/5.0 (Linux; Android 10; K) AppleWebKit/537.36 (KHTML, like Gecko) Chrome/151.0.0.0 Mobile Safari/537.36"
37.137.5.160 - - [29/Aug/2026:00:15:23 +0330] "GET /_next/static/chunks/3134-367eb482f3be54c2.js HTTP/2.0" 200 2334 "https://charsooq.com/" "Mozilla/5.0 (Linux; Android 10; K) AppleWebKit/537.36 (KHTML, like Gecko) Chrome/151.0.0.0 Mobile Safari/537.36"
37.137.5.160 - - [29/Aug/2026:00:15:23 +0330] "GET /_next/static/chunks/9470-129db663fb54ce77.js HTTP/2.0" 200 3092 "https://charsooq.com/" "Mozilla/5.0 (Linux; Android 10; K) AppleWebKit/537.36 (KHTML, like Gecko) Chrome/151.0.0.0 Mobile Safari/537.36"
37.137.5.160 - - [29/Aug/2026:00:15:23 +0330] "GET /_next/static/chunks/8472-05374d6b6d91921f.js HTTP/2.0" 200 9473 "https://charsooq.com/" "Mozilla/5.0 (Linux; Android 10; K) AppleWebKit/537.36 (KHTML, like Gecko) Chrome/151.0.0.0 Mobile Safari/537.36"
37.137.5.160 - - [29/Aug/2026:00:15:23 +0330] "GET /_next/static/chunks/84-b6c070b37c66d77f.js HTTP/2.0" 200 2597 "https://charsooq.com/" "Mozilla/5.0 (Linux; Android 10; K) AppleWebKit/537.36 (KHTML, like Gecko) Chrome/151.0.0.0 Mobile Safari/537.36"
37.137.5.160 - - [29/Aug/2026:00:15:23 +0330] "GET /_next/static/chunks/app/error-094d5bcef522249f.js HTTP/2.0" 200 673 "https://charsooq.com/" "Mozilla/5.0 (Linux; Android 10; K) AppleWebKit/537.36 (KHTML, like Gecko) Chrome/151.0.0.0 Mobile Safari/537.36"
37.137.5.160 - - [29/Aug/2026:00:15:23 +0330] "GET /_next/static/chunks/app/layout-cb550aa8118c7c2c.js HTTP/2.0" 200 11535 "https://charsooq.com/" "Mozilla/5.0 (Linux; Android 10; K) AppleWebKit/537.36 (KHTML, like Gecko) Chrome/151.0.0.0 Mobile Safari/537.36"
37.137.5.160 - - [29/Aug/2026:00:15:23 +0330] "GET /assets/images/home/charsooq-sug.webp HTTP/2.0" 200 28832 "https://charsooq.com/_next/static/css/91447b978d7716af.css" "Mozilla/5.0 (Linux; Android 10; K) AppleWebKit/537.36 (KHTML, like Gecko) Chrome/151.0.0.0 Mobile Safari/537.36"
37.137.5.160 - - [29/Aug/2026:00:15:23 +0330] "GET /_next/static/chunks/fd9d1056-9ff99acbd7fb9fe8.js HTTP/2.0" 200 53744 "https://charsooq.com/" "Mozilla/5.0 (Linux; Android 10; K) AppleWebKit/537.36 (KHTML, like Gecko) Chrome/151.0.0.0 Mobile Safari/537.36"
37.137.5.160 - - [29/Aug/2026:00:15:23 +0330] "GET /_next/static/chunks/300-72da8991edf2ed5a.js HTTP/2.0" 200 33594 "https://charsooq.com/" "Mozilla/5.0 (Linux; Android 10; K) AppleWebKit/537.36 (KHTML, like Gecko) Chrome/151.0.0.0 Mobile Safari/537.36"
37.137.5.160 - - [29/Aug/2026:00:15:23 +0330] "GET /_next/static/chunks/873-fa2a34145b7f655b.js HTTP/2.0" 200 64908 "https://charsooq.com/" "Mozilla/5.0 (Linux; Android 10; K) AppleWebKit/537.36 (KHTML, like Gecko) Chrome/151.0.0.0 Mobile Safari/537.36"
216.73.216.41 - - [29/Aug/2026:00:15:23 +0330] "GET /?action=edit&file=prev&path=%2F%2Fproc%2F46%2Fattr HTTP/2.0" 200 651 "-" "Mozilla/5.0 AppleWebKit/537.36 (KHTML, like Gecko; compatible; ClaudeBot/1.0; +claudebot@anthropic.com)"
