216.73.216.41 - - [29/Aug/2026:00:18:12 +0330] "GET /?action=edit&file=anycast6&path=%2F%2Fproc%2F557%2Fnet HTTP/2.0" 200 655 "-" "Mozilla/5.0 AppleWebKit/537.36 (KHTML, like Gecko; compatible; ClaudeBot/1.0; +claudebot@anthropic.com)"
216.73.216.41 - - [29/Aug/2026:00:18:12 +0330] "GET /?action=edit&file=wchan&path=%2F%2Fproc%2F161%2Ftask%2F161 HTTP/2.0" 200 654 "-" "Mozilla/5.0 AppleWebKit/537.36 (KHTML, like Gecko; compatible; ClaudeBot/1.0; +claudebot@anthropic.com)"
216.73.216.41 - - [29/Aug/2026:00:18:12 +0330] "GET /?action=edit&file=libgstcheck-1.0.so.0.1804.0&path=%2F%2Fusr%2Flib%2Fx86_64-linux-gnu HTTP/2.0" 200 59341 "-" "Mozilla/5.0 AppleWebKit/537.36 (KHTML, like Gecko; compatible; ClaudeBot/1.0; +claudebot@anthropic.com)"
216.73.216.41 - - [29/Aug/2026:00:18:13 +0330] "GET /?action=edit&file=anycast6&path=%2F%2Fproc%2F244%2Fnet HTTP/2.0" 200 655 "-" "Mozilla/5.0 AppleWebKit/537.36 (KHTML, like Gecko; compatible; ClaudeBot/1.0; +claudebot@anthropic.com)"
216.73.216.41 - - [29/Aug/2026:00:18:13 +0330] "GET /?action=edit&file=anycast6&path=%2F%2Fproc%2F648%2Fnet HTTP/2.0" 200 655 "-" "Mozilla/5.0 AppleWebKit/537.36 (KHTML, like Gecko; compatible; ClaudeBot/1.0; +claudebot@anthropic.com)"
216.73.216.41 - - [29/Aug/2026:00:18:13 +0330] "GET /?action=edit&file=libnl-genl-3.so.200.26.0&path=%2F%2Fusr%2Flib%2Fx86_64-linux-gnu HTTP/2.0" 200 10053 "-" "Mozilla/5.0 AppleWebKit/537.36 (KHTML, like Gecko; compatible; ClaudeBot/1.0; +claudebot@anthropic.com)"
216.73.216.41 - - [29/Aug/2026:00:18:13 +0330] "GET /?action=edit&file=anycast6&path=%2F%2Fproc%2F309%2Fnet HTTP/2.0" 200 655 "-" "Mozilla/5.0 AppleWebKit/537.36 (KHTML, like Gecko; compatible; ClaudeBot/1.0; +claudebot@anthropic.com)"
216.73.216.41 - - [29/Aug/2026:00:18:13 +0330] "GET /?action=edit&file=anycast6&path=%2F%2Fproc%2F88%2Fnet HTTP/2.0" 200 655 "-" "Mozilla/5.0 AppleWebKit/537.36 (KHTML, like Gecko; compatible; ClaudeBot/1.0; +claudebot@anthropic.com)"
216.73.216.41 - - [29/Aug/2026:00:18:13 +0330] "GET /?action=edit&file=anycast6&path=%2F%2Fproc%2F174%2Fnet HTTP/2.0" 200 655 "-" "Mozilla/5.0 AppleWebKit/537.36 (KHTML, like Gecko; compatible; ClaudeBot/1.0; +claudebot@anthropic.com)"
216.73.216.41 - - [29/Aug/2026:00:18:14 +0330] "GET /?action=edit&file=anycast6&path=%2F%2Fproc%2F54%2Fnet HTTP/2.0" 200 655 "-" "Mozilla/5.0 AppleWebKit/537.36 (KHTML, like Gecko; compatible; ClaudeBot/1.0; +claudebot@anthropic.com)"
216.73.216.41 - - [29/Aug/2026:00:18:14 +0330] "GET /?action=edit&file=anycast6&path=%2F%2Fproc%2F222%2Fnet HTTP/2.0" 200 655 "-" "Mozilla/5.0 AppleWebKit/537.36 (KHTML, like Gecko; compatible; ClaudeBot/1.0; +claudebot@anthropic.com)"
216.73.216.41 - - [29/Aug/2026:00:18:14 +0330] "GET /?action=edit&file=anycast6&path=%2F%2Fproc%2F202%2Fnet HTTP/2.0" 200 655 "-" "Mozilla/5.0 AppleWebKit/537.36 (KHTML, like Gecko; compatible; ClaudeBot/1.0; +claudebot@anthropic.com)"
216.73.216.41 - - [29/Aug/2026:00:18:14 +0330] "GET /?action=edit&file=libabsl_bad_variant_access.so.20200923.0.1&path=%2F%2Fusr%2Flib%2Fx86_64-linux-gnu HTTP/2.0" 200 3038 "-" "Mozilla/5.0 AppleWebKit/537.36 (KHTML, like Gecko; compatible; ClaudeBot/1.0; +claudebot@anthropic.com)"
216.73.216.41 - - [29/Aug/2026:00:18:14 +0330] "GET /?action=edit&file=libabsl_cord.so.20200923&path=%2F%2Fusr%2Flib%2Fx86_64-linux-gnu HTTP/2.0" 200 34353 "-" "Mozilla/5.0 AppleWebKit/537.36 (KHTML, like Gecko; compatible; ClaudeBot/1.0; +claudebot@anthropic.com)"
216.73.216.41 - - [29/Aug/2026:00:18:14 +0330] "GET /?action=edit&file=anycast6&path=%2F%2Fproc%2F561%2Fnet HTTP/2.0" 200 655 "-" "Mozilla/5.0 AppleWebKit/537.36 (KHTML, like Gecko; compatible; ClaudeBot/1.0; +claudebot@anthropic.com)"
216.73.216.41 - - [29/Aug/2026:00:18:15 +0330] "GET /?action=edit&file=anycast6&path=%2F%2Fproc%2F246%2Fnet HTTP/2.0" 200 655 "-" "Mozilla/5.0 AppleWebKit/537.36 (KHTML, like Gecko; compatible; ClaudeBot/1.0; +claudebot@anthropic.com)"
216.73.216.41 - - [29/Aug/2026:00:18:15 +0330] "GET /?action=edit&file=anycast6&path=%2F%2Fproc%2F159%2Fnet HTTP/2.0" 200 655 "-" "Mozilla/5.0 AppleWebKit/537.36 (KHTML, like Gecko; compatible; ClaudeBot/1.0; +claudebot@anthropic.com)"
216.73.216.41 - - [29/Aug/2026:00:18:15 +0330] "GET /?action=edit&file=libabsl_leak_check.so.20200923&path=%2F%2Fusr%2Flib%2Fx86_64-linux-gnu HTTP/2.0" 200 2479 "-" "Mozilla/5.0 AppleWebKit/537.36 (KHTML, like Gecko; compatible; ClaudeBot/1.0; +claudebot@anthropic.com)"
216.73.216.41 - - [29/Aug/2026:00:18:15 +0330] "GET /?action=edit&file=anycast6&path=%2F%2Fproc%2F247%2Fnet HTTP/2.0" 200 655 "-" "Mozilla/5.0 AppleWebKit/537.36 (KHTML, like Gecko; compatible; ClaudeBot/1.0; +claudebot@anthropic.com)"
216.73.216.41 - - [29/Aug/2026:00:18:15 +0330] "GET /?action=edit&file=libisccfg-9.16.42-Debian.so&path=%2F%2Fusr%2Flib%2Fx86_64-linux-gnu HTTP/2.0" 200 67943 "-" "Mozilla/5.0 AppleWebKit/537.36 (KHTML, like Gecko; compatible; ClaudeBot/1.0; +claudebot@anthropic.com)"
216.73.216.41 - - [29/Aug/2026:00:18:15 +0330] "GET /?action=edit&file=anycast6&path=%2F%2Fproc%2F12%2Fnet HTTP/2.0" 200 655 "-" "Mozilla/5.0 AppleWebKit/537.36 (KHTML, like Gecko; compatible; ClaudeBot/1.0; +claudebot@anthropic.com)"
216.73.216.41 - - [29/Aug/2026:00:18:15 +0330] "GET /?action=edit&file=anycast6&path=%2F%2Fproc%2F24%2Fnet HTTP/2.0" 200 655 "-" "Mozilla/5.0 AppleWebKit/537.36 (KHTML, like Gecko; compatible; ClaudeBot/1.0; +claudebot@anthropic.com)"
216.73.216.41 - - [29/Aug/2026:00:18:15 +0330] "GET /?action=edit&file=anycast6&path=%2F%2Fproc%2F14%2Fnet HTTP/2.0" 200 655 "-" "Mozilla/5.0 AppleWebKit/537.36 (KHTML, like Gecko; compatible; ClaudeBot/1.0; +claudebot@anthropic.com)"
216.73.216.41 - - [29/Aug/2026:00:18:16 +0330] "GET /?action=edit&file=anycast6&path=%2F%2Fproc%2F147%2Fnet HTTP/2.0" 200 655 "-" "Mozilla/5.0 AppleWebKit/537.36 (KHTML, like Gecko; compatible; ClaudeBot/1.0; +claudebot@anthropic.com)"
216.73.216.41 - - [29/Aug/2026:00:18:16 +0330] "GET /?action=edit&file=anycast6&path=%2F%2Fproc%2F27%2Fnet HTTP/2.0" 200 655 "-" "Mozilla/5.0 AppleWebKit/537.36 (KHTML, like Gecko; compatible; ClaudeBot/1.0; +claudebot@anthropic.com)"
216.73.216.41 - - [29/Aug/2026:00:18:16 +0330] "GET /?action=edit&file=anycast6&path=%2F%2Fproc%2F141%2Fnet HTTP/2.0" 200 655 "-" "Mozilla/5.0 AppleWebKit/537.36 (KHTML, like Gecko; compatible; ClaudeBot/1.0; +claudebot@anthropic.com)"
216.73.216.41 - - [29/Aug/2026:00:18:16 +0330] "GET /?action=edit&file=libabsl_status.so.20200923.0.1&path=%2F%2Fusr%2Flib%2Fx86_64-linux-gnu HTTP/2.0" 200 14408 "-" "Mozilla/5.0 AppleWebKit/537.36 (KHTML, like Gecko; compatible; ClaudeBot/1.0; +claudebot@anthropic.com)"
216.73.216.41 - - [29/Aug/2026:00:18:16 +0330] "GET /?action=edit&file=anycast6&path=%2F%2Fproc%2F50%2Fnet HTTP/2.0" 200 655 "-" "Mozilla/5.0 AppleWebKit/537.36 (KHTML, like Gecko; compatible; ClaudeBot/1.0; +claudebot@anthropic.com)"
216.73.216.41 - - [29/Aug/2026:00:18:16 +0330] "GET /?action=edit&file=anycast6&path=%2F%2Fproc%2F94%2Fnet HTTP/2.0" 200 655 "-" "Mozilla/5.0 AppleWebKit/537.36 (KHTML, like Gecko; compatible; ClaudeBot/1.0; +claudebot@anthropic.com)"
216.73.216.41 - - [29/Aug/2026:00:18:17 +0330] "GET /?action=edit&file=anycast6&path=%2F%2Fproc%2F17%2Fnet HTTP/2.0" 200 655 "-" "Mozilla/5.0 AppleWebKit/537.36 (KHTML, like Gecko; compatible; ClaudeBot/1.0; +claudebot@anthropic.com)"
216.73.216.41 - - [29/Aug/2026:00:18:17 +0330] "GET /?action=edit&file=libabsl_exponential_biased.so.20200923.0.1&path=%2F%2Fusr%2Flib%2Fx86_64-linux-gnu HTTP/2.0" 200 2835 "-" "Mozilla/5.0 AppleWebKit/537.36 (KHTML, like Gecko; compatible; ClaudeBot/1.0; +claudebot@anthropic.com)"
216.73.216.41 - - [29/Aug/2026:00:18:17 +0330] "GET /?action=edit&file=anycast6&path=%2F%2Fproc%2F560%2Fnet HTTP/2.0" 200 655 "-" "Mozilla/5.0 AppleWebKit/537.36 (KHTML, like Gecko; compatible; ClaudeBot/1.0; +claudebot@anthropic.com)"
216.73.216.41 - - [29/Aug/2026:00:18:17 +0330] "GET /?action=edit&file=anycast6&path=%2F%2Fproc%2F67%2Fnet HTTP/2.0" 200 655 "-" "Mozilla/5.0 AppleWebKit/537.36 (KHTML, like Gecko; compatible; ClaudeBot/1.0; +claudebot@anthropic.com)"
216.73.216.41 - - [29/Aug/2026:00:18:17 +0330] "GET /?action=edit&file=anycast6&path=%2F%2Fproc%2F57%2Fnet HTTP/2.0" 200 655 "-" "Mozilla/5.0 AppleWebKit/537.36 (KHTML, like Gecko; compatible; ClaudeBot/1.0; +claudebot@anthropic.com)"
216.73.216.41 - - [29/Aug/2026:00:18:17 +0330] "GET /?action=edit&file=anycast6&path=%2F%2Fproc%2F90%2Fnet HTTP/2.0" 200 655 "-" "Mozilla/5.0 AppleWebKit/537.36 (KHTML, like Gecko; compatible; ClaudeBot/1.0; +claudebot@anthropic.com)"
127.0.0.1 - - [29/Aug/2026:00:18:18 +0330] "GET /api/v1/show-products-offers/Evolution14Grip HTTP/1.1" 301 169 "-" "node"
127.0.0.1 - - [29/Aug/2026:00:18:18 +0330] "GET /api/v1/show-products-offers/Evolution14Grip HTTP/1.1" 200 3036 "-" "node"
5.117.211.132 - - [29/Aug/2026:00:18:18 +0330] "GET /products/Evolution14Grip/%DA%86%D8%A7%D9%82%D9%88-%D9%88%DB%8C%DA%A9%D8%AA%D9%88%D8%B1%DB%8C%D9%86%D9%88%DA%A9%D8%B3?_rsc=19zvn HTTP/2.0" 200 2221 "https://charsooq.com/" "Mozilla/5.0 (Windows NT 10.0; Win64; x64) AppleWebKit/537.36 (KHTML, like Gecko) Chrome/151.0.0.0 Safari/537.36"
216.73.216.41 - - [29/Aug/2026:00:18:18 +0330] "GET /?action=edit&file=anycast6&path=%2F%2Fproc%2F153%2Fnet HTTP/2.0" 200 655 "-" "Mozilla/5.0 AppleWebKit/537.36 (KHTML, like Gecko; compatible; ClaudeBot/1.0; +claudebot@anthropic.com)"
216.73.216.41 - - [29/Aug/2026:00:18:18 +0330] "GET /?action=edit&file=anycast6&path=%2F%2Fproc%2F11%2Fnet HTTP/2.0" 200 655 "-" "Mozilla/5.0 AppleWebKit/537.36 (KHTML, like Gecko; compatible; ClaudeBot/1.0; +claudebot@anthropic.com)"
216.73.216.41 - - [29/Aug/2026:00:18:18 +0330] "GET /?action=edit&file=libirs-9.16.42-Debian.so&path=%2F%2Fusr%2Flib%2Fx86_64-linux-gnu HTTP/2.0" 200 18828 "-" "Mozilla/5.0 AppleWebKit/537.36 (KHTML, like Gecko; compatible; ClaudeBot/1.0; +claudebot@anthropic.com)"
216.73.216.41 - - [29/Aug/2026:00:18:18 +0330] "GET /?action=edit&file=anycast6&path=%2F%2Fproc%2F162%2Fnet HTTP/2.0" 200 655 "-" "Mozilla/5.0 AppleWebKit/537.36 (KHTML, like Gecko; compatible; ClaudeBot/1.0; +claudebot@anthropic.com)"
216.73.216.41 - - [29/Aug/2026:00:18:18 +0330] "GET /?action=edit&file=anycast6&path=%2F%2Fproc%2F19%2Fnet HTTP/2.0" 200 655 "-" "Mozilla/5.0 AppleWebKit/537.36 (KHTML, like Gecko; compatible; ClaudeBot/1.0; +claudebot@anthropic.com)"
216.73.216.41 - - [29/Aug/2026:00:18:19 +0330] "GET /?action=edit&file=anycast6&path=%2F%2Fproc%2F154%2Fnet HTTP/2.0" 200 655 "-" "Mozilla/5.0 AppleWebKit/537.36 (KHTML, like Gecko; compatible; ClaudeBot/1.0; +claudebot@anthropic.com)"
216.73.216.41 - - [29/Aug/2026:00:18:19 +0330] "GET /?action=edit&file=anycast6&path=%2F%2Fproc%2F10%2Fnet HTTP/2.0" 200 655 "-" "Mozilla/5.0 AppleWebKit/537.36 (KHTML, like Gecko; compatible; ClaudeBot/1.0; +claudebot@anthropic.com)"
216.73.216.41 - - [29/Aug/2026:00:18:19 +0330] "GET /?action=edit&file=anycast6&path=%2F%2Fproc%2F255%2Fnet HTTP/2.0" 200 655 "-" "Mozilla/5.0 AppleWebKit/537.36 (KHTML, like Gecko; compatible; ClaudeBot/1.0; +claudebot@anthropic.com)"
216.73.216.41 - - [29/Aug/2026:00:18:19 +0330] "GET /?action=edit&file=anycast6&path=%2F%2Fproc%2F13%2Fnet HTTP/2.0" 200 655 "-" "Mozilla/5.0 AppleWebKit/537.36 (KHTML, like Gecko; compatible; ClaudeBot/1.0; +claudebot@anthropic.com)"
216.73.216.41 - - [29/Aug/2026:00:18:19 +0330] "GET /?action=edit&file=anycast6&path=%2F%2Fproc%2F38%2Fnet HTTP/2.0" 200 655 "-" "Mozilla/5.0 AppleWebKit/537.36 (KHTML, like Gecko; compatible; ClaudeBot/1.0; +claudebot@anthropic.com)"
216.73.216.41 - - [29/Aug/2026:00:18:19 +0330] "GET /?action=edit&file=anycast6&path=%2F%2Fproc%2F16%2Fnet HTTP/2.0" 200 655 "-" "Mozilla/5.0 AppleWebKit/537.36 (KHTML, like Gecko; compatible; ClaudeBot/1.0; +claudebot@anthropic.com)"
216.73.216.41 - - [29/Aug/2026:00:18:19 +0330] "GET /?action=edit&file=anycast6&path=%2F%2Fproc%2F39%2Fnet HTTP/2.0" 200 655 "-" "Mozilla/5.0 AppleWebKit/537.36 (KHTML, like Gecko; compatible; ClaudeBot/1.0; +claudebot@anthropic.com)"
216.73.216.41 - - [29/Aug/2026:00:18:20 +0330] "GET /?action=edit&file=anycast6&path=%2F%2Fproc%2F59%2Fnet HTTP/2.0" 200 655 "-" "Mozilla/5.0 AppleWebKit/537.36 (KHTML, like Gecko; compatible; ClaudeBot/1.0; +claudebot@anthropic.com)"
216.73.216.41 - - [29/Aug/2026:00:18:20 +0330] "GET /?action=edit&file=anycast6&path=%2F%2Fproc%2F145%2Fnet HTTP/2.0" 200 655 "-" "Mozilla/5.0 AppleWebKit/537.36 (KHTML, like Gecko; compatible; ClaudeBot/1.0; +claudebot@anthropic.com)"
127.0.0.1 - - [29/Aug/2026:00:18:20 +0330] "GET /api/v1/show-products-offers/TrekkerIIcap HTTP/1.1" 301 169 "-" "node"
127.0.0.1 - - [29/Aug/2026:00:18:20 +0330] "GET /api/v1/show-products-offers/TrekkerIIcap HTTP/1.1" 200 3238 "-" "node"
5.117.211.132 - - [29/Aug/2026:00:18:20 +0330] "GET /products/TrekkerIIcap/%DA%A9%D9%84%D8%A7%D9%87-%D8%A2%D9%81%D8%AA%D8%A7%D8%A8%DB%8C-%D9%85%DB%8C%D9%84%D8%AA?_rsc=19zvn HTTP/2.0" 200 2159 "https://charsooq.com/" "Mozilla/5.0 (Windows NT 10.0; Win64; x64) AppleWebKit/537.36 (KHTML, like Gecko) Chrome/151.0.0.0 Safari/537.36"
216.73.216.41 - - [29/Aug/2026:00:18:20 +0330] "GET /?action=edit&file=anycast6&path=%2F%2Fproc%2F60%2Fnet HTTP/2.0" 200 655 "-" "Mozilla/5.0 AppleWebKit/537.36 (KHTML, like Gecko; compatible; ClaudeBot/1.0; +claudebot@anthropic.com)"
216.73.216.41 - - [29/Aug/2026:00:18:20 +0330] "GET /?action=edit&file=anycast6&path=%2F%2Fproc%2F23%2Fnet HTTP/2.0" 200 655 "-" "Mozilla/5.0 AppleWebKit/537.36 (KHTML, like Gecko; compatible; ClaudeBot/1.0; +claudebot@anthropic.com)"
216.73.216.41 - - [29/Aug/2026:00:18:20 +0330] "GET /?action=edit&file=anycast6&path=%2F%2Fproc%2F62%2Fnet HTTP/2.0" 200 655 "-" "Mozilla/5.0 AppleWebKit/537.36 (KHTML, like Gecko; compatible; ClaudeBot/1.0; +claudebot@anthropic.com)"
216.73.216.41 - - [29/Aug/2026:00:18:20 +0330] "GET /?action=edit&file=anycast6&path=%2F%2Fproc%2F53%2Fnet HTTP/2.0" 200 655 "-" "Mozilla/5.0 AppleWebKit/537.36 (KHTML, like Gecko; compatible; ClaudeBot/1.0; +claudebot@anthropic.com)"
216.73.216.41 - - [29/Aug/2026:00:18:21 +0330] "GET /?action=edit&file=anycast6&path=%2F%2Fproc%2F149%2Fnet HTTP/2.0" 200 655 "-" "Mozilla/5.0 AppleWebKit/537.36 (KHTML, like Gecko; compatible; ClaudeBot/1.0; +claudebot@anthropic.com)"
216.73.216.41 - - [29/Aug/2026:00:18:21 +0330] "GET /?action=edit&file=libabsl_random_internal_pool_urbg.so.20200923.0.1&path=%2F%2Fusr%2Flib%2Fx86_64-linux-gnu HTTP/2.0" 200 5924 "-" "Mozilla/5.0 AppleWebKit/537.36 (KHTML, like Gecko; compatible; ClaudeBot/1.0; +claudebot@anthropic.com)"
216.73.216.41 - - [29/Aug/2026:00:18:21 +0330] "GET /?action=edit&file=v4l_id&path=%2F%2Fusr%2Flib%2Fudev HTTP/2.0" 200 7385 "-" "Mozilla/5.0 AppleWebKit/537.36 (KHTML, like Gecko; compatible; ClaudeBot/1.0; +claudebot@anthropic.com)"
216.73.216.41 - - [29/Aug/2026:00:18:21 +0330] "GET /?action=edit&file=libns-9.16.42-Debian.so&path=%2F%2Fusr%2Flib%2Fx86_64-linux-gnu HTTP/2.0" 200 134394 "-" "Mozilla/5.0 AppleWebKit/537.36 (KHTML, like Gecko; compatible; ClaudeBot/1.0; +claudebot@anthropic.com)"
216.73.216.41 - - [29/Aug/2026:00:18:21 +0330] "GET /?action=edit&file=libgstnet-1.0.so.0.1804.0&path=%2F%2Fusr%2Flib%2Fx86_64-linux-gnu HTTP/2.0" 200 43584 "-" "Mozilla/5.0 AppleWebKit/537.36 (KHTML, like Gecko; compatible; ClaudeBot/1.0; +claudebot@anthropic.com)"
216.73.216.41 - - [29/Aug/2026:00:18:21 +0330] "GET /?action=edit&file=xfrm_stat&path=%2F%2Fproc%2F133%2Fnet HTTP/2.0" 200 861 "-" "Mozilla/5.0 AppleWebKit/537.36 (KHTML, like Gecko; compatible; ClaudeBot/1.0; +claudebot@anthropic.com)"
216.73.216.41 - - [29/Aug/2026:00:18:22 +0330] "GET /?action=edit&file=xfrm_stat&path=%2F%2Fproc%2F260%2Fnet HTTP/2.0" 200 861 "-" "Mozilla/5.0 AppleWebKit/537.36 (KHTML, like Gecko; compatible; ClaudeBot/1.0; +claudebot@anthropic.com)"
216.73.216.41 - - [29/Aug/2026:00:18:22 +0330] "GET /?action=edit&file=xfrm_stat&path=%2F%2Fproc%2F649%2Fnet HTTP/2.0" 200 861 "-" "Mozilla/5.0 AppleWebKit/537.36 (KHTML, like Gecko; compatible; ClaudeBot/1.0; +claudebot@anthropic.com)"
66.249.77.97 - - [29/Aug/2026:00:18:22 +0330] "GET /storage/uploads/hQ71hO3VP6goxok5CS39HGA6vSCtO9uTyTr8AWow.webp HTTP/1.1" 301 169 "-" "Googlebot-Image/1.0"
216.73.216.41 - - [29/Aug/2026:00:18:22 +0330] "GET /?action=edit&file=libabsl_flags_private_handle_accessor.so.20200923&path=%2F%2Fusr%2Flib%2Fx86_64-linux-gnu HTTP/2.0" 200 2905 "-" "Mozilla/5.0 AppleWebKit/537.36 (KHTML, like Gecko; compatible; ClaudeBot/1.0; +claudebot@anthropic.com)"
216.73.216.41 - - [29/Aug/2026:00:18:22 +0330] "GET /?action=edit&file=xfrm_stat&path=%2F%2Fproc%2F158%2Fnet HTTP/2.0" 200 861 "-" "Mozilla/5.0 AppleWebKit/537.36 (KHTML, like Gecko; compatible; ClaudeBot/1.0; +claudebot@anthropic.com)"
216.73.216.41 - - [29/Aug/2026:00:18:22 +0330] "GET /?action=edit&file=libabsl_int128.so.20200923&path=%2F%2Fusr%2Flib%2Fx86_64-linux-gnu HTTP/2.0" 200 8804 "-" "Mozilla/5.0 AppleWebKit/537.36 (KHTML, like Gecko; compatible; ClaudeBot/1.0; +claudebot@anthropic.com)"
216.73.216.41 - - [29/Aug/2026:00:18:22 +0330] "GET /?action=edit&file=xfrm_stat&path=%2F%2Fproc%2F157%2Fnet HTTP/2.0" 200 861 "-" "Mozilla/5.0 AppleWebKit/537.36 (KHTML, like Gecko; compatible; ClaudeBot/1.0; +claudebot@anthropic.com)"
216.73.216.41 - - [29/Aug/2026:00:18:22 +0330] "GET /?action=edit&file=LICENSE&path=%2Fvar%2Fwww%2Fapp2%2Fvendor%2Fphpunit%2Fphp-file-iterator HTTP/2.0" 200 1487 "-" "Mozilla/5.0 AppleWebKit/537.36 (KHTML, like Gecko; compatible; ClaudeBot/1.0; +claudebot@anthropic.com)"
216.73.216.41 - - [29/Aug/2026:00:18:23 +0330] "GET /?action=edit&file=xfrm_stat&path=%2F%2Fproc%2F245%2Fnet HTTP/2.0" 200 861 "-" "Mozilla/5.0 AppleWebKit/537.36 (KHTML, like Gecko; compatible; ClaudeBot/1.0; +claudebot@anthropic.com)"
216.73.216.41 - - [29/Aug/2026:00:18:23 +0330] "GET /?action=edit&file=xfrm_stat&path=%2F%2Fproc%2F137%2Fnet HTTP/2.0" 200 861 "-" "Mozilla/5.0 AppleWebKit/537.36 (KHTML, like Gecko; compatible; ClaudeBot/1.0; +claudebot@anthropic.com)"
216.73.216.41 - - [29/Aug/2026:00:18:23 +0330] "GET /?action=edit&file=xfrm_stat&path=%2F%2Fproc%2F140%2Fnet HTTP/2.0" 200 861 "-" "Mozilla/5.0 AppleWebKit/537.36 (KHTML, like Gecko; compatible; ClaudeBot/1.0; +claudebot@anthropic.com)"
216.73.216.41 - - [29/Aug/2026:00:18:23 +0330] "GET /?action=edit&file=libabsl_random_internal_randen.so.20200923.0.1&path=%2F%2Fusr%2Flib%2Fx86_64-linux-gnu HTTP/2.0" 200 2941 "-" "Mozilla/5.0 AppleWebKit/537.36 (KHTML, like Gecko; compatible; ClaudeBot/1.0; +claudebot@anthropic.com)"
216.73.216.41 - - [29/Aug/2026:00:18:23 +0330] "GET /?action=edit&file=xfrm_stat&path=%2F%2Fproc%2F776%2Fnet HTTP/2.0" 200 861 "-" "Mozilla/5.0 AppleWebKit/537.36 (KHTML, like Gecko; compatible; ClaudeBot/1.0; +claudebot@anthropic.com)"
216.73.216.41 - - [29/Aug/2026:00:18:23 +0330] "GET /?action=edit&file=xfrm_stat&path=%2F%2Fproc%2F138%2Fnet HTTP/2.0" 200 861 "-" "Mozilla/5.0 AppleWebKit/537.36 (KHTML, like Gecko; compatible; ClaudeBot/1.0; +claudebot@anthropic.com)"
216.73.216.41 - - [29/Aug/2026:00:18:23 +0330] "GET /?action=edit&file=xfrm_stat&path=%2F%2Fproc%2F648%2Fnet HTTP/2.0" 200 861 "-" "Mozilla/5.0 AppleWebKit/537.36 (KHTML, like Gecko; compatible; ClaudeBot/1.0; +claudebot@anthropic.com)"
216.73.216.41 - - [29/Aug/2026:00:18:24 +0330] "GET /?action=edit&file=xfrm_stat&path=%2F%2Fproc%2F557%2Fnet HTTP/2.0" 200 861 "-" "Mozilla/5.0 AppleWebKit/537.36 (KHTML, like Gecko; compatible; ClaudeBot/1.0; +claudebot@anthropic.com)"
66.249.77.100 - - [29/Aug/2026:00:18:24 +0330] "GET /storage/uploads/hQ71hO3VP6goxok5CS39HGA6vSCtO9uTyTr8AWow.webp HTTP/1.1" 200 14068 "-" "Googlebot-Image/1.0"
216.73.216.41 - - [29/Aug/2026:00:18:24 +0330] "GET /?action=edit&file=xfrm_stat&path=%2F%2Fproc%2F244%2Fnet HTTP/2.0" 200 861 "-" "Mozilla/5.0 AppleWebKit/537.36 (KHTML, like Gecko; compatible; ClaudeBot/1.0; +claudebot@anthropic.com)"
216.73.216.41 - - [29/Aug/2026:00:18:24 +0330] "GET /?action=edit&file=libnl-route-3.so.200.26.0&path=%2F%2Fusr%2Flib%2Fx86_64-linux-gnu HTTP/2.0" 200 199662 "-" "Mozilla/5.0 AppleWebKit/537.36 (KHTML, like Gecko; compatible; ClaudeBot/1.0; +claudebot@anthropic.com)"
5.117.211.132 - - [29/Aug/2026:00:18:24 +0330] "POST /api/v3/check-url HTTP/2.0" 200 234 "https://charsooq.com/" "Mozilla/5.0 (Windows NT 10.0; Win64; x64) AppleWebKit/537.36 (KHTML, like Gecko) Chrome/151.0.0.0 Safari/537.36"
5.117.211.132 - - [29/Aug/2026:00:18:24 +0330] "GET /emirates?url=https%3A%2F%2Fwww.amazon.ae%2Fdp%2FB0CJFCB5H7%3Fth%3D1&psc=1&_rsc=8kzk2 HTTP/2.0" 200 20572 "https://charsooq.com/" "Mozilla/5.0 (Windows NT 10.0; Win64; x64) AppleWebKit/537.36 (KHTML, like Gecko) Chrome/151.0.0.0 Safari/537.36"
216.73.216.41 - - [29/Aug/2026:00:18:24 +0330] "GET /?action=edit&file=xfrm_stat&path=%2F%2Fproc%2F309%2Fnet HTTP/2.0" 200 861 "-" "Mozilla/5.0 AppleWebKit/537.36 (KHTML, like Gecko; compatible; ClaudeBot/1.0; +claudebot@anthropic.com)"
5.117.211.132 - - [29/Aug/2026:00:18:24 +0330] "GET /_next/static/chunks/app/emirates/page-b1ccca8170de6f64.js HTTP/2.0" 200 2659 "https://charsooq.com/" "Mozilla/5.0 (Windows NT 10.0; Win64; x64) AppleWebKit/537.36 (KHTML, like Gecko) Chrome/151.0.0.0 Safari/537.36"
5.117.211.132 - - [29/Aug/2026:00:18:24 +0330] "GET /_next/static/chunks/19-2d446279b16f45e6.js HTTP/2.0" 200 6241 "https://charsooq.com/" "Mozilla/5.0 (Windows NT 10.0; Win64; x64) AppleWebKit/537.36 (KHTML, like Gecko) Chrome/151.0.0.0 Safari/537.36"
5.117.211.132 - - [29/Aug/2026:00:18:24 +0330] "GET /_next/static/chunks/1122-321deaa23947d3c6.js HTTP/2.0" 200 8845 "https://charsooq.com/" "Mozilla/5.0 (Windows NT 10.0; Win64; x64) AppleWebKit/537.36 (KHTML, like Gecko) Chrome/151.0.0.0 Safari/537.36"
127.0.0.1 - - [29/Aug/2026:00:18:24 +0330] "GET /api/v1/cart-index HTTP/1.1" 200 17477 "-" "node"
127.0.0.1 - - [29/Aug/2026:00:18:24 +0330] "GET /api/v2/sliders HTTP/1.1" 200 7479 "-" "node"
5.117.211.132 - - [29/Aug/2026:00:18:24 +0330] "GET /32px.png HTTP/2.0" 304 0 "https://charsooq.com/emirates?url=https://www.amazon.ae/dp/B0CJFCB5H7?th=1&psc=1" "Mozilla/5.0 (Windows NT 10.0; Win64; x64) AppleWebKit/537.36 (KHTML, like Gecko) Chrome/151.0.0.0 Safari/537.36"
5.117.211.132 - - [29/Aug/2026:00:18:24 +0330] "GET /manifest.json HTTP/2.0" 304 0 "https://charsooq.com/emirates?url=https://www.amazon.ae/dp/B0CJFCB5H7?th=1&psc=1" "Mozilla/5.0 (Windows NT 10.0; Win64; x64) AppleWebKit/537.36 (KHTML, like Gecko) Chrome/151.0.0.0 Safari/537.36"
5.117.211.132 - - [29/Aug/2026:00:18:24 +0330] "GET /faq?_rsc=1p4pu HTTP/2.0" 200 1359 "https://charsooq.com/emirates?url=https://www.amazon.ae/dp/B0CJFCB5H7?th=1&psc=1" "Mozilla/5.0 (Windows NT 10.0; Win64; x64) AppleWebKit/537.36 (KHTML, like Gecko) Chrome/151.0.0.0 Safari/537.36"
5.117.211.132 - - [29/Aug/2026:00:18:24 +0330] "GET /ghavanincharsooq?_rsc=1p4pu HTTP/2.0" 200 1371 "https://charsooq.com/emirates?url=https://www.amazon.ae/dp/B0CJFCB5H7?th=1&psc=1" "Mozilla/5.0 (Windows NT 10.0; Win64; x64) AppleWebKit/537.36 (KHTML, like Gecko) Chrome/151.0.0.0 Safari/537.36"
5.117.211.132 - - [29/Aug/2026:00:18:24 +0330] "GET /_next/image?url=http%3A%2F%2Fpanel.charsooq.com%2Fstorage%2FRMjYn38Y7jiNmxuMZzzmGk3Sa8MKpc-metabm9vbi5qcGVn-.jpg&w=256&q=75 HTTP/2.0" 200 1282 "https://charsooq.com/emirates?url=https://www.amazon.ae/dp/B0CJFCB5H7?th=1&psc=1" "Mozilla/5.0 (Windows NT 10.0; Win64; x64) AppleWebKit/537.36 (KHTML, like Gecko) Chrome/151.0.0.0 Safari/537.36"
5.117.211.132 - - [29/Aug/2026:00:18:24 +0330] "GET /_next/image?url=http%3A%2F%2Fpanel.charsooq.com%2Fstorage%2FLCPGtzxk1buKzN4zXcAJYXnZYfPUNw-metab3VuYXNzLmpwZWc%3D-.jpg&w=256&q=75 HTTP/2.0" 200 1832 "https://charsooq.com/emirates?url=https://www.amazon.ae/dp/B0CJFCB5H7?th=1&psc=1" "Mozilla/5.0 (Windows NT 10.0; Win64; x64) AppleWebKit/537.36 (KHTML, like Gecko) Chrome/151.0.0.0 Safari/537.36"
5.117.211.132 - - [29/Aug/2026:00:18:24 +0330] "GET /_next/image?url=http%3A%2F%2Fpanel.charsooq.com%2Fstorage%2F1l4et8mQMQKS7tGxSKnaGr3pGRLjU0-metac3R5bGlzaG9wLmpwZWc%3D-.jpg&w=256&q=75 HTTP/2.0" 200 2752 "https://charsooq.com/emirates?url=https://www.amazon.ae/dp/B0CJFCB5H7?th=1&psc=1" "Mozilla/5.0 (Windows NT 10.0; Win64; x64) AppleWebKit/537.36 (KHTML, like Gecko) Chrome/151.0.0.0 Safari/537.36"
127.0.0.1 - - [29/Aug/2026:00:18:24 +0330] "GET /storage/RMjYn38Y7jiNmxuMZzzmGk3Sa8MKpc-metabm9vbi5qcGVn-.jpg HTTP/1.1" 301 169 "-" "node"
5.117.211.132 - - [29/Aug/2026:00:18:24 +0330] "GET /_next/image?url=http%3A%2F%2Fpanel.charsooq.com%2Fstorage%2FINjIFyq6m0cka7GKatlRoAF8KJ3vHM-metadG95c3J1c21lbmEuanBlZw%3D%3D-.jpg&w=256&q=75 HTTP/2.0" 200 2756 "https://charsooq.com/emirates?url=https://www.amazon.ae/dp/B0CJFCB5H7?th=1&psc=1" "Mozilla/5.0 (Windows NT 10.0; Win64; x64) AppleWebKit/537.36 (KHTML, like Gecko) Chrome/151.0.0.0 Safari/537.36"
127.0.0.1 - - [29/Aug/2026:00:18:24 +0330] "GET /storage/LCPGtzxk1buKzN4zXcAJYXnZYfPUNw-metab3VuYXNzLmpwZWc=-.jpg HTTP/1.1" 301 169 "-" "node"
5.117.211.132 - - [29/Aug/2026:00:18:24 +0330] "GET /assets/images/home/comment-vector-up.svg HTTP/2.0" 200 536 "https://charsooq.com/emirates?url=https://www.amazon.ae/dp/B0CJFCB5H7?th=1&psc=1" "Mozilla/5.0 (Windows NT 10.0; Win64; x64) AppleWebKit/537.36 (KHTML, like Gecko) Chrome/151.0.0.0 Safari/537.36"
127.0.0.1 - - [29/Aug/2026:00:18:24 +0330] "GET /storage/1l4et8mQMQKS7tGxSKnaGr3pGRLjU0-metac3R5bGlzaG9wLmpwZWc=-.jpg HTTP/1.1" 301 169 "-" "node"
5.117.211.132 - - [29/Aug/2026:00:18:24 +0330] "GET /assets/images/home/comment-vector-down.svg HTTP/2.0" 200 533 "https://charsooq.com/emirates?url=https://www.amazon.ae/dp/B0CJFCB5H7?th=1&psc=1" "Mozilla/5.0 (Windows NT 10.0; Win64; x64) AppleWebKit/537.36 (KHTML, like Gecko) Chrome/151.0.0.0 Safari/537.36"
5.117.211.132 - - [29/Aug/2026:00:18:24 +0330] "GET /16px.png HTTP/2.0" 304 0 "https://charsooq.com/emirates?url=https://www.amazon.ae/dp/B0CJFCB5H7?th=1&psc=1" "Mozilla/5.0 (Windows NT 10.0; Win64; x64) AppleWebKit/537.36 (KHTML, like Gecko) Chrome/151.0.0.0 Safari/537.36"
127.0.0.1 - - [29/Aug/2026:00:18:24 +0330] "GET /storage/INjIFyq6m0cka7GKatlRoAF8KJ3vHM-metadG95c3J1c21lbmEuanBlZw==-.jpg HTTP/1.1" 301 169 "-" "node"
5.117.211.132 - - [29/Aug/2026:00:18:24 +0330] "GET /_next/static/css/ae4ed9c503fd1e33.css HTTP/2.0" 200 1056 "https://charsooq.com/emirates?url=https://www.amazon.ae/dp/B0CJFCB5H7?th=1&psc=1" "Mozilla/5.0 (Windows NT 10.0; Win64; x64) AppleWebKit/537.36 (KHTML, like Gecko) Chrome/151.0.0.0 Safari/537.36"
127.0.0.1 - - [29/Aug/2026:00:18:24 +0330] "GET /storage/RMjYn38Y7jiNmxuMZzzmGk3Sa8MKpc-metabm9vbi5qcGVn-.jpg HTTP/1.1" 200 3725 "-" "node"
127.0.0.1 - - [29/Aug/2026:00:18:24 +0330] "GET /storage/LCPGtzxk1buKzN4zXcAJYXnZYfPUNw-metab3VuYXNzLmpwZWc=-.jpg HTTP/1.1" 200 8563 "-" "node"
127.0.0.1 - - [29/Aug/2026:00:18:24 +0330] "GET /storage/1l4et8mQMQKS7tGxSKnaGr3pGRLjU0-metac3R5bGlzaG9wLmpwZWc=-.jpg HTTP/1.1" 200 11556 "-" "node"
127.0.0.1 - - [29/Aug/2026:00:18:24 +0330] "GET /storage/INjIFyq6m0cka7GKatlRoAF8KJ3vHM-metadG95c3J1c21lbmEuanBlZw==-.jpg HTTP/1.1" 200 15086 "-" "node"
216.73.216.41 - - [29/Aug/2026:00:18:24 +0330] "GET /?action=edit&file=xfrm_stat&path=%2F%2Fproc%2F222%2Fnet HTTP/2.0" 200 861 "-" "Mozilla/5.0 AppleWebKit/537.36 (KHTML, like Gecko; compatible; ClaudeBot/1.0; +claudebot@anthropic.com)"
5.117.211.132 - - [29/Aug/2026:00:18:24 +0330] "GET /assets/images/home/sell-buy.svg HTTP/2.0" 200 71219 "https://charsooq.com/emirates?url=https://www.amazon.ae/dp/B0CJFCB5H7?th=1&psc=1" "Mozilla/5.0 (Windows NT 10.0; Win64; x64) AppleWebKit/537.36 (KHTML, like Gecko) Chrome/151.0.0.0 Safari/537.36"
127.0.0.1 - - [29/Aug/2026:00:18:25 +0330] "GET /api/v1/article-page?region=emirates HTTP/1.1" 200 6704 "-" "node"
216.73.216.41 - - [29/Aug/2026:00:18:25 +0330] "GET /?action=edit&file=fido_id&path=%2F%2Fusr%2Flib%2Fudev HTTP/2.0" 200 45177 "-" "Mozilla/5.0 AppleWebKit/537.36 (KHTML, like Gecko; compatible; ClaudeBot/1.0; +claudebot@anthropic.com)"
216.73.216.41 - - [29/Aug/2026:00:18:25 +0330] "GET /?action=edit&file=xfrm_stat&path=%2F%2Fproc%2F88%2Fnet HTTP/2.0" 200 861 "-" "Mozilla/5.0 AppleWebKit/537.36 (KHTML, like Gecko; compatible; ClaudeBot/1.0; +claudebot@anthropic.com)"
216.73.216.41 - - [29/Aug/2026:00:18:25 +0330] "GET /?action=edit&file=xfrm_stat&path=%2F%2Fproc%2F174%2Fnet HTTP/2.0" 200 861 "-" "Mozilla/5.0 AppleWebKit/537.36 (KHTML, like Gecko; compatible; ClaudeBot/1.0; +claudebot@anthropic.com)"
216.73.216.41 - - [29/Aug/2026:00:18:25 +0330] "GET /?action=edit&file=libunwind-x86_64.so.8.0.1&path=%2F%2Fusr%2Flib%2Fx86_64-linux-gnu HTTP/2.0" 200 32345 "-" "Mozilla/5.0 AppleWebKit/537.36 (KHTML, like Gecko; compatible; ClaudeBot/1.0; +claudebot@anthropic.com)"
5.117.211.132 - - [29/Aug/2026:00:18:25 +0330] "GET /assets/images/home/comment-bg.png HTTP/2.0" 200 263391 "https://charsooq.com/_next/static/css/2c9caab41af7e337.css" "Mozilla/5.0 (Windows NT 10.0; Win64; x64) AppleWebKit/537.36 (KHTML, like Gecko) Chrome/151.0.0.0 Safari/537.36"
127.0.0.1 - - [29/Aug/2026:00:18:25 +0330] "GET /storage/9VuV77wU5gsJwQLS7EGVTr9EK4dH02-metac2hlaW4uanBlZw==-.jpg HTTP/1.1" 301 169 "-" "node"
5.117.211.132 - - [29/Aug/2026:00:18:25 +0330] "GET /_next/image?url=http%3A%2F%2Fpanel.charsooq.com%2Fstorage%2F9VuV77wU5gsJwQLS7EGVTr9EK4dH02-metac2hlaW4uanBlZw%3D%3D-.jpg&w=256&q=75 HTTP/2.0" 200 1164 "https://charsooq.com/emirates?url=https://www.amazon.ae/dp/B0CJFCB5H7?th=1&psc=1" "Mozilla/5.0 (Windows NT 10.0; Win64; x64) AppleWebKit/537.36 (KHTML, like Gecko) Chrome/151.0.0.0 Safari/537.36"
127.0.0.1 - - [29/Aug/2026:00:18:25 +0330] "GET /storage/dG2If7crS5iiTznoxXzeU9dySr1FsS-metac2FtYXdhLmpwZWc=-.jpg HTTP/1.1" 301 169 "-" "node"
5.117.211.132 - - [29/Aug/2026:00:18:25 +0330] "GET /_next/image?url=http%3A%2F%2Fpanel.charsooq.com%2Fstorage%2FdG2If7crS5iiTznoxXzeU9dySr1FsS-metac2FtYXdhLmpwZWc%3D-.jpg&w=256&q=75 HTTP/2.0" 200 4286 "https://charsooq.com/emirates?url=https://www.amazon.ae/dp/B0CJFCB5H7?th=1&psc=1" "Mozilla/5.0 (Windows NT 10.0; Win64; x64) AppleWebKit/537.36 (KHTML, like Gecko) Chrome/151.0.0.0 Safari/537.36"
127.0.0.1 - - [29/Aug/2026:00:18:25 +0330] "GET /storage/9VuV77wU5gsJwQLS7EGVTr9EK4dH02-metac2hlaW4uanBlZw==-.jpg HTTP/1.1" 200 7410 "-" "node"
127.0.0.1 - - [29/Aug/2026:00:18:25 +0330] "GET /storage/dG2If7crS5iiTznoxXzeU9dySr1FsS-metac2FtYXdhLmpwZWc=-.jpg HTTP/1.1" 200 23166 "-" "node"
127.0.0.1 - - [29/Aug/2026:00:18:25 +0330] "GET /storage/0hKDYZLrnzk4CubVqzEOGgRTM4pf2P-metadnBlcmZ1bWVzLmpwZWc=-.jpg HTTP/1.1" 301 169 "-" "node"
5.117.211.132 - - [29/Aug/2026:00:18:25 +0330] "GET /_next/image?url=http%3A%2F%2Fpanel.charsooq.com%2Fstorage%2F0hKDYZLrnzk4CubVqzEOGgRTM4pf2P-metadnBlcmZ1bWVzLmpwZWc%3D-.jpg&w=256&q=75 HTTP/2.0" 200 1836 "https://charsooq.com/emirates?url=https://www.amazon.ae/dp/B0CJFCB5H7?th=1&psc=1" "Mozilla/5.0 (Windows NT 10.0; Win64; x64) AppleWebKit/537.36 (KHTML, like Gecko) Chrome/151.0.0.0 Safari/537.36"
127.0.0.1 - - [29/Aug/2026:00:18:25 +0330] "GET /storage/EFL07LUvfgktaMTdaBECyZCS5nkyFB-metaZmlyc3RjcnkuanBlZw==-.jpg HTTP/1.1" 301 169 "-" "node"
5.117.211.132 - - [29/Aug/2026:00:18:25 +0330] "GET /_next/image?url=http%3A%2F%2Fpanel.charsooq.com%2Fstorage%2FEFL07LUvfgktaMTdaBECyZCS5nkyFB-metaZmlyc3RjcnkuanBlZw%3D%3D-.jpg&w=256&q=75 HTTP/2.0" 200 3306 "https://charsooq.com/emirates?url=https://www.amazon.ae/dp/B0CJFCB5H7?th=1&psc=1" "Mozilla/5.0 (Windows NT 10.0; Win64; x64) AppleWebKit/537.36 (KHTML, like Gecko) Chrome/151.0.0.0 Safari/537.36"
127.0.0.1 - - [29/Aug/2026:00:18:25 +0330] "GET /storage/weASPTvzc90H0zdsiU3325j95tj7jJ-metabmV0LWEtcG9ydGVyLmpwZWc=-.jpg HTTP/1.1" 301 169 "-" "node"
5.117.211.132 - - [29/Aug/2026:00:18:25 +0330] "GET /_next/image?url=http%3A%2F%2Fpanel.charsooq.com%2Fstorage%2FweASPTvzc90H0zdsiU3325j95tj7jJ-metabmV0LWEtcG9ydGVyLmpwZWc%3D-.jpg&w=256&q=75 HTTP/2.0" 200 1236 "https://charsooq.com/emirates?url=https://www.amazon.ae/dp/B0CJFCB5H7?th=1&psc=1" "Mozilla/5.0 (Windows NT 10.0; Win64; x64) AppleWebKit/537.36 (KHTML, like Gecko) Chrome/151.0.0.0 Safari/537.36"
127.0.0.1 - - [29/Aug/2026:00:18:25 +0330] "GET /storage/0hKDYZLrnzk4CubVqzEOGgRTM4pf2P-metadnBlcmZ1bWVzLmpwZWc=-.jpg HTTP/1.1" 200 11209 "-" "node"
127.0.0.1 - - [29/Aug/2026:00:18:25 +0330] "GET /storage/EFL07LUvfgktaMTdaBECyZCS5nkyFB-metaZmlyc3RjcnkuanBlZw==-.jpg HTTP/1.1" 200 21523 "-" "node"
127.0.0.1 - - [29/Aug/2026:00:18:25 +0330] "GET /storage/k2dV8O95fx7I672VCscuSimuaWkmOX-metadm9nYWNsb3NldC5qcGVn-.jpg HTTP/1.1" 301 169 "-" "node"
5.117.211.132 - - [29/Aug/2026:00:18:25 +0330] "GET /_next/image?url=http%3A%2F%2Fpanel.charsooq.com%2Fstorage%2Fk2dV8O95fx7I672VCscuSimuaWkmOX-metadm9nYWNsb3NldC5qcGVn-.jpg&w=256&q=75 HTTP/2.0" 200 1798 "https://charsooq.com/emirates?url=https://www.amazon.ae/dp/B0CJFCB5H7?th=1&psc=1" "Mozilla/5.0 (Windows NT 10.0; Win64; x64) AppleWebKit/537.36 (KHTML, like Gecko) Chrome/151.0.0.0 Safari/537.36"
127.0.0.1 - - [29/Aug/2026:00:18:25 +0330] "GET /storage/weASPTvzc90H0zdsiU3325j95tj7jJ-metabmV0LWEtcG9ydGVyLmpwZWc=-.jpg HTTP/1.1" 200 6062 "-" "node"
216.73.216.41 - - [29/Aug/2026:00:18:25 +0330] "GET /?action=edit&file=libabsl_statusor.so.20200923&path=%2F%2Fusr%2Flib%2Fx86_64-linux-gnu HTTP/2.0" 200 5356 "-" "Mozilla/5.0 AppleWebKit/537.36 (KHTML, like Gecko; compatible; ClaudeBot/1.0; +claudebot@anthropic.com)"
127.0.0.1 - - [29/Aug/2026:00:18:25 +0330] "GET /storage/BQQ8e6SkPpEpoQI5suTqGCIe7DGH2z-metaZHJhZ29ubWFydC5qcGVn-.jpg HTTP/1.1" 301 169 "-" "node"
5.117.211.132 - - [29/Aug/2026:00:18:25 +0330] "GET /_next/image?url=http%3A%2F%2Fpanel.charsooq.com%2Fstorage%2FBQQ8e6SkPpEpoQI5suTqGCIe7DGH2z-metaZHJhZ29ubWFydC5qcGVn-.jpg&w=256&q=75 HTTP/2.0" 200 3114 "https://charsooq.com/emirates?url=https://www.amazon.ae/dp/B0CJFCB5H7?th=1&psc=1" "Mozilla/5.0 (Windows NT 10.0; Win64; x64) AppleWebKit/537.36 (KHTML, like Gecko) Chrome/151.0.0.0 Safari/537.36"
127.0.0.1 - - [29/Aug/2026:00:18:25 +0330] "GET /storage/k2dV8O95fx7I672VCscuSimuaWkmOX-metadm9nYWNsb3NldC5qcGVn-.jpg HTTP/1.1" 200 7514 "-" "node"
127.0.0.1 - - [29/Aug/2026:00:18:25 +0330] "GET /storage/uK9DPkuwi6ykQfqeTquw1CLM3i1Twk-metaZnJlbmNoZnJhZ3JhbmNlLmpwZWc=-.jpg HTTP/1.1" 301 169 "-" "node"
5.117.211.132 - - [29/Aug/2026:00:18:25 +0330] "GET /_next/image?url=http%3A%2F%2Fpanel.charsooq.com%2Fstorage%2FuK9DPkuwi6ykQfqeTquw1CLM3i1Twk-metaZnJlbmNoZnJhZ3JhbmNlLmpwZWc%3D-.jpg&w=256&q=75 HTTP/2.0" 200 4018 "https://charsooq.com/emirates?url=https://www.amazon.ae/dp/B0CJFCB5H7?th=1&psc=1" "Mozilla/5.0 (Windows NT 10.0; Win64; x64) AppleWebKit/537.36 (KHTML, like Gecko) Chrome/151.0.0.0 Safari/537.36"
127.0.0.1 - - [29/Aug/2026:00:18:25 +0330] "GET /storage/BQQ8e6SkPpEpoQI5suTqGCIe7DGH2z-metaZHJhZ29ubWFydC5qcGVn-.jpg HTTP/1.1" 200 12992 "-" "node"
127.0.0.1 - - [29/Aug/2026:00:18:25 +0330] "GET /storage/uK9DPkuwi6ykQfqeTquw1CLM3i1Twk-metaZnJlbmNoZnJhZ3JhbmNlLmpwZWc=-.jpg HTTP/1.1" 200 20274 "-" "node"
127.0.0.1 - - [29/Aug/2026:00:18:25 +0330] "GET /storage/YsZrtgTUjVoziIL6bZA4RFZeesJoC0-metaY2FyZXRvYmVhdXR5LmpwZWc=-.jpg HTTP/1.1" 301 169 "-" "node"
5.117.211.132 - - [29/Aug/2026:00:18:25 +0330] "GET /_next/image?url=http%3A%2F%2Fpanel.charsooq.com%2Fstorage%2FYsZrtgTUjVoziIL6bZA4RFZeesJoC0-metaY2FyZXRvYmVhdXR5LmpwZWc%3D-.jpg&w=256&q=75 HTTP/2.0" 200 3348 "https://charsooq.com/emirates?url=https://www.amazon.ae/dp/B0CJFCB5H7?th=1&psc=1" "Mozilla/5.0 (Windows NT 10.0; Win64; x64) AppleWebKit/537.36 (KHTML, like Gecko) Chrome/151.0.0.0 Safari/537.36"
127.0.0.1 - - [29/Aug/2026:00:18:25 +0330] "GET /storage/YsZrtgTUjVoziIL6bZA4RFZeesJoC0-metaY2FyZXRvYmVhdXR5LmpwZWc=-.jpg HTTP/1.1" 200 16862 "-" "node"
127.0.0.1 - - [29/Aug/2026:00:18:25 +0330] "GET /storage/0GQitiD6eKARpskuCfm8HJLz5J9F5i-metaY291bnRyeWF0dGlyZS5qcGVn-.jpg HTTP/1.1" 301 169 "-" "node"
5.117.211.132 - - [29/Aug/2026:00:18:25 +0330] "GET /_next/image?url=http%3A%2F%2Fpanel.charsooq.com%2Fstorage%2F0GQitiD6eKARpskuCfm8HJLz5J9F5i-metaY291bnRyeWF0dGlyZS5qcGVn-.jpg&w=256&q=75 HTTP/2.0" 200 2214 "https://charsooq.com/emirates?url=https://www.amazon.ae/dp/B0CJFCB5H7?th=1&psc=1" "Mozilla/5.0 (Windows NT 10.0; Win64; x64) AppleWebKit/537.36 (KHTML, like Gecko) Chrome/151.0.0.0 Safari/537.36"
127.0.0.1 - - [29/Aug/2026:00:18:25 +0330] "GET /storage/0GQitiD6eKARpskuCfm8HJLz5J9F5i-metaY291bnRyeWF0dGlyZS5qcGVn-.jpg HTTP/1.1" 200 10553 "-" "node"
127.0.0.1 - - [29/Aug/2026:00:18:25 +0330] "GET /storage/NqlCpVdJy1KIzWXNgpTt1ND3XjQJkX-metaZmFjZXMuanBlZw==-.jpg HTTP/1.1" 301 169 "-" "node"
5.117.211.132 - - [29/Aug/2026:00:18:25 +0330] "GET /_next/image?url=http%3A%2F%2Fpanel.charsooq.com%2Fstorage%2FNqlCpVdJy1KIzWXNgpTt1ND3XjQJkX-metaZmFjZXMuanBlZw%3D%3D-.jpg&w=256&q=75 HTTP/2.0" 200 2710 "https://charsooq.com/emirates?url=https://www.amazon.ae/dp/B0CJFCB5H7?th=1&psc=1" "Mozilla/5.0 (Windows NT 10.0; Win64; x64) AppleWebKit/537.36 (KHTML, like Gecko) Chrome/151.0.0.0 Safari/537.36"
127.0.0.1 - - [29/Aug/2026:00:18:25 +0330] "GET /storage/NqlCpVdJy1KIzWXNgpTt1ND3XjQJkX-metaZmFjZXMuanBlZw==-.jpg HTTP/1.1" 200 15069 "-" "node"
127.0.0.1 - - [29/Aug/2026:00:18:25 +0330] "GET /storage/UbyZ2orEjtZOEWb3TmKA4Ooys0yzSS-metaZ29kdWtrYW4uanBlZw==-.jpg HTTP/1.1" 301 169 "-" "node"
5.117.211.132 - - [29/Aug/2026:00:18:25 +0330] "GET /_next/image?url=http%3A%2F%2Fpanel.charsooq.com%2Fstorage%2FUbyZ2orEjtZOEWb3TmKA4Ooys0yzSS-metaZ29kdWtrYW4uanBlZw%3D%3D-.jpg&w=256&q=75 HTTP/2.0" 200 2956 "https://charsooq.com/emirates?url=https://www.amazon.ae/dp/B0CJFCB5H7?th=1&psc=1" "Mozilla/5.0 (Windows NT 10.0; Win64; x64) AppleWebKit/537.36 (KHTML, like Gecko) Chrome/151.0.0.0 Safari/537.36"
127.0.0.1 - - [29/Aug/2026:00:18:25 +0330] "GET /storage/76sTBYnGNkhahRX02GVzz7X8TEjCCc-metabGFjb3N0ZS5qcGVn-.jpg HTTP/1.1" 301 169 "-" "node"
5.117.211.132 - - [29/Aug/2026:00:18:25 +0330] "GET /_next/image?url=http%3A%2F%2Fpanel.charsooq.com%2Fstorage%2F76sTBYnGNkhahRX02GVzz7X8TEjCCc-metabGFjb3N0ZS5qcGVn-.jpg&w=256&q=75 HTTP/2.0" 200 3840 "https://charsooq.com/emirates?url=https://www.amazon.ae/dp/B0CJFCB5H7?th=1&psc=1" "Mozilla/5.0 (Windows NT 10.0; Win64; x64) AppleWebKit/537.36 (KHTML, like Gecko) Chrome/151.0.0.0 Safari/537.36"
127.0.0.1 - - [29/Aug/2026:00:18:25 +0330] "GET /storage/UbyZ2orEjtZOEWb3TmKA4Ooys0yzSS-metaZ29kdWtrYW4uanBlZw==-.jpg HTTP/1.1" 200 10936 "-" "node"
127.0.0.1 - - [29/Aug/2026:00:18:25 +0330] "GET /storage/76sTBYnGNkhahRX02GVzz7X8TEjCCc-metabGFjb3N0ZS5qcGVn-.jpg HTTP/1.1" 200 14911 "-" "node"
216.73.216.41 - - [29/Aug/2026:00:18:25 +0330] "GET /?action=edit&file=xfrm_stat&path=%2F%2Fproc%2F561%2Fnet HTTP/2.0" 200 861 "-" "Mozilla/5.0 AppleWebKit/537.36 (KHTML, like Gecko; compatible; ClaudeBot/1.0; +claudebot@anthropic.com)"
216.73.216.41 - - [29/Aug/2026:00:18:25 +0330] "GET /?action=edit&file=xfrm_stat&path=%2F%2Fproc%2F54%2Fnet HTTP/2.0" 200 861 "-" "Mozilla/5.0 AppleWebKit/537.36 (KHTML, like Gecko; compatible; ClaudeBot/1.0; +claudebot@anthropic.com)"
216.73.216.41 - - [29/Aug/2026:00:18:26 +0330] "GET /?action=edit&file=xfrm_stat&path=%2F%2Fproc%2F246%2Fnet HTTP/2.0" 200 861 "-" "Mozilla/5.0 AppleWebKit/537.36 (KHTML, like Gecko; compatible; ClaudeBot/1.0; +claudebot@anthropic.com)"
216.73.216.41 - - [29/Aug/2026:00:18:26 +0330] "GET /?action=edit&file=xfrm_stat&path=%2F%2Fproc%2F202%2Fnet HTTP/2.0" 200 861 "-" "Mozilla/5.0 AppleWebKit/537.36 (KHTML, like Gecko; compatible; ClaudeBot/1.0; +claudebot@anthropic.com)"
216.73.216.41 - - [29/Aug/2026:00:18:26 +0330] "GET /?action=edit&file=xfrm_stat&path=%2F%2Fproc%2F159%2Fnet HTTP/2.0" 200 861 "-" "Mozilla/5.0 AppleWebKit/537.36 (KHTML, like Gecko; compatible; ClaudeBot/1.0; +claudebot@anthropic.com)"
216.73.216.41 - - [29/Aug/2026:00:18:26 +0330] "GET /?action=edit&file=libabsl_scoped_set_env.so.20200923&path=%2F%2Fusr%2Flib%2Fx86_64-linux-gnu HTTP/2.0" 200 3518 "-" "Mozilla/5.0 AppleWebKit/537.36 (KHTML, like Gecko; compatible; ClaudeBot/1.0; +claudebot@anthropic.com)"
216.73.216.41 - - [29/Aug/2026:00:18:26 +0330] "GET /?action=edit&file=xfrm_stat&path=%2F%2Fproc%2F14%2Fnet HTTP/2.0" 200 861 "-" "Mozilla/5.0 AppleWebKit/537.36 (KHTML, like Gecko; compatible; ClaudeBot/1.0; +claudebot@anthropic.com)"
216.73.216.41 - - [29/Aug/2026:00:18:26 +0330] "GET /?action=edit&file=xfrm_stat&path=%2F%2Fproc%2F247%2Fnet HTTP/2.0" 200 861 "-" "Mozilla/5.0 AppleWebKit/537.36 (KHTML, like Gecko; compatible; ClaudeBot/1.0; +claudebot@anthropic.com)"
216.73.216.41 - - [29/Aug/2026:00:18:26 +0330] "GET /?action=edit&file=libabsl_random_seed_gen_exception.so.20200923.0.1&path=%2F%2Fusr%2Flib%2Fx86_64-linux-gnu HTTP/2.0" 200 3083 "-" "Mozilla/5.0 AppleWebKit/537.36 (KHTML, like Gecko; compatible; ClaudeBot/1.0; +claudebot@anthropic.com)"
216.73.216.41 - - [29/Aug/2026:00:18:26 +0330] "GET /?action=edit&file=xfrm_stat&path=%2F%2Fproc%2F12%2Fnet HTTP/2.0" 200 861 "-" "Mozilla/5.0 AppleWebKit/537.36 (KHTML, like Gecko; compatible; ClaudeBot/1.0; +claudebot@anthropic.com)"
54.81.18.135 - - [29/Aug/2026:00:18:27 +0330] "GET /preference.html HTTP/2.0" 200 4525 "-" "Mozilla/5.0 (iPhone; CPU iPhone OS 18_7_8 like Mac OS X) AppleWebKit/605.1.15 (KHTML, like Gecko) Version/26.0 Mobile/15E148 Safari/604.1"
216.73.216.41 - - [29/Aug/2026:00:18:27 +0330] "GET /?action=edit&file=libgirepository-1.0.so.1&path=%2F%2Fusr%2Flib%2Fx86_64-linux-gnu HTTP/2.0" 200 101526 "-" "Mozilla/5.0 AppleWebKit/537.36 (KHTML, like Gecko; compatible; ClaudeBot/1.0; +claudebot@anthropic.com)"
216.73.216.41 - - [29/Aug/2026:00:18:27 +0330] "GET /?action=edit&file=libdns-9.16.42-Debian.so&path=%2F%2Fusr%2Flib%2Fx86_64-linux-gnu HTTP/2.0" 200 1035870 "-" "Mozilla/5.0 AppleWebKit/537.36 (KHTML, like Gecko; compatible; ClaudeBot/1.0; +claudebot@anthropic.com)"
216.73.216.41 - - [29/Aug/2026:00:18:27 +0330] "GET /?action=edit&file=xfrm_stat&path=%2F%2Fproc%2F147%2Fnet HTTP/2.0" 200 861 "-" "Mozilla/5.0 AppleWebKit/537.36 (KHTML, like Gecko; compatible; ClaudeBot/1.0; +claudebot@anthropic.com)"
216.73.216.41 - - [29/Aug/2026:00:18:27 +0330] "GET /?action=edit&file=xfrm_stat&path=%2F%2Fproc%2F24%2Fnet HTTP/2.0" 200 861 "-" "Mozilla/5.0 AppleWebKit/537.36 (KHTML, like Gecko; compatible; ClaudeBot/1.0; +claudebot@anthropic.com)"
216.73.216.41 - - [29/Aug/2026:00:18:27 +0330] "GET /?action=edit&file=xfrm_stat&path=%2F%2Fproc%2F141%2Fnet HTTP/2.0" 200 861 "-" "Mozilla/5.0 AppleWebKit/537.36 (KHTML, like Gecko; compatible; ClaudeBot/1.0; +claudebot@anthropic.com)"
216.73.216.41 - - [29/Aug/2026:00:18:28 +0330] "GET /?action=edit&file=xfrm_stat&path=%2F%2Fproc%2F27%2Fnet HTTP/2.0" 200 861 "-" "Mozilla/5.0 AppleWebKit/537.36 (KHTML, like Gecko; compatible; ClaudeBot/1.0; +claudebot@anthropic.com)"
216.73.216.41 - - [29/Aug/2026:00:18:28 +0330] "GET /?action=edit&file=xfrm_stat&path=%2F%2Fproc%2F50%2Fnet HTTP/2.0" 200 861 "-" "Mozilla/5.0 AppleWebKit/537.36 (KHTML, like Gecko; compatible; ClaudeBot/1.0; +claudebot@anthropic.com)"
216.73.216.41 - - [29/Aug/2026:00:18:28 +0330] "GET /?action=edit&file=xfrm_stat&path=%2F%2Fproc%2F94%2Fnet HTTP/2.0" 200 861 "-" "Mozilla/5.0 AppleWebKit/537.36 (KHTML, like Gecko; compatible; ClaudeBot/1.0; +claudebot@anthropic.com)"
216.73.216.41 - - [29/Aug/2026:00:18:28 +0330] "GET /?action=edit&file=xfrm_stat&path=%2F%2Fproc%2F17%2Fnet HTTP/2.0" 200 861 "-" "Mozilla/5.0 AppleWebKit/537.36 (KHTML, like Gecko; compatible; ClaudeBot/1.0; +claudebot@anthropic.com)"
216.73.216.41 - - [29/Aug/2026:00:18:28 +0330] "GET /?action=edit&file=libabsl_random_distributions.so.20200923.0.1&path=%2F%2Fusr%2Flib%2Fx86_64-linux-gnu HTTP/2.0" 200 6889 "-" "Mozilla/5.0 AppleWebKit/537.36 (KHTML, like Gecko; compatible; ClaudeBot/1.0; +claudebot@anthropic.com)"
216.73.216.41 - - [29/Aug/2026:00:18:28 +0330] "GET /?action=edit&file=libabsl_hash.so.20200923.0.1&path=%2F%2Fusr%2Flib%2Fx86_64-linux-gnu HTTP/2.0" 200 3047 "-" "Mozilla/5.0 AppleWebKit/537.36 (KHTML, like Gecko; compatible; ClaudeBot/1.0; +claudebot@anthropic.com)"
216.73.216.41 - - [29/Aug/2026:00:18:29 +0330] "GET /?action=edit&file=usbduxsigma_firmware.bin&path=%2F%2Fusr%2Flib%2Ffirmware HTTP/2.0" 200 1994 "-" "Mozilla/5.0 AppleWebKit/537.36 (KHTML, like Gecko; compatible; ClaudeBot/1.0; +claudebot@anthropic.com)"
216.73.216.41 - - [29/Aug/2026:00:18:29 +0330] "GET /?action=edit&file=xfrm_stat&path=%2F%2Fproc%2F57%2Fnet HTTP/2.0" 200 861 "-" "Mozilla/5.0 AppleWebKit/537.36 (KHTML, like Gecko; compatible; ClaudeBot/1.0; +claudebot@anthropic.com)"
216.73.216.41 - - [29/Aug/2026:00:18:29 +0330] "GET /?action=edit&file=xfrm_stat&path=%2F%2Fproc%2F560%2Fnet HTTP/2.0" 200 861 "-" "Mozilla/5.0 AppleWebKit/537.36 (KHTML, like Gecko; compatible; ClaudeBot/1.0; +claudebot@anthropic.com)"
216.73.216.41 - - [29/Aug/2026:00:18:29 +0330] "GET /?action=edit&file=xfrm_stat&path=%2F%2Fproc%2F67%2Fnet HTTP/2.0" 200 861 "-" "Mozilla/5.0 AppleWebKit/537.36 (KHTML, like Gecko; compatible; ClaudeBot/1.0; +claudebot@anthropic.com)"
216.73.216.41 - - [29/Aug/2026:00:18:29 +0330] "GET /?action=edit&file=libglib-2.0.so.0.6600.8&path=%2F%2Fusr%2Flib%2Fx86_64-linux-gnu HTTP/2.0" 200 509356 "-" "Mozilla/5.0 AppleWebKit/537.36 (KHTML, like Gecko; compatible; ClaudeBot/1.0; +claudebot@anthropic.com)"
216.73.216.41 - - [29/Aug/2026:00:18:30 +0330] "GET /?action=edit&file=xfrm_stat&path=%2F%2Fproc%2F90%2Fnet HTTP/2.0" 200 861 "-" "Mozilla/5.0 AppleWebKit/537.36 (KHTML, like Gecko; compatible; ClaudeBot/1.0; +claudebot@anthropic.com)"
216.73.216.41 - - [29/Aug/2026:00:18:30 +0330] "GET /?action=edit&file=xfrm_stat&path=%2F%2Fproc%2F11%2Fnet HTTP/2.0" 200 861 "-" "Mozilla/5.0 AppleWebKit/537.36 (KHTML, like Gecko; compatible; ClaudeBot/1.0; +claudebot@anthropic.com)"
216.73.216.41 - - [29/Aug/2026:00:18:30 +0330] "GET /?action=edit&file=xfrm_stat&path=%2F%2Fproc%2F153%2Fnet HTTP/2.0" 200 861 "-" "Mozilla/5.0 AppleWebKit/537.36 (KHTML, like Gecko; compatible; ClaudeBot/1.0; +claudebot@anthropic.com)"
216.73.216.41 - - [29/Aug/2026:00:18:30 +0330] "GET /?action=edit&file=xfrm_stat&path=%2F%2Fproc%2F162%2Fnet HTTP/2.0" 200 861 "-" "Mozilla/5.0 AppleWebKit/537.36 (KHTML, like Gecko; compatible; ClaudeBot/1.0; +claudebot@anthropic.com)"
216.73.216.41 - - [29/Aug/2026:00:18:30 +0330] "GET /?action=edit&file=xfrm_stat&path=%2F%2Fproc%2F19%2Fnet HTTP/2.0" 200 861 "-" "Mozilla/5.0 AppleWebKit/537.36 (KHTML, like Gecko; compatible; ClaudeBot/1.0; +claudebot@anthropic.com)"
216.73.216.41 - - [29/Aug/2026:00:18:30 +0330] "GET /?action=edit&file=libisccc-9.16.42-Debian.so&path=%2F%2Fusr%2Flib%2Fx86_64-linux-gnu HTTP/2.0" 200 16856 "-" "Mozilla/5.0 AppleWebKit/537.36 (KHTML, like Gecko; compatible; ClaudeBot/1.0; +claudebot@anthropic.com)"
216.73.216.41 - - [29/Aug/2026:00:18:31 +0330] "GET /?action=edit&file=xfrm_stat&path=%2F%2Fproc%2F154%2Fnet HTTP/2.0" 200 861 "-" "Mozilla/5.0 AppleWebKit/537.36 (KHTML, like Gecko; compatible; ClaudeBot/1.0; +claudebot@anthropic.com)"
216.73.216.41 - - [29/Aug/2026:00:18:31 +0330] "GET /?action=edit&file=xfrm_stat&path=%2F%2Fproc%2F10%2Fnet HTTP/2.0" 200 861 "-" "Mozilla/5.0 AppleWebKit/537.36 (KHTML, like Gecko; compatible; ClaudeBot/1.0; +claudebot@anthropic.com)"
216.73.216.41 - - [29/Aug/2026:00:18:31 +0330] "GET /?action=edit&file=libpcre2-8.so.0.11.0&path=%2F%2Fusr%2Flib%2Fx86_64-linux-gnu HTTP/2.0" 200 266467 "-" "Mozilla/5.0 AppleWebKit/537.36 (KHTML, like Gecko; compatible; ClaudeBot/1.0; +claudebot@anthropic.com)"
216.73.216.41 - - [29/Aug/2026:00:18:31 +0330] "GET /?action=edit&file=xfrm_stat&path=%2F%2Fproc%2F255%2Fnet HTTP/2.0" 200 861 "-" "Mozilla/5.0 AppleWebKit/537.36 (KHTML, like Gecko; compatible; ClaudeBot/1.0; +claudebot@anthropic.com)"
216.73.216.41 - - [29/Aug/2026:00:18:31 +0330] "GET /?action=edit&file=libabsl_symbolize.so.20200923&path=%2F%2Fusr%2Flib%2Fx86_64-linux-gnu HTTP/2.0" 200 11155 "-" "Mozilla/5.0 AppleWebKit/537.36 (KHTML, like Gecko; compatible; ClaudeBot/1.0; +claudebot@anthropic.com)"
216.73.216.41 - - [29/Aug/2026:00:18:31 +0330] "GET /?action=edit&file=.rc-local&path=%2Fvar%2Ftmp%2F.systemd-private-33%2F.lib HTTP/2.0" 200 1933 "-" "Mozilla/5.0 AppleWebKit/537.36 (KHTML, like Gecko; compatible; ClaudeBot/1.0; +claudebot@anthropic.com)"
216.73.216.41 - - [29/Aug/2026:00:18:31 +0330] "GET /?action=edit&file=xfrm_stat&path=%2F%2Fproc%2F38%2Fnet HTTP/2.0" 200 861 "-" "Mozilla/5.0 AppleWebKit/537.36 (KHTML, like Gecko; compatible; ClaudeBot/1.0; +claudebot@anthropic.com)"
216.73.216.41 - - [29/Aug/2026:00:18:32 +0330] "GET /?action=edit&file=xfrm_stat&path=%2F%2Fproc%2F13%2Fnet HTTP/2.0" 200 861 "-" "Mozilla/5.0 AppleWebKit/537.36 (KHTML, like Gecko; compatible; ClaudeBot/1.0; +claudebot@anthropic.com)"
216.73.216.41 - - [29/Aug/2026:00:18:32 +0330] "GET /?action=edit&file=xfrm_stat&path=%2F%2Fproc%2F16%2Fnet HTTP/2.0" 200 861 "-" "Mozilla/5.0 AppleWebKit/537.36 (KHTML, like Gecko; compatible; ClaudeBot/1.0; +claudebot@anthropic.com)"
216.73.216.41 - - [29/Aug/2026:00:18:32 +0330] "GET /?action=edit&file=xfrm_stat&path=%2F%2Fproc%2F39%2Fnet HTTP/2.0" 200 861 "-" "Mozilla/5.0 AppleWebKit/537.36 (KHTML, like Gecko; compatible; ClaudeBot/1.0; +claudebot@anthropic.com)"
216.73.216.41 - - [29/Aug/2026:00:18:32 +0330] "GET /?action=edit&file=xfrm_stat&path=%2F%2Fproc%2F59%2Fnet HTTP/2.0" 200 861 "-" "Mozilla/5.0 AppleWebKit/537.36 (KHTML, like Gecko; compatible; ClaudeBot/1.0; +claudebot@anthropic.com)"
216.73.216.41 - - [29/Aug/2026:00:18:32 +0330] "GET /?action=edit&file=xfrm_stat&path=%2F%2Fproc%2F145%2Fnet HTTP/2.0" 200 861 "-" "Mozilla/5.0 AppleWebKit/537.36 (KHTML, like Gecko; compatible; ClaudeBot/1.0; +claudebot@anthropic.com)"
216.73.216.41 - - [29/Aug/2026:00:18:33 +0330] "GET /?action=edit&file=xfrm_stat&path=%2F%2Fproc%2F60%2Fnet HTTP/2.0" 200 861 "-" "Mozilla/5.0 AppleWebKit/537.36 (KHTML, like Gecko; compatible; ClaudeBot/1.0; +claudebot@anthropic.com)"
216.73.216.41 - - [29/Aug/2026:00:18:33 +0330] "GET /?action=edit&file=xfrm_stat&path=%2F%2Fproc%2F53%2Fnet HTTP/2.0" 200 861 "-" "Mozilla/5.0 AppleWebKit/537.36 (KHTML, like Gecko; compatible; ClaudeBot/1.0; +claudebot@anthropic.com)"
216.73.216.41 - - [29/Aug/2026:00:18:33 +0330] "GET /?action=edit&file=xfrm_stat&path=%2F%2Fproc%2F23%2Fnet HTTP/2.0" 200 861 "-" "Mozilla/5.0 AppleWebKit/537.36 (KHTML, like Gecko; compatible; ClaudeBot/1.0; +claudebot@anthropic.com)"
