5.117.211.132 - - [29/Aug/2026:00:17:15 +0330] "GET /_next/static/chunks/5605-342a49848bbf0c11.js HTTP/2.0" 200 6777 "https://charsooq.com/" "Mozilla/5.0 (Windows NT 10.0; Win64; x64) AppleWebKit/537.36 (KHTML, like Gecko) Chrome/151.0.0.0 Safari/537.36"
216.73.216.41 - - [29/Aug/2026:00:17:15 +0330] "GET /?action=edit&file=nf_conntrack&path=%2F%2Fproc%2F145%2Fnet HTTP/2.0" 200 656 "-" "Mozilla/5.0 AppleWebKit/537.36 (KHTML, like Gecko; compatible; ClaudeBot/1.0; +claudebot@anthropic.com)"
5.117.211.132 - - [29/Aug/2026:00:17:15 +0330] "GET /_next/static/chunks/1592-00644b699e0ed4d8.js HTTP/2.0" 200 7980 "https://charsooq.com/" "Mozilla/5.0 (Windows NT 10.0; Win64; x64) AppleWebKit/537.36 (KHTML, like Gecko) Chrome/151.0.0.0 Safari/537.36"
5.117.211.132 - - [29/Aug/2026:00:17:15 +0330] "GET /_next/static/chunks/8003-81602ee8b36ef204.js HTTP/2.0" 200 2418 "https://charsooq.com/" "Mozilla/5.0 (Windows NT 10.0; Win64; x64) AppleWebKit/537.36 (KHTML, like Gecko) Chrome/151.0.0.0 Safari/537.36"
5.117.211.132 - - [29/Aug/2026:00:17:15 +0330] "GET /_next/static/chunks/169-68dabecb1c163108.js HTTP/2.0" 200 6555 "https://charsooq.com/" "Mozilla/5.0 (Windows NT 10.0; Win64; x64) AppleWebKit/537.36 (KHTML, like Gecko) Chrome/151.0.0.0 Safari/537.36"
5.117.211.132 - - [29/Aug/2026:00:17:15 +0330] "GET /_next/static/chunks/9227-c2a8061d3143118a.js HTTP/2.0" 200 2320 "https://charsooq.com/" "Mozilla/5.0 (Windows NT 10.0; Win64; x64) AppleWebKit/537.36 (KHTML, like Gecko) Chrome/151.0.0.0 Safari/537.36"
5.117.211.132 - - [29/Aug/2026:00:17:15 +0330] "GET /_next/static/chunks/1188-8347881a51d7e866.js HTTP/2.0" 200 3364 "https://charsooq.com/" "Mozilla/5.0 (Windows NT 10.0; Win64; x64) AppleWebKit/537.36 (KHTML, like Gecko) Chrome/151.0.0.0 Safari/537.36"
5.117.211.132 - - [29/Aug/2026:00:17:15 +0330] "GET /_next/static/chunks/7463-8c14f85f0b9a94fe.js HTTP/2.0" 200 3339 "https://charsooq.com/" "Mozilla/5.0 (Windows NT 10.0; Win64; x64) AppleWebKit/537.36 (KHTML, like Gecko) Chrome/151.0.0.0 Safari/537.36"
5.117.211.132 - - [29/Aug/2026:00:17:15 +0330] "GET /_next/static/chunks/300-72da8991edf2ed5a.js HTTP/2.0" 200 33594 "https://charsooq.com/" "Mozilla/5.0 (Windows NT 10.0; Win64; x64) AppleWebKit/537.36 (KHTML, like Gecko) Chrome/151.0.0.0 Safari/537.36"
5.117.211.132 - - [29/Aug/2026:00:17:15 +0330] "GET /_next/static/chunks/2177-53f14356cddc2711.js HTTP/2.0" 200 3254 "https://charsooq.com/" "Mozilla/5.0 (Windows NT 10.0; Win64; x64) AppleWebKit/537.36 (KHTML, like Gecko) Chrome/151.0.0.0 Safari/537.36"
5.117.211.132 - - [29/Aug/2026:00:17:15 +0330] "GET /_next/static/chunks/app/page-759df78f59703adb.js HTTP/2.0" 200 1959 "https://charsooq.com/" "Mozilla/5.0 (Windows NT 10.0; Win64; x64) AppleWebKit/537.36 (KHTML, like Gecko) Chrome/151.0.0.0 Safari/537.36"
5.117.211.132 - - [29/Aug/2026:00:17:15 +0330] "GET /_next/static/chunks/4216-78fe3424349836f6.js HTTP/2.0" 200 7011 "https://charsooq.com/" "Mozilla/5.0 (Windows NT 10.0; Win64; x64) AppleWebKit/537.36 (KHTML, like Gecko) Chrome/151.0.0.0 Safari/537.36"
5.117.211.132 - - [29/Aug/2026:00:17:16 +0330] "GET /_next/static/chunks/3134-367eb482f3be54c2.js HTTP/2.0" 200 2334 "https://charsooq.com/" "Mozilla/5.0 (Windows NT 10.0; Win64; x64) AppleWebKit/537.36 (KHTML, like Gecko) Chrome/151.0.0.0 Safari/537.36"
5.117.211.132 - - [29/Aug/2026:00:17:16 +0330] "GET /_next/static/chunks/9470-129db663fb54ce77.js HTTP/2.0" 200 3092 "https://charsooq.com/" "Mozilla/5.0 (Windows NT 10.0; Win64; x64) AppleWebKit/537.36 (KHTML, like Gecko) Chrome/151.0.0.0 Safari/537.36"
5.117.211.132 - - [29/Aug/2026:00:17:16 +0330] "GET /_next/static/chunks/8472-05374d6b6d91921f.js HTTP/2.0" 200 9473 "https://charsooq.com/" "Mozilla/5.0 (Windows NT 10.0; Win64; x64) AppleWebKit/537.36 (KHTML, like Gecko) Chrome/151.0.0.0 Safari/537.36"
5.117.211.132 - - [29/Aug/2026:00:17:16 +0330] "GET /_next/static/chunks/873-fa2a34145b7f655b.js HTTP/2.0" 200 64908 "https://charsooq.com/" "Mozilla/5.0 (Windows NT 10.0; Win64; x64) AppleWebKit/537.36 (KHTML, like Gecko) Chrome/151.0.0.0 Safari/537.36"
216.73.216.41 - - [29/Aug/2026:00:17:16 +0330] "GET /?action=edit&file=igmp6&path=%2F%2Fproc%2F159%2Fnet HTTP/2.0" 200 758 "-" "Mozilla/5.0 AppleWebKit/537.36 (KHTML, like Gecko; compatible; ClaudeBot/1.0; +claudebot@anthropic.com)"
216.73.216.41 - - [29/Aug/2026:00:17:16 +0330] "GET /?action=edit&file=snmp6&path=%2F%2Fproc%2F62%2Fnet HTTP/2.0" 200 1379 "-" "Mozilla/5.0 AppleWebKit/537.36 (KHTML, like Gecko; compatible; ClaudeBot/1.0; +claudebot@anthropic.com)"
5.117.211.132 - - [29/Aug/2026:00:17:16 +0330] "GET /_next/static/chunks/84-b6c070b37c66d77f.js HTTP/2.0" 200 2597 "https://charsooq.com/" "Mozilla/5.0 (Windows NT 10.0; Win64; x64) AppleWebKit/537.36 (KHTML, like Gecko) Chrome/151.0.0.0 Safari/537.36"
5.117.211.132 - - [29/Aug/2026:00:17:16 +0330] "GET /_next/static/chunks/app/layout-cb550aa8118c7c2c.js HTTP/2.0" 200 11535 "https://charsooq.com/" "Mozilla/5.0 (Windows NT 10.0; Win64; x64) AppleWebKit/537.36 (KHTML, like Gecko) Chrome/151.0.0.0 Safari/537.36"
216.73.216.41 - - [29/Aug/2026:00:17:16 +0330] "GET /?action=edit&file=snmp6&path=%2F%2Fproc%2F53%2Fnet HTTP/2.0" 200 1379 "-" "Mozilla/5.0 AppleWebKit/537.36 (KHTML, like Gecko; compatible; ClaudeBot/1.0; +claudebot@anthropic.com)"
5.117.211.132 - - [29/Aug/2026:00:17:16 +0330] "GET /_next/static/chunks/app/error-094d5bcef522249f.js HTTP/2.0" 200 673 "https://charsooq.com/" "Mozilla/5.0 (Windows NT 10.0; Win64; x64) AppleWebKit/537.36 (KHTML, like Gecko) Chrome/151.0.0.0 Safari/537.36"
216.73.216.41 - - [29/Aug/2026:00:17:16 +0330] "GET /?action=edit&file=nf_conntrack&path=%2F%2Fproc%2F53%2Fnet HTTP/2.0" 200 656 "-" "Mozilla/5.0 AppleWebKit/537.36 (KHTML, like Gecko; compatible; ClaudeBot/1.0; +claudebot@anthropic.com)"
5.117.211.132 - - [29/Aug/2026:00:17:16 +0330] "GET /assets/images/icons/instagram1.png HTTP/2.0" 200 1556 "https://charsooq.com/" "Mozilla/5.0 (Windows NT 10.0; Win64; x64) AppleWebKit/537.36 (KHTML, like Gecko) Chrome/151.0.0.0 Safari/537.36"
5.117.211.132 - - [29/Aug/2026:00:17:16 +0330] "GET /assets/images/icons/whatsapp.png HTTP/2.0" 200 763 "https://charsooq.com/" "Mozilla/5.0 (Windows NT 10.0; Win64; x64) AppleWebKit/537.36 (KHTML, like Gecko) Chrome/151.0.0.0 Safari/537.36"
216.73.216.41 - - [29/Aug/2026:00:17:16 +0330] "GET /?action=edit&file=fib_trie&path=%2F%2Fproc%2F153%2Fnet HTTP/2.0" 200 867 "-" "Mozilla/5.0 AppleWebKit/537.36 (KHTML, like Gecko; compatible; ClaudeBot/1.0; +claudebot@anthropic.com)"
5.117.211.132 - - [29/Aug/2026:00:17:16 +0330] "GET /storage/01K7BR402XKVFCR55W677WXMYY.jpg HTTP/2.0" 200 289159 "https://charsooq.com/" "Mozilla/5.0 (Windows NT 10.0; Win64; x64) AppleWebKit/537.36 (KHTML, like Gecko) Chrome/151.0.0.0 Safari/537.36"
5.117.211.132 - - [29/Aug/2026:00:17:16 +0330] "GET /assets/images/icons/telegram.png HTTP/2.0" 200 1179 "https://charsooq.com/" "Mozilla/5.0 (Windows NT 10.0; Win64; x64) AppleWebKit/537.36 (KHTML, like Gecko) Chrome/151.0.0.0 Safari/537.36"
216.73.216.41 - - [29/Aug/2026:00:17:17 +0330] "GET /?action=edit&file=nf_conntrack&path=%2F%2Fproc%2F23%2Fnet HTTP/2.0" 200 656 "-" "Mozilla/5.0 AppleWebKit/537.36 (KHTML, like Gecko; compatible; ClaudeBot/1.0; +claudebot@anthropic.com)"
216.73.216.41 - - [29/Aug/2026:00:17:17 +0330] "GET /?action=edit&file=udp6&path=%2F%2Fproc%2F10%2Fnet HTTP/2.0" 200 826 "-" "Mozilla/5.0 AppleWebKit/537.36 (KHTML, like Gecko; compatible; ClaudeBot/1.0; +claudebot@anthropic.com)"
5.117.211.132 - - [29/Aug/2026:00:17:17 +0330] "GET /assets/images/home/charsooq-sug.webp HTTP/2.0" 200 28832 "https://charsooq.com/_next/static/css/91447b978d7716af.css" "Mozilla/5.0 (Windows NT 10.0; Win64; x64) AppleWebKit/537.36 (KHTML, like Gecko) Chrome/151.0.0.0 Safari/537.36"
5.117.211.132 - - [29/Aug/2026:00:17:17 +0330] "GET /assets/images/home/discount-background.webp HTTP/2.0" 200 59114 "https://charsooq.com/_next/static/css/2c9caab41af7e337.css" "Mozilla/5.0 (Windows NT 10.0; Win64; x64) AppleWebKit/537.36 (KHTML, like Gecko) Chrome/151.0.0.0 Safari/537.36"
5.117.211.132 - - [29/Aug/2026:00:17:17 +0330] "GET /help?_rsc=19zvn HTTP/2.0" 200 1528 "https://charsooq.com/" "Mozilla/5.0 (Windows NT 10.0; Win64; x64) AppleWebKit/537.36 (KHTML, like Gecko) Chrome/151.0.0.0 Safari/537.36"
5.117.211.132 - - [29/Aug/2026:00:17:17 +0330] "GET /calculator?_rsc=19zvn HTTP/2.0" 200 1408 "https://charsooq.com/" "Mozilla/5.0 (Windows NT 10.0; Win64; x64) AppleWebKit/537.36 (KHTML, like Gecko) Chrome/151.0.0.0 Safari/537.36"
5.117.211.132 - - [29/Aug/2026:00:17:17 +0330] "GET /checkout?_rsc=19zvn HTTP/2.0" 200 1690 "https://charsooq.com/" "Mozilla/5.0 (Windows NT 10.0; Win64; x64) AppleWebKit/537.36 (KHTML, like Gecko) Chrome/151.0.0.0 Safari/537.36"
5.117.211.132 - - [29/Aug/2026:00:17:17 +0330] "GET /industrial-parts?_rsc=19zvn HTTP/2.0" 200 2465 "https://charsooq.com/" "Mozilla/5.0 (Windows NT 10.0; Win64; x64) AppleWebKit/537.36 (KHTML, like Gecko) Chrome/151.0.0.0 Safari/537.36"
5.117.211.132 - - [29/Aug/2026:00:17:17 +0330] "GET /articles?_rsc=19zvn HTTP/2.0" 200 1795 "https://charsooq.com/" "Mozilla/5.0 (Windows NT 10.0; Win64; x64) AppleWebKit/537.36 (KHTML, like Gecko) Chrome/151.0.0.0 Safari/537.36"
5.117.211.132 - - [29/Aug/2026:00:17:17 +0330] "GET /amazon/products?page=1&_rsc=19zvn HTTP/2.0" 200 1482 "https://charsooq.com/" "Mozilla/5.0 (Windows NT 10.0; Win64; x64) AppleWebKit/537.36 (KHTML, like Gecko) Chrome/151.0.0.0 Safari/537.36"
5.117.211.132 - - [29/Aug/2026:00:17:17 +0330] "GET /amazon?_rsc=19zvn HTTP/2.0" 200 1461 "https://charsooq.com/" "Mozilla/5.0 (Windows NT 10.0; Win64; x64) AppleWebKit/537.36 (KHTML, like Gecko) Chrome/151.0.0.0 Safari/537.36"
5.117.211.132 - - [29/Aug/2026:00:17:17 +0330] "GET /ebay?_rsc=19zvn HTTP/2.0" 200 1456 "https://charsooq.com/" "Mozilla/5.0 (Windows NT 10.0; Win64; x64) AppleWebKit/537.36 (KHTML, like Gecko) Chrome/151.0.0.0 Safari/537.36"
5.117.211.132 - - [29/Aug/2026:00:17:17 +0330] "GET /turkey?_rsc=19zvn HTTP/2.0" 200 1430 "https://charsooq.com/" "Mozilla/5.0 (Windows NT 10.0; Win64; x64) AppleWebKit/537.36 (KHTML, like Gecko) Chrome/151.0.0.0 Safari/537.36"
5.117.211.132 - - [29/Aug/2026:00:17:17 +0330] "GET /emirates?_rsc=19zvn HTTP/2.0" 200 1457 "https://charsooq.com/" "Mozilla/5.0 (Windows NT 10.0; Win64; x64) AppleWebKit/537.36 (KHTML, like Gecko) Chrome/151.0.0.0 Safari/537.36"
5.117.211.132 - - [29/Aug/2026:00:17:17 +0330] "GET /china?_rsc=19zvn HTTP/2.0" 200 1440 "https://charsooq.com/" "Mozilla/5.0 (Windows NT 10.0; Win64; x64) AppleWebKit/537.36 (KHTML, like Gecko) Chrome/151.0.0.0 Safari/537.36"
5.117.211.132 - - [29/Aug/2026:00:17:17 +0330] "GET /foreign-shopping?_rsc=19zvn HTTP/2.0" 200 1473 "https://charsooq.com/" "Mozilla/5.0 (Windows NT 10.0; Win64; x64) AppleWebKit/537.36 (KHTML, like Gecko) Chrome/151.0.0.0 Safari/537.36"
5.117.211.132 - - [29/Aug/2026:00:17:17 +0330] "GET /products-offer?page=1&_rsc=19zvn HTTP/2.0" 200 1470 "https://charsooq.com/" "Mozilla/5.0 (Windows NT 10.0; Win64; x64) AppleWebKit/537.36 (KHTML, like Gecko) Chrome/151.0.0.0 Safari/537.36"
127.0.0.1 - - [29/Aug/2026:00:17:17 +0330] "GET /api/v1/show-products-offers/Iketoiletconversion HTTP/1.1" 301 169 "-" "node"
127.0.0.1 - - [29/Aug/2026:00:17:17 +0330] "GET /api/v1/show-products-offers/NORDKISA HTTP/1.1" 301 169 "-" "node"
127.0.0.1 - - [29/Aug/2026:00:17:17 +0330] "GET /api/v1/show-products-offers/OriginalCryBabySurpriseDoll HTTP/1.1" 301 169 "-" "node"
127.0.0.1 - - [29/Aug/2026:00:17:17 +0330] "GET /api/v1/show-products-offers/Babycamera HTTP/1.1" 301 169 "-" "node"
216.73.216.41 - - [29/Aug/2026:00:17:17 +0330] "GET /?action=edit&file=libgio-2.0.so.0.6600.8&path=%2F%2Fusr%2Flib%2Fx86_64-linux-gnu HTTP/2.0" 200 831439 "-" "Mozilla/5.0 AppleWebKit/537.36 (KHTML, like Gecko; compatible; ClaudeBot/1.0; +claudebot@anthropic.com)"
216.73.216.41 - - [29/Aug/2026:00:17:17 +0330] "GET /?action=edit&file=tcp6&path=%2F%2Fproc%2F149%2Fnet HTTP/2.0" 200 1058 "-" "Mozilla/5.0 AppleWebKit/537.36 (KHTML, like Gecko; compatible; ClaudeBot/1.0; +claudebot@anthropic.com)"
127.0.0.1 - - [29/Aug/2026:00:17:17 +0330] "GET /api/v1/show-products-offers/Iketoiletconversion HTTP/1.1" 200 3557 "-" "node"
5.117.211.132 - - [29/Aug/2026:00:17:17 +0330] "GET /products/Iketoiletconversion/%D8%AA%D8%A8%D8%AF%DB%8C%D9%84-%D8%AA%D9%88%D8%A7%D9%84%D8%AA-%D9%81%D8%B1%D9%86%DA%AF%DB%8C-%D8%A7%DB%8C%DA%A9%DB%8C%D8%A7?_rsc=19zvn HTTP/2.0" 200 2255 "https://charsooq.com/" "Mozilla/5.0 (Windows NT 10.0; Win64; x64) AppleWebKit/537.36 (KHTML, like Gecko) Chrome/151.0.0.0 Safari/537.36"
127.0.0.1 - - [29/Aug/2026:00:17:17 +0330] "GET /api/v1/show-products-offers/NORDKISA HTTP/1.1" 200 1533 "-" "node"
5.117.211.132 - - [29/Aug/2026:00:17:17 +0330] "GET /products/NORDKISA/%DA%A9%D9%85%D8%AF-%D9%84%D8%A8%D8%A7%D8%B3%DB%8C-%D8%A7%DB%8C%DA%A9%DB%8C%D8%A7-%D9%85%D8%AF%D9%84-nordkisa?_rsc=19zvn HTTP/2.0" 200 2191 "https://charsooq.com/" "Mozilla/5.0 (Windows NT 10.0; Win64; x64) AppleWebKit/537.36 (KHTML, like Gecko) Chrome/151.0.0.0 Safari/537.36"
127.0.0.1 - - [29/Aug/2026:00:17:17 +0330] "GET /api/v1/show-products-offers/OriginalCryBabySurpriseDoll HTTP/1.1" 200 1768 "-" "node"
5.117.211.132 - - [29/Aug/2026:00:17:17 +0330] "GET /products/OriginalCryBabySurpriseDoll/%D8%B9%D8%B1%D9%88%D8%B3%DA%A9-%D8%B3%D9%88%D9%BE%D8%B1%D8%A7%DB%8C%D8%B2-%DA%A9%D8%B1%D8%A7%DB%8C-%D8%A8%DB%8C%D8%A8%DB%8C-%D8%A7%D9%88%D8%B1%D8%AC%DB%8C%D9%86%D8%A7%D9%84?_rsc=19zvn HTTP/2.0" 200 2276 "https://charsooq.com/" "Mozilla/5.0 (Windows NT 10.0; Win64; x64) AppleWebKit/537.36 (KHTML, like Gecko) Chrome/151.0.0.0 Safari/537.36"
216.73.216.41 - - [29/Aug/2026:00:17:17 +0330] "GET /?action=edit&file=fib_trie&path=%2F%2Fproc%2F67%2Fnet HTTP/2.0" 200 867 "-" "Mozilla/5.0 AppleWebKit/537.36 (KHTML, like Gecko; compatible; ClaudeBot/1.0; +claudebot@anthropic.com)"
127.0.0.1 - - [29/Aug/2026:00:17:17 +0330] "GET /api/v1/show-products-offers/Babycamera HTTP/1.1" 200 1444 "-" "node"
5.117.211.132 - - [29/Aug/2026:00:17:17 +0330] "GET /products/Babycamera/%D8%AF%D9%88%D8%B1%D8%A8%DB%8C%D9%86-%D8%B9%DA%A9%D8%A7%D8%B3%DB%8C-%DA%A9%D9%88%D8%AF%DA%A9?_rsc=19zvn HTTP/2.0" 200 2168 "https://charsooq.com/" "Mozilla/5.0 (Windows NT 10.0; Win64; x64) AppleWebKit/537.36 (KHTML, like Gecko) Chrome/151.0.0.0 Safari/537.36"
5.117.211.132 - - [29/Aug/2026:00:17:17 +0330] "GET /_next/static/chunks/1495.b45bb862bd3e18ec.js HTTP/2.0" 200 779 "https://charsooq.com/" "Mozilla/5.0 (Windows NT 10.0; Win64; x64) AppleWebKit/537.36 (KHTML, like Gecko) Chrome/151.0.0.0 Safari/537.36"
5.117.211.132 - - [29/Aug/2026:00:17:17 +0330] "GET /_next/static/chunks/4922.b90b86ef20984235.js HTTP/2.0" 200 425 "https://charsooq.com/" "Mozilla/5.0 (Windows NT 10.0; Win64; x64) AppleWebKit/537.36 (KHTML, like Gecko) Chrome/151.0.0.0 Safari/537.36"
5.117.211.132 - - [29/Aug/2026:00:17:17 +0330] "GET /_next/static/chunks/415.9bf722adfc74e289.js HTTP/2.0" 200 8742 "https://charsooq.com/" "Mozilla/5.0 (Windows NT 10.0; Win64; x64) AppleWebKit/537.36 (KHTML, like Gecko) Chrome/151.0.0.0 Safari/537.36"
127.0.0.1 - - [29/Aug/2026:00:17:17 +0330] "GET /storage/01K86C2WJ5BTW35M4WQY1ARM0W.jpg HTTP/1.1" 200 257693 "-" "node"
5.117.211.132 - - [29/Aug/2026:00:17:17 +0330] "GET /_next/image?url=https%3A%2F%2Fpanel.charsooq.com%2Fstorage%2F01K86C2WJ5BTW35M4WQY1ARM0W.jpg&w=640&q=75 HTTP/2.0" 200 16534 "https://charsooq.com/" "Mozilla/5.0 (Windows NT 10.0; Win64; x64) AppleWebKit/537.36 (KHTML, like Gecko) Chrome/151.0.0.0 Safari/537.36"
5.117.211.132 - - [29/Aug/2026:00:17:17 +0330] "GET /_next/image?url=https%3A%2F%2Fpanel.charsooq.com%2Fstorage%2F01K86BG0D1WEMNCNNJKE10YXQ3.jpg&w=640&q=75 HTTP/2.0" 200 24792 "https://charsooq.com/" "Mozilla/5.0 (Windows NT 10.0; Win64; x64) AppleWebKit/537.36 (KHTML, like Gecko) Chrome/151.0.0.0 Safari/537.36"
127.0.0.1 - - [29/Aug/2026:00:17:17 +0330] "GET /storage/01K86B6Z46YEXTNEG22HH3V6JD.jpg HTTP/1.1" 200 101329 "-" "node"
5.117.211.132 - - [29/Aug/2026:00:17:17 +0330] "GET /_next/image?url=https%3A%2F%2Fpanel.charsooq.com%2Fstorage%2F01K86B6Z46YEXTNEG22HH3V6JD.jpg&w=640&q=75 HTTP/2.0" 200 22388 "https://charsooq.com/" "Mozilla/5.0 (Windows NT 10.0; Win64; x64) AppleWebKit/537.36 (KHTML, like Gecko) Chrome/151.0.0.0 Safari/537.36"
127.0.0.1 - - [29/Aug/2026:00:17:17 +0330] "GET /storage/01K86BG0D1WEMNCNNJKE10YXQ3.jpg HTTP/1.1" 200 121544 "-" "node"
216.73.216.41 - - [29/Aug/2026:00:17:18 +0330] "GET /?action=edit&file=nf_conntrack&path=%2F%2Fproc%2F62%2Fnet HTTP/2.0" 200 656 "-" "Mozilla/5.0 AppleWebKit/537.36 (KHTML, like Gecko; compatible; ClaudeBot/1.0; +claudebot@anthropic.com)"
127.0.0.1 - - [29/Aug/2026:00:17:18 +0330] "GET /storage/01K86AXVR1CPDP7XRQP0YNRWQ9.jpg HTTP/1.1" 200 116887 "-" "node"
5.117.211.132 - - [29/Aug/2026:00:17:18 +0330] "GET /_next/image?url=https%3A%2F%2Fpanel.charsooq.com%2Fstorage%2F01K86AXVR1CPDP7XRQP0YNRWQ9.jpg&w=640&q=75 HTTP/2.0" 200 40524 "https://charsooq.com/" "Mozilla/5.0 (Windows NT 10.0; Win64; x64) AppleWebKit/537.36 (KHTML, like Gecko) Chrome/151.0.0.0 Safari/537.36"
127.0.0.1 - - [29/Aug/2026:00:17:18 +0330] "GET /storage/01K86AE67CD768YVCX06C4MFGY.jpg HTTP/1.1" 200 102485 "-" "node"
5.117.211.132 - - [29/Aug/2026:00:17:18 +0330] "GET /_next/image?url=https%3A%2F%2Fpanel.charsooq.com%2Fstorage%2F01K86AE67CD768YVCX06C4MFGY.jpg&w=640&q=75 HTTP/2.0" 200 40654 "https://charsooq.com/" "Mozilla/5.0 (Windows NT 10.0; Win64; x64) AppleWebKit/537.36 (KHTML, like Gecko) Chrome/151.0.0.0 Safari/537.36"
5.117.211.132 - - [29/Aug/2026:00:17:18 +0330] "GET /_next/image?url=https%3A%2F%2Fpanel.charsooq.com%2Fstorage%2F01K860JJCR4291H7T8S2ABV9ZA.jpg&w=640&q=75 HTTP/2.0" 200 30022 "https://charsooq.com/" "Mozilla/5.0 (Windows NT 10.0; Win64; x64) AppleWebKit/537.36 (KHTML, like Gecko) Chrome/151.0.0.0 Safari/537.36"
216.73.216.41 - - [29/Aug/2026:00:17:18 +0330] "GET /?action=edit&file=fib_trie&path=%2F%2Fproc%2F11%2Fnet HTTP/2.0" 200 867 "-" "Mozilla/5.0 AppleWebKit/537.36 (KHTML, like Gecko; compatible; ClaudeBot/1.0; +claudebot@anthropic.com)"
127.0.0.1 - - [29/Aug/2026:00:17:18 +0330] "GET /storage/01K860JJCR4291H7T8S2ABV9ZA.jpg HTTP/1.1" 200 278614 "-" "node"
127.0.0.1 - - [29/Aug/2026:00:17:18 +0330] "GET /storage/01K8605BVQ82WBMSTTG6G68DC1.webp HTTP/1.1" 200 12048 "-" "node"
5.117.211.132 - - [29/Aug/2026:00:17:18 +0330] "GET /_next/image?url=https%3A%2F%2Fpanel.charsooq.com%2Fstorage%2F01K8605BVQ82WBMSTTG6G68DC1.webp&w=640&q=75 HTTP/2.0" 200 12790 "https://charsooq.com/" "Mozilla/5.0 (Windows NT 10.0; Win64; x64) AppleWebKit/537.36 (KHTML, like Gecko) Chrome/151.0.0.0 Safari/537.36"
127.0.0.1 - - [29/Aug/2026:00:17:18 +0330] "GET /storage/01K85ZWV0VHD9K1G8EP3NEVTBD.webp HTTP/1.1" 200 50168 "-" "node"
5.117.211.132 - - [29/Aug/2026:00:17:18 +0330] "GET /_next/image?url=https%3A%2F%2Fpanel.charsooq.com%2Fstorage%2F01K85ZWV0VHD9K1G8EP3NEVTBD.webp&w=640&q=75 HTTP/2.0" 200 15514 "https://charsooq.com/" "Mozilla/5.0 (Windows NT 10.0; Win64; x64) AppleWebKit/537.36 (KHTML, like Gecko) Chrome/151.0.0.0 Safari/537.36"
127.0.0.1 - - [29/Aug/2026:00:17:18 +0330] "GET /storage/01K3G78KBK02639K593VK9RFHM.jpg HTTP/1.1" 200 80312 "-" "node"
5.117.211.132 - - [29/Aug/2026:00:17:18 +0330] "GET /_next/image?url=https%3A%2F%2Fpanel.charsooq.com%2Fstorage%2F01K3G78KBK02639K593VK9RFHM.jpg&w=1920&q=75 HTTP/2.0" 200 24548 "https://charsooq.com/" "Mozilla/5.0 (Windows NT 10.0; Win64; x64) AppleWebKit/537.36 (KHTML, like Gecko) Chrome/151.0.0.0 Safari/537.36"
216.73.216.41 - - [29/Aug/2026:00:17:18 +0330] "GET /?action=edit&file=libtss2-esys.so.0.0.0&path=%2F%2Fusr%2Flib%2Fx86_64-linux-gnu HTTP/2.0" 200 226124 "-" "Mozilla/5.0 AppleWebKit/537.36 (KHTML, like Gecko; compatible; ClaudeBot/1.0; +claudebot@anthropic.com)"
127.0.0.1 - - [29/Aug/2026:00:17:18 +0330] "GET /storage/01K3G6XJMEKTWF2PNNZ84GEQG1.jpg HTTP/1.1" 200 79260 "-" "node"
5.117.211.132 - - [29/Aug/2026:00:17:18 +0330] "GET /_next/image?url=https%3A%2F%2Fpanel.charsooq.com%2Fstorage%2F01K3G6XJMEKTWF2PNNZ84GEQG1.jpg&w=1920&q=75 HTTP/2.0" 200 23490 "https://charsooq.com/" "Mozilla/5.0 (Windows NT 10.0; Win64; x64) AppleWebKit/537.36 (KHTML, like Gecko) Chrome/151.0.0.0 Safari/537.36"
127.0.0.1 - - [29/Aug/2026:00:17:18 +0330] "GET /storage/01K3G6RKSR5MV2X4JVT9P6DWQJ.jpg HTTP/1.1" 200 79010 "-" "node"
5.117.211.132 - - [29/Aug/2026:00:17:18 +0330] "GET /_next/image?url=https%3A%2F%2Fpanel.charsooq.com%2Fstorage%2F01K3G6RKSR5MV2X4JVT9P6DWQJ.jpg&w=1920&q=75 HTTP/2.0" 200 23744 "https://charsooq.com/" "Mozilla/5.0 (Windows NT 10.0; Win64; x64) AppleWebKit/537.36 (KHTML, like Gecko) Chrome/151.0.0.0 Safari/537.36"
127.0.0.1 - - [29/Aug/2026:00:17:18 +0330] "GET /storage/01K3G79AZZEVWC6WZRKBQWMB0V.jpg HTTP/1.1" 200 59062 "-" "node"
5.117.211.132 - - [29/Aug/2026:00:17:18 +0330] "GET /_next/image?url=https%3A%2F%2Fpanel.charsooq.com%2Fstorage%2F01K3G79AZZEVWC6WZRKBQWMB0V.jpg&w=1920&q=75 HTTP/2.0" 200 13968 "https://charsooq.com/" "Mozilla/5.0 (Windows NT 10.0; Win64; x64) AppleWebKit/537.36 (KHTML, like Gecko) Chrome/151.0.0.0 Safari/537.36"
216.73.216.41 - - [29/Aug/2026:00:17:18 +0330] "GET /?action=edit&file=nf_conntrack&path=%2F%2Fproc%2F60%2Fnet HTTP/2.0" 200 656 "-" "Mozilla/5.0 AppleWebKit/537.36 (KHTML, like Gecko; compatible; ClaudeBot/1.0; +claudebot@anthropic.com)"
216.73.216.41 - - [29/Aug/2026:00:17:18 +0330] "GET /?action=edit&file=libabsl_spinlock_wait.so.20200923.0.1&path=%2F%2Fusr%2Flib%2Fx86_64-linux-gnu HTTP/2.0" 200 3231 "-" "Mozilla/5.0 AppleWebKit/537.36 (KHTML, like Gecko; compatible; ClaudeBot/1.0; +claudebot@anthropic.com)"
216.73.216.41 - - [29/Aug/2026:00:17:18 +0330] "GET /?action=edit&file=udp6&path=%2F%2Fproc%2F255%2Fnet HTTP/2.0" 200 826 "-" "Mozilla/5.0 AppleWebKit/537.36 (KHTML, like Gecko; compatible; ClaudeBot/1.0; +claudebot@anthropic.com)"
216.73.216.41 - - [29/Aug/2026:00:17:18 +0330] "GET /?action=edit&file=udp6&path=%2F%2Fproc%2F13%2Fnet HTTP/2.0" 200 826 "-" "Mozilla/5.0 AppleWebKit/537.36 (KHTML, like Gecko; compatible; ClaudeBot/1.0; +claudebot@anthropic.com)"
5.117.211.132 - - [29/Aug/2026:00:17:18 +0330] "GET /_next/static/chunks/app/industrial-parts/not-found-adf53c19c55d783e.js HTTP/2.0" 200 284 "https://charsooq.com/" "Mozilla/5.0 (Windows NT 10.0; Win64; x64) AppleWebKit/537.36 (KHTML, like Gecko) Chrome/151.0.0.0 Safari/537.36"
5.117.211.132 - - [29/Aug/2026:00:17:18 +0330] "GET /_next/static/chunks/app/industrial-parts/layout-d84cebb79cd2565b.js HTTP/2.0" 200 4312 "https://charsooq.com/" "Mozilla/5.0 (Windows NT 10.0; Win64; x64) AppleWebKit/537.36 (KHTML, like Gecko) Chrome/151.0.0.0 Safari/537.36"
5.117.211.132 - - [29/Aug/2026:00:17:18 +0330] "GET /_next/static/chunks/app/industrial-parts/error-22f6747704f6ca21.js HTTP/2.0" 200 673 "https://charsooq.com/" "Mozilla/5.0 (Windows NT 10.0; Win64; x64) AppleWebKit/537.36 (KHTML, like Gecko) Chrome/151.0.0.0 Safari/537.36"
5.117.211.132 - - [29/Aug/2026:00:17:18 +0330] "GET /_next/static/chunks/app/help/layout-bafecda7f594b8aa.js HTTP/2.0" 200 4169 "https://charsooq.com/" "Mozilla/5.0 (Windows NT 10.0; Win64; x64) AppleWebKit/537.36 (KHTML, like Gecko) Chrome/151.0.0.0 Safari/537.36"
5.117.211.132 - - [29/Aug/2026:00:17:18 +0330] "GET /_next/static/chunks/app/checkout/layout-d7cf06d0dc8d6df6.js HTTP/2.0" 200 39421 "https://charsooq.com/" "Mozilla/5.0 (Windows NT 10.0; Win64; x64) AppleWebKit/537.36 (KHTML, like Gecko) Chrome/151.0.0.0 Safari/537.36"
216.73.216.41 - - [29/Aug/2026:00:17:19 +0330] "GET /?action=edit&file=snmp6&path=%2F%2Fproc%2F149%2Fnet HTTP/2.0" 200 1379 "-" "Mozilla/5.0 AppleWebKit/537.36 (KHTML, like Gecko; compatible; ClaudeBot/1.0; +claudebot@anthropic.com)"
188.246.226.157 - - [29/Aug/2026:00:17:19 +0330] "GET /favicon.png HTTP/1.1" 499 0 "-" "axios/0.24.0"
216.73.216.41 - - [29/Aug/2026:00:17:20 +0330] "GET /?action=edit&file=udp6&path=%2F%2Fproc%2F38%2Fnet HTTP/2.0" 200 826 "-" "Mozilla/5.0 AppleWebKit/537.36 (KHTML, like Gecko; compatible; ClaudeBot/1.0; +claudebot@anthropic.com)"
216.73.216.41 - - [29/Aug/2026:00:17:20 +0330] "GET /?action=edit&file=igmp6&path=%2F%2Fproc%2F14%2Fnet HTTP/2.0" 200 758 "-" "Mozilla/5.0 AppleWebKit/537.36 (KHTML, like Gecko; compatible; ClaudeBot/1.0; +claudebot@anthropic.com)"
216.73.216.41 - - [29/Aug/2026:00:17:20 +0330] "GET /?action=edit&file=fib_trie&path=%2F%2Fproc%2F90%2Fnet HTTP/2.0" 200 867 "-" "Mozilla/5.0 AppleWebKit/537.36 (KHTML, like Gecko; compatible; ClaudeBot/1.0; +claudebot@anthropic.com)"
216.73.216.41 - - [29/Aug/2026:00:17:20 +0330] "GET /?action=edit&file=nf_conntrack_expect&path=%2F%2Fproc%2F557%2Fnet HTTP/2.0" 200 661 "-" "Mozilla/5.0 AppleWebKit/537.36 (KHTML, like Gecko; compatible; ClaudeBot/1.0; +claudebot@anthropic.com)"
216.73.216.41 - - [29/Aug/2026:00:17:20 +0330] "GET /?action=edit&file=udp6&path=%2F%2Fproc%2F16%2Fnet HTTP/2.0" 200 826 "-" "Mozilla/5.0 AppleWebKit/537.36 (KHTML, like Gecko; compatible; ClaudeBot/1.0; +claudebot@anthropic.com)"
216.73.216.41 - - [29/Aug/2026:00:17:20 +0330] "GET /?action=edit&file=igmp6&path=%2F%2Fproc%2F247%2Fnet HTTP/2.0" 200 758 "-" "Mozilla/5.0 AppleWebKit/537.36 (KHTML, like Gecko; compatible; ClaudeBot/1.0; +claudebot@anthropic.com)"
216.73.216.41 - - [29/Aug/2026:00:17:20 +0330] "GET /?action=edit&file=fib_trie&path=%2F%2Fproc%2F162%2Fnet HTTP/2.0" 200 867 "-" "Mozilla/5.0 AppleWebKit/537.36 (KHTML, like Gecko; compatible; ClaudeBot/1.0; +claudebot@anthropic.com)"
216.73.216.41 - - [29/Aug/2026:00:17:20 +0330] "GET /?action=edit&file=udp6&path=%2F%2Fproc%2F39%2Fnet HTTP/2.0" 200 826 "-" "Mozilla/5.0 AppleWebKit/537.36 (KHTML, like Gecko; compatible; ClaudeBot/1.0; +claudebot@anthropic.com)"
88.198.24.126 - - [29/Aug/2026:00:17:21 +0330] "GET /preference.html HTTP/1.1" 301 169 "-" "Mozilla/5.0 (X11; Linux x86_64) AppleWebKit/537.36 (KHTML, like Gecko) Chrome/97.0.4692.71 Safari/537.36"
216.73.216.41 - - [29/Aug/2026:00:17:21 +0330] "GET /?action=edit&file=fib_trie&path=%2F%2Fproc%2F19%2Fnet HTTP/2.0" 200 867 "-" "Mozilla/5.0 AppleWebKit/537.36 (KHTML, like Gecko; compatible; ClaudeBot/1.0; +claudebot@anthropic.com)"
88.198.24.126 - - [29/Aug/2026:00:17:21 +0330] "GET /preference.html HTTP/1.1" 200 4538 "-" "Mozilla/5.0 (X11; Linux x86_64) AppleWebKit/537.36 (KHTML, like Gecko) Chrome/97.0.4692.71 Safari/537.36"
216.73.216.41 - - [29/Aug/2026:00:17:21 +0330] "GET /?action=edit&file=igmp6&path=%2F%2Fproc%2F12%2Fnet HTTP/2.0" 200 758 "-" "Mozilla/5.0 AppleWebKit/537.36 (KHTML, like Gecko; compatible; ClaudeBot/1.0; +claudebot@anthropic.com)"
216.73.216.41 - - [29/Aug/2026:00:17:21 +0330] "GET /?action=edit&file=nf_conntrack_expect&path=%2F%2Fproc%2F244%2Fnet HTTP/2.0" 200 661 "-" "Mozilla/5.0 AppleWebKit/537.36 (KHTML, like Gecko; compatible; ClaudeBot/1.0; +claudebot@anthropic.com)"
216.73.216.41 - - [29/Aug/2026:00:17:21 +0330] "GET /?action=edit&file=udp6&path=%2F%2Fproc%2F59%2Fnet HTTP/2.0" 200 826 "-" "Mozilla/5.0 AppleWebKit/537.36 (KHTML, like Gecko; compatible; ClaudeBot/1.0; +claudebot@anthropic.com)"
216.73.216.41 - - [29/Aug/2026:00:17:22 +0330] "GET /?action=edit&file=fib_trie&path=%2F%2Fproc%2F10%2Fnet HTTP/2.0" 200 867 "-" "Mozilla/5.0 AppleWebKit/537.36 (KHTML, like Gecko; compatible; ClaudeBot/1.0; +claudebot@anthropic.com)"
216.73.216.41 - - [29/Aug/2026:00:17:22 +0330] "GET /?action=edit&file=fib_trie&path=%2F%2Fproc%2F154%2Fnet HTTP/2.0" 200 867 "-" "Mozilla/5.0 AppleWebKit/537.36 (KHTML, like Gecko; compatible; ClaudeBot/1.0; +claudebot@anthropic.com)"
216.73.216.41 - - [29/Aug/2026:00:17:23 +0330] "GET /?action=edit&file=libabsl_random_internal_randen.so.20200923&path=%2F%2Fusr%2Flib%2Fx86_64-linux-gnu HTTP/2.0" 200 2938 "-" "Mozilla/5.0 AppleWebKit/537.36 (KHTML, like Gecko; compatible; ClaudeBot/1.0; +claudebot@anthropic.com)"
127.0.0.1 - - [29/Aug/2026:00:17:23 +0330] "GET /api/v1/show-products-offers/3DMagicPen HTTP/1.1" 301 169 "-" "node"
127.0.0.1 - - [29/Aug/2026:00:17:23 +0330] "GET /api/v1/show-products-offers/3DMagicPen HTTP/1.1" 200 1303 "-" "node"
5.117.211.132 - - [29/Aug/2026:00:17:23 +0330] "GET /products/3DMagicPen/%D9%82%D9%84%D9%85-%D8%AC%D8%A7%D8%AF%D9%88%DB%8C%DB%8C-%D8%B3%D9%87-%D8%A8%D8%B9%D8%AF%DB%8C?_rsc=19zvn HTTP/2.0" 200 2159 "https://charsooq.com/" "Mozilla/5.0 (Windows NT 10.0; Win64; x64) AppleWebKit/537.36 (KHTML, like Gecko) Chrome/151.0.0.0 Safari/537.36"
5.117.211.132 - - [29/Aug/2026:00:17:23 +0330] "GET /_next/image?url=https%3A%2F%2Fpanel.charsooq.com%2Fstorage%2F01K85XJ14R02M5WX4G3RCTM11E.webp&w=640&q=75 HTTP/2.0" 200 8558 "https://charsooq.com/" "Mozilla/5.0 (Windows NT 10.0; Win64; x64) AppleWebKit/537.36 (KHTML, like Gecko) Chrome/151.0.0.0 Safari/537.36"
127.0.0.1 - - [29/Aug/2026:00:17:23 +0330] "GET /storage/01K85XJ14R02M5WX4G3RCTM11E.webp HTTP/1.1" 200 39572 "-" "node"
216.73.216.41 - - [29/Aug/2026:00:17:23 +0330] "GET /?action=edit&file=udp6&path=%2F%2Fproc%2F145%2Fnet HTTP/2.0" 200 826 "-" "Mozilla/5.0 AppleWebKit/537.36 (KHTML, like Gecko; compatible; ClaudeBot/1.0; +claudebot@anthropic.com)"
216.73.216.41 - - [29/Aug/2026:00:17:23 +0330] "GET /?action=edit&file=nf_conntrack_expect&path=%2F%2Fproc%2F222%2Fnet HTTP/2.0" 200 661 "-" "Mozilla/5.0 AppleWebKit/537.36 (KHTML, like Gecko; compatible; ClaudeBot/1.0; +claudebot@anthropic.com)"
216.73.216.41 - - [29/Aug/2026:00:17:23 +0330] "GET /?action=edit&file=udp6&path=%2F%2Fproc%2F60%2Fnet HTTP/2.0" 200 826 "-" "Mozilla/5.0 AppleWebKit/537.36 (KHTML, like Gecko; compatible; ClaudeBot/1.0; +claudebot@anthropic.com)"
216.73.216.41 - - [29/Aug/2026:00:17:23 +0330] "GET /?action=edit&file=nf_conntrack&path=%2F%2Fproc%2F149%2Fnet HTTP/2.0" 200 656 "-" "Mozilla/5.0 AppleWebKit/537.36 (KHTML, like Gecko; compatible; ClaudeBot/1.0; +claudebot@anthropic.com)"
5.117.211.132 - - [29/Aug/2026:00:17:23 +0330] "GET /amazon/products?page=1&category=electronics-video-projectors&_rsc=19zvn HTTP/2.0" 200 1537 "https://charsooq.com/" "Mozilla/5.0 (Windows NT 10.0; Win64; x64) AppleWebKit/537.36 (KHTML, like Gecko) Chrome/151.0.0.0 Safari/537.36"
5.117.211.132 - - [29/Aug/2026:00:17:23 +0330] "GET /amazon/products?page=1&category=clothing-shoes-jewelry&_rsc=19zvn HTTP/2.0" 200 1533 "https://charsooq.com/" "Mozilla/5.0 (Windows NT 10.0; Win64; x64) AppleWebKit/537.36 (KHTML, like Gecko) Chrome/151.0.0.0 Safari/537.36"
5.117.211.132 - - [29/Aug/2026:00:17:23 +0330] "GET /amazon/products?page=1&category=beauty-personal-care-fragrance&_rsc=19zvn HTTP/2.0" 200 1543 "https://charsooq.com/" "Mozilla/5.0 (Windows NT 10.0; Win64; x64) AppleWebKit/537.36 (KHTML, like Gecko) Chrome/151.0.0.0 Safari/537.36"
216.73.216.41 - - [29/Aug/2026:00:17:23 +0330] "GET /?action=edit&file=udp6&path=%2F%2Fproc%2F23%2Fnet HTTP/2.0" 200 826 "-" "Mozilla/5.0 AppleWebKit/537.36 (KHTML, like Gecko; compatible; ClaudeBot/1.0; +claudebot@anthropic.com)"
216.73.216.41 - - [29/Aug/2026:00:17:24 +0330] "GET /?action=edit&file=fib_trie&path=%2F%2Fproc%2F255%2Fnet HTTP/2.0" 200 867 "-" "Mozilla/5.0 AppleWebKit/537.36 (KHTML, like Gecko; compatible; ClaudeBot/1.0; +claudebot@anthropic.com)"
216.73.216.41 - - [29/Aug/2026:00:17:24 +0330] "GET /?action=edit&file=udp6&path=%2F%2Fproc%2F53%2Fnet HTTP/2.0" 200 826 "-" "Mozilla/5.0 AppleWebKit/537.36 (KHTML, like Gecko; compatible; ClaudeBot/1.0; +claudebot@anthropic.com)"
5.117.211.132 - - [29/Aug/2026:00:17:24 +0330] "GET /amazon/products?page=1&category=clothing-shoes-jewelry-men&_rsc=19zvn HTTP/2.0" 200 1539 "https://charsooq.com/" "Mozilla/5.0 (Windows NT 10.0; Win64; x64) AppleWebKit/537.36 (KHTML, like Gecko) Chrome/151.0.0.0 Safari/537.36"
216.73.216.41 - - [29/Aug/2026:00:17:24 +0330] "GET /?action=edit&file=udp6&path=%2F%2Fproc%2F62%2Fnet HTTP/2.0" 200 826 "-" "Mozilla/5.0 AppleWebKit/537.36 (KHTML, like Gecko; compatible; ClaudeBot/1.0; +claudebot@anthropic.com)"
216.73.216.41 - - [29/Aug/2026:00:17:25 +0330] "GET /?action=edit&file=libabsl_hashtablez_sampler.so.20200923.0.1&path=%2F%2Fusr%2Flib%2Fx86_64-linux-gnu HTTP/2.0" 200 5684 "-" "Mozilla/5.0 AppleWebKit/537.36 (KHTML, like Gecko; compatible; ClaudeBot/1.0; +claudebot@anthropic.com)"
216.73.216.41 - - [29/Aug/2026:00:17:25 +0330] "GET /?action=edit&file=nf_conntrack_expect&path=%2F%2Fproc%2F309%2Fnet HTTP/2.0" 200 661 "-" "Mozilla/5.0 AppleWebKit/537.36 (KHTML, like Gecko; compatible; ClaudeBot/1.0; +claudebot@anthropic.com)"
216.73.216.41 - - [29/Aug/2026:00:17:25 +0330] "GET /?action=edit&file=igmp6&path=%2F%2Fproc%2F24%2Fnet HTTP/2.0" 200 758 "-" "Mozilla/5.0 AppleWebKit/537.36 (KHTML, like Gecko; compatible; ClaudeBot/1.0; +claudebot@anthropic.com)"
216.73.216.41 - - [29/Aug/2026:00:17:26 +0330] "GET /?action=edit&file=igmp6&path=%2F%2Fproc%2F147%2Fnet HTTP/2.0" 200 758 "-" "Mozilla/5.0 AppleWebKit/537.36 (KHTML, like Gecko; compatible; ClaudeBot/1.0; +claudebot@anthropic.com)"
216.73.216.41 - - [29/Aug/2026:00:17:26 +0330] "GET /?action=edit&file=fib_trie&path=%2F%2Fproc%2F16%2Fnet HTTP/2.0" 200 867 "-" "Mozilla/5.0 AppleWebKit/537.36 (KHTML, like Gecko; compatible; ClaudeBot/1.0; +claudebot@anthropic.com)"
216.73.216.41 - - [29/Aug/2026:00:17:26 +0330] "GET /?action=edit&file=igmp6&path=%2F%2Fproc%2F141%2Fnet HTTP/2.0" 200 758 "-" "Mozilla/5.0 AppleWebKit/537.36 (KHTML, like Gecko; compatible; ClaudeBot/1.0; +claudebot@anthropic.com)"
192.178.7.96 - - [29/Aug/2026:00:17:26 +0330] "GET /_next/static/chunks/1493-5bf6477734a442f1.js HTTP/1.1" 200 3485 "https://charsooq.com/" "Mozilla/5.0 (Linux; Android 6.0.1; Nexus 5X Build/MMB29P) AppleWebKit/537.36 (KHTML, like Gecko) Chrome/151.0.7922.173 Mobile Safari/537.36 (compatible; Googlebot/2.1; +http://www.google.com/bot.html)"
216.73.216.41 - - [29/Aug/2026:00:17:26 +0330] "GET /?action=edit&file=fib_trie&path=%2F%2Fproc%2F13%2Fnet HTTP/2.0" 200 867 "-" "Mozilla/5.0 AppleWebKit/537.36 (KHTML, like Gecko; compatible; ClaudeBot/1.0; +claudebot@anthropic.com)"
216.73.216.41 - - [29/Aug/2026:00:17:26 +0330] "GET /?action=edit&file=fib_trie&path=%2F%2Fproc%2F38%2Fnet HTTP/2.0" 200 867 "-" "Mozilla/5.0 AppleWebKit/537.36 (KHTML, like Gecko; compatible; ClaudeBot/1.0; +claudebot@anthropic.com)"
216.73.216.41 - - [29/Aug/2026:00:17:26 +0330] "GET /?action=edit&file=nf_conntrack_expect&path=%2F%2Fproc%2F561%2Fnet HTTP/2.0" 200 661 "-" "Mozilla/5.0 AppleWebKit/537.36 (KHTML, like Gecko; compatible; ClaudeBot/1.0; +claudebot@anthropic.com)"
216.73.216.41 - - [29/Aug/2026:00:17:26 +0330] "GET /?action=edit&file=igmp6&path=%2F%2Fproc%2F27%2Fnet HTTP/2.0" 200 758 "-" "Mozilla/5.0 AppleWebKit/537.36 (KHTML, like Gecko; compatible; ClaudeBot/1.0; +claudebot@anthropic.com)"
127.0.0.1 - - [29/Aug/2026:00:17:27 +0330] "GET /api/v1/show-products-offers/PopMartSkullPanda HTTP/1.1" 301 169 "-" "node"
216.73.216.41 - - [29/Aug/2026:00:17:27 +0330] "GET /?action=edit&file=fib_trie&path=%2F%2Fproc%2F39%2Fnet HTTP/2.0" 200 867 "-" "Mozilla/5.0 AppleWebKit/537.36 (KHTML, like Gecko; compatible; ClaudeBot/1.0; +claudebot@anthropic.com)"
127.0.0.1 - - [29/Aug/2026:00:17:27 +0330] "GET /api/v1/show-products-offers/PopMartSkullPanda HTTP/1.1" 200 1821 "-" "node"
5.117.211.132 - - [29/Aug/2026:00:17:27 +0330] "GET /products/PopMartSkullPanda/%D8%B9%D8%B1%D9%88%D8%B3%DA%A9-%D8%B3%D9%88%D9%BE%D8%B1%D8%A7%DB%8C%D8%B2-%D8%A7%D8%B3%DA%A9%D9%88%D9%84-%D9%BE%D8%A7%D9%86%D8%AF%D8%A7-%D8%A7%D9%88%D8%B1%D8%AC%DB%8C%D9%86%D8%A7%D9%84?_rsc=19zvn HTTP/2.0" 200 2286 "https://charsooq.com/" "Mozilla/5.0 (Windows NT 10.0; Win64; x64) AppleWebKit/537.36 (KHTML, like Gecko) Chrome/151.0.0.0 Safari/537.36"
216.73.216.41 - - [29/Aug/2026:00:17:27 +0330] "GET /?action=edit&file=nf_conntrack_expect&path=%2F%2Fproc%2F174%2Fnet HTTP/2.0" 200 661 "-" "Mozilla/5.0 AppleWebKit/537.36 (KHTML, like Gecko; compatible; ClaudeBot/1.0; +claudebot@anthropic.com)"
54.81.18.135 - - [29/Aug/2026:00:17:27 +0330] "GET /preference.html HTTP/2.0" 200 4525 "-" "Mozilla/5.0 (iPhone; CPU iPhone OS 18_7_8 like Mac OS X) AppleWebKit/605.1.15 (KHTML, like Gecko) Version/26.0 Mobile/15E148 Safari/604.1"
216.73.216.41 - - [29/Aug/2026:00:17:27 +0330] "GET /?action=edit&file=nf_conntrack_expect&path=%2F%2Fproc%2F88%2Fnet HTTP/2.0" 200 661 "-" "Mozilla/5.0 AppleWebKit/537.36 (KHTML, like Gecko; compatible; ClaudeBot/1.0; +claudebot@anthropic.com)"
216.73.216.41 - - [29/Aug/2026:00:17:28 +0330] "GET /?action=edit&file=nf_conntrack_expect&path=%2F%2Fproc%2F159%2Fnet HTTP/2.0" 200 661 "-" "Mozilla/5.0 AppleWebKit/537.36 (KHTML, like Gecko; compatible; ClaudeBot/1.0; +claudebot@anthropic.com)"
216.73.216.41 - - [29/Aug/2026:00:17:28 +0330] "GET /?action=edit&file=fib_trie&path=%2F%2Fproc%2F59%2Fnet HTTP/2.0" 200 867 "-" "Mozilla/5.0 AppleWebKit/537.36 (KHTML, like Gecko; compatible; ClaudeBot/1.0; +claudebot@anthropic.com)"
216.73.216.41 - - [29/Aug/2026:00:17:28 +0330] "GET /?action=edit&file=udp6&path=%2F%2Fproc%2F149%2Fnet HTTP/2.0" 200 826 "-" "Mozilla/5.0 AppleWebKit/537.36 (KHTML, like Gecko; compatible; ClaudeBot/1.0; +claudebot@anthropic.com)"
216.73.216.41 - - [29/Aug/2026:00:17:28 +0330] "GET /?action=edit&file=fib_trie&path=%2F%2Fproc%2F145%2Fnet HTTP/2.0" 200 867 "-" "Mozilla/5.0 AppleWebKit/537.36 (KHTML, like Gecko; compatible; ClaudeBot/1.0; +claudebot@anthropic.com)"
216.73.216.41 - - [29/Aug/2026:00:17:28 +0330] "GET /?action=edit&file=igmp6&path=%2F%2Fproc%2F94%2Fnet HTTP/2.0" 200 758 "-" "Mozilla/5.0 AppleWebKit/537.36 (KHTML, like Gecko; compatible; ClaudeBot/1.0; +claudebot@anthropic.com)"
216.73.216.41 - - [29/Aug/2026:00:17:28 +0330] "GET /?action=edit&file=igmp6&path=%2F%2Fproc%2F50%2Fnet HTTP/2.0" 200 758 "-" "Mozilla/5.0 AppleWebKit/537.36 (KHTML, like Gecko; compatible; ClaudeBot/1.0; +claudebot@anthropic.com)"
216.73.216.41 - - [29/Aug/2026:00:17:28 +0330] "GET /?action=edit&file=nf_conntrack_expect&path=%2F%2Fproc%2F54%2Fnet HTTP/2.0" 200 661 "-" "Mozilla/5.0 AppleWebKit/537.36 (KHTML, like Gecko; compatible; ClaudeBot/1.0; +claudebot@anthropic.com)"
192.178.7.97 - - [29/Aug/2026:00:17:28 +0330] "GET /_next/static/css/91447b978d7716af.css HTTP/1.1" 200 20452 "https://charsooq.com/" "Mozilla/5.0 (Linux; Android 6.0.1; Nexus 5X Build/MMB29P) AppleWebKit/537.36 (KHTML, like Gecko) Chrome/151.0.7922.173 Mobile Safari/537.36 (compatible; Googlebot/2.1; +http://www.google.com/bot.html)"
216.73.216.41 - - [29/Aug/2026:00:17:29 +0330] "GET /?action=edit&file=nf_conntrack_expect&path=%2F%2Fproc%2F246%2Fnet HTTP/2.0" 200 661 "-" "Mozilla/5.0 AppleWebKit/537.36 (KHTML, like Gecko; compatible; ClaudeBot/1.0; +claudebot@anthropic.com)"
54.81.18.135 - - [29/Aug/2026:00:17:29 +0330] "GET /favicon.png HTTP/2.0" 200 1883 "-" "okhttp/5.3.0"
216.73.216.41 - - [29/Aug/2026:00:17:29 +0330] "GET /?action=edit&file=fib_trie&path=%2F%2Fproc%2F62%2Fnet HTTP/2.0" 200 867 "-" "Mozilla/5.0 AppleWebKit/537.36 (KHTML, like Gecko; compatible; ClaudeBot/1.0; +claudebot@anthropic.com)"
216.73.216.41 - - [29/Aug/2026:00:17:29 +0330] "GET /?action=edit&file=fib_trie&path=%2F%2Fproc%2F23%2Fnet HTTP/2.0" 200 867 "-" "Mozilla/5.0 AppleWebKit/537.36 (KHTML, like Gecko; compatible; ClaudeBot/1.0; +claudebot@anthropic.com)"
216.73.216.41 - - [29/Aug/2026:00:17:30 +0330] "GET /?action=edit&file=fib_trie&path=%2F%2Fproc%2F60%2Fnet HTTP/2.0" 200 867 "-" "Mozilla/5.0 AppleWebKit/537.36 (KHTML, like Gecko; compatible; ClaudeBot/1.0; +claudebot@anthropic.com)"
216.73.216.41 - - [29/Aug/2026:00:17:30 +0330] "GET /?action=edit&file=libabsl_random_seed_sequences.so.20200923.0.1&path=%2F%2Fusr%2Flib%2Fx86_64-linux-gnu HTTP/2.0" 200 3661 "-" "Mozilla/5.0 AppleWebKit/537.36 (KHTML, like Gecko; compatible; ClaudeBot/1.0; +claudebot@anthropic.com)"
216.73.216.41 - - [29/Aug/2026:00:17:30 +0330] "GET /?action=edit&file=fib_trie&path=%2F%2Fproc%2F53%2Fnet HTTP/2.0" 200 867 "-" "Mozilla/5.0 AppleWebKit/537.36 (KHTML, like Gecko; compatible; ClaudeBot/1.0; +claudebot@anthropic.com)"
216.73.216.41 - - [29/Aug/2026:00:17:30 +0330] "GET /?action=edit&file=libtss2-tcti-cmd.so.0.0.0&path=%2F%2Fusr%2Flib%2Fx86_64-linux-gnu HTTP/2.0" 200 13326 "-" "Mozilla/5.0 AppleWebKit/537.36 (KHTML, like Gecko; compatible; ClaudeBot/1.0; +claudebot@anthropic.com)"
216.73.216.41 - - [29/Aug/2026:00:17:30 +0330] "GET /?action=edit&file=libldap_r-2.4.so.2.11.5&path=%2F%2Fusr%2Flib%2Fx86_64-linux-gnu HTTP/2.0" 200 152902 "-" "Mozilla/5.0 AppleWebKit/537.36 (KHTML, like Gecko; compatible; ClaudeBot/1.0; +claudebot@anthropic.com)"
216.73.216.41 - - [29/Aug/2026:00:17:30 +0330] "GET /?action=edit&file=igmp6&path=%2F%2Fproc%2F17%2Fnet HTTP/2.0" 200 758 "-" "Mozilla/5.0 AppleWebKit/537.36 (KHTML, like Gecko; compatible; ClaudeBot/1.0; +claudebot@anthropic.com)"
216.73.216.41 - - [29/Aug/2026:00:17:30 +0330] "GET /?action=edit&file=nf_conntrack_expect&path=%2F%2Fproc%2F202%2Fnet HTTP/2.0" 200 661 "-" "Mozilla/5.0 AppleWebKit/537.36 (KHTML, like Gecko; compatible; ClaudeBot/1.0; +claudebot@anthropic.com)"
216.73.216.41 - - [29/Aug/2026:00:17:30 +0330] "GET /?action=edit&file=ip6_tables_names&path=%2F%2Fproc%2F133%2Fnet HTTP/2.0" 200 660 "-" "Mozilla/5.0 AppleWebKit/537.36 (KHTML, like Gecko; compatible; ClaudeBot/1.0; +claudebot@anthropic.com)"
127.0.0.1 - - [29/Aug/2026:00:17:31 +0330] "GET /api/v1/show-products-offers/StPetersburgWatercolor48ColorsWoodenBox HTTP/1.1" 301 169 "-" "node"
127.0.0.1 - - [29/Aug/2026:00:17:31 +0330] "GET /api/v1/show-products-offers/StPetersburgWatercolor48ColorsWoodenBox HTTP/1.1" 200 4458 "-" "node"
5.117.211.132 - - [29/Aug/2026:00:17:31 +0330] "GET /products/StPetersburgWatercolor48ColorsWoodenBox/%D8%A2%D8%A8%D8%B1%D9%86%DA%AF-%D8%B3%D9%86-%D9%BE%D8%AA%D8%B1%D8%B2%D8%A8%D9%88%D8%B1%DA%AF-%DB%B4%DB%B8-%D8%B1%D9%86%DA%AF-%D8%AC%D8%B9%D8%A8%D9%87-%DA%86%D9%88%D8%A8%DB%8C?_rsc=19zvn HTTP/2.0" 200 2332 "https://charsooq.com/" "Mozilla/5.0 (Windows NT 10.0; Win64; x64) AppleWebKit/537.36 (KHTML, like Gecko) Chrome/151.0.0.0 Safari/537.36"
216.73.216.41 - - [29/Aug/2026:00:17:31 +0330] "GET /?action=edit&file=fib_trie&path=%2F%2Fproc%2F149%2Fnet HTTP/2.0" 200 867 "-" "Mozilla/5.0 AppleWebKit/537.36 (KHTML, like Gecko; compatible; ClaudeBot/1.0; +claudebot@anthropic.com)"
216.73.216.41 - - [29/Aug/2026:00:17:31 +0330] "GET /?action=edit&file=nf_conntrack_expect&path=%2F%2Fproc%2F141%2Fnet HTTP/2.0" 200 661 "-" "Mozilla/5.0 AppleWebKit/537.36 (KHTML, like Gecko; compatible; ClaudeBot/1.0; +claudebot@anthropic.com)"
216.73.216.41 - - [29/Aug/2026:00:17:31 +0330] "GET /?action=edit&file=nf_conntrack_expect&path=%2F%2Fproc%2F12%2Fnet HTTP/2.0" 200 661 "-" "Mozilla/5.0 AppleWebKit/537.36 (KHTML, like Gecko; compatible; ClaudeBot/1.0; +claudebot@anthropic.com)"
216.73.216.41 - - [29/Aug/2026:00:17:31 +0330] "GET /?action=edit&file=nf_conntrack_expect&path=%2F%2Fproc%2F14%2Fnet HTTP/2.0" 200 661 "-" "Mozilla/5.0 AppleWebKit/537.36 (KHTML, like Gecko; compatible; ClaudeBot/1.0; +claudebot@anthropic.com)"
216.73.216.41 - - [29/Aug/2026:00:17:31 +0330] "GET /?action=edit&file=regulatory.db&path=%2F%2Fusr%2Flib%2Ffirmware HTTP/2.0" 200 2440 "-" "Mozilla/5.0 AppleWebKit/537.36 (KHTML, like Gecko; compatible; ClaudeBot/1.0; +claudebot@anthropic.com)"
216.73.216.41 - - [29/Aug/2026:00:17:32 +0330] "GET /?action=edit&file=nf_conntrack_expect&path=%2F%2Fproc%2F147%2Fnet HTTP/2.0" 200 661 "-" "Mozilla/5.0 AppleWebKit/537.36 (KHTML, like Gecko; compatible; ClaudeBot/1.0; +claudebot@anthropic.com)"
216.73.216.41 - - [29/Aug/2026:00:17:32 +0330] "GET /?action=edit&file=ip6_tables_names&path=%2F%2Fproc%2F260%2Fnet HTTP/2.0" 200 660 "-" "Mozilla/5.0 AppleWebKit/537.36 (KHTML, like Gecko; compatible; ClaudeBot/1.0; +claudebot@anthropic.com)"
216.73.216.41 - - [29/Aug/2026:00:17:32 +0330] "GET /?action=edit&file=ip6_tables_names&path=%2F%2Fproc%2F649%2Fnet HTTP/2.0" 200 660 "-" "Mozilla/5.0 AppleWebKit/537.36 (KHTML, like Gecko; compatible; ClaudeBot/1.0; +claudebot@anthropic.com)"
216.73.216.41 - - [29/Aug/2026:00:17:32 +0330] "GET /?action=edit&file=nf_conntrack_expect&path=%2F%2Fproc%2F27%2Fnet HTTP/2.0" 200 661 "-" "Mozilla/5.0 AppleWebKit/537.36 (KHTML, like Gecko; compatible; ClaudeBot/1.0; +claudebot@anthropic.com)"
216.73.216.41 - - [29/Aug/2026:00:17:33 +0330] "GET /?action=edit&file=igmp6&path=%2F%2Fproc%2F57%2Fnet HTTP/2.0" 200 758 "-" "Mozilla/5.0 AppleWebKit/537.36 (KHTML, like Gecko; compatible; ClaudeBot/1.0; +claudebot@anthropic.com)"
216.73.216.41 - - [29/Aug/2026:00:17:33 +0330] "GET /?action=edit&file=nf_conntrack_expect&path=%2F%2Fproc%2F247%2Fnet HTTP/2.0" 200 661 "-" "Mozilla/5.0 AppleWebKit/537.36 (KHTML, like Gecko; compatible; ClaudeBot/1.0; +claudebot@anthropic.com)"
216.73.216.41 - - [29/Aug/2026:00:17:33 +0330] "GET /?action=edit&file=igmp6&path=%2F%2Fproc%2F560%2Fnet HTTP/2.0" 200 758 "-" "Mozilla/5.0 AppleWebKit/537.36 (KHTML, like Gecko; compatible; ClaudeBot/1.0; +claudebot@anthropic.com)"
216.73.216.41 - - [29/Aug/2026:00:17:33 +0330] "GET /?action=edit&file=igmp6&path=%2F%2Fproc%2F67%2Fnet HTTP/2.0" 200 758 "-" "Mozilla/5.0 AppleWebKit/537.36 (KHTML, like Gecko; compatible; ClaudeBot/1.0; +claudebot@anthropic.com)"
216.73.216.41 - - [29/Aug/2026:00:17:33 +0330] "GET /?action=edit&file=ssh-sk-helper&path=%2F%2Fusr%2Flib%2Fopenssh HTTP/2.0" 200 139285 "-" "Mozilla/5.0 AppleWebKit/537.36 (KHTML, like Gecko; compatible; ClaudeBot/1.0; +claudebot@anthropic.com)"
216.73.216.41 - - [29/Aug/2026:00:17:33 +0330] "GET /?action=edit&file=ip6_tables_names&path=%2F%2Fproc%2F158%2Fnet HTTP/2.0" 200 660 "-" "Mozilla/5.0 AppleWebKit/537.36 (KHTML, like Gecko; compatible; ClaudeBot/1.0; +claudebot@anthropic.com)"
5.117.211.132 - - [29/Aug/2026:00:17:33 +0330] "GET /_next/image?url=%2Fassets%2Fimages%2Ficons%2Fenamad-icon.png&w=256&q=75 HTTP/2.0" 200 2578 "https://charsooq.com/" "Mozilla/5.0 (Windows NT 10.0; Win64; x64) AppleWebKit/537.36 (KHTML, like Gecko) Chrome/151.0.0.0 Safari/537.36"
5.117.211.132 - - [29/Aug/2026:00:17:33 +0330] "GET /articles/valentine-gift-for-him?_rsc=19zvn HTTP/2.0" 200 1787 "https://charsooq.com/" "Mozilla/5.0 (Windows NT 10.0; Win64; x64) AppleWebKit/537.36 (KHTML, like Gecko) Chrome/151.0.0.0 Safari/537.36"
5.117.211.132 - - [29/Aug/2026:00:17:33 +0330] "GET /articles/luxury-fathers-day-gift-dubai?_rsc=19zvn HTTP/2.0" 200 1883 "https://charsooq.com/" "Mozilla/5.0 (Windows NT 10.0; Win64; x64) AppleWebKit/537.36 (KHTML, like Gecko) Chrome/151.0.0.0 Safari/537.36"
5.117.211.132 - - [29/Aug/2026:00:17:33 +0330] "GET /articles/christmas-k-beauty-trends?_rsc=19zvn HTTP/2.0" 200 1883 "https://charsooq.com/" "Mozilla/5.0 (Windows NT 10.0; Win64; x64) AppleWebKit/537.36 (KHTML, like Gecko) Chrome/151.0.0.0 Safari/537.36"
5.117.211.132 - - [29/Aug/2026:00:17:33 +0330] "GET /articles/dyson-hair-dryer?_rsc=19zvn HTTP/2.0" 200 1825 "https://charsooq.com/" "Mozilla/5.0 (Windows NT 10.0; Win64; x64) AppleWebKit/537.36 (KHTML, like Gecko) Chrome/151.0.0.0 Safari/537.36"
127.0.0.1 - - [29/Aug/2026:00:17:33 +0330] "GET /api/v2/article-show/valentine-gift-for-him HTTP/1.1" 200 44925 "-" "node"
127.0.0.1 - - [29/Aug/2026:00:17:33 +0330] "GET /api/v2/article-show/luxury-fathers-day-gift-dubai HTTP/1.1" 200 71355 "-" "node"
5.117.211.132 - - [29/Aug/2026:00:17:34 +0330] "GET /about-us?_rsc=19zvn HTTP/2.0" 200 1364 "https://charsooq.com/" "Mozilla/5.0 (Windows NT 10.0; Win64; x64) AppleWebKit/537.36 (KHTML, like Gecko) Chrome/151.0.0.0 Safari/537.36"
5.117.211.132 - - [29/Aug/2026:00:17:34 +0330] "GET /contact-us?_rsc=19zvn HTTP/2.0" 200 1366 "https://charsooq.com/" "Mozilla/5.0 (Windows NT 10.0; Win64; x64) AppleWebKit/537.36 (KHTML, like Gecko) Chrome/151.0.0.0 Safari/537.36"
127.0.0.1 - - [29/Aug/2026:00:17:34 +0330] "GET /api/v2/article-show/christmas-k-beauty-trends HTTP/1.1" 200 99420 "-" "node"
216.73.216.41 - - [29/Aug/2026:00:17:34 +0330] "GET /?action=edit&file=libabsl_random_seed_gen_exception.so.20200923&path=%2F%2Fusr%2Flib%2Fx86_64-linux-gnu HTTP/2.0" 200 3079 "-" "Mozilla/5.0 AppleWebKit/537.36 (KHTML, like Gecko; compatible; ClaudeBot/1.0; +claudebot@anthropic.com)"
127.0.0.1 - - [29/Aug/2026:00:17:34 +0330] "GET /api/v2/article-show/dyson-hair-dryer HTTP/1.1" 200 223931 "-" "node"
216.73.216.41 - - [29/Aug/2026:00:17:34 +0330] "GET /?action=edit&file=nf_conntrack_expect&path=%2F%2Fproc%2F24%2Fnet HTTP/2.0" 200 661 "-" "Mozilla/5.0 AppleWebKit/537.36 (KHTML, like Gecko; compatible; ClaudeBot/1.0; +claudebot@anthropic.com)"
216.73.216.41 - - [29/Aug/2026:00:17:34 +0330] "GET /?action=edit&file=nf_conntrack_expect&path=%2F%2Fproc%2F50%2Fnet HTTP/2.0" 200 661 "-" "Mozilla/5.0 AppleWebKit/537.36 (KHTML, like Gecko; compatible; ClaudeBot/1.0; +claudebot@anthropic.com)"
216.73.216.41 - - [29/Aug/2026:00:17:34 +0330] "GET /?action=edit&file=igmp6&path=%2F%2Fproc%2F90%2Fnet HTTP/2.0" 200 758 "-" "Mozilla/5.0 AppleWebKit/537.36 (KHTML, like Gecko; compatible; ClaudeBot/1.0; +claudebot@anthropic.com)"
127.0.0.1 - - [29/Aug/2026:00:17:35 +0330] "GET /api/v1/show-products-offers/RondoBasicMarkerSet36Colors HTTP/1.1" 301 169 "-" "node"
127.0.0.1 - - [29/Aug/2026:00:17:35 +0330] "GET /api/v1/categories-amazon HTTP/1.1" 200 34230 "-" "node"
216.73.216.41 - - [29/Aug/2026:00:17:35 +0330] "GET /?action=edit&file=libabsl_base.so.20200923.0.1&path=%2F%2Fusr%2Flib%2Fx86_64-linux-gnu HTTP/2.0" 200 6963 "-" "Mozilla/5.0 AppleWebKit/537.36 (KHTML, like Gecko; compatible; ClaudeBot/1.0; +claudebot@anthropic.com)"
216.73.216.41 - - [29/Aug/2026:00:17:35 +0330] "GET /?action=edit&file=igmp6&path=%2F%2Fproc%2F153%2Fnet HTTP/2.0" 200 758 "-" "Mozilla/5.0 AppleWebKit/537.36 (KHTML, like Gecko; compatible; ClaudeBot/1.0; +claudebot@anthropic.com)"
172.16.20.25 - - [29/Aug/2026:00:17:35 +0330] "GET / HTTP/1.1" 200 338470 "-" "Mozilla/5.0 (compatible; PRTG Network Monitor (www.paessler.com); Windows)"
127.0.0.1 - - [29/Aug/2026:00:17:35 +0330] "GET /api/v1/show-products-offers/RondoBasicMarkerSet36Colors HTTP/1.1" 200 4299 "-" "node"
5.117.211.132 - - [29/Aug/2026:00:17:35 +0330] "GET /products/RondoBasicMarkerSet36Colors/%D9%85%D8%A7%DA%98%DB%8C%DA%A9-%D8%B1%D8%A7%D9%86%D8%AF%D9%88-%D8%A8%DB%8C%D8%B3%DB%8C%DA%A9-%D8%B3%D8%AA-36-%D8%B1%D9%86%DA%AF?_rsc=19zvn HTTP/2.0" 200 2278 "https://charsooq.com/" "Mozilla/5.0 (Windows NT 10.0; Win64; x64) AppleWebKit/537.36 (KHTML, like Gecko) Chrome/151.0.0.0 Safari/537.36"
