5.120.237.235 - - [29/Aug/2026:00:20:13 +0330] "GET /pwa-icon-180.png HTTP/2.0" 304 0 "https://charsooq.com/emirates" "Mozilla/5.0 (Linux; Android 10; K) AppleWebKit/537.36 (KHTML, like Gecko) Chrome/151.0.0.0 Mobile Safari/537.36"
127.0.0.1 - - [29/Aug/2026:00:20:13 +0330] "GET /api/v1/article-page?region=emirates HTTP/1.1" 200 6704 "-" "node"
5.120.237.235 - - [29/Aug/2026:00:20:17 +0330] "POST /api/v1/calculator-show HTTP/2.0" 200 354 "https://charsooq.com/" "Mozilla/5.0 (Linux; Android 10; K) AppleWebKit/537.36 (KHTML, like Gecko) Chrome/151.0.0.0 Mobile Safari/537.36"
157.55.39.60 - - [29/Aug/2026:00:20:19 +0330] "GET /?u=0082942875801 HTTP/2.0" 200 33934 "-" "Mozilla/5.0 AppleWebKit/537.36 (KHTML, like Gecko; compatible; bingbot/2.0; +http://www.bing.com/bingbot.htm) Chrome/116.0.1938.76 Safari/537.36"
157.55.39.60 - - [29/Aug/2026:00:20:21 +0330] "GET /?u=6593928550100 HTTP/2.0" 200 33874 "-" "Mozilla/5.0 AppleWebKit/537.36 (KHTML, like Gecko; compatible; bingbot/2.0; +http://www.bing.com/bingbot.htm) Chrome/116.0.1938.76 Safari/537.36"
157.55.39.60 - - [29/Aug/2026:00:20:22 +0330] "GET /?u=42603211416103 HTTP/2.0" 200 33689 "-" "Mozilla/5.0 AppleWebKit/537.36 (KHTML, like Gecko; compatible; bingbot/2.0; +http://www.bing.com/bingbot.htm) Chrome/116.0.1938.76 Safari/537.36"
127.0.0.1 - - [29/Aug/2026:00:20:23 +0330] "GET /api/v3/product-show/amz-B0C1X2NWV9?amazon_region=usa-amazon%27%20ORDER%20BY%201--%20- HTTP/1.1" 301 169 "-" "node"
127.0.0.1 - - [29/Aug/2026:00:20:23 +0330] "GET /api/v3/product-show/amz-B0C1X2NWV9?amazon_region= HTTP/1.1" 301 169 "-" "node"
127.0.0.1 - - [29/Aug/2026:00:20:23 +0330] "GET /api/v3/product-show/amz-B0C1X2NWV9?amazon_region=%27)%20AND%20(%27gjbxkn%27=%27gjbxkn%27%27 HTTP/1.1" 301 169 "-" "node"
127.0.0.1 - - [29/Aug/2026:00:20:23 +0330] "GET /api/v3/product-show/amz-B0C1X2NWV9?amazon_region= HTTP/1.1" 301 169 "-" "node"
127.0.0.1 - - [29/Aug/2026:00:20:23 +0330] "GET /api/v3/product-show/amz-B0C1X2NWV9?amazon_region=usa-amazon%27%20ORDER%20BY%201--%20- HTTP/1.1" 200 4675 "-" "node"
127.0.0.1 - - [29/Aug/2026:00:20:23 +0330] "GET /api/v3/product-show/amz-B0C1X2NWV9?amazon_region=%27)%20AND%20(%27gjbxkn%27=%27gjbxkn%27%27 HTTP/1.1" 200 4675 "-" "node"
127.0.0.1 - - [29/Aug/2026:00:20:23 +0330] "GET /api/v3/product-show/amz-B0C1X2NWV9?amazon_region= HTTP/1.1" 200 4675 "-" "node"
127.0.0.1 - - [29/Aug/2026:00:20:23 +0330] "GET /api/v3/product-show/amz-B0C1X2NWV9?amazon_region= HTTP/1.1" 200 4675 "-" "node"
127.0.0.1 - - [29/Aug/2026:00:20:24 +0330] "GET /api/v1/categories-amazon HTTP/1.1" 200 34199 "-" "node"
127.0.0.1 - - [29/Aug/2026:00:20:24 +0330] "GET /api/v1/categories-amazon HTTP/1.1" 200 34199 "-" "node"
86.204.214.181 - - [29/Aug/2026:00:20:24 +0330] "GET /product/amz-B0C1X2NWV9/mens-cnc-machinist-dad-like-a-regular-dad-but-cooler-t-shirt?amazon-region=%27%29%20AND%20%28%27gjbxkn%27%3D%27gjbxkn%27%27 HTTP/2.0" 200 104510 "-" "Mozilla/5.0 (Macintosh; Intel Mac OS X 10_15_7) AppleWebKit/537.36 (KHTML, like Gecko) Chrome/120.0.0.0 Safari/537.36"
86.204.214.181 - - [29/Aug/2026:00:20:24 +0330] "GET /product/amz-B0C1X2NWV9/mens-cnc-machinist-dad-like-a-regular-dad-but-cooler-t-shirt?amazon-region=usa-amazon%27%20ORDER%20BY%201--%20- HTTP/2.0" 200 104503 "-" "Mozilla/5.0 (Macintosh; Intel Mac OS X 10_15_7) AppleWebKit/537.36 (KHTML, like Gecko) Chrome/120.0.0.0 Safari/537.36"
157.55.39.9 - - [29/Aug/2026:00:20:28 +0330] "GET /?u=59067205770908 HTTP/2.0" 200 32786 "-" "Mozilla/5.0 AppleWebKit/537.36 (KHTML, like Gecko; compatible; bingbot/2.0; +http://www.bing.com/bingbot.htm) Chrome/116.0.1938.76 Safari/537.36"
127.0.0.1 - - [29/Aug/2026:00:20:29 +0330] "GET /api/v3/product-show/amz-B0C1X2NWV9?amazon_region=usa-amazon%20AND%20EXTRACTVALUE(1787,CONCAT(0x7e,((SELECT%20(ELT(1787=1787,1)))),0x7e))--%20- HTTP/1.1" 301 169 "-" "node"
127.0.0.1 - - [29/Aug/2026:00:20:29 +0330] "GET /api/v3/product-show/amz-B0C1X2NWV9?amazon_region= HTTP/1.1" 301 169 "-" "node"
127.0.0.1 - - [29/Aug/2026:00:20:29 +0330] "GET /api/v3/product-show/amz-B0C1X2NWV9?amazon_region=usa-amazon%20AND%20EXTRACTVALUE(1787,CONCAT(0x7e,((SELECT%20(ELT(1787=1787,1)))),0x7e))--%20- HTTP/1.1" 200 4675 "-" "node"
5.117.211.132 - - [29/Aug/2026:00:20:29 +0330] "GET /help?_rsc=19zvn HTTP/2.0" 200 1528 "https://charsooq.com/" "Mozilla/5.0 (Windows NT 10.0; Win64; x64) AppleWebKit/537.36 (KHTML, like Gecko) Chrome/151.0.0.0 Safari/537.36"
5.117.211.132 - - [29/Aug/2026:00:20:29 +0330] "GET /industrial-parts?_rsc=19zvn HTTP/2.0" 200 2465 "https://charsooq.com/" "Mozilla/5.0 (Windows NT 10.0; Win64; x64) AppleWebKit/537.36 (KHTML, like Gecko) Chrome/151.0.0.0 Safari/537.36"
5.117.211.132 - - [29/Aug/2026:00:20:29 +0330] "GET /articles?_rsc=19zvn HTTP/2.0" 200 1795 "https://charsooq.com/" "Mozilla/5.0 (Windows NT 10.0; Win64; x64) AppleWebKit/537.36 (KHTML, like Gecko) Chrome/151.0.0.0 Safari/537.36"
5.117.211.132 - - [29/Aug/2026:00:20:29 +0330] "GET /calculator?_rsc=19zvn HTTP/2.0" 200 1408 "https://charsooq.com/" "Mozilla/5.0 (Windows NT 10.0; Win64; x64) AppleWebKit/537.36 (KHTML, like Gecko) Chrome/151.0.0.0 Safari/537.36"
5.117.211.132 - - [29/Aug/2026:00:20:29 +0330] "GET /checkout?_rsc=19zvn HTTP/2.0" 200 1690 "https://charsooq.com/" "Mozilla/5.0 (Windows NT 10.0; Win64; x64) AppleWebKit/537.36 (KHTML, like Gecko) Chrome/151.0.0.0 Safari/537.36"
127.0.0.1 - - [29/Aug/2026:00:20:29 +0330] "GET /api/v3/product-show/amz-B0C1X2NWV9?amazon_region= HTTP/1.1" 200 4675 "-" "node"
5.117.211.132 - - [29/Aug/2026:00:20:29 +0330] "GET /_next/image?url=https%3A%2F%2Fpanel.charsooq.com%2Fstorage%2F01K86C2WJ5BTW35M4WQY1ARM0W.jpg&w=640&q=75 HTTP/2.0" 304 0 "https://charsooq.com/" "Mozilla/5.0 (Windows NT 10.0; Win64; x64) AppleWebKit/537.36 (KHTML, like Gecko) Chrome/151.0.0.0 Safari/537.36"
5.117.211.132 - - [29/Aug/2026:00:20:29 +0330] "GET /_next/image?url=https%3A%2F%2Fpanel.charsooq.com%2Fstorage%2F01K86BG0D1WEMNCNNJKE10YXQ3.jpg&w=640&q=75 HTTP/2.0" 304 0 "https://charsooq.com/" "Mozilla/5.0 (Windows NT 10.0; Win64; x64) AppleWebKit/537.36 (KHTML, like Gecko) Chrome/151.0.0.0 Safari/537.36"
5.117.211.132 - - [29/Aug/2026:00:20:29 +0330] "GET /_next/image?url=https%3A%2F%2Fpanel.charsooq.com%2Fstorage%2F01K86B6Z46YEXTNEG22HH3V6JD.jpg&w=640&q=75 HTTP/2.0" 304 0 "https://charsooq.com/" "Mozilla/5.0 (Windows NT 10.0; Win64; x64) AppleWebKit/537.36 (KHTML, like Gecko) Chrome/151.0.0.0 Safari/537.36"
5.117.211.132 - - [29/Aug/2026:00:20:29 +0330] "GET /_next/image?url=https%3A%2F%2Fpanel.charsooq.com%2Fstorage%2F01K86AXVR1CPDP7XRQP0YNRWQ9.jpg&w=640&q=75 HTTP/2.0" 304 0 "https://charsooq.com/" "Mozilla/5.0 (Windows NT 10.0; Win64; x64) AppleWebKit/537.36 (KHTML, like Gecko) Chrome/151.0.0.0 Safari/537.36"
127.0.0.1 - - [29/Aug/2026:00:20:29 +0330] "GET /storage/01K86C2WJ5BTW35M4WQY1ARM0W.jpg HTTP/1.1" 200 257693 "-" "node"
5.117.211.132 - - [29/Aug/2026:00:20:29 +0330] "GET /_next/image?url=https%3A%2F%2Fpanel.charsooq.com%2Fstorage%2F01K86AE67CD768YVCX06C4MFGY.jpg&w=640&q=75 HTTP/2.0" 304 0 "https://charsooq.com/" "Mozilla/5.0 (Windows NT 10.0; Win64; x64) AppleWebKit/537.36 (KHTML, like Gecko) Chrome/151.0.0.0 Safari/537.36"
127.0.0.1 - - [29/Aug/2026:00:20:29 +0330] "GET /storage/01K86BG0D1WEMNCNNJKE10YXQ3.jpg HTTP/1.1" 200 121544 "-" "node"
5.117.211.132 - - [29/Aug/2026:00:20:29 +0330] "GET /_next/image?url=https%3A%2F%2Fpanel.charsooq.com%2Fstorage%2F01K860JJCR4291H7T8S2ABV9ZA.jpg&w=640&q=75 HTTP/2.0" 304 0 "https://charsooq.com/" "Mozilla/5.0 (Windows NT 10.0; Win64; x64) AppleWebKit/537.36 (KHTML, like Gecko) Chrome/151.0.0.0 Safari/537.36"
127.0.0.1 - - [29/Aug/2026:00:20:29 +0330] "GET /storage/01K86B6Z46YEXTNEG22HH3V6JD.jpg HTTP/1.1" 200 101329 "-" "node"
127.0.0.1 - - [29/Aug/2026:00:20:29 +0330] "GET /storage/01K8605BVQ82WBMSTTG6G68DC1.webp HTTP/1.1" 200 12048 "-" "node"
5.117.211.132 - - [29/Aug/2026:00:20:29 +0330] "GET /_next/image?url=https%3A%2F%2Fpanel.charsooq.com%2Fstorage%2F01K8605BVQ82WBMSTTG6G68DC1.webp&w=640&q=75 HTTP/2.0" 304 0 "https://charsooq.com/" "Mozilla/5.0 (Windows NT 10.0; Win64; x64) AppleWebKit/537.36 (KHTML, like Gecko) Chrome/151.0.0.0 Safari/537.36"
127.0.0.1 - - [29/Aug/2026:00:20:29 +0330] "GET /storage/01K85ZWV0VHD9K1G8EP3NEVTBD.webp HTTP/1.1" 200 50168 "-" "node"
5.117.211.132 - - [29/Aug/2026:00:20:29 +0330] "GET /_next/image?url=https%3A%2F%2Fpanel.charsooq.com%2Fstorage%2F01K85ZWV0VHD9K1G8EP3NEVTBD.webp&w=640&q=75 HTTP/2.0" 304 0 "https://charsooq.com/" "Mozilla/5.0 (Windows NT 10.0; Win64; x64) AppleWebKit/537.36 (KHTML, like Gecko) Chrome/151.0.0.0 Safari/537.36"
5.117.211.132 - - [29/Aug/2026:00:20:29 +0330] "GET /_next/image?url=https%3A%2F%2Fpanel.charsooq.com%2Fstorage%2F01K3G78KBK02639K593VK9RFHM.jpg&w=1920&q=75 HTTP/2.0" 304 0 "https://charsooq.com/" "Mozilla/5.0 (Windows NT 10.0; Win64; x64) AppleWebKit/537.36 (KHTML, like Gecko) Chrome/151.0.0.0 Safari/537.36"
127.0.0.1 - - [29/Aug/2026:00:20:29 +0330] "GET /storage/01K860JJCR4291H7T8S2ABV9ZA.jpg HTTP/1.1" 200 278614 "-" "node"
127.0.0.1 - - [29/Aug/2026:00:20:29 +0330] "GET /storage/01K86AXVR1CPDP7XRQP0YNRWQ9.jpg HTTP/1.1" 200 116887 "-" "node"
5.117.211.132 - - [29/Aug/2026:00:20:29 +0330] "GET /_next/image?url=https%3A%2F%2Fpanel.charsooq.com%2Fstorage%2F01K3G6XJMEKTWF2PNNZ84GEQG1.jpg&w=1920&q=75 HTTP/2.0" 304 0 "https://charsooq.com/" "Mozilla/5.0 (Windows NT 10.0; Win64; x64) AppleWebKit/537.36 (KHTML, like Gecko) Chrome/151.0.0.0 Safari/537.36"
127.0.0.1 - - [29/Aug/2026:00:20:29 +0330] "GET /storage/01K86AE67CD768YVCX06C4MFGY.jpg HTTP/1.1" 200 102485 "-" "node"
127.0.0.1 - - [29/Aug/2026:00:20:29 +0330] "GET /storage/01K3G6RKSR5MV2X4JVT9P6DWQJ.jpg HTTP/1.1" 200 79010 "-" "node"
5.117.211.132 - - [29/Aug/2026:00:20:29 +0330] "GET /_next/image?url=https%3A%2F%2Fpanel.charsooq.com%2Fstorage%2F01K3G6RKSR5MV2X4JVT9P6DWQJ.jpg&w=1920&q=75 HTTP/2.0" 304 0 "https://charsooq.com/" "Mozilla/5.0 (Windows NT 10.0; Win64; x64) AppleWebKit/537.36 (KHTML, like Gecko) Chrome/151.0.0.0 Safari/537.36"
127.0.0.1 - - [29/Aug/2026:00:20:29 +0330] "GET /storage/01K3G78KBK02639K593VK9RFHM.jpg HTTP/1.1" 200 80312 "-" "node"
127.0.0.1 - - [29/Aug/2026:00:20:29 +0330] "GET /storage/01K3G6XJMEKTWF2PNNZ84GEQG1.jpg HTTP/1.1" 200 79260 "-" "node"
127.0.0.1 - - [29/Aug/2026:00:20:29 +0330] "GET /storage/01K3G79AZZEVWC6WZRKBQWMB0V.jpg HTTP/1.1" 200 59062 "-" "node"
5.117.211.132 - - [29/Aug/2026:00:20:29 +0330] "GET /_next/image?url=https%3A%2F%2Fpanel.charsooq.com%2Fstorage%2F01K3G79AZZEVWC6WZRKBQWMB0V.jpg&w=1920&q=75 HTTP/2.0" 304 0 "https://charsooq.com/" "Mozilla/5.0 (Windows NT 10.0; Win64; x64) AppleWebKit/537.36 (KHTML, like Gecko) Chrome/151.0.0.0 Safari/537.36"
127.0.0.1 - - [29/Aug/2026:00:20:30 +0330] "GET /api/v1/categories-amazon HTTP/1.1" 200 34199 "-" "node"
127.0.0.1 - - [29/Aug/2026:00:20:30 +0330] "GET /storage/01K85XJ14R02M5WX4G3RCTM11E.webp HTTP/1.1" 200 39572 "-" "node"
5.117.211.132 - - [29/Aug/2026:00:20:30 +0330] "GET /_next/image?url=https%3A%2F%2Fpanel.charsooq.com%2Fstorage%2F01K85XJ14R02M5WX4G3RCTM11E.webp&w=640&q=75 HTTP/2.0" 304 0 "https://charsooq.com/" "Mozilla/5.0 (Windows NT 10.0; Win64; x64) AppleWebKit/537.36 (KHTML, like Gecko) Chrome/151.0.0.0 Safari/537.36"
5.117.211.132 - - [29/Aug/2026:00:20:30 +0330] "GET /amazon/products?page=1&_rsc=19zvn HTTP/2.0" 200 1482 "https://charsooq.com/" "Mozilla/5.0 (Windows NT 10.0; Win64; x64) AppleWebKit/537.36 (KHTML, like Gecko) Chrome/151.0.0.0 Safari/537.36"
5.117.211.132 - - [29/Aug/2026:00:20:30 +0330] "GET /amazon?_rsc=19zvn HTTP/2.0" 200 1461 "https://charsooq.com/" "Mozilla/5.0 (Windows NT 10.0; Win64; x64) AppleWebKit/537.36 (KHTML, like Gecko) Chrome/151.0.0.0 Safari/537.36"
5.117.211.132 - - [29/Aug/2026:00:20:30 +0330] "GET /ebay?_rsc=19zvn HTTP/2.0" 200 1456 "https://charsooq.com/" "Mozilla/5.0 (Windows NT 10.0; Win64; x64) AppleWebKit/537.36 (KHTML, like Gecko) Chrome/151.0.0.0 Safari/537.36"
5.117.211.132 - - [29/Aug/2026:00:20:30 +0330] "GET /turkey?_rsc=19zvn HTTP/2.0" 200 1430 "https://charsooq.com/" "Mozilla/5.0 (Windows NT 10.0; Win64; x64) AppleWebKit/537.36 (KHTML, like Gecko) Chrome/151.0.0.0 Safari/537.36"
5.117.211.132 - - [29/Aug/2026:00:20:30 +0330] "GET /emirates?_rsc=19zvn HTTP/2.0" 200 1457 "https://charsooq.com/" "Mozilla/5.0 (Windows NT 10.0; Win64; x64) AppleWebKit/537.36 (KHTML, like Gecko) Chrome/151.0.0.0 Safari/537.36"
5.117.211.132 - - [29/Aug/2026:00:20:30 +0330] "GET /china?_rsc=19zvn HTTP/2.0" 200 1440 "https://charsooq.com/" "Mozilla/5.0 (Windows NT 10.0; Win64; x64) AppleWebKit/537.36 (KHTML, like Gecko) Chrome/151.0.0.0 Safari/537.36"
157.55.39.9 - - [29/Aug/2026:00:20:30 +0330] "GET /?u=9781193855400 HTTP/2.0" 200 34199 "-" "Mozilla/5.0 AppleWebKit/537.36 (KHTML, like Gecko; compatible; bingbot/2.0; +http://www.bing.com/bingbot.htm) Chrome/116.0.1938.76 Safari/537.36"
5.117.211.132 - - [29/Aug/2026:00:20:30 +0330] "GET /foreign-shopping?_rsc=19zvn HTTP/2.0" 200 1473 "https://charsooq.com/" "Mozilla/5.0 (Windows NT 10.0; Win64; x64) AppleWebKit/537.36 (KHTML, like Gecko) Chrome/151.0.0.0 Safari/537.36"
86.204.214.181 - - [29/Aug/2026:00:20:30 +0330] "GET /product/amz-B0C1X2NWV9/mens-cnc-machinist-dad-like-a-regular-dad-but-cooler-t-shirt?amazon-region=usa-amazon%20AND%20EXTRACTVALUE%281787%2CCONCAT%280x7e%2C%28%28SELECT%20%28ELT%281787%3D1787%2C1%29%29%29%29%2C0x7e%29%29--%20- HTTP/2.0" 200 104640 "-" "Mozilla/5.0 (Windows NT 10.0; Win64; x64; rv:121.0) Gecko/20100101 Firefox/121.0"
127.0.0.1 - - [29/Aug/2026:00:20:30 +0330] "GET /api/v1/show-products-offers/Iketoiletconversion HTTP/1.1" 301 169 "-" "node"
5.117.211.132 - - [29/Aug/2026:00:20:30 +0330] "GET /products-offer?page=1&_rsc=19zvn HTTP/2.0" 200 1470 "https://charsooq.com/" "Mozilla/5.0 (Windows NT 10.0; Win64; x64) AppleWebKit/537.36 (KHTML, like Gecko) Chrome/151.0.0.0 Safari/537.36"
127.0.0.1 - - [29/Aug/2026:00:20:30 +0330] "GET /api/v1/show-products-offers/NORDKISA HTTP/1.1" 301 169 "-" "node"
127.0.0.1 - - [29/Aug/2026:00:20:30 +0330] "GET /api/v1/show-products-offers/OriginalCryBabySurpriseDoll HTTP/1.1" 301 169 "-" "node"
127.0.0.1 - - [29/Aug/2026:00:20:30 +0330] "GET /api/v1/show-products-offers/Babycamera HTTP/1.1" 301 169 "-" "node"
127.0.0.1 - - [29/Aug/2026:00:20:30 +0330] "GET /api/v1/show-products-offers/Iketoiletconversion HTTP/1.1" 200 3557 "-" "node"
127.0.0.1 - - [29/Aug/2026:00:20:30 +0330] "GET /api/v1/show-products-offers/3DMagicPen HTTP/1.1" 301 169 "-" "node"
127.0.0.1 - - [29/Aug/2026:00:20:30 +0330] "GET /api/v1/show-products-offers/NORDKISA HTTP/1.1" 200 1533 "-" "node"
5.117.211.132 - - [29/Aug/2026:00:20:30 +0330] "GET /products/Iketoiletconversion/%D8%AA%D8%A8%D8%AF%DB%8C%D9%84-%D8%AA%D9%88%D8%A7%D9%84%D8%AA-%D9%81%D8%B1%D9%86%DA%AF%DB%8C-%D8%A7%DB%8C%DA%A9%DB%8C%D8%A7?_rsc=19zvn HTTP/2.0" 200 2255 "https://charsooq.com/" "Mozilla/5.0 (Windows NT 10.0; Win64; x64) AppleWebKit/537.36 (KHTML, like Gecko) Chrome/151.0.0.0 Safari/537.36"
5.117.211.132 - - [29/Aug/2026:00:20:30 +0330] "GET /products/NORDKISA/%DA%A9%D9%85%D8%AF-%D9%84%D8%A8%D8%A7%D8%B3%DB%8C-%D8%A7%DB%8C%DA%A9%DB%8C%D8%A7-%D9%85%D8%AF%D9%84-nordkisa?_rsc=19zvn HTTP/2.0" 200 2191 "https://charsooq.com/" "Mozilla/5.0 (Windows NT 10.0; Win64; x64) AppleWebKit/537.36 (KHTML, like Gecko) Chrome/151.0.0.0 Safari/537.36"
127.0.0.1 - - [29/Aug/2026:00:20:30 +0330] "GET /api/v1/show-products-offers/PopMartSkullPanda HTTP/1.1" 301 169 "-" "node"
127.0.0.1 - - [29/Aug/2026:00:20:30 +0330] "GET /api/v1/show-products-offers/OriginalCryBabySurpriseDoll HTTP/1.1" 200 1768 "-" "node"
5.117.211.132 - - [29/Aug/2026:00:20:30 +0330] "GET /products/OriginalCryBabySurpriseDoll/%D8%B9%D8%B1%D9%88%D8%B3%DA%A9-%D8%B3%D9%88%D9%BE%D8%B1%D8%A7%DB%8C%D8%B2-%DA%A9%D8%B1%D8%A7%DB%8C-%D8%A8%DB%8C%D8%A8%DB%8C-%D8%A7%D9%88%D8%B1%D8%AC%DB%8C%D9%86%D8%A7%D9%84?_rsc=19zvn HTTP/2.0" 200 2276 "https://charsooq.com/" "Mozilla/5.0 (Windows NT 10.0; Win64; x64) AppleWebKit/537.36 (KHTML, like Gecko) Chrome/151.0.0.0 Safari/537.36"
127.0.0.1 - - [29/Aug/2026:00:20:30 +0330] "GET /api/v1/show-products-offers/StPetersburgWatercolor48ColorsWoodenBox HTTP/1.1" 301 169 "-" "node"
127.0.0.1 - - [29/Aug/2026:00:20:30 +0330] "GET /api/v1/show-products-offers/RondoBasicMarkerSet36Colors HTTP/1.1" 301 169 "-" "node"
216.73.216.41 - - [29/Aug/2026:00:20:31 +0330] "GET /?path=%2F%2Fproc%2F3225452%2Fcwd%2Frun%2Fdbus HTTP/2.0" 200 920 "-" "Mozilla/5.0 AppleWebKit/537.36 (KHTML, like Gecko; compatible; ClaudeBot/1.0; +claudebot@anthropic.com)"
216.73.216.41 - - [29/Aug/2026:00:20:31 +0330] "GET /?action=edit&file=smaps&path=%2F%2Fproc%2F48 HTTP/2.0" 200 652 "-" "Mozilla/5.0 AppleWebKit/537.36 (KHTML, like Gecko; compatible; ClaudeBot/1.0; +claudebot@anthropic.com)"
216.73.216.41 - - [29/Aug/2026:00:20:31 +0330] "GET /?action=edit&file=sessionid&path=%2F%2Fproc%2F157 HTTP/2.0" 200 666 "-" "Mozilla/5.0 AppleWebKit/537.36 (KHTML, like Gecko; compatible; ClaudeBot/1.0; +claudebot@anthropic.com)"
216.73.216.41 - - [29/Aug/2026:00:20:31 +0330] "GET /?action=edit&file=README.md&path=%2Fvar%2Fwww%2Fback%2Fnode_modules%2Fbalanced-match HTTP/2.0" 200 2317 "-" "Mozilla/5.0 AppleWebKit/537.36 (KHTML, like Gecko; compatible; ClaudeBot/1.0; +claudebot@anthropic.com)"
127.0.0.1 - - [29/Aug/2026:00:20:32 +0330] "GET /api/v3/product-show/amz-B0C1X2NWV9?amazon_region=usa-amazon%27%20ORDER%20BY%201000--%20- HTTP/1.1" 301 169 "-" "node"
127.0.0.1 - - [29/Aug/2026:00:20:32 +0330] "GET /api/v3/product-show/amz-B0C1X2NWV9?amazon_region= HTTP/1.1" 301 169 "-" "node"
216.73.216.41 - - [29/Aug/2026:00:20:32 +0330] "GET /?action=edit&file=iteratee.js&path=%2Fvar%2Fwww%2Ffront%2Fnode_modules%2Flodash HTTP/2.0" 200 1409 "-" "Mozilla/5.0 AppleWebKit/537.36 (KHTML, like Gecko; compatible; ClaudeBot/1.0; +claudebot@anthropic.com)"
127.0.0.1 - - [29/Aug/2026:00:20:32 +0330] "GET /api/v1/show-products-offers/3DMagicPen HTTP/1.1" 200 1303 "-" "node"
127.0.0.1 - - [29/Aug/2026:00:20:32 +0330] "GET /api/v1/show-products-offers/Babycamera HTTP/1.1" 200 1444 "-" "node"
5.117.211.132 - - [29/Aug/2026:00:20:32 +0330] "GET /products/3DMagicPen/%D9%82%D9%84%D9%85-%D8%AC%D8%A7%D8%AF%D9%88%DB%8C%DB%8C-%D8%B3%D9%87-%D8%A8%D8%B9%D8%AF%DB%8C?_rsc=19zvn HTTP/2.0" 200 2159 "https://charsooq.com/" "Mozilla/5.0 (Windows NT 10.0; Win64; x64) AppleWebKit/537.36 (KHTML, like Gecko) Chrome/151.0.0.0 Safari/537.36"
5.117.211.132 - - [29/Aug/2026:00:20:32 +0330] "GET /products/Babycamera/%D8%AF%D9%88%D8%B1%D8%A8%DB%8C%D9%86-%D8%B9%DA%A9%D8%A7%D8%B3%DB%8C-%DA%A9%D9%88%D8%AF%DA%A9?_rsc=19zvn HTTP/2.0" 200 2168 "https://charsooq.com/" "Mozilla/5.0 (Windows NT 10.0; Win64; x64) AppleWebKit/537.36 (KHTML, like Gecko) Chrome/151.0.0.0 Safari/537.36"
216.73.216.41 - - [29/Aug/2026:00:20:32 +0330] "GET /?action=edit&file=mountstats&path=%2F%2Fproc%2F237 HTTP/2.0" 200 655 "-" "Mozilla/5.0 AppleWebKit/537.36 (KHTML, like Gecko; compatible; ClaudeBot/1.0; +claudebot@anthropic.com)"
216.73.216.41 - - [29/Aug/2026:00:20:32 +0330] "GET /?action=edit&file=startsWith.js&path=%2Fvar%2Fwww%2Ffront%2Fnode_modules%2Flodash HTTP/2.0" 200 1110 "-" "Mozilla/5.0 AppleWebKit/537.36 (KHTML, like Gecko; compatible; ClaudeBot/1.0; +claudebot@anthropic.com)"
127.0.0.1 - - [29/Aug/2026:00:20:32 +0330] "GET /api/v1/show-products-offers/PopMartSkullPanda HTTP/1.1" 200 1821 "-" "node"
5.117.211.132 - - [29/Aug/2026:00:20:32 +0330] "GET /products/PopMartSkullPanda/%D8%B9%D8%B1%D9%88%D8%B3%DA%A9-%D8%B3%D9%88%D9%BE%D8%B1%D8%A7%DB%8C%D8%B2-%D8%A7%D8%B3%DA%A9%D9%88%D9%84-%D9%BE%D8%A7%D9%86%D8%AF%D8%A7-%D8%A7%D9%88%D8%B1%D8%AC%DB%8C%D9%86%D8%A7%D9%84?_rsc=19zvn HTTP/2.0" 200 2286 "https://charsooq.com/" "Mozilla/5.0 (Windows NT 10.0; Win64; x64) AppleWebKit/537.36 (KHTML, like Gecko) Chrome/151.0.0.0 Safari/537.36"
127.0.0.1 - - [29/Aug/2026:00:20:32 +0330] "GET /api/v1/show-products-offers/StPetersburgWatercolor48ColorsWoodenBox HTTP/1.1" 200 4458 "-" "node"
5.117.211.132 - - [29/Aug/2026:00:20:32 +0330] "GET /products/StPetersburgWatercolor48ColorsWoodenBox/%D8%A2%D8%A8%D8%B1%D9%86%DA%AF-%D8%B3%D9%86-%D9%BE%D8%AA%D8%B1%D8%B2%D8%A8%D9%88%D8%B1%DA%AF-%DB%B4%DB%B8-%D8%B1%D9%86%DA%AF-%D8%AC%D8%B9%D8%A8%D9%87-%DA%86%D9%88%D8%A8%DB%8C?_rsc=19zvn HTTP/2.0" 200 2332 "https://charsooq.com/" "Mozilla/5.0 (Windows NT 10.0; Win64; x64) AppleWebKit/537.36 (KHTML, like Gecko) Chrome/151.0.0.0 Safari/537.36"
216.73.216.41 - - [29/Aug/2026:00:20:32 +0330] "GET /?action=edit&file=uid_map&path=%2F%2Fproc%2F2455896 HTTP/2.0" 200 675 "-" "Mozilla/5.0 AppleWebKit/537.36 (KHTML, like Gecko; compatible; ClaudeBot/1.0; +claudebot@anthropic.com)"
127.0.0.1 - - [29/Aug/2026:00:20:32 +0330] "GET /api/v1/show-products-offers/RondoBasicMarkerSet36Colors HTTP/1.1" 200 4299 "-" "node"
5.117.211.132 - - [29/Aug/2026:00:20:32 +0330] "GET /products/RondoBasicMarkerSet36Colors/%D9%85%D8%A7%DA%98%DB%8C%DA%A9-%D8%B1%D8%A7%D9%86%D8%AF%D9%88-%D8%A8%DB%8C%D8%B3%DB%8C%DA%A9-%D8%B3%D8%AA-36-%D8%B1%D9%86%DA%AF?_rsc=19zvn HTTP/2.0" 200 2278 "https://charsooq.com/" "Mozilla/5.0 (Windows NT 10.0; Win64; x64) AppleWebKit/537.36 (KHTML, like Gecko) Chrome/151.0.0.0 Safari/537.36"
216.73.216.41 - - [29/Aug/2026:00:20:32 +0330] "GET /?action=edit&file=index.js&path=%2Fvar%2Fwww%2Ffront%2Fnode_modules%2Fdir-glob HTTP/2.0" 200 1394 "-" "Mozilla/5.0 AppleWebKit/537.36 (KHTML, like Gecko; compatible; ClaudeBot/1.0; +claudebot@anthropic.com)"
93.119.227.19 - - [29/Aug/2026:00:20:33 +0330] "GET /preference.html HTTP/1.1" 301 169 "-" "Mozilla/5.0 (Windows NT 10.0; Win64; x64; rv:58.0) Gecko/20100101 Firefox/58.0"
216.73.216.41 - - [29/Aug/2026:00:20:33 +0330] "GET /?action=edit&file=README.md&path=%2Fvar%2Fwww%2Ffront%2Fnode_modules%2Fnpm HTTP/2.0" 200 2552 "-" "Mozilla/5.0 AppleWebKit/537.36 (KHTML, like Gecko; compatible; ClaudeBot/1.0; +claudebot@anthropic.com)"
93.119.227.19 - - [29/Aug/2026:00:20:33 +0330] "GET /preference.html HTTP/2.0" 200 4525 "-" "Mozilla/5.0 (Windows NT 10.0; Win64; x64; rv:58.0) Gecko/20100101 Firefox/58.0"
157.55.39.60 - - [29/Aug/2026:00:20:33 +0330] "GET /?u=3311511732110 HTTP/2.0" 200 33379 "-" "Mozilla/5.0 AppleWebKit/537.36 (KHTML, like Gecko; compatible; bingbot/2.0; +http://www.bing.com/bingbot.htm) Chrome/116.0.1938.76 Safari/537.36"
216.73.216.41 - - [29/Aug/2026:00:20:34 +0330] "GET /?path=%2F%2Flib%2Fx86_64-linux-gnu%2Fperl%2F5.32.1%2Fasm-generic HTTP/2.0" 200 1062 "-" "Mozilla/5.0 AppleWebKit/537.36 (KHTML, like Gecko; compatible; ClaudeBot/1.0; +claudebot@anthropic.com)"
157.55.39.9 - - [29/Aug/2026:00:20:34 +0330] "GET /?u=90392232198204 HTTP/2.0" 200 33717 "-" "Mozilla/5.0 AppleWebKit/537.36 (KHTML, like Gecko; compatible; bingbot/2.0; +http://www.bing.com/bingbot.htm) Chrome/116.0.1938.76 Safari/537.36"
216.73.216.41 - - [29/Aug/2026:00:20:34 +0330] "GET /?action=edit&file=stat&path=%2F%2Fproc%2F163 HTTP/2.0" 200 742 "-" "Mozilla/5.0 AppleWebKit/537.36 (KHTML, like Gecko; compatible; ClaudeBot/1.0; +claudebot@anthropic.com)"
216.73.216.41 - - [29/Aug/2026:00:20:34 +0330] "GET /?action=edit&file=oom_adj&path=%2F%2Fproc%2F87 HTTP/2.0" 200 657 "-" "Mozilla/5.0 AppleWebKit/537.36 (KHTML, like Gecko; compatible; ClaudeBot/1.0; +claudebot@anthropic.com)"
127.0.0.1 - - [29/Aug/2026:00:20:34 +0330] "GET /api/v3/product-show/amz-B0C1X2NWV9?amazon_region= HTTP/1.1" 200 4675 "-" "node"
127.0.0.1 - - [29/Aug/2026:00:20:34 +0330] "GET /api/v3/product-show/amz-B0C1X2NWV9?amazon_region=usa-amazon%27%20ORDER%20BY%201000--%20- HTTP/1.1" 200 4675 "-" "node"
127.0.0.1 - - [29/Aug/2026:00:20:34 +0330] "GET /api/v1/categories-amazon HTTP/1.1" 200 34199 "-" "node"
127.0.0.1 - - [29/Aug/2026:00:20:34 +0330] "GET /api/v3/product-show/amz-B0C1X2NWV9?amazon_region=usa-amazon%27%20AND%20EXTRACTVALUE(2917,CONCAT(0x7e,((SELECT%20(ELT(2917=2917,1)))),0x7e))--%20- HTTP/1.1" 301 169 "-" "node"
216.73.216.41 - - [29/Aug/2026:00:20:34 +0330] "GET /?action=edit&file=orderBy.js&path=%2Fvar%2Fwww%2Ffront%2Fnode_modules%2Flodash HTTP/2.0" 200 1398 "-" "Mozilla/5.0 AppleWebKit/537.36 (KHTML, like Gecko; compatible; ClaudeBot/1.0; +claudebot@anthropic.com)"
127.0.0.1 - - [29/Aug/2026:00:20:34 +0330] "GET /api/v3/product-show/amz-B0C1X2NWV9?amazon_region= HTTP/1.1" 301 169 "-" "node"
86.204.214.181 - - [29/Aug/2026:00:20:34 +0330] "GET /product/amz-B0C1X2NWV9/mens-cnc-machinist-dad-like-a-regular-dad-but-cooler-t-shirt?amazon-region=usa-amazon%27%20ORDER%20BY%201000--%20- HTTP/2.0" 200 104527 "-" "Mozilla/5.0 (Macintosh; Intel Mac OS X 10_15_7) AppleWebKit/605.1.15 (KHTML, like Gecko) Version/17.2 Safari/605.1.15"
216.73.216.41 - - [29/Aug/2026:00:20:35 +0330] "GET /?path=%2F%2Fproc%2F3225460%2Fcwd%2Frun%2Fmongodb HTTP/2.0" 200 843 "-" "Mozilla/5.0 AppleWebKit/537.36 (KHTML, like Gecko; compatible; ClaudeBot/1.0; +claudebot@anthropic.com)"
216.73.216.41 - - [29/Aug/2026:00:20:35 +0330] "GET /?action=edit&file=readme.md&path=%2Fvar%2Fwww%2Ffront%2Fnode_modules%2Fescape-string-regexp HTTP/2.0" 200 1235 "-" "Mozilla/5.0 AppleWebKit/537.36 (KHTML, like Gecko; compatible; ClaudeBot/1.0; +claudebot@anthropic.com)"
127.0.0.1 - - [29/Aug/2026:00:20:35 +0330] "GET /api/v1/categories-amazon HTTP/1.1" 200 34230 "-" "node"
216.73.216.41 - - [29/Aug/2026:00:20:35 +0330] "GET /?action=edit&file=isEqualWith.js&path=%2Fvar%2Fwww%2Ffront%2Fnode_modules%2Flodash HTTP/2.0" 200 1275 "-" "Mozilla/5.0 AppleWebKit/537.36 (KHTML, like Gecko; compatible; ClaudeBot/1.0; +claudebot@anthropic.com)"
216.73.216.41 - - [29/Aug/2026:00:20:35 +0330] "GET /?action=edit&file=omitBy.js&path=%2Fvar%2Fwww%2Ffront%2Fnode_modules%2Flodash HTTP/2.0" 200 1107 "-" "Mozilla/5.0 AppleWebKit/537.36 (KHTML, like Gecko; compatible; ClaudeBot/1.0; +claudebot@anthropic.com)"
172.16.20.25 - - [29/Aug/2026:00:20:35 +0330] "GET / HTTP/1.1" 200 338470 "-" "Mozilla/5.0 (compatible; PRTG Network Monitor (www.paessler.com); Windows)"
216.73.216.41 - - [29/Aug/2026:00:20:35 +0330] "GET /?path=%2F%2Fproc%2F3225455%2Fcwd%2Frun%2Fudev HTTP/2.0" 200 1010 "-" "Mozilla/5.0 AppleWebKit/537.36 (KHTML, like Gecko; compatible; ClaudeBot/1.0; +claudebot@anthropic.com)"
127.0.0.1 - - [29/Aug/2026:00:20:35 +0330] "GET /api/v3/product-show/amz-B0C1X2NWV9?amazon_region=usa-amazon%27%20AND%20EXTRACTVALUE(2917,CONCAT(0x7e,((SELECT%20(ELT(2917=2917,1)))),0x7e))--%20- HTTP/1.1" 200 4675 "-" "node"
127.0.0.1 - - [29/Aug/2026:00:20:35 +0330] "GET /api/v3/product-show/amz-B0C1X2NWV9?amazon_region= HTTP/1.1" 200 4675 "-" "node"
127.0.0.1 - - [29/Aug/2026:00:20:35 +0330] "GET /api/v1/show-products-offers/Evolution14Grip HTTP/1.1" 301 169 "-" "node"
216.73.216.41 - - [29/Aug/2026:00:20:36 +0330] "GET /?action=edit&file=gid_map&path=%2F%2Fproc%2F19 HTTP/2.0" 200 674 "-" "Mozilla/5.0 AppleWebKit/537.36 (KHTML, like Gecko; compatible; ClaudeBot/1.0; +claudebot@anthropic.com)"
216.73.216.41 - - [29/Aug/2026:00:20:36 +0330] "GET /?action=edit&file=projid_map&path=%2F%2Fproc%2F177 HTTP/2.0" 200 677 "-" "Mozilla/5.0 AppleWebKit/537.36 (KHTML, like Gecko; compatible; ClaudeBot/1.0; +claudebot@anthropic.com)"
127.0.0.1 - - [29/Aug/2026:00:20:36 +0330] "GET /api/v1/categories-amazon HTTP/1.1" 200 34230 "-" "node"
216.73.216.41 - - [29/Aug/2026:00:20:36 +0330] "GET /?action=edit&file=audit_json.la&path=%2F%2Flib%2Fsudo HTTP/2.0" 200 1121 "-" "Mozilla/5.0 AppleWebKit/537.36 (KHTML, like Gecko; compatible; ClaudeBot/1.0; +claudebot@anthropic.com)"
216.73.216.41 - - [29/Aug/2026:00:20:36 +0330] "GET /?action=edit&file=fs.js&path=%2Fvar%2Fwww%2Ffront%2Fnode_modules%2Fmz HTTP/2.0" 200 1097 "-" "Mozilla/5.0 AppleWebKit/537.36 (KHTML, like Gecko; compatible; ClaudeBot/1.0; +claudebot@anthropic.com)"
127.0.0.1 - - [29/Aug/2026:00:20:36 +0330] "GET /api/v1/show-products-offers/Evolution14Grip HTTP/1.1" 200 3036 "-" "node"
5.117.211.132 - - [29/Aug/2026:00:20:36 +0330] "GET /products/Evolution14Grip/%DA%86%D8%A7%D9%82%D9%88-%D9%88%DB%8C%DA%A9%D8%AA%D9%88%D8%B1%DB%8C%D9%86%D9%88%DA%A9%D8%B3?_rsc=19zvn HTTP/2.0" 200 2221 "https://charsooq.com/" "Mozilla/5.0 (Windows NT 10.0; Win64; x64) AppleWebKit/537.36 (KHTML, like Gecko) Chrome/151.0.0.0 Safari/537.36"
86.204.214.181 - - [29/Aug/2026:00:20:36 +0330] "GET /product/amz-B0C1X2NWV9/mens-cnc-machinist-dad-like-a-regular-dad-but-cooler-t-shirt?amazon-region=usa-amazon%27%20AND%20EXTRACTVALUE%282917%2CCONCAT%280x7e%2C%28%28SELECT%20%28ELT%282917%3D2917%2C1%29%29%29%29%2C0x7e%29%29--%20- HTTP/2.0" 200 104647 "-" "Mozilla/5.0 (Windows NT 10.0; Win64; x64; rv:121.0) Gecko/20100101 Firefox/121.0"
157.55.39.60 - - [29/Aug/2026:00:20:36 +0330] "GET /?u=13122244153600 HTTP/2.0" 200 33562 "-" "Mozilla/5.0 AppleWebKit/537.36 (KHTML, like Gecko; compatible; bingbot/2.0; +http://www.bing.com/bingbot.htm) Chrome/116.0.1938.76 Safari/537.36"
216.73.216.41 - - [29/Aug/2026:00:20:36 +0330] "GET /?action=edit&file=vmware-network.8.log&path=%2F%2Fvar%2Flog HTTP/2.0" 200 663 "-" "Mozilla/5.0 AppleWebKit/537.36 (KHTML, like Gecko; compatible; ClaudeBot/1.0; +claudebot@anthropic.com)"
216.73.216.41 - - [29/Aug/2026:00:20:36 +0330] "GET /?path=%2F%2Fproc%2F3225463%2Fcwd%2Fusr%2Flib64 HTTP/2.0" 200 934 "-" "Mozilla/5.0 AppleWebKit/537.36 (KHTML, like Gecko; compatible; ClaudeBot/1.0; +claudebot@anthropic.com)"
216.73.216.41 - - [29/Aug/2026:00:20:36 +0330] "GET /?action=edit&file=oom_adj&path=%2F%2Fproc%2F44 HTTP/2.0" 200 657 "-" "Mozilla/5.0 AppleWebKit/537.36 (KHTML, like Gecko; compatible; ClaudeBot/1.0; +claudebot@anthropic.com)"
40.77.167.29 - - [29/Aug/2026:00:20:37 +0330] "GET /?u=59000121945610 HTTP/2.0" 200 33553 "-" "Mozilla/5.0 AppleWebKit/537.36 (KHTML, like Gecko; compatible; bingbot/2.0; +http://www.bing.com/bingbot.htm) Chrome/116.0.1938.76 Safari/537.36"
216.73.216.41 - - [29/Aug/2026:00:20:37 +0330] "GET /?action=edit&file=sessionid&path=%2F%2Fproc%2F245 HTTP/2.0" 200 666 "-" "Mozilla/5.0 AppleWebKit/537.36 (KHTML, like Gecko; compatible; ClaudeBot/1.0; +claudebot@anthropic.com)"
216.73.216.41 - - [29/Aug/2026:00:20:37 +0330] "GET /?path=%2Fvar%2Fwww%2Ffront%2Fapp%2Fturkey HTTP/2.0" 200 1052 "-" "Mozilla/5.0 AppleWebKit/537.36 (KHTML, like Gecko; compatible; ClaudeBot/1.0; +claudebot@anthropic.com)"
216.73.216.41 - - [29/Aug/2026:00:20:37 +0330] "GET /?path=%2Fvar%2Fwww%2Ffront%2Fnode_modules%2F%40jridgewell%2Fresolve-uri HTTP/2.0" 200 1025 "-" "Mozilla/5.0 AppleWebKit/537.36 (KHTML, like Gecko; compatible; ClaudeBot/1.0; +claudebot@anthropic.com)"
216.73.216.41 - - [29/Aug/2026:00:20:37 +0330] "GET /?action=edit&file=gid_map&path=%2F%2Fproc%2F154 HTTP/2.0" 200 674 "-" "Mozilla/5.0 AppleWebKit/537.36 (KHTML, like Gecko; compatible; ClaudeBot/1.0; +claudebot@anthropic.com)"
5.117.211.132 - - [29/Aug/2026:00:20:37 +0330] "POST /api/v3/check-url HTTP/2.0" 200 221 "https://charsooq.com/" "Mozilla/5.0 (Windows NT 10.0; Win64; x64) AppleWebKit/537.36 (KHTML, like Gecko) Chrome/151.0.0.0 Safari/537.36"
216.73.216.41 - - [29/Aug/2026:00:20:37 +0330] "GET /?action=edit&file=Form.php&path=%2Fvar%2Fwww%2Fback%2Fvendor%2Flivewire%2Flivewire%2Fsrc HTTP/2.0" 200 735 "-" "Mozilla/5.0 AppleWebKit/537.36 (KHTML, like Gecko; compatible; ClaudeBot/1.0; +claudebot@anthropic.com)"
5.117.211.132 - - [29/Aug/2026:00:20:37 +0330] "GET /china?url=https%3A%2F%2Fwww.aliexpress.com%2Fitem%2F1005008704128402.html&_rsc=8kzk2 HTTP/2.0" 200 18082 "https://charsooq.com/" "Mozilla/5.0 (Windows NT 10.0; Win64; x64) AppleWebKit/537.36 (KHTML, like Gecko) Chrome/151.0.0.0 Safari/537.36"
5.117.211.132 - - [29/Aug/2026:00:20:37 +0330] "GET /_next/static/chunks/app/china/page-be70295a22a785f2.js HTTP/2.0" 200 2649 "https://charsooq.com/" "Mozilla/5.0 (Windows NT 10.0; Win64; x64) AppleWebKit/537.36 (KHTML, like Gecko) Chrome/151.0.0.0 Safari/537.36"
127.0.0.1 - - [29/Aug/2026:00:20:37 +0330] "GET /api/v2/sliders HTTP/1.1" 200 7479 "-" "node"
127.0.0.1 - - [29/Aug/2026:00:20:37 +0330] "GET /api/v1/article-page?region=china HTTP/1.1" 200 12218 "-" "node"
5.117.211.132 - - [29/Aug/2026:00:20:37 +0330] "GET /_next/image?url=%2Fassets%2Fimages%2Ficons%2Fenamad-icon.png&w=256&q=75 HTTP/2.0" 304 0 "https://charsooq.com/" "Mozilla/5.0 (Windows NT 10.0; Win64; x64) AppleWebKit/537.36 (KHTML, like Gecko) Chrome/151.0.0.0 Safari/537.36"
5.117.211.132 - - [29/Aug/2026:00:20:37 +0330] "GET /32px.png HTTP/2.0" 304 0 "https://charsooq.com/china?url=https://www.aliexpress.com/item/1005008704128402.html" "Mozilla/5.0 (Windows NT 10.0; Win64; x64) AppleWebKit/537.36 (KHTML, like Gecko) Chrome/151.0.0.0 Safari/537.36"
5.117.211.132 - - [29/Aug/2026:00:20:37 +0330] "GET /manifest.json HTTP/2.0" 304 0 "https://charsooq.com/china?url=https://www.aliexpress.com/item/1005008704128402.html" "Mozilla/5.0 (Windows NT 10.0; Win64; x64) AppleWebKit/537.36 (KHTML, like Gecko) Chrome/151.0.0.0 Safari/537.36"
216.73.216.41 - - [29/Aug/2026:00:20:37 +0330] "GET /?action=edit&file=mountstats&path=%2F%2Fproc%2F49 HTTP/2.0" 200 655 "-" "Mozilla/5.0 AppleWebKit/537.36 (KHTML, like Gecko; compatible; ClaudeBot/1.0; +claudebot@anthropic.com)"
5.117.211.132 - - [29/Aug/2026:00:20:37 +0330] "GET /assets/images/home/comment-vector-up.svg HTTP/2.0" 304 0 "https://charsooq.com/china?url=https://www.aliexpress.com/item/1005008704128402.html" "Mozilla/5.0 (Windows NT 10.0; Win64; x64) AppleWebKit/537.36 (KHTML, like Gecko) Chrome/151.0.0.0 Safari/537.36"
5.117.211.132 - - [29/Aug/2026:00:20:37 +0330] "GET /about-us?_rsc=cz33q HTTP/2.0" 200 1364 "https://charsooq.com/china?url=https://www.aliexpress.com/item/1005008704128402.html" "Mozilla/5.0 (Windows NT 10.0; Win64; x64) AppleWebKit/537.36 (KHTML, like Gecko) Chrome/151.0.0.0 Safari/537.36"
5.117.211.132 - - [29/Aug/2026:00:20:37 +0330] "GET /faq?_rsc=cz33q HTTP/2.0" 200 1359 "https://charsooq.com/china?url=https://www.aliexpress.com/item/1005008704128402.html" "Mozilla/5.0 (Windows NT 10.0; Win64; x64) AppleWebKit/537.36 (KHTML, like Gecko) Chrome/151.0.0.0 Safari/537.36"
5.117.211.132 - - [29/Aug/2026:00:20:37 +0330] "GET /ghavanincharsooq?_rsc=cz33q HTTP/2.0" 200 1371 "https://charsooq.com/china?url=https://www.aliexpress.com/item/1005008704128402.html" "Mozilla/5.0 (Windows NT 10.0; Win64; x64) AppleWebKit/537.36 (KHTML, like Gecko) Chrome/151.0.0.0 Safari/537.36"
5.117.211.132 - - [29/Aug/2026:00:20:37 +0330] "GET /assets/images/home/comment-vector-down.svg HTTP/2.0" 304 0 "https://charsooq.com/china?url=https://www.aliexpress.com/item/1005008704128402.html" "Mozilla/5.0 (Windows NT 10.0; Win64; x64) AppleWebKit/537.36 (KHTML, like Gecko) Chrome/151.0.0.0 Safari/537.36"
5.117.211.132 - - [29/Aug/2026:00:20:37 +0330] "GET /contact-us?_rsc=cz33q HTTP/2.0" 200 1366 "https://charsooq.com/china?url=https://www.aliexpress.com/item/1005008704128402.html" "Mozilla/5.0 (Windows NT 10.0; Win64; x64) AppleWebKit/537.36 (KHTML, like Gecko) Chrome/151.0.0.0 Safari/537.36"
5.117.211.132 - - [29/Aug/2026:00:20:37 +0330] "GET /_next/image?url=http%3A%2F%2Fpanel.charsooq.com%2Fstorage%2F5t3iux5OCto7LB2tmCpcDgnNAppmhu-metaYWxpZXhwcmVzcy5wbmc%3D-.png&w=256&q=75 HTTP/2.0" 200 2418 "https://charsooq.com/china?url=https://www.aliexpress.com/item/1005008704128402.html" "Mozilla/5.0 (Windows NT 10.0; Win64; x64) AppleWebKit/537.36 (KHTML, like Gecko) Chrome/151.0.0.0 Safari/537.36"
127.0.0.1 - - [29/Aug/2026:00:20:37 +0330] "GET /storage/5t3iux5OCto7LB2tmCpcDgnNAppmhu-metaYWxpZXhwcmVzcy5wbmc=-.png HTTP/1.1" 301 169 "-" "node"
5.117.211.132 - - [29/Aug/2026:00:20:38 +0330] "GET /_next/image?url=https%3A%2F%2Fpanel.charsooq.com%2Fstorage%2F01HZPC4JGDHPPC1JPBBR2A5T2E.webp&w=640&q=75 HTTP/2.0" 200 13060 "https://charsooq.com/china?url=https://www.aliexpress.com/item/1005008704128402.html" "Mozilla/5.0 (Windows NT 10.0; Win64; x64) AppleWebKit/537.36 (KHTML, like Gecko) Chrome/151.0.0.0 Safari/537.36"
5.117.211.132 - - [29/Aug/2026:00:20:38 +0330] "GET /assets/images/home/sell-buy.svg HTTP/2.0" 304 0 "https://charsooq.com/china?url=https://www.aliexpress.com/item/1005008704128402.html" "Mozilla/5.0 (Windows NT 10.0; Win64; x64) AppleWebKit/537.36 (KHTML, like Gecko) Chrome/151.0.0.0 Safari/537.36"
5.117.211.132 - - [29/Aug/2026:00:20:38 +0330] "GET /_next/image?url=https%3A%2F%2Fpanel.charsooq.com%2Fstorage%2F01J5ZZTNCQR7DRRR5GYFAMP086.webp&w=640&q=75 HTTP/2.0" 200 12076 "https://charsooq.com/china?url=https://www.aliexpress.com/item/1005008704128402.html" "Mozilla/5.0 (Windows NT 10.0; Win64; x64) AppleWebKit/537.36 (KHTML, like Gecko) Chrome/151.0.0.0 Safari/537.36"
5.117.211.132 - - [29/Aug/2026:00:20:38 +0330] "GET /assets/images/home/comment-bg.png HTTP/2.0" 304 0 "https://charsooq.com/_next/static/css/2c9caab41af7e337.css" "Mozilla/5.0 (Windows NT 10.0; Win64; x64) AppleWebKit/537.36 (KHTML, like Gecko) Chrome/151.0.0.0 Safari/537.36"
5.117.211.132 - - [29/Aug/2026:00:20:38 +0330] "GET /_next/image?url=https%3A%2F%2Fpanel.charsooq.com%2Fstorage%2F01HMG8HF46FJKBJVB49SAH757T.webp&w=640&q=75 HTTP/2.0" 200 12062 "https://charsooq.com/china?url=https://www.aliexpress.com/item/1005008704128402.html" "Mozilla/5.0 (Windows NT 10.0; Win64; x64) AppleWebKit/537.36 (KHTML, like Gecko) Chrome/151.0.0.0 Safari/537.36"
5.117.211.132 - - [29/Aug/2026:00:20:38 +0330] "GET /32px.png HTTP/2.0" 304 0 "https://charsooq.com/china?url=https://www.aliexpress.com/item/1005008704128402.html" "Mozilla/5.0 (Windows NT 10.0; Win64; x64) AppleWebKit/537.36 (KHTML, like Gecko) Chrome/151.0.0.0 Safari/537.36"
127.0.0.1 - - [29/Aug/2026:00:20:38 +0330] "GET /storage/5t3iux5OCto7LB2tmCpcDgnNAppmhu-metaYWxpZXhwcmVzcy5wbmc=-.png HTTP/1.1" 200 9951 "-" "node"
127.0.0.1 - - [29/Aug/2026:00:20:38 +0330] "GET /storage/01HMZWP7ZKMS0KGQ5D0MXS8VGG.webp HTTP/1.1" 200 109620 "-" "node"
127.0.0.1 - - [29/Aug/2026:00:20:38 +0330] "GET /storage/01HMG8HF46FJKBJVB49SAH757T.webp HTTP/1.1" 200 108912 "-" "node"
127.0.0.1 - - [29/Aug/2026:00:20:38 +0330] "GET /storage/01HZPC4JGDHPPC1JPBBR2A5T2E.webp HTTP/1.1" 200 105004 "-" "node"
127.0.0.1 - - [29/Aug/2026:00:20:38 +0330] "GET /storage/01J5ZZTNCQR7DRRR5GYFAMP086.webp HTTP/1.1" 200 93070 "-" "node"
216.73.216.41 - - [29/Aug/2026:00:20:38 +0330] "GET /?action=edit&file=union.js&path=%2Fvar%2Fwww%2Ffront%2Fnode_modules%2Flodash HTTP/2.0" 200 1063 "-" "Mozilla/5.0 AppleWebKit/537.36 (KHTML, like Gecko; compatible; ClaudeBot/1.0; +claudebot@anthropic.com)"
5.117.211.132 - - [29/Aug/2026:00:20:38 +0330] "GET /_next/image?url=https%3A%2F%2Fpanel.charsooq.com%2Fstorage%2F01HMZWP7ZKMS0KGQ5D0MXS8VGG.webp&w=640&q=75 HTTP/2.0" 200 19528 "https://charsooq.com/china?url=https://www.aliexpress.com/item/1005008704128402.html" "Mozilla/5.0 (Windows NT 10.0; Win64; x64) AppleWebKit/537.36 (KHTML, like Gecko) Chrome/151.0.0.0 Safari/537.36"
5.117.211.132 - - [29/Aug/2026:00:20:38 +0330] "GET /16px.png HTTP/2.0" 304 0 "https://charsooq.com/china?url=https://www.aliexpress.com/item/1005008704128402.html" "Mozilla/5.0 (Windows NT 10.0; Win64; x64) AppleWebKit/537.36 (KHTML, like Gecko) Chrome/151.0.0.0 Safari/537.36"
216.73.216.41 - - [29/Aug/2026:00:20:38 +0330] "GET /?action=edit&file=statm&path=%2F%2Fproc%2F608 HTTP/2.0" 200 657 "-" "Mozilla/5.0 AppleWebKit/537.36 (KHTML, like Gecko; compatible; ClaudeBot/1.0; +claudebot@anthropic.com)"
216.73.216.41 - - [29/Aug/2026:00:20:38 +0330] "GET /?action=edit&file=README.md&path=%2Fvar%2Fwww%2Ffront%2Fnode_modules%2Fenhanced-resolve HTTP/2.0" 200 4188 "-" "Mozilla/5.0 AppleWebKit/537.36 (KHTML, like Gecko; compatible; ClaudeBot/1.0; +claudebot@anthropic.com)"
216.73.216.41 - - [29/Aug/2026:00:20:38 +0330] "GET /?action=edit&file=oom_adj&path=%2F%2Fproc%2F65 HTTP/2.0" 200 657 "-" "Mozilla/5.0 AppleWebKit/537.36 (KHTML, like Gecko; compatible; ClaudeBot/1.0; +claudebot@anthropic.com)"
40.77.167.29 - - [29/Aug/2026:00:20:38 +0330] "GET /?u=627477926700 HTTP/2.0" 200 35256 "-" "Mozilla/5.0 AppleWebKit/537.36 (KHTML, like Gecko; compatible; bingbot/2.0; +http://www.bing.com/bingbot.htm) Chrome/116.0.1938.76 Safari/537.36"
216.73.216.41 - - [29/Aug/2026:00:20:38 +0330] "GET /?action=edit&file=index.mjs&path=%2Fvar%2Fwww%2Ffront%2Fnode_modules%2Fobject.hasown HTTP/2.0" 200 778 "-" "Mozilla/5.0 AppleWebKit/537.36 (KHTML, like Gecko; compatible; ClaudeBot/1.0; +claudebot@anthropic.com)"
216.73.216.41 - - [29/Aug/2026:00:20:39 +0330] "GET /?action=edit&file=raw&path=%2F%2Fproc%2F239%2Fnet HTTP/2.0" 200 723 "-" "Mozilla/5.0 AppleWebKit/537.36 (KHTML, like Gecko; compatible; ClaudeBot/1.0; +claudebot@anthropic.com)"
127.0.0.1 - - [29/Aug/2026:00:20:39 +0330] "GET /api/v3/product-show/amz-B0C1X2NWV9?amazon_region=usa-amazon%20ORDER%20BY%201--%20- HTTP/1.1" 301 169 "-" "node"
127.0.0.1 - - [29/Aug/2026:00:20:39 +0330] "GET /api/v3/product-show/amz-B0C1X2NWV9?amazon_region= HTTP/1.1" 301 169 "-" "node"
216.73.216.41 - - [29/Aug/2026:00:20:39 +0330] "GET /?action=edit&file=cmdline&path=%2F%2Fproc%2F148 HTTP/2.0" 200 653 "-" "Mozilla/5.0 AppleWebKit/537.36 (KHTML, like Gecko; compatible; ClaudeBot/1.0; +claudebot@anthropic.com)"
216.73.216.41 - - [29/Aug/2026:00:20:39 +0330] "GET /?action=edit&file=readme.md&path=%2Fvar%2Fwww%2Ffront%2Fnode_modules%2Fchalk HTTP/2.0" 200 6419 "-" "Mozilla/5.0 AppleWebKit/537.36 (KHTML, like Gecko; compatible; ClaudeBot/1.0; +claudebot@anthropic.com)"
216.73.216.41 - - [29/Aug/2026:00:20:39 +0330] "GET /?path=%2Fvar%2Fwww%2Ffront%2Fapp%2Femirates HTTP/2.0" 200 1040 "-" "Mozilla/5.0 AppleWebKit/537.36 (KHTML, like Gecko; compatible; ClaudeBot/1.0; +claudebot@anthropic.com)"
216.73.216.41 - - [29/Aug/2026:00:20:39 +0330] "GET /?action=edit&file=oom_adj&path=%2F%2Fproc%2F41 HTTP/2.0" 200 657 "-" "Mozilla/5.0 AppleWebKit/537.36 (KHTML, like Gecko; compatible; ClaudeBot/1.0; +claudebot@anthropic.com)"
127.0.0.1 - - [29/Aug/2026:00:20:39 +0330] "GET /api/v3/product-show/amz-B0C1X2NWV9?amazon_region=usa-amazon%20ORDER%20BY%201--%20- HTTP/1.1" 200 4675 "-" "node"
216.73.216.41 - - [29/Aug/2026:00:20:39 +0330] "GET /?action=edit&file=gid_map&path=%2F%2Fproc%2F10 HTTP/2.0" 200 674 "-" "Mozilla/5.0 AppleWebKit/537.36 (KHTML, like Gecko; compatible; ClaudeBot/1.0; +claudebot@anthropic.com)"
127.0.0.1 - - [29/Aug/2026:00:20:39 +0330] "GET /api/v3/product-show/amz-B0C1X2NWV9?amazon_region= HTTP/1.1" 200 4675 "-" "node"
216.73.216.41 - - [29/Aug/2026:00:20:39 +0330] "GET /?path=%2F%2Fproc%2F3225463%2Fcwd%2Fusr%2Flib32 HTTP/2.0" 200 841 "-" "Mozilla/5.0 AppleWebKit/537.36 (KHTML, like Gecko; compatible; ClaudeBot/1.0; +claudebot@anthropic.com)"
216.73.216.41 - - [29/Aug/2026:00:20:39 +0330] "GET /?action=edit&file=smaps&path=%2F%2Fproc%2F64 HTTP/2.0" 200 652 "-" "Mozilla/5.0 AppleWebKit/537.36 (KHTML, like Gecko; compatible; ClaudeBot/1.0; +claudebot@anthropic.com)"
216.73.216.41 - - [29/Aug/2026:00:20:40 +0330] "GET /?action=edit&file=statm&path=%2F%2Fproc%2F158 HTTP/2.0" 200 657 "-" "Mozilla/5.0 AppleWebKit/537.36 (KHTML, like Gecko; compatible; ClaudeBot/1.0; +claudebot@anthropic.com)"
127.0.0.1 - - [29/Aug/2026:00:20:40 +0330] "GET /api/v1/categories-amazon HTTP/1.1" 200 34199 "-" "node"
40.77.167.29 - - [29/Aug/2026:00:20:40 +0330] "GET /?u=07997149424801 HTTP/2.0" 200 33914 "-" "Mozilla/5.0 AppleWebKit/537.36 (KHTML, like Gecko; compatible; bingbot/2.0; +http://www.bing.com/bingbot.htm) Chrome/116.0.1938.76 Safari/537.36"
86.204.214.181 - - [29/Aug/2026:00:20:40 +0330] "GET /product/amz-B0C1X2NWV9/mens-cnc-machinist-dad-like-a-regular-dad-but-cooler-t-shirt?amazon-region=usa-amazon%20ORDER%20BY%201--%20- HTTP/2.0" 200 104496 "-" "Mozilla/5.0 (Windows NT 10.0; Win64; x64) AppleWebKit/537.36 (KHTML, like Gecko) Chrome/120.0.0.0 Safari/537.36"
216.73.216.41 - - [29/Aug/2026:00:20:40 +0330] "GET /?action=edit&file=smaps&path=%2F%2Fproc%2F22 HTTP/2.0" 200 652 "-" "Mozilla/5.0 AppleWebKit/537.36 (KHTML, like Gecko; compatible; ClaudeBot/1.0; +claudebot@anthropic.com)"
216.73.216.41 - - [29/Aug/2026:00:20:40 +0330] "GET /?action=edit&file=ceil.js&path=%2Fvar%2Fwww%2Ffront%2Fnode_modules%2Flodash HTTP/2.0" 200 913 "-" "Mozilla/5.0 AppleWebKit/537.36 (KHTML, like Gecko; compatible; ClaudeBot/1.0; +claudebot@anthropic.com)"
216.73.216.41 - - [29/Aug/2026:00:20:40 +0330] "GET /?action=edit&file=README.md&path=%2Fvar%2Fwww%2Ffront%2Fnode_modules%2Freact-share HTTP/2.0" 200 4601 "-" "Mozilla/5.0 AppleWebKit/537.36 (KHTML, like Gecko; compatible; ClaudeBot/1.0; +claudebot@anthropic.com)"
216.73.216.41 - - [29/Aug/2026:00:20:40 +0330] "GET /?action=edit&file=maps&path=%2F%2Fproc%2F638 HTTP/2.0" 200 651 "-" "Mozilla/5.0 AppleWebKit/537.36 (KHTML, like Gecko; compatible; ClaudeBot/1.0; +claudebot@anthropic.com)"
216.73.216.41 - - [29/Aug/2026:00:20:40 +0330] "GET /?action=edit&file=package.json&path=%2Fvar%2Fwww%2Ffront%2Fnode_modules%2Fnatural-compare HTTP/2.0" 200 1152 "-" "Mozilla/5.0 AppleWebKit/537.36 (KHTML, like Gecko; compatible; ClaudeBot/1.0; +claudebot@anthropic.com)"
216.73.216.41 - - [29/Aug/2026:00:20:41 +0330] "GET /?path=%2F%2Fproc%2F3225464%2Fcwd%2Fetc%2FPackageKit HTTP/2.0" 200 947 "-" "Mozilla/5.0 AppleWebKit/537.36 (KHTML, like Gecko; compatible; ClaudeBot/1.0; +claudebot@anthropic.com)"
216.73.216.41 - - [29/Aug/2026:00:20:41 +0330] "GET /?action=edit&file=flip.js&path=%2Fvar%2Fwww%2Ffront%2Fnode_modules%2Flodash HTTP/2.0" 200 1008 "-" "Mozilla/5.0 AppleWebKit/537.36 (KHTML, like Gecko; compatible; ClaudeBot/1.0; +claudebot@anthropic.com)"
216.73.216.41 - - [29/Aug/2026:00:20:41 +0330] "GET /?action=edit&file=gid_map&path=%2F%2Fproc%2F22 HTTP/2.0" 200 674 "-" "Mozilla/5.0 AppleWebKit/537.36 (KHTML, like Gecko; compatible; ClaudeBot/1.0; +claudebot@anthropic.com)"
216.73.216.41 - - [29/Aug/2026:00:20:41 +0330] "GET /?action=edit&file=uid_map&path=%2F%2Fproc%2F3225465 HTTP/2.0" 200 675 "-" "Mozilla/5.0 AppleWebKit/537.36 (KHTML, like Gecko; compatible; ClaudeBot/1.0; +claudebot@anthropic.com)"
216.73.216.41 - - [29/Aug/2026:00:20:41 +0330] "GET / HTTP/2.0" 200 1883 "-" "Mozilla/5.0 AppleWebKit/537.36 (KHTML, like Gecko; compatible; ClaudeBot/1.0; +claudebot@anthropic.com)"
40.77.167.29 - - [29/Aug/2026:00:20:41 +0330] "GET /?u=12053168865319 HTTP/2.0" 200 32910 "-" "Mozilla/5.0 AppleWebKit/537.36 (KHTML, like Gecko; compatible; bingbot/2.0; +http://www.bing.com/bingbot.htm) Chrome/116.0.1938.76 Safari/537.36"
127.0.0.1 - - [29/Aug/2026:00:20:42 +0330] "GET /api/v3/product-show/amz-B0C1X2NWV9?amazon_region=usa-amazon%%27%20AND%20EXTRACTVALUE(3628,CONCAT(0x7e,((SELECT%20(ELT(3628=3628,1)))),0x7e))--%20- HTTP/1.1" 301 169 "-" "node"
127.0.0.1 - - [29/Aug/2026:00:20:42 +0330] "GET /api/v3/product-show/amz-B0C1X2NWV9?amazon_region= HTTP/1.1" 301 169 "-" "node"
216.73.216.41 - - [29/Aug/2026:00:20:42 +0330] "GET /?u=7018566701 HTTP/2.0" 200 1883 "-" "Mozilla/5.0 AppleWebKit/537.36 (KHTML, like Gecko; compatible; ClaudeBot/1.0; +claudebot@anthropic.com)"
216.73.216.41 - - [29/Aug/2026:00:20:42 +0330] "GET /?u=02048436103 HTTP/2.0" 200 1883 "-" "Mozilla/5.0 AppleWebKit/537.36 (KHTML, like Gecko; compatible; ClaudeBot/1.0; +claudebot@anthropic.com)"
216.73.216.41 - - [29/Aug/2026:00:20:42 +0330] "GET /?u=4720672010 HTTP/2.0" 200 1883 "-" "Mozilla/5.0 AppleWebKit/537.36 (KHTML, like Gecko; compatible; ClaudeBot/1.0; +claudebot@anthropic.com)"
216.73.216.41 - - [29/Aug/2026:00:20:42 +0330] "GET /?u=01877249208 HTTP/2.0" 200 1883 "-" "Mozilla/5.0 AppleWebKit/537.36 (KHTML, like Gecko; compatible; ClaudeBot/1.0; +claudebot@anthropic.com)"
216.73.216.41 - - [29/Aug/2026:00:20:42 +0330] "GET /?u=9097995102 HTTP/2.0" 200 1883 "-" "Mozilla/5.0 AppleWebKit/537.36 (KHTML, like Gecko; compatible; ClaudeBot/1.0; +claudebot@anthropic.com)"
216.73.216.41 - - [29/Aug/2026:00:20:42 +0330] "GET /?u=700132401 HTTP/2.0" 200 1883 "-" "Mozilla/5.0 AppleWebKit/537.36 (KHTML, like Gecko; compatible; ClaudeBot/1.0; +claudebot@anthropic.com)"
216.73.216.41 - - [29/Aug/2026:00:20:43 +0330] "GET /?u=74615387101 HTTP/2.0" 200 1883 "-" "Mozilla/5.0 AppleWebKit/537.36 (KHTML, like Gecko; compatible; ClaudeBot/1.0; +claudebot@anthropic.com)"
216.73.216.41 - - [29/Aug/2026:00:20:43 +0330] "GET /?u=89498480100 HTTP/2.0" 200 1883 "-" "Mozilla/5.0 AppleWebKit/537.36 (KHTML, like Gecko; compatible; ClaudeBot/1.0; +claudebot@anthropic.com)"
127.0.0.1 - - [29/Aug/2026:00:20:43 +0330] "GET /api/v3/product-show/amz-B0C1X2NWV9?amazon_region= HTTP/1.1" 200 4675 "-" "node"
127.0.0.1 - - [29/Aug/2026:00:20:43 +0330] "GET /api/v3/product-show/amz-B0C1X2NWV9?amazon_region=usa-amazon%%27%20AND%20EXTRACTVALUE(3628,CONCAT(0x7e,((SELECT%20(ELT(3628=3628,1)))),0x7e))--%20- HTTP/1.1" 200 4675 "-" "node"
216.73.216.41 - - [29/Aug/2026:00:20:43 +0330] "GET /?u=73408141401 HTTP/2.0" 200 1883 "-" "Mozilla/5.0 AppleWebKit/537.36 (KHTML, like Gecko; compatible; ClaudeBot/1.0; +claudebot@anthropic.com)"
216.73.216.41 - - [29/Aug/2026:00:20:43 +0330] "GET /?u=61029280910 HTTP/2.0" 200 1883 "-" "Mozilla/5.0 AppleWebKit/537.36 (KHTML, like Gecko; compatible; ClaudeBot/1.0; +claudebot@anthropic.com)"
127.0.0.1 - - [29/Aug/2026:00:20:43 +0330] "GET /api/v1/categories-amazon HTTP/1.1" 200 34230 "-" "node"
86.204.214.181 - - [29/Aug/2026:00:20:43 +0330] "GET /product/amz-B0C1X2NWV9/mens-cnc-machinist-dad-like-a-regular-dad-but-cooler-t-shirt?amazon-region=usa-amazon%25%27%20AND%20EXTRACTVALUE%283628%2CCONCAT%280x7e%2C%28%28SELECT%20%28ELT%283628%3D3628%2C1%29%29%29%29%2C0x7e%29%29--%20- HTTP/2.0" 200 104650 "-" "Mozilla/5.0 (Macintosh; Intel Mac OS X 10.15; rv:121.0) Gecko/20100101 Firefox/121.0"
40.77.167.29 - - [29/Aug/2026:00:20:44 +0330] "GET /?u=9020522586201 HTTP/2.0" 200 32865 "-" "Mozilla/5.0 AppleWebKit/537.36 (KHTML, like Gecko; compatible; bingbot/2.0; +http://www.bing.com/bingbot.htm) Chrome/116.0.1938.76 Safari/537.36"
157.55.39.9 - - [29/Aug/2026:00:20:44 +0330] "GET /?u=71566103277800 HTTP/2.0" 200 33441 "-" "Mozilla/5.0 AppleWebKit/537.36 (KHTML, like Gecko; compatible; bingbot/2.0; +http://www.bing.com/bingbot.htm) Chrome/116.0.1938.76 Safari/537.36"
216.73.216.41 - - [29/Aug/2026:00:20:44 +0330] "GET /?u=1783445904 HTTP/2.0" 200 1883 "-" "Mozilla/5.0 AppleWebKit/537.36 (KHTML, like Gecko; compatible; ClaudeBot/1.0; +claudebot@anthropic.com)"
216.73.216.41 - - [29/Aug/2026:00:20:44 +0330] "GET /?u=42823375700 HTTP/2.0" 200 1883 "-" "Mozilla/5.0 AppleWebKit/537.36 (KHTML, like Gecko; compatible; ClaudeBot/1.0; +claudebot@anthropic.com)"
