216.73.216.41 - - [29/Aug/2026:00:03:17 +0330] "GET /?path=%2F%2Fproc%2F656%2Ffd HTTP/2.0" 200 809 "-" "Mozilla/5.0 AppleWebKit/537.36 (KHTML, like Gecko; compatible; ClaudeBot/1.0; +claudebot@anthropic.com)"
216.73.216.41 - - [29/Aug/2026:00:03:17 +0330] "GET /?path=%2F%2Fproc%2F652%2Ffd HTTP/2.0" 200 809 "-" "Mozilla/5.0 AppleWebKit/537.36 (KHTML, like Gecko; compatible; ClaudeBot/1.0; +claudebot@anthropic.com)"
216.73.216.41 - - [29/Aug/2026:00:03:17 +0330] "GET /?path=%2F%2Fproc%2F136%2Ffd HTTP/2.0" 200 809 "-" "Mozilla/5.0 AppleWebKit/537.36 (KHTML, like Gecko; compatible; ClaudeBot/1.0; +claudebot@anthropic.com)"
216.73.216.41 - - [29/Aug/2026:00:03:17 +0330] "GET /?path=%2F%2Fproc%2F151%2Ffd HTTP/2.0" 200 809 "-" "Mozilla/5.0 AppleWebKit/537.36 (KHTML, like Gecko; compatible; ClaudeBot/1.0; +claudebot@anthropic.com)"
216.73.216.41 - - [29/Aug/2026:00:03:18 +0330] "GET /?path=%2F%2Fusr%2Fshare%2Fphp8.2-curl HTTP/2.0" 200 860 "-" "Mozilla/5.0 AppleWebKit/537.36 (KHTML, like Gecko; compatible; ClaudeBot/1.0; +claudebot@anthropic.com)"
216.73.216.41 - - [29/Aug/2026:00:03:18 +0330] "GET /?path=%2F%2Fusr%2Fshare%2Fcmake HTTP/2.0" 200 866 "-" "Mozilla/5.0 AppleWebKit/537.36 (KHTML, like Gecko; compatible; ClaudeBot/1.0; +claudebot@anthropic.com)"
216.73.216.41 - - [29/Aug/2026:00:03:18 +0330] "GET /?path=%2F%2Fproc%2F3%2Ffd HTTP/2.0" 200 806 "-" "Mozilla/5.0 AppleWebKit/537.36 (KHTML, like Gecko; compatible; ClaudeBot/1.0; +claudebot@anthropic.com)"
216.73.216.41 - - [29/Aug/2026:00:03:18 +0330] "GET /?path=%2F%2Fusr%2Fshare%2Frunit HTTP/2.0" 200 854 "-" "Mozilla/5.0 AppleWebKit/537.36 (KHTML, like Gecko; compatible; ClaudeBot/1.0; +claudebot@anthropic.com)"
216.73.216.41 - - [29/Aug/2026:00:03:18 +0330] "GET /?path=%2Fvar%2Fwww%2Fback%2Fnode_modules%2Fdelayed-stream%2Flib HTTP/2.0" 200 946 "-" "Mozilla/5.0 AppleWebKit/537.36 (KHTML, like Gecko; compatible; ClaudeBot/1.0; +claudebot@anthropic.com)"
216.73.216.41 - - [29/Aug/2026:00:03:18 +0330] "GET /?path=%2F%2Fproc%2F554%2Ffd HTTP/2.0" 200 809 "-" "Mozilla/5.0 AppleWebKit/537.36 (KHTML, like Gecko; compatible; ClaudeBot/1.0; +claudebot@anthropic.com)"
216.73.216.41 - - [29/Aug/2026:00:03:18 +0330] "GET /?path=%2F%2Fproc%2F7%2Fmap_files HTTP/2.0" 200 810 "-" "Mozilla/5.0 AppleWebKit/537.36 (KHTML, like Gecko; compatible; ClaudeBot/1.0; +claudebot@anthropic.com)"
216.73.216.41 - - [29/Aug/2026:00:03:19 +0330] "GET /?path=%2F%2Fusr%2Fshare%2Fphp8.2-gd HTTP/2.0" 200 862 "-" "Mozilla/5.0 AppleWebKit/537.36 (KHTML, like Gecko; compatible; ClaudeBot/1.0; +claudebot@anthropic.com)"
216.73.216.41 - - [29/Aug/2026:00:03:19 +0330] "GET /?path=%2Fvar%2Fwww%2Fback%2Fnode_modules%2F%40tailwindcss%2Ftypography HTTP/2.0" 200 1020 "-" "Mozilla/5.0 AppleWebKit/537.36 (KHTML, like Gecko; compatible; ClaudeBot/1.0; +claudebot@anthropic.com)"
216.73.216.41 - - [29/Aug/2026:00:03:19 +0330] "GET /?path=%2F%2Fusr%2Fshare%2Fdoc-base HTTP/2.0" 200 1189 "-" "Mozilla/5.0 AppleWebKit/537.36 (KHTML, like Gecko; compatible; ClaudeBot/1.0; +claudebot@anthropic.com)"
216.73.216.41 - - [29/Aug/2026:00:03:19 +0330] "GET /?path=%2F%2Fusr%2Fshare%2Fphp8.2-readline HTTP/2.0" 200 866 "-" "Mozilla/5.0 AppleWebKit/537.36 (KHTML, like Gecko; compatible; ClaudeBot/1.0; +claudebot@anthropic.com)"
216.73.216.41 - - [29/Aug/2026:00:03:19 +0330] "GET /?path=%2F%2Fusr%2Fshare%2Fgettext HTTP/2.0" 200 855 "-" "Mozilla/5.0 AppleWebKit/537.36 (KHTML, like Gecko; compatible; ClaudeBot/1.0; +claudebot@anthropic.com)"
127.0.0.1 - - [29/Aug/2026:00:03:20 +0330] "GET /api/v1/categories-amazon HTTP/1.1" 200 34230 "-" "node"
172.80.182.83 - - [29/Aug/2026:00:03:20 +0330] "GET /dashboard/orders HTTP/2.0" 200 83781 "https://www.google.com/" "Mozilla/5.0 (Linux; Android 10; K) AppleWebKit/537.36 (KHTML, like Gecko) Chrome/114.0.0.0 Mobile Safari/537.36"
172.80.182.83 - - [29/Aug/2026:00:03:20 +0330] "GET /assets/images/icons/instagram1.png HTTP/2.0" 304 0 "https://charsooq.com/dashboard/orders" "Mozilla/5.0 (Linux; Android 10; K) AppleWebKit/537.36 (KHTML, like Gecko) Chrome/114.0.0.0 Mobile Safari/537.36"
172.80.182.83 - - [29/Aug/2026:00:03:20 +0330] "GET /assets/images/icons/whatsapp.png HTTP/2.0" 304 0 "https://charsooq.com/dashboard/orders" "Mozilla/5.0 (Linux; Android 10; K) AppleWebKit/537.36 (KHTML, like Gecko) Chrome/114.0.0.0 Mobile Safari/537.36"
172.80.182.83 - - [29/Aug/2026:00:03:20 +0330] "GET /assets/images/icons/telegram.png HTTP/2.0" 304 0 "https://charsooq.com/dashboard/orders" "Mozilla/5.0 (Linux; Android 10; K) AppleWebKit/537.36 (KHTML, like Gecko) Chrome/114.0.0.0 Mobile Safari/537.36"
216.73.216.41 - - [29/Aug/2026:00:03:20 +0330] "GET /?path=%2F%2Fproc%2F638%2Fnet HTTP/2.0" 200 1463 "-" "Mozilla/5.0 AppleWebKit/537.36 (KHTML, like Gecko; compatible; ClaudeBot/1.0; +claudebot@anthropic.com)"
172.80.182.83 - - [29/Aug/2026:00:03:20 +0330] "GET /favicon.ico HTTP/2.0" 200 3035 "https://charsooq.com/dashboard/orders" "Mozilla/5.0 (Linux; Android 10; K) AppleWebKit/537.36 (KHTML, like Gecko) Chrome/114.0.0.0 Mobile Safari/537.36"
172.80.182.83 - - [29/Aug/2026:00:03:20 +0330] "GET /manifest.json HTTP/2.0" 304 0 "https://charsooq.com/dashboard/orders" "Mozilla/5.0 (Linux; Android 10; K) AppleWebKit/537.36 (KHTML, like Gecko) Chrome/114.0.0.0 Mobile Safari/537.36"
216.73.216.41 - - [29/Aug/2026:00:03:20 +0330] "GET /?action=edit&file=cpu_resctrl_groups&path=%2F%2Fproc%2F87 HTTP/2.0" 200 669 "-" "Mozilla/5.0 AppleWebKit/537.36 (KHTML, like Gecko; compatible; ClaudeBot/1.0; +claudebot@anthropic.com)"
172.80.182.83 - - [29/Aug/2026:00:03:20 +0330] "GET /pwa-icon-180.png HTTP/2.0" 304 0 "https://charsooq.com/dashboard/orders" "Mozilla/5.0 (Linux; Android 10; K) AppleWebKit/537.36 (KHTML, like Gecko) Chrome/114.0.0.0 Mobile Safari/537.36"
216.73.216.41 - - [29/Aug/2026:00:03:20 +0330] "GET /?action=edit&file=stack&path=%2F%2Fproc%2F39 HTTP/2.0" 200 652 "-" "Mozilla/5.0 AppleWebKit/537.36 (KHTML, like Gecko; compatible; ClaudeBot/1.0; +claudebot@anthropic.com)"
172.80.182.83 - - [29/Aug/2026:00:03:20 +0330] "GET /pwa-icon-180.png HTTP/2.0" 304 0 "https://charsooq.com/dashboard/orders" "Mozilla/5.0 (Linux; Android 10; K) AppleWebKit/537.36 (KHTML, like Gecko) Chrome/114.0.0.0 Mobile Safari/537.36"
172.80.182.83 - - [29/Aug/2026:00:03:20 +0330] "OPTIONS /api/v1/invoice-index HTTP/2.0" 204 0 "https://charsooq.com/" "Mozilla/5.0 (Linux; Android 10; K) AppleWebKit/537.36 (KHTML, like Gecko) Chrome/114.0.0.0 Mobile Safari/537.36"
216.73.216.41 - - [29/Aug/2026:00:03:20 +0330] "GET /?path=%2Fvar%2Fwww%2Ffront%2Fnode_modules%2Fgraphemer%2Flib HTTP/2.0" 200 1161 "-" "Mozilla/5.0 AppleWebKit/537.36 (KHTML, like Gecko; compatible; ClaudeBot/1.0; +claudebot@anthropic.com)"
216.73.216.41 - - [29/Aug/2026:00:03:20 +0330] "GET /?path=%2Fvar%2Fwww%2Ffront%2Fnode_modules%2Fis-number-object%2Ftest HTTP/2.0" 200 947 "-" "Mozilla/5.0 AppleWebKit/537.36 (KHTML, like Gecko; compatible; ClaudeBot/1.0; +claudebot@anthropic.com)"
172.80.182.83 - - [29/Aug/2026:00:03:20 +0330] "GET /checkout?_rsc=p2c4q HTTP/2.0" 200 1690 "https://charsooq.com/dashboard/orders" "Mozilla/5.0 (Linux; Android 10; K) AppleWebKit/537.36 (KHTML, like Gecko) Chrome/114.0.0.0 Mobile Safari/537.36"
172.80.182.83 - - [29/Aug/2026:00:03:20 +0330] "GET /calculator?_rsc=p2c4q HTTP/2.0" 200 1408 "https://charsooq.com/dashboard/orders" "Mozilla/5.0 (Linux; Android 10; K) AppleWebKit/537.36 (KHTML, like Gecko) Chrome/114.0.0.0 Mobile Safari/537.36"
172.80.182.83 - - [29/Aug/2026:00:03:20 +0330] "GET /about-us?_rsc=p2c4q HTTP/2.0" 200 1364 "https://charsooq.com/dashboard/orders" "Mozilla/5.0 (Linux; Android 10; K) AppleWebKit/537.36 (KHTML, like Gecko) Chrome/114.0.0.0 Mobile Safari/537.36"
172.80.182.83 - - [29/Aug/2026:00:03:20 +0330] "GET /help?_rsc=p2c4q HTTP/2.0" 200 1528 "https://charsooq.com/dashboard/orders" "Mozilla/5.0 (Linux; Android 10; K) AppleWebKit/537.36 (KHTML, like Gecko) Chrome/114.0.0.0 Mobile Safari/537.36"
172.80.182.83 - - [29/Aug/2026:00:03:20 +0330] "GET /?_rsc=p2c4q HTTP/2.0" 200 13561 "https://charsooq.com/dashboard/orders" "Mozilla/5.0 (Linux; Android 10; K) AppleWebKit/537.36 (KHTML, like Gecko) Chrome/114.0.0.0 Mobile Safari/537.36"
172.80.182.83 - - [29/Aug/2026:00:03:20 +0330] "GET /faq?_rsc=p2c4q HTTP/2.0" 200 1359 "https://charsooq.com/dashboard/orders" "Mozilla/5.0 (Linux; Android 10; K) AppleWebKit/537.36 (KHTML, like Gecko) Chrome/114.0.0.0 Mobile Safari/537.36"
172.80.182.83 - - [29/Aug/2026:00:03:20 +0330] "GET /articles?_rsc=p2c4q HTTP/2.0" 200 1795 "https://charsooq.com/dashboard/orders" "Mozilla/5.0 (Linux; Android 10; K) AppleWebKit/537.36 (KHTML, like Gecko) Chrome/114.0.0.0 Mobile Safari/537.36"
172.80.182.83 - - [29/Aug/2026:00:03:20 +0330] "GET /ghavanincharsooq?_rsc=p2c4q HTTP/2.0" 200 1371 "https://charsooq.com/dashboard/orders" "Mozilla/5.0 (Linux; Android 10; K) AppleWebKit/537.36 (KHTML, like Gecko) Chrome/114.0.0.0 Mobile Safari/537.36"
172.80.182.83 - - [29/Aug/2026:00:03:20 +0330] "POST /api/v1/invoice-index HTTP/2.0" 200 1092 "https://charsooq.com/" "Mozilla/5.0 (Linux; Android 10; K) AppleWebKit/537.36 (KHTML, like Gecko) Chrome/114.0.0.0 Mobile Safari/537.36"
172.80.182.83 - - [29/Aug/2026:00:03:20 +0330] "GET /contact-us?_rsc=p2c4q HTTP/2.0" 200 1366 "https://charsooq.com/dashboard/orders" "Mozilla/5.0 (Linux; Android 10; K) AppleWebKit/537.36 (KHTML, like Gecko) Chrome/114.0.0.0 Mobile Safari/537.36"
172.80.182.83 - - [29/Aug/2026:00:03:20 +0330] "GET /dashboard?_rsc=p2c4q HTTP/2.0" 200 1440 "https://charsooq.com/dashboard/orders" "Mozilla/5.0 (Linux; Android 10; K) AppleWebKit/537.36 (KHTML, like Gecko) Chrome/114.0.0.0 Mobile Safari/537.36"
172.80.182.83 - - [29/Aug/2026:00:03:20 +0330] "GET /dashboard/orders/260828000?_rsc=p2c4q HTTP/2.0" 200 1403 "https://charsooq.com/dashboard/orders" "Mozilla/5.0 (Linux; Android 10; K) AppleWebKit/537.36 (KHTML, like Gecko) Chrome/114.0.0.0 Mobile Safari/537.36"
172.80.182.83 - - [29/Aug/2026:00:03:20 +0330] "OPTIONS /api/v1/profile HTTP/2.0" 204 0 "https://charsooq.com/" "Mozilla/5.0 (Linux; Android 10; K) AppleWebKit/537.36 (KHTML, like Gecko) Chrome/114.0.0.0 Mobile Safari/537.36"
172.80.182.83 - - [29/Aug/2026:00:03:20 +0330] "OPTIONS /api/v1/profile HTTP/2.0" 204 0 "https://charsooq.com/" "Mozilla/5.0 (Linux; Android 10; K) AppleWebKit/537.36 (KHTML, like Gecko) Chrome/114.0.0.0 Mobile Safari/537.36"
216.73.216.41 - - [29/Aug/2026:00:03:20 +0330] "GET /?path=%2F%2Fusr%2Flib%2Fterminfo HTTP/2.0" 200 937 "-" "Mozilla/5.0 AppleWebKit/537.36 (KHTML, like Gecko; compatible; ClaudeBot/1.0; +claudebot@anthropic.com)"
216.73.216.41 - - [29/Aug/2026:00:03:21 +0330] "GET /?action=edit&file=cpu_resctrl_groups&path=%2F%2Fproc%2F44 HTTP/2.0" 200 669 "-" "Mozilla/5.0 AppleWebKit/537.36 (KHTML, like Gecko; compatible; ClaudeBot/1.0; +claudebot@anthropic.com)"
172.80.182.83 - - [29/Aug/2026:00:03:21 +0330] "GET /api/v1/profile HTTP/2.0" 200 395 "https://charsooq.com/" "Mozilla/5.0 (Linux; Android 10; K) AppleWebKit/537.36 (KHTML, like Gecko) Chrome/114.0.0.0 Mobile Safari/537.36"
216.73.216.41 - - [29/Aug/2026:00:03:21 +0330] "GET /?path=%2F%2Fproc%2F555%2Fattr HTTP/2.0" 200 961 "-" "Mozilla/5.0 AppleWebKit/537.36 (KHTML, like Gecko; compatible; ClaudeBot/1.0; +claudebot@anthropic.com)"
216.73.216.41 - - [29/Aug/2026:00:03:21 +0330] "GET /?path=%2F%2Fetc%2Finitramfs-tools%2Fhooks HTTP/2.0" 200 820 "-" "Mozilla/5.0 AppleWebKit/537.36 (KHTML, like Gecko; compatible; ClaudeBot/1.0; +claudebot@anthropic.com)"
172.80.182.83 - - [29/Aug/2026:00:03:21 +0330] "GET /api/v1/profile HTTP/2.0" 200 395 "https://charsooq.com/" "Mozilla/5.0 (Linux; Android 10; K) AppleWebKit/537.36 (KHTML, like Gecko) Chrome/114.0.0.0 Mobile Safari/537.36"
216.73.216.41 - - [29/Aug/2026:00:03:21 +0330] "GET /?action=edit&file=stack&path=%2F%2Fproc%2F59 HTTP/2.0" 200 652 "-" "Mozilla/5.0 AppleWebKit/537.36 (KHTML, like Gecko; compatible; ClaudeBot/1.0; +claudebot@anthropic.com)"
216.73.216.41 - - [29/Aug/2026:00:03:21 +0330] "GET /?path=%2F%2Fproc%2F116%2Fattr HTTP/2.0" 200 962 "-" "Mozilla/5.0 AppleWebKit/537.36 (KHTML, like Gecko; compatible; ClaudeBot/1.0; +claudebot@anthropic.com)"
172.80.182.83 - - [29/Aug/2026:00:03:21 +0330] "GET /dashboard/orders/260828000?_rsc=1sk1a HTTP/2.0" 200 1537 "https://charsooq.com/dashboard/orders" "Mozilla/5.0 (Linux; Android 10; K) AppleWebKit/537.36 (KHTML, like Gecko) Chrome/114.0.0.0 Mobile Safari/537.36"
172.80.182.83 - - [29/Aug/2026:00:03:21 +0330] "GET /manifest.json HTTP/2.0" 304 0 "https://charsooq.com/dashboard/orders/260828000" "Mozilla/5.0 (Linux; Android 10; K) AppleWebKit/537.36 (KHTML, like Gecko) Chrome/114.0.0.0 Mobile Safari/537.36"
172.80.182.83 - - [29/Aug/2026:00:03:21 +0330] "GET /pwa-icon-180.png HTTP/2.0" 304 0 "https://charsooq.com/dashboard/orders/260828000" "Mozilla/5.0 (Linux; Android 10; K) AppleWebKit/537.36 (KHTML, like Gecko) Chrome/114.0.0.0 Mobile Safari/537.36"
216.73.216.41 - - [29/Aug/2026:00:03:21 +0330] "GET /?action=edit&file=stack&path=%2F%2Fproc%2F145 HTTP/2.0" 200 652 "-" "Mozilla/5.0 AppleWebKit/537.36 (KHTML, like Gecko; compatible; ClaudeBot/1.0; +claudebot@anthropic.com)"
172.80.182.83 - - [29/Aug/2026:00:03:22 +0330] "OPTIONS /api/v1/invoice-show/260828000 HTTP/2.0" 204 0 "https://charsooq.com/" "Mozilla/5.0 (Linux; Android 10; K) AppleWebKit/537.36 (KHTML, like Gecko) Chrome/114.0.0.0 Mobile Safari/537.36"
172.80.182.83 - - [29/Aug/2026:00:03:22 +0330] "OPTIONS /api/v1/invoice-show-action/260828000 HTTP/2.0" 204 0 "https://charsooq.com/" "Mozilla/5.0 (Linux; Android 10; K) AppleWebKit/537.36 (KHTML, like Gecko) Chrome/114.0.0.0 Mobile Safari/537.36"
172.80.182.83 - - [29/Aug/2026:00:03:22 +0330] "POST /api/v1/invoice-show/260828000 HTTP/2.0" 200 1993 "https://charsooq.com/" "Mozilla/5.0 (Linux; Android 10; K) AppleWebKit/537.36 (KHTML, like Gecko) Chrome/114.0.0.0 Mobile Safari/537.36"
172.80.182.83 - - [29/Aug/2026:00:03:22 +0330] "POST /api/v1/invoice-show-action/260828000 HTTP/2.0" 200 148 "https://charsooq.com/" "Mozilla/5.0 (Linux; Android 10; K) AppleWebKit/537.36 (KHTML, like Gecko) Chrome/114.0.0.0 Mobile Safari/537.36"
216.73.216.41 - - [29/Aug/2026:00:03:22 +0330] "GET /?path=%2F%2Fproc%2F164%2Fattr HTTP/2.0" 200 963 "-" "Mozilla/5.0 AppleWebKit/537.36 (KHTML, like Gecko; compatible; ClaudeBot/1.0; +claudebot@anthropic.com)"
172.80.182.83 - - [29/Aug/2026:00:03:22 +0330] "GET /assets/images/icons/charsooq-logo.png HTTP/2.0" 304 0 "https://charsooq.com/dashboard/orders/260828000" "Mozilla/5.0 (Linux; Android 10; K) AppleWebKit/537.36 (KHTML, like Gecko) Chrome/114.0.0.0 Mobile Safari/537.36"
216.73.216.41 - - [29/Aug/2026:00:03:22 +0330] "GET /?path=%2Fvar%2Fwww%2Ffront%2Fnode_modules%2Fes-iterator-helpers%2FIterator.prototype HTTP/2.0" 200 1028 "-" "Mozilla/5.0 AppleWebKit/537.36 (KHTML, like Gecko; compatible; ClaudeBot/1.0; +claudebot@anthropic.com)"
216.73.216.41 - - [29/Aug/2026:00:03:22 +0330] "GET /?action=edit&file=stack&path=%2F%2Fproc%2F23 HTTP/2.0" 200 652 "-" "Mozilla/5.0 AppleWebKit/537.36 (KHTML, like Gecko; compatible; ClaudeBot/1.0; +claudebot@anthropic.com)"
216.73.216.41 - - [29/Aug/2026:00:03:22 +0330] "GET /?path=%2F%2Fusr%2Flocal%2Flib HTTP/2.0" 200 863 "-" "Mozilla/5.0 AppleWebKit/537.36 (KHTML, like Gecko; compatible; ClaudeBot/1.0; +claudebot@anthropic.com)"
216.73.216.41 - - [29/Aug/2026:00:03:22 +0330] "GET /?path=%2F%2Fproc%2F152%2Fns HTTP/2.0" 200 808 "-" "Mozilla/5.0 AppleWebKit/537.36 (KHTML, like Gecko; compatible; ClaudeBot/1.0; +claudebot@anthropic.com)"
66.249.77.97 - - [29/Aug/2026:00:03:22 +0330] "GET /storage/uploads/u1LPoHkFIwEJv2fwgbYurIXJWaoY0SoReHpdQpZe.webp HTTP/1.1" 301 169 "-" "Googlebot-Image/1.0"
216.73.216.41 - - [29/Aug/2026:00:03:22 +0330] "GET /?action=edit&file=cpu_resctrl_groups&path=%2F%2Fproc%2F41 HTTP/2.0" 200 669 "-" "Mozilla/5.0 AppleWebKit/537.36 (KHTML, like Gecko; compatible; ClaudeBot/1.0; +claudebot@anthropic.com)"
216.73.216.41 - - [29/Aug/2026:00:03:22 +0330] "GET /?action=edit&file=stack&path=%2F%2Fproc%2F60 HTTP/2.0" 200 652 "-" "Mozilla/5.0 AppleWebKit/537.36 (KHTML, like Gecko; compatible; ClaudeBot/1.0; +claudebot@anthropic.com)"
216.73.216.41 - - [29/Aug/2026:00:03:23 +0330] "GET /?action=edit&file=cpu_resctrl_groups&path=%2F%2Fproc%2F65 HTTP/2.0" 200 669 "-" "Mozilla/5.0 AppleWebKit/537.36 (KHTML, like Gecko; compatible; ClaudeBot/1.0; +claudebot@anthropic.com)"
216.73.216.41 - - [29/Aug/2026:00:03:23 +0330] "GET /?action=edit&file=cpu_resctrl_groups&path=%2F%2Fproc%2F72 HTTP/2.0" 200 669 "-" "Mozilla/5.0 AppleWebKit/537.36 (KHTML, like Gecko; compatible; ClaudeBot/1.0; +claudebot@anthropic.com)"
216.73.216.41 - - [29/Aug/2026:00:03:24 +0330] "GET /?action=edit&file=stack&path=%2F%2Fproc%2F16 HTTP/2.0" 200 652 "-" "Mozilla/5.0 AppleWebKit/537.36 (KHTML, like Gecko; compatible; ClaudeBot/1.0; +claudebot@anthropic.com)"
216.73.216.41 - - [29/Aug/2026:00:03:24 +0330] "GET /?path=%2F%2Fproc%2F49%2Fns HTTP/2.0" 200 809 "-" "Mozilla/5.0 AppleWebKit/537.36 (KHTML, like Gecko; compatible; ClaudeBot/1.0; +claudebot@anthropic.com)"
216.73.216.41 - - [29/Aug/2026:00:03:24 +0330] "GET /?path=%2F%2Fproc%2F160%2Fattr HTTP/2.0" 200 962 "-" "Mozilla/5.0 AppleWebKit/537.36 (KHTML, like Gecko; compatible; ClaudeBot/1.0; +claudebot@anthropic.com)"
216.73.216.41 - - [29/Aug/2026:00:03:24 +0330] "GET /?path=%2F%2Fproc%2F825%2Fnet HTTP/2.0" 200 1463 "-" "Mozilla/5.0 AppleWebKit/537.36 (KHTML, like Gecko; compatible; ClaudeBot/1.0; +claudebot@anthropic.com)"
216.73.216.41 - - [29/Aug/2026:00:03:24 +0330] "GET /?path=%2F%2Fproc%2F92%2Fns HTTP/2.0" 200 808 "-" "Mozilla/5.0 AppleWebKit/537.36 (KHTML, like Gecko; compatible; ClaudeBot/1.0; +claudebot@anthropic.com)"
216.73.216.41 - - [29/Aug/2026:00:03:24 +0330] "GET /?action=edit&file=stack&path=%2F%2Fproc%2F53 HTTP/2.0" 200 652 "-" "Mozilla/5.0 AppleWebKit/537.36 (KHTML, like Gecko; compatible; ClaudeBot/1.0; +claudebot@anthropic.com)"
216.73.216.41 - - [29/Aug/2026:00:03:24 +0330] "GET /?action=edit&file=cpu_resctrl_groups&path=%2F%2Fproc%2F63 HTTP/2.0" 200 669 "-" "Mozilla/5.0 AppleWebKit/537.36 (KHTML, like Gecko; compatible; ClaudeBot/1.0; +claudebot@anthropic.com)"
216.73.216.41 - - [29/Aug/2026:00:03:24 +0330] "GET /?action=edit&file=stack&path=%2F%2Fproc%2F149 HTTP/2.0" 200 652 "-" "Mozilla/5.0 AppleWebKit/537.36 (KHTML, like Gecko; compatible; ClaudeBot/1.0; +claudebot@anthropic.com)"
216.73.216.41 - - [29/Aug/2026:00:03:24 +0330] "GET /?action=edit&file=stack&path=%2F%2Fproc%2F26 HTTP/2.0" 200 652 "-" "Mozilla/5.0 AppleWebKit/537.36 (KHTML, like Gecko; compatible; ClaudeBot/1.0; +claudebot@anthropic.com)"
216.73.216.41 - - [29/Aug/2026:00:03:25 +0330] "GET /?path=%2F%2Fproc%2F42%2Fattr HTTP/2.0" 200 962 "-" "Mozilla/5.0 AppleWebKit/537.36 (KHTML, like Gecko; compatible; ClaudeBot/1.0; +claudebot@anthropic.com)"
216.73.216.41 - - [29/Aug/2026:00:03:25 +0330] "GET /?action=edit&file=package.json&path=%2Fvar%2Fwww%2Ffront%2Fnode_modules%2Fqueue-tick HTTP/2.0" 200 996 "-" "Mozilla/5.0 AppleWebKit/537.36 (KHTML, like Gecko; compatible; ClaudeBot/1.0; +claudebot@anthropic.com)"
216.73.216.41 - - [29/Aug/2026:00:03:25 +0330] "GET /?path=%2F%2Fproc%2F150%2Fattr HTTP/2.0" 200 962 "-" "Mozilla/5.0 AppleWebKit/537.36 (KHTML, like Gecko; compatible; ClaudeBot/1.0; +claudebot@anthropic.com)"
66.249.77.101 - - [29/Aug/2026:00:03:25 +0330] "GET /storage/uploads/u1LPoHkFIwEJv2fwgbYurIXJWaoY0SoReHpdQpZe.webp HTTP/1.1" 200 49170 "-" "Googlebot-Image/1.0"
216.73.216.41 - - [29/Aug/2026:00:03:25 +0330] "GET /?action=edit&file=cpu_resctrl_groups&path=%2F%2Fproc%2F2467232 HTTP/2.0" 200 669 "-" "Mozilla/5.0 AppleWebKit/537.36 (KHTML, like Gecko; compatible; ClaudeBot/1.0; +claudebot@anthropic.com)"
216.73.216.41 - - [29/Aug/2026:00:03:25 +0330] "GET /?action=edit&file=stack&path=%2F%2Fproc%2F18 HTTP/2.0" 200 652 "-" "Mozilla/5.0 AppleWebKit/537.36 (KHTML, like Gecko; compatible; ClaudeBot/1.0; +claudebot@anthropic.com)"
216.73.216.41 - - [29/Aug/2026:00:03:25 +0330] "GET /?action=edit&file=cpu_resctrl_groups&path=%2F%2Fproc%2F91 HTTP/2.0" 200 669 "-" "Mozilla/5.0 AppleWebKit/537.36 (KHTML, like Gecko; compatible; ClaudeBot/1.0; +claudebot@anthropic.com)"
216.73.216.41 - - [29/Aug/2026:00:03:25 +0330] "GET /?action=edit&file=cpu_resctrl_groups&path=%2F%2Fproc%2F85 HTTP/2.0" 200 669 "-" "Mozilla/5.0 AppleWebKit/537.36 (KHTML, like Gecko; compatible; ClaudeBot/1.0; +claudebot@anthropic.com)"
216.73.216.41 - - [29/Aug/2026:00:03:25 +0330] "GET /?path=%2Fvar%2Fwww%2Fpanel%2Fnode_modules%2Fdlv HTTP/2.0" 200 988 "-" "Mozilla/5.0 AppleWebKit/537.36 (KHTML, like Gecko; compatible; ClaudeBot/1.0; +claudebot@anthropic.com)"
216.73.216.41 - - [29/Aug/2026:00:03:26 +0330] "GET /?path=%2F%2Fproc%2F2%2Fnet%2Fdev_snmp6 HTTP/2.0" 200 918 "-" "Mozilla/5.0 AppleWebKit/537.36 (KHTML, like Gecko; compatible; ClaudeBot/1.0; +claudebot@anthropic.com)"
216.73.216.41 - - [29/Aug/2026:00:03:26 +0330] "GET /?path=%2F%2Fproc%2F788%2Fnet HTTP/2.0" 200 1463 "-" "Mozilla/5.0 AppleWebKit/537.36 (KHTML, like Gecko; compatible; ClaudeBot/1.0; +claudebot@anthropic.com)"
216.73.216.41 - - [29/Aug/2026:00:03:26 +0330] "GET /?path=%2F%2Fproc%2F227%2Fattr HTTP/2.0" 200 962 "-" "Mozilla/5.0 AppleWebKit/537.36 (KHTML, like Gecko; compatible; ClaudeBot/1.0; +claudebot@anthropic.com)"
216.73.216.41 - - [29/Aug/2026:00:03:27 +0330] "GET /?path=%2Fvar%2Fwww%2Fback%2Fnode_modules%2Fesbuild%2Flib HTTP/2.0" 200 954 "-" "Mozilla/5.0 AppleWebKit/537.36 (KHTML, like Gecko; compatible; ClaudeBot/1.0; +claudebot@anthropic.com)"
216.73.216.41 - - [29/Aug/2026:00:03:27 +0330] "GET /?path=%2F%2Fproc%2F120%2Fnet HTTP/2.0" 200 1463 "-" "Mozilla/5.0 AppleWebKit/537.36 (KHTML, like Gecko; compatible; ClaudeBot/1.0; +claudebot@anthropic.com)"
216.73.216.41 - - [29/Aug/2026:00:03:27 +0330] "GET /?path=%2F%2Fproc%2F31%2Fattr HTTP/2.0" 200 961 "-" "Mozilla/5.0 AppleWebKit/537.36 (KHTML, like Gecko; compatible; ClaudeBot/1.0; +claudebot@anthropic.com)"
216.73.216.41 - - [29/Aug/2026:00:03:27 +0330] "GET /?path=%2F%2Fproc%2F146%2Fattr HTTP/2.0" 200 963 "-" "Mozilla/5.0 AppleWebKit/537.36 (KHTML, like Gecko; compatible; ClaudeBot/1.0; +claudebot@anthropic.com)"
216.73.216.41 - - [29/Aug/2026:00:03:27 +0330] "GET /?path=%2Fvar%2Fwww%2Ffront%2Fnode_modules%2Freact-is%2Fumd HTTP/2.0" 200 973 "-" "Mozilla/5.0 AppleWebKit/537.36 (KHTML, like Gecko; compatible; ClaudeBot/1.0; +claudebot@anthropic.com)"
216.73.216.41 - - [29/Aug/2026:00:03:27 +0330] "GET /?path=%2Fvar%2Flib%2Fsystemd%2Ftimesync HTTP/2.0" 200 895 "-" "Mozilla/5.0 AppleWebKit/537.36 (KHTML, like Gecko; compatible; ClaudeBot/1.0; +claudebot@anthropic.com)"
216.73.216.41 - - [29/Aug/2026:00:03:27 +0330] "GET /?action=edit&file=cpu_resctrl_groups&path=%2F%2Fproc%2F28 HTTP/2.0" 200 669 "-" "Mozilla/5.0 AppleWebKit/537.36 (KHTML, like Gecko; compatible; ClaudeBot/1.0; +claudebot@anthropic.com)"
216.73.216.41 - - [29/Aug/2026:00:03:27 +0330] "GET /?path=%2F%2Fproc%2F593282%2Fnet HTTP/2.0" 200 1470 "-" "Mozilla/5.0 AppleWebKit/537.36 (KHTML, like Gecko; compatible; ClaudeBot/1.0; +claudebot@anthropic.com)"
216.73.216.41 - - [29/Aug/2026:00:03:27 +0330] "GET /?path=%2F%2Fproc%2F119%2Fattr HTTP/2.0" 200 962 "-" "Mozilla/5.0 AppleWebKit/537.36 (KHTML, like Gecko; compatible; ClaudeBot/1.0; +claudebot@anthropic.com)"
216.73.216.41 - - [29/Aug/2026:00:03:28 +0330] "GET /?path=%2F%2Fproc%2F130%2Fattr HTTP/2.0" 200 962 "-" "Mozilla/5.0 AppleWebKit/537.36 (KHTML, like Gecko; compatible; ClaudeBot/1.0; +claudebot@anthropic.com)"
216.73.216.41 - - [29/Aug/2026:00:03:28 +0330] "GET /?path=%2F%2Fproc%2F29%2Fns HTTP/2.0" 200 808 "-" "Mozilla/5.0 AppleWebKit/537.36 (KHTML, like Gecko; compatible; ClaudeBot/1.0; +claudebot@anthropic.com)"
216.73.216.41 - - [29/Aug/2026:00:03:28 +0330] "GET /?path=%2Fvar%2Fwww%2Fpanel%2Fnode_modules%2Fform-data%2Flib HTTP/2.0" 200 973 "-" "Mozilla/5.0 AppleWebKit/537.36 (KHTML, like Gecko; compatible; ClaudeBot/1.0; +claudebot@anthropic.com)"
216.73.216.41 - - [29/Aug/2026:00:03:29 +0330] "GET /?action=edit&file=package.json&path=%2Fvar%2Fwww%2Ffront%2Fnode_modules%2Fcli-cursor HTTP/2.0" 200 1047 "-" "Mozilla/5.0 AppleWebKit/537.36 (KHTML, like Gecko; compatible; ClaudeBot/1.0; +claudebot@anthropic.com)"
216.73.216.41 - - [29/Aug/2026:00:03:29 +0330] "GET /?path=%2Fvar%2Fwww%2Ffront%2Fnode_modules%2Fwhich-boxed-primitive%2Ftest HTTP/2.0" 200 952 "-" "Mozilla/5.0 AppleWebKit/537.36 (KHTML, like Gecko; compatible; ClaudeBot/1.0; +claudebot@anthropic.com)"
216.73.216.41 - - [29/Aug/2026:00:03:29 +0330] "GET /?path=%2F%2Fproc%2F129%2Fns HTTP/2.0" 200 809 "-" "Mozilla/5.0 AppleWebKit/537.36 (KHTML, like Gecko; compatible; ClaudeBot/1.0; +claudebot@anthropic.com)"
216.73.216.41 - - [29/Aug/2026:00:03:29 +0330] "GET /?path=%2F%2Fproc%2F779%2Fns HTTP/2.0" 200 809 "-" "Mozilla/5.0 AppleWebKit/537.36 (KHTML, like Gecko; compatible; ClaudeBot/1.0; +claudebot@anthropic.com)"
216.73.216.41 - - [29/Aug/2026:00:03:29 +0330] "GET /?path=%2F%2Fproc%2F134%2Fattr HTTP/2.0" 200 962 "-" "Mozilla/5.0 AppleWebKit/537.36 (KHTML, like Gecko; compatible; ClaudeBot/1.0; +claudebot@anthropic.com)"
216.73.216.41 - - [29/Aug/2026:00:03:29 +0330] "GET /?path=%2F%2Fproc%2F239%2Fnet%2Fdev_snmp6 HTTP/2.0" 200 922 "-" "Mozilla/5.0 AppleWebKit/537.36 (KHTML, like Gecko; compatible; ClaudeBot/1.0; +claudebot@anthropic.com)"
216.73.216.41 - - [29/Aug/2026:00:03:29 +0330] "GET /?path=%2Fvar%2Fwww%2Fpanel%2Fnode_modules%2Fts-interface-checker HTTP/2.0" 200 1007 "-" "Mozilla/5.0 AppleWebKit/537.36 (KHTML, like Gecko; compatible; ClaudeBot/1.0; +claudebot@anthropic.com)"
216.73.216.41 - - [29/Aug/2026:00:03:29 +0330] "GET /?path=%2Fvar%2Fwww%2Fback%2Fnode_modules%2Frollup%2Fdist HTTP/2.0" 200 1075 "-" "Mozilla/5.0 AppleWebKit/537.36 (KHTML, like Gecko; compatible; ClaudeBot/1.0; +claudebot@anthropic.com)"
216.73.216.41 - - [29/Aug/2026:00:03:30 +0330] "GET /?path=%2F%2Fproc%2F9%2Fns HTTP/2.0" 200 807 "-" "Mozilla/5.0 AppleWebKit/537.36 (KHTML, like Gecko; compatible; ClaudeBot/1.0; +claudebot@anthropic.com)"
216.73.216.41 - - [29/Aug/2026:00:03:30 +0330] "GET /?path=%2F%2Fproc%2F37%2Fns HTTP/2.0" 200 808 "-" "Mozilla/5.0 AppleWebKit/537.36 (KHTML, like Gecko; compatible; ClaudeBot/1.0; +claudebot@anthropic.com)"
216.73.216.41 - - [29/Aug/2026:00:03:30 +0330] "GET /?path=%2Fvar%2Fwww%2Fback%2Fvendor%2Fphpunit%2Fphp-text-template HTTP/2.0" 200 1050 "-" "Mozilla/5.0 AppleWebKit/537.36 (KHTML, like Gecko; compatible; ClaudeBot/1.0; +claudebot@anthropic.com)"
216.73.216.41 - - [29/Aug/2026:00:03:30 +0330] "GET /?path=%2F%2Fproc%2F657%2Fns HTTP/2.0" 200 809 "-" "Mozilla/5.0 AppleWebKit/537.36 (KHTML, like Gecko; compatible; ClaudeBot/1.0; +claudebot@anthropic.com)"
216.73.216.41 - - [29/Aug/2026:00:03:30 +0330] "GET /?path=%2Fvar%2Fwww%2Fback%2Fvendor%2Fmarkbaker%2Fmatrix%2F.github HTTP/2.0" 200 933 "-" "Mozilla/5.0 AppleWebKit/537.36 (KHTML, like Gecko; compatible; ClaudeBot/1.0; +claudebot@anthropic.com)"
216.73.216.41 - - [29/Aug/2026:00:03:30 +0330] "GET /?path=%2Fvar%2Fwww%2Fpanel%2Fnode_modules%2Fpostcss-import%2Flib HTTP/2.0" 200 1087 "-" "Mozilla/5.0 AppleWebKit/537.36 (KHTML, like Gecko; compatible; ClaudeBot/1.0; +claudebot@anthropic.com)"
216.73.216.41 - - [29/Aug/2026:00:03:31 +0330] "GET /?path=%2F%2Fproc%2F971%2Fattr HTTP/2.0" 200 962 "-" "Mozilla/5.0 AppleWebKit/537.36 (KHTML, like Gecko; compatible; ClaudeBot/1.0; +claudebot@anthropic.com)"
216.73.216.41 - - [29/Aug/2026:00:03:31 +0330] "GET /?path=%2Fvar%2Fwww%2Fpanel%2Fnode_modules%2Ftippy.js HTTP/2.0" 200 1055 "-" "Mozilla/5.0 AppleWebKit/537.36 (KHTML, like Gecko; compatible; ClaudeBot/1.0; +claudebot@anthropic.com)"
216.73.216.41 - - [29/Aug/2026:00:03:31 +0330] "GET /?path=%2F%2Fvar%2Frun%2Fmongodb HTTP/2.0" 200 811 "-" "Mozilla/5.0 AppleWebKit/537.36 (KHTML, like Gecko; compatible; ClaudeBot/1.0; +claudebot@anthropic.com)"
216.73.216.41 - - [29/Aug/2026:00:03:31 +0330] "GET /?action=edit&file=stack&path=%2F%2Fproc%2F55 HTTP/2.0" 200 652 "-" "Mozilla/5.0 AppleWebKit/537.36 (KHTML, like Gecko; compatible; ClaudeBot/1.0; +claudebot@anthropic.com)"
216.73.216.41 - - [29/Aug/2026:00:03:31 +0330] "GET /?path=%2F%2Fproc%2F510%2Fnet HTTP/2.0" 200 1463 "-" "Mozilla/5.0 AppleWebKit/537.36 (KHTML, like Gecko; compatible; ClaudeBot/1.0; +claudebot@anthropic.com)"
216.73.216.41 - - [29/Aug/2026:00:03:32 +0330] "GET /?path=%2F%2Fvar%2Fspool%2Fmail HTTP/2.0" 200 811 "-" "Mozilla/5.0 AppleWebKit/537.36 (KHTML, like Gecko; compatible; ClaudeBot/1.0; +claudebot@anthropic.com)"
216.73.216.41 - - [29/Aug/2026:00:03:32 +0330] "GET /?path=%2F%2Fusr%2Flib%2Fapparmor HTTP/2.0" 200 937 "-" "Mozilla/5.0 AppleWebKit/537.36 (KHTML, like Gecko; compatible; ClaudeBot/1.0; +claudebot@anthropic.com)"
216.73.216.41 - - [29/Aug/2026:00:03:32 +0330] "GET /?path=%2F%2Fproc%2F43%2Fns HTTP/2.0" 200 809 "-" "Mozilla/5.0 AppleWebKit/537.36 (KHTML, like Gecko; compatible; ClaudeBot/1.0; +claudebot@anthropic.com)"
216.73.216.41 - - [29/Aug/2026:00:03:32 +0330] "GET /?path=%2F%2Fvar%2Flog%2Fmongodb HTTP/2.0" 200 882 "-" "Mozilla/5.0 AppleWebKit/537.36 (KHTML, like Gecko; compatible; ClaudeBot/1.0; +claudebot@anthropic.com)"
216.73.216.41 - - [29/Aug/2026:00:03:32 +0330] "GET /?action=edit&file=stack&path=%2F%2Fproc%2F34 HTTP/2.0" 200 652 "-" "Mozilla/5.0 AppleWebKit/537.36 (KHTML, like Gecko; compatible; ClaudeBot/1.0; +claudebot@anthropic.com)"
216.73.216.41 - - [29/Aug/2026:00:03:32 +0330] "GET /?path=%2Fvar%2Fwww%2Ffront%2Fnode_modules%2Feslint-plugin-import%2Fmemo-parser HTTP/2.0" 200 1000 "-" "Mozilla/5.0 AppleWebKit/537.36 (KHTML, like Gecko; compatible; ClaudeBot/1.0; +claudebot@anthropic.com)"
216.73.216.41 - - [29/Aug/2026:00:03:32 +0330] "GET /?path=%2F%2Fproc%2F315%2Fnet HTTP/2.0" 200 1463 "-" "Mozilla/5.0 AppleWebKit/537.36 (KHTML, like Gecko; compatible; ClaudeBot/1.0; +claudebot@anthropic.com)"
216.73.216.41 - - [29/Aug/2026:00:03:32 +0330] "GET /?path=%2F%2Fproc%2F58%2Ftask%2F58%2Ffd HTTP/2.0" 200 826 "-" "Mozilla/5.0 AppleWebKit/537.36 (KHTML, like Gecko; compatible; ClaudeBot/1.0; +claudebot@anthropic.com)"
216.73.216.41 - - [29/Aug/2026:00:03:33 +0330] "GET /?path=%2Fvar%2Fwww%2Ffront%2Fnode_modules%2Fes-iterator-helpers%2FIteratorHelperPrototype HTTP/2.0" 200 962 "-" "Mozilla/5.0 AppleWebKit/537.36 (KHTML, like Gecko; compatible; ClaudeBot/1.0; +claudebot@anthropic.com)"
216.73.216.41 - - [29/Aug/2026:00:03:33 +0330] "GET /?path=%2Fvar%2Fwww%2Ffront%2Fnode_modules%2Fsucrase%2Fbin HTTP/2.0" 200 947 "-" "Mozilla/5.0 AppleWebKit/537.36 (KHTML, like Gecko; compatible; ClaudeBot/1.0; +claudebot@anthropic.com)"
216.73.216.41 - - [29/Aug/2026:00:03:33 +0330] "GET /?path=%2Fvar%2Fwww%2Fpanel%2Fnode_modules%2Fminimatch HTTP/2.0" 200 989 "-" "Mozilla/5.0 AppleWebKit/537.36 (KHTML, like Gecko; compatible; ClaudeBot/1.0; +claudebot@anthropic.com)"
216.73.216.41 - - [29/Aug/2026:00:03:33 +0330] "GET /?path=%2F%2Fproc%2F608%2Fattr HTTP/2.0" 200 963 "-" "Mozilla/5.0 AppleWebKit/537.36 (KHTML, like Gecko; compatible; ClaudeBot/1.0; +claudebot@anthropic.com)"
216.73.216.41 - - [29/Aug/2026:00:03:33 +0330] "GET /?action=edit&file=stack&path=%2F%2Fproc%2F237 HTTP/2.0" 200 652 "-" "Mozilla/5.0 AppleWebKit/537.36 (KHTML, like Gecko; compatible; ClaudeBot/1.0; +claudebot@anthropic.com)"
216.73.216.41 - - [29/Aug/2026:00:03:33 +0330] "GET /?path=%2F%2Fproc%2F64%2Fns HTTP/2.0" 200 809 "-" "Mozilla/5.0 AppleWebKit/537.36 (KHTML, like Gecko; compatible; ClaudeBot/1.0; +claudebot@anthropic.com)"
216.73.216.41 - - [29/Aug/2026:00:03:33 +0330] "GET /?path=%2F%2Fproc%2F155%2Fattr HTTP/2.0" 200 962 "-" "Mozilla/5.0 AppleWebKit/537.36 (KHTML, like Gecko; compatible; ClaudeBot/1.0; +claudebot@anthropic.com)"
216.73.216.41 - - [29/Aug/2026:00:03:34 +0330] "GET /?path=%2F%2Fproc%2F143%2Fnet HTTP/2.0" 200 1463 "-" "Mozilla/5.0 AppleWebKit/537.36 (KHTML, like Gecko; compatible; ClaudeBot/1.0; +claudebot@anthropic.com)"
216.73.216.41 - - [29/Aug/2026:00:03:34 +0330] "GET /?path=%2Fvar%2Fwww%2Fback%2Fnode_modules%2Fpirates%2Flib HTTP/2.0" 200 936 "-" "Mozilla/5.0 AppleWebKit/537.36 (KHTML, like Gecko; compatible; ClaudeBot/1.0; +claudebot@anthropic.com)"
216.73.216.41 - - [29/Aug/2026:00:03:34 +0330] "GET /?path=%2F%2Fproc%2F133%2Fattr HTTP/2.0" 200 962 "-" "Mozilla/5.0 AppleWebKit/537.36 (KHTML, like Gecko; compatible; ClaudeBot/1.0; +claudebot@anthropic.com)"
216.73.216.41 - - [29/Aug/2026:00:03:34 +0330] "GET /?action=edit&file=_arrayReduceRight.js&path=%2Fvar%2Fwww%2Ffront%2Fnode_modules%2Flodash HTTP/2.0" 200 1018 "-" "Mozilla/5.0 AppleWebKit/537.36 (KHTML, like Gecko; compatible; ClaudeBot/1.0; +claudebot@anthropic.com)"
216.73.216.41 - - [29/Aug/2026:00:03:34 +0330] "GET /?path=%2F%2Fproc%2F158%2Fattr HTTP/2.0" 200 962 "-" "Mozilla/5.0 AppleWebKit/537.36 (KHTML, like Gecko; compatible; ClaudeBot/1.0; +claudebot@anthropic.com)"
216.73.216.41 - - [29/Aug/2026:00:03:35 +0330] "GET /?action=edit&file=package.json&path=%2Fvar%2Fwww%2Ffront%2Fnode_modules%2Fflat-cache HTTP/2.0" 200 1786 "-" "Mozilla/5.0 AppleWebKit/537.36 (KHTML, like Gecko; compatible; ClaudeBot/1.0; +claudebot@anthropic.com)"
216.73.216.41 - - [29/Aug/2026:00:03:35 +0330] "GET /?path=%2Fvar%2Fwww%2Ffront%2Fnode_modules%2Freact-leaflet%2Flib HTTP/2.0" 200 1634 "-" "Mozilla/5.0 AppleWebKit/537.36 (KHTML, like Gecko; compatible; ClaudeBot/1.0; +claudebot@anthropic.com)"
216.73.216.41 - - [29/Aug/2026:00:03:35 +0330] "GET /?path=%2F%2Fproc%2F786%2Fns HTTP/2.0" 200 809 "-" "Mozilla/5.0 AppleWebKit/537.36 (KHTML, like Gecko; compatible; ClaudeBot/1.0; +claudebot@anthropic.com)"
216.73.216.41 - - [29/Aug/2026:00:03:35 +0330] "GET /?path=%2F%2Fusr%2Flib%2Fsystemd%2Fuser-environment-generators HTTP/2.0" 200 952 "-" "Mozilla/5.0 AppleWebKit/537.36 (KHTML, like Gecko; compatible; ClaudeBot/1.0; +claudebot@anthropic.com)"
127.0.0.1 - - [29/Aug/2026:00:03:35 +0330] "GET /api/v1/categories-amazon HTTP/1.1" 200 34230 "-" "node"
216.73.216.41 - - [29/Aug/2026:00:03:35 +0330] "GET /?action=edit&file=package.json&path=%2Fvar%2Fwww%2Ffront%2Fnode_modules%2Fpath-parse HTTP/2.0" 200 997 "-" "Mozilla/5.0 AppleWebKit/537.36 (KHTML, like Gecko; compatible; ClaudeBot/1.0; +claudebot@anthropic.com)"
172.16.20.25 - - [29/Aug/2026:00:03:35 +0330] "GET / HTTP/1.1" 200 338470 "-" "Mozilla/5.0 (compatible; PRTG Network Monitor (www.paessler.com); Windows)"
216.73.216.41 - - [29/Aug/2026:00:03:35 +0330] "GET /?path=%2F%2Fproc%2F260%2Fattr HTTP/2.0" 200 962 "-" "Mozilla/5.0 AppleWebKit/537.36 (KHTML, like Gecko; compatible; ClaudeBot/1.0; +claudebot@anthropic.com)"
216.73.216.41 - - [29/Aug/2026:00:03:35 +0330] "GET /?path=%2F%2Fproc%2F649%2Fattr HTTP/2.0" 200 963 "-" "Mozilla/5.0 AppleWebKit/537.36 (KHTML, like Gecko; compatible; ClaudeBot/1.0; +claudebot@anthropic.com)"
216.73.216.41 - - [29/Aug/2026:00:03:35 +0330] "GET /?path=%2Fvar%2Fwww%2Fback%2Fnode_modules%2Fdlv%2Fdist HTTP/2.0" 200 1002 "-" "Mozilla/5.0 AppleWebKit/537.36 (KHTML, like Gecko; compatible; ClaudeBot/1.0; +claudebot@anthropic.com)"
216.73.216.41 - - [29/Aug/2026:00:03:35 +0330] "GET /?path=%2F%2Fproc%2F22%2Fns HTTP/2.0" 200 808 "-" "Mozilla/5.0 AppleWebKit/537.36 (KHTML, like Gecko; compatible; ClaudeBot/1.0; +claudebot@anthropic.com)"
216.73.216.41 - - [29/Aug/2026:00:03:36 +0330] "GET /?path=%2F%2Fproc%2F36%2Ftask%2F36%2Ffd HTTP/2.0" 200 827 "-" "Mozilla/5.0 AppleWebKit/537.36 (KHTML, like Gecko; compatible; ClaudeBot/1.0; +claudebot@anthropic.com)"
216.73.216.41 - - [29/Aug/2026:00:03:36 +0330] "GET /?action=edit&file=stack&path=%2F%2Fproc%2F49 HTTP/2.0" 200 652 "-" "Mozilla/5.0 AppleWebKit/537.36 (KHTML, like Gecko; compatible; ClaudeBot/1.0; +claudebot@anthropic.com)"
216.73.216.41 - - [29/Aug/2026:00:03:36 +0330] "GET /?path=%2F%2Fproc%2F157%2Fattr HTTP/2.0" 200 962 "-" "Mozilla/5.0 AppleWebKit/537.36 (KHTML, like Gecko; compatible; ClaudeBot/1.0; +claudebot@anthropic.com)"
216.73.216.41 - - [29/Aug/2026:00:03:36 +0330] "GET /?path=%2F%2Fproc%2F3225457%2Froot HTTP/2.0" 200 1146 "-" "Mozilla/5.0 AppleWebKit/537.36 (KHTML, like Gecko; compatible; ClaudeBot/1.0; +claudebot@anthropic.com)"
216.73.216.41 - - [29/Aug/2026:00:03:36 +0330] "GET /?path=%2F%2Fproc%2F32%2Fns HTTP/2.0" 200 808 "-" "Mozilla/5.0 AppleWebKit/537.36 (KHTML, like Gecko; compatible; ClaudeBot/1.0; +claudebot@anthropic.com)"
216.73.216.41 - - [29/Aug/2026:00:03:36 +0330] "GET /?path=%2Fvar%2Fwww%2Fpanel%2Fnode_modules%2Fvite HTTP/2.0" 200 1057 "-" "Mozilla/5.0 AppleWebKit/537.36 (KHTML, like Gecko; compatible; ClaudeBot/1.0; +claudebot@anthropic.com)"
216.73.216.41 - - [29/Aug/2026:00:03:36 +0330] "GET /?path=%2F%2Fproc%2F118%2Fnet HTTP/2.0" 200 1463 "-" "Mozilla/5.0 AppleWebKit/537.36 (KHTML, like Gecko; compatible; ClaudeBot/1.0; +claudebot@anthropic.com)"
216.73.216.41 - - [29/Aug/2026:00:03:37 +0330] "GET /?action=edit&file=package.json&path=%2Fvar%2Fwww%2Fback%2Fnode_modules%2Ftailwindcss HTTP/2.0" 200 2263 "-" "Mozilla/5.0 AppleWebKit/537.36 (KHTML, like Gecko; compatible; ClaudeBot/1.0; +claudebot@anthropic.com)"
216.73.216.41 - - [29/Aug/2026:00:03:37 +0330] "GET /?path=%2F%2Fproc%2F86%2Fns HTTP/2.0" 200 809 "-" "Mozilla/5.0 AppleWebKit/537.36 (KHTML, like Gecko; compatible; ClaudeBot/1.0; +claudebot@anthropic.com)"
216.73.216.41 - - [29/Aug/2026:00:03:37 +0330] "GET /?action=edit&file=stack&path=%2F%2Fproc%2F92 HTTP/2.0" 200 652 "-" "Mozilla/5.0 AppleWebKit/537.36 (KHTML, like Gecko; compatible; ClaudeBot/1.0; +claudebot@anthropic.com)"
216.73.216.41 - - [29/Aug/2026:00:03:37 +0330] "GET /?path=%2Fvar%2Fwww%2Ffront%2Fnode_modules%2Fpicomatch%2Flib HTTP/2.0" 200 1011 "-" "Mozilla/5.0 AppleWebKit/537.36 (KHTML, like Gecko; compatible; ClaudeBot/1.0; +claudebot@anthropic.com)"
216.73.216.41 - - [29/Aug/2026:00:03:37 +0330] "GET /?action=edit&file=stack&path=%2F%2Fproc%2F152 HTTP/2.0" 200 652 "-" "Mozilla/5.0 AppleWebKit/537.36 (KHTML, like Gecko; compatible; ClaudeBot/1.0; +claudebot@anthropic.com)"
216.73.216.41 - - [29/Aug/2026:00:03:38 +0330] "GET /?path=%2F%2Fproc%2F245%2Fattr HTTP/2.0" 200 962 "-" "Mozilla/5.0 AppleWebKit/537.36 (KHTML, like Gecko; compatible; ClaudeBot/1.0; +claudebot@anthropic.com)"
216.73.216.41 - - [29/Aug/2026:00:03:38 +0330] "GET /?path=%2Fvar%2Fwww%2Ffront%2Fnode_modules%2Fprop-types%2Flib HTTP/2.0" 200 964 "-" "Mozilla/5.0 AppleWebKit/537.36 (KHTML, like Gecko; compatible; ClaudeBot/1.0; +claudebot@anthropic.com)"
216.73.216.41 - - [29/Aug/2026:00:03:38 +0330] "GET /?path=%2F%2Fproc%2F68%2Ftask%2F68%2Ffd HTTP/2.0" 200 827 "-" "Mozilla/5.0 AppleWebKit/537.36 (KHTML, like Gecko; compatible; ClaudeBot/1.0; +claudebot@anthropic.com)"
216.73.216.41 - - [29/Aug/2026:00:03:38 +0330] "GET /?action=edit&file=stack&path=%2F%2Fproc%2F1 HTTP/2.0" 200 652 "-" "Mozilla/5.0 AppleWebKit/537.36 (KHTML, like Gecko; compatible; ClaudeBot/1.0; +claudebot@anthropic.com)"
216.73.216.41 - - [29/Aug/2026:00:03:38 +0330] "GET /?path=%2F%2Fproc%2F52%2Fns HTTP/2.0" 200 808 "-" "Mozilla/5.0 AppleWebKit/537.36 (KHTML, like Gecko; compatible; ClaudeBot/1.0; +claudebot@anthropic.com)"
216.73.216.41 - - [29/Aug/2026:00:03:38 +0330] "GET /?path=%2F%2Fproc%2F93%2Ftask%2F93%2Ffd HTTP/2.0" 200 826 "-" "Mozilla/5.0 AppleWebKit/537.36 (KHTML, like Gecko; compatible; ClaudeBot/1.0; +claudebot@anthropic.com)"
216.73.216.41 - - [29/Aug/2026:00:03:41 +0330] "GET /?path=%2F%2Fproc%2F247%2Fns HTTP/2.0" 200 809 "-" "Mozilla/5.0 AppleWebKit/537.36 (KHTML, like Gecko; compatible; ClaudeBot/1.0; +claudebot@anthropic.com)"
216.73.216.41 - - [29/Aug/2026:00:03:41 +0330] "GET /?path=%2Fvar%2Fwww%2Ffront%2Fnode_modules%2F%40floating-ui%2Fcore HTTP/2.0" 200 1019 "-" "Mozilla/5.0 AppleWebKit/537.36 (KHTML, like Gecko; compatible; ClaudeBot/1.0; +claudebot@anthropic.com)"
216.73.216.41 - - [29/Aug/2026:00:03:41 +0330] "GET /?action=edit&file=stack&path=%2F%2Fproc%2F158 HTTP/2.0" 200 652 "-" "Mozilla/5.0 AppleWebKit/537.36 (KHTML, like Gecko; compatible; ClaudeBot/1.0; +claudebot@anthropic.com)"
216.73.216.41 - - [29/Aug/2026:00:03:41 +0330] "GET /?action=edit&file=stack&path=%2F%2Fproc%2F608 HTTP/2.0" 200 652 "-" "Mozilla/5.0 AppleWebKit/537.36 (KHTML, like Gecko; compatible; ClaudeBot/1.0; +claudebot@anthropic.com)"
216.73.216.41 - - [29/Aug/2026:00:03:42 +0330] "GET /?path=%2F%2Fproc%2F561%2Fns HTTP/2.0" 200 809 "-" "Mozilla/5.0 AppleWebKit/537.36 (KHTML, like Gecko; compatible; ClaudeBot/1.0; +claudebot@anthropic.com)"
216.73.216.41 - - [29/Aug/2026:00:03:42 +0330] "GET /?action=edit&file=_arrayEach.js&path=%2Fvar%2Fwww%2Ffront%2Fnode_modules%2Flodash HTTP/2.0" 200 944 "-" "Mozilla/5.0 AppleWebKit/537.36 (KHTML, like Gecko; compatible; ClaudeBot/1.0; +claudebot@anthropic.com)"
216.73.216.41 - - [29/Aug/2026:00:03:42 +0330] "GET /?path=%2F%2Fproc%2F159%2Fns HTTP/2.0" 200 809 "-" "Mozilla/5.0 AppleWebKit/537.36 (KHTML, like Gecko; compatible; ClaudeBot/1.0; +claudebot@anthropic.com)"
216.73.216.41 - - [29/Aug/2026:00:03:42 +0330] "GET /?path=%2Fvar%2Fwww%2Ffront%2Fnode_modules%2Fes-iterator-helpers%2FIterator.prototype.every HTTP/2.0" 200 1039 "-" "Mozilla/5.0 AppleWebKit/537.36 (KHTML, like Gecko; compatible; ClaudeBot/1.0; +claudebot@anthropic.com)"
216.73.216.41 - - [29/Aug/2026:00:03:42 +0330] "GET /?action=edit&file=_arrayIncludes.js&path=%2Fvar%2Fwww%2Ffront%2Fnode_modules%2Flodash HTTP/2.0" 200 963 "-" "Mozilla/5.0 AppleWebKit/537.36 (KHTML, like Gecko; compatible; ClaudeBot/1.0; +claudebot@anthropic.com)"
216.73.216.41 - - [29/Aug/2026:00:03:43 +0330] "GET /?path=%2F%2Fproc%2F121%2Fnet HTTP/2.0" 200 1463 "-" "Mozilla/5.0 AppleWebKit/537.36 (KHTML, like Gecko; compatible; ClaudeBot/1.0; +claudebot@anthropic.com)"
216.73.216.41 - - [29/Aug/2026:00:03:43 +0330] "GET /?path=%2Fvar%2Fwww%2Fpanel%2Fnode_modules%2Fyaml HTTP/2.0" 200 1024 "-" "Mozilla/5.0 AppleWebKit/537.36 (KHTML, like Gecko; compatible; ClaudeBot/1.0; +claudebot@anthropic.com)"
216.73.216.41 - - [29/Aug/2026:00:03:43 +0330] "GET /?action=edit&file=stack&path=%2F%2Fproc%2F309 HTTP/2.0" 200 652 "-" "Mozilla/5.0 AppleWebKit/537.36 (KHTML, like Gecko; compatible; ClaudeBot/1.0; +claudebot@anthropic.com)"
216.73.216.41 - - [29/Aug/2026:00:03:43 +0330] "GET /?action=edit&file=stack&path=%2F%2Fproc%2F133 HTTP/2.0" 200 652 "-" "Mozilla/5.0 AppleWebKit/537.36 (KHTML, like Gecko; compatible; ClaudeBot/1.0; +claudebot@anthropic.com)"
216.73.216.41 - - [29/Aug/2026:00:03:43 +0330] "GET /?action=edit&file=cpu_resctrl_groups&path=%2F%2Fproc%2F153 HTTP/2.0" 200 669 "-" "Mozilla/5.0 AppleWebKit/537.36 (KHTML, like Gecko; compatible; ClaudeBot/1.0; +claudebot@anthropic.com)"
216.73.216.41 - - [29/Aug/2026:00:03:43 +0330] "GET /?path=%2F%2Fproc%2F14%2Fns HTTP/2.0" 200 809 "-" "Mozilla/5.0 AppleWebKit/537.36 (KHTML, like Gecko; compatible; ClaudeBot/1.0; +claudebot@anthropic.com)"
216.73.216.41 - - [29/Aug/2026:00:03:43 +0330] "GET /?path=%2Fvar%2Fwww%2Ffront%2Fnode_modules%2F%40jridgewell%2Fset-array HTTP/2.0" 200 1035 "-" "Mozilla/5.0 AppleWebKit/537.36 (KHTML, like Gecko; compatible; ClaudeBot/1.0; +claudebot@anthropic.com)"
216.73.216.41 - - [29/Aug/2026:00:03:44 +0330] "GET /?action=edit&file=cpu_resctrl_groups&path=%2F%2Fproc%2F57 HTTP/2.0" 200 669 "-" "Mozilla/5.0 AppleWebKit/537.36 (KHTML, like Gecko; compatible; ClaudeBot/1.0; +claudebot@anthropic.com)"
216.73.216.41 - - [29/Aug/2026:00:03:44 +0330] "GET /?action=edit&file=cpu_resctrl_groups&path=%2F%2Fproc%2F12 HTTP/2.0" 200 669 "-" "Mozilla/5.0 AppleWebKit/537.36 (KHTML, like Gecko; compatible; ClaudeBot/1.0; +claudebot@anthropic.com)"
216.73.216.41 - - [29/Aug/2026:00:03:44 +0330] "GET /?path=%2Fvar%2Fwww%2Ffront%2Fnode_modules%2Fimmer%2Fdist HTTP/2.0" 200 1270 "-" "Mozilla/5.0 AppleWebKit/537.36 (KHTML, like Gecko; compatible; ClaudeBot/1.0; +claudebot@anthropic.com)"
216.73.216.41 - - [29/Aug/2026:00:03:44 +0330] "GET /?action=edit&file=stack&path=%2F%2Fproc%2F155 HTTP/2.0" 200 652 "-" "Mozilla/5.0 AppleWebKit/537.36 (KHTML, like Gecko; compatible; ClaudeBot/1.0; +claudebot@anthropic.com)"
216.73.216.41 - - [29/Aug/2026:00:03:44 +0330] "GET /?action=edit&file=stack&path=%2F%2Fproc%2F260 HTTP/2.0" 200 652 "-" "Mozilla/5.0 AppleWebKit/537.36 (KHTML, like Gecko; compatible; ClaudeBot/1.0; +claudebot@anthropic.com)"
216.73.216.41 - - [29/Aug/2026:00:03:44 +0330] "GET /?path=%2F%2Fproc%2F12%2Fns HTTP/2.0" 200 808 "-" "Mozilla/5.0 AppleWebKit/537.36 (KHTML, like Gecko; compatible; ClaudeBot/1.0; +claudebot@anthropic.com)"
216.73.216.41 - - [29/Aug/2026:00:03:45 +0330] "GET /?path=%2F%2Fproc%2F21%2Fattr HTTP/2.0" 200 961 "-" "Mozilla/5.0 AppleWebKit/537.36 (KHTML, like Gecko; compatible; ClaudeBot/1.0; +claudebot@anthropic.com)"
216.73.216.41 - - [29/Aug/2026:00:03:45 +0330] "GET /?action=edit&file=stack&path=%2F%2Fproc%2F157 HTTP/2.0" 200 652 "-" "Mozilla/5.0 AppleWebKit/537.36 (KHTML, like Gecko; compatible; ClaudeBot/1.0; +claudebot@anthropic.com)"
216.73.216.41 - - [29/Aug/2026:00:03:45 +0330] "GET /?path=%2Fvar%2Fwww%2Ffront%2Fnode_modules%2Fes-iterator-helpers%2FIterator.prototype.forEach HTTP/2.0" 200 1041 "-" "Mozilla/5.0 AppleWebKit/537.36 (KHTML, like Gecko; compatible; ClaudeBot/1.0; +claudebot@anthropic.com)"
216.73.216.41 - - [29/Aug/2026:00:03:45 +0330] "GET /?action=edit&file=cpu_resctrl_groups&path=%2F%2Fproc%2F162 HTTP/2.0" 200 669 "-" "Mozilla/5.0 AppleWebKit/537.36 (KHTML, like Gecko; compatible; ClaudeBot/1.0; +claudebot@anthropic.com)"
216.73.216.41 - - [29/Aug/2026:00:03:45 +0330] "GET /?action=edit&file=python3.9.desktop&path=%2F%2Fusr%2Fshare%2Fapplications HTTP/2.0" 200 792 "-" "Mozilla/5.0 AppleWebKit/537.36 (KHTML, like Gecko; compatible; ClaudeBot/1.0; +claudebot@anthropic.com)"
216.73.216.41 - - [29/Aug/2026:00:03:45 +0330] "GET /?action=edit&file=cpu_resctrl_groups&path=%2F%2Fproc%2F67 HTTP/2.0" 200 669 "-" "Mozilla/5.0 AppleWebKit/537.36 (KHTML, like Gecko; compatible; ClaudeBot/1.0; +claudebot@anthropic.com)"
216.73.216.41 - - [29/Aug/2026:00:03:46 +0330] "GET /?path=%2F%2Fetc%2Fssl%2Fcerts HTTP/2.0" 200 5449 "-" "Mozilla/5.0 AppleWebKit/537.36 (KHTML, like Gecko; compatible; ClaudeBot/1.0; +claudebot@anthropic.com)"
216.73.216.41 - - [29/Aug/2026:00:03:46 +0330] "GET /?path=%2F%2Fetc%2Fssl%2Fprivate HTTP/2.0" 200 810 "-" "Mozilla/5.0 AppleWebKit/537.36 (KHTML, like Gecko; compatible; ClaudeBot/1.0; +claudebot@anthropic.com)"
216.73.216.41 - - [29/Aug/2026:00:03:46 +0330] "GET /?action=edit&file=stack&path=%2F%2Fproc%2F245 HTTP/2.0" 200 652 "-" "Mozilla/5.0 AppleWebKit/537.36 (KHTML, like Gecko; compatible; ClaudeBot/1.0; +claudebot@anthropic.com)"
216.73.216.41 - - [29/Aug/2026:00:03:46 +0330] "GET /?path=%2F%2Fproc%2F24%2Fns HTTP/2.0" 200 809 "-" "Mozilla/5.0 AppleWebKit/537.36 (KHTML, like Gecko; compatible; ClaudeBot/1.0; +claudebot@anthropic.com)"
216.73.216.41 - - [29/Aug/2026:00:03:46 +0330] "GET /?action=edit&file=cpu_resctrl_groups&path=%2F%2Fproc%2F90 HTTP/2.0" 200 669 "-" "Mozilla/5.0 AppleWebKit/537.36 (KHTML, like Gecko; compatible; ClaudeBot/1.0; +claudebot@anthropic.com)"
216.73.216.41 - - [29/Aug/2026:00:03:46 +0330] "GET /?action=edit&file=cpu_resctrl_groups&path=%2F%2Fproc%2F154 HTTP/2.0" 200 669 "-" "Mozilla/5.0 AppleWebKit/537.36 (KHTML, like Gecko; compatible; ClaudeBot/1.0; +claudebot@anthropic.com)"
216.73.216.41 - - [29/Aug/2026:00:03:47 +0330] "GET /?path=%2F%2Fproc%2F179%2Fattr HTTP/2.0" 200 962 "-" "Mozilla/5.0 AppleWebKit/537.36 (KHTML, like Gecko; compatible; ClaudeBot/1.0; +claudebot@anthropic.com)"
216.73.216.41 - - [29/Aug/2026:00:03:47 +0330] "GET /?action=edit&file=cpu_resctrl_groups&path=%2F%2Fproc%2F19 HTTP/2.0" 200 669 "-" "Mozilla/5.0 AppleWebKit/537.36 (KHTML, like Gecko; compatible; ClaudeBot/1.0; +claudebot@anthropic.com)"
216.73.216.41 - - [29/Aug/2026:00:03:47 +0330] "GET /?action=edit&file=stack&path=%2F%2Fproc%2F140 HTTP/2.0" 200 652 "-" "Mozilla/5.0 AppleWebKit/537.36 (KHTML, like Gecko; compatible; ClaudeBot/1.0; +claudebot@anthropic.com)"
216.73.216.41 - - [29/Aug/2026:00:03:47 +0330] "GET /?path=%2Fvar%2Fwww%2Ffront%2Fnode_modules%2Fgoober%2Fmacro HTTP/2.0" 200 964 "-" "Mozilla/5.0 AppleWebKit/537.36 (KHTML, like Gecko; compatible; ClaudeBot/1.0; +claudebot@anthropic.com)"
216.73.216.41 - - [29/Aug/2026:00:03:48 +0330] "GET /?action=edit&file=cpu_resctrl_groups&path=%2F%2Fproc%2F10 HTTP/2.0" 200 669 "-" "Mozilla/5.0 AppleWebKit/537.36 (KHTML, like Gecko; compatible; ClaudeBot/1.0; +claudebot@anthropic.com)"
216.73.216.41 - - [29/Aug/2026:00:03:48 +0330] "GET /?path=%2Fvar%2Fwww%2Ffront%2Fnode_modules%2Fes-iterator-helpers%2FIterator.prototype.some HTTP/2.0" 200 1039 "-" "Mozilla/5.0 AppleWebKit/537.36 (KHTML, like Gecko; compatible; ClaudeBot/1.0; +claudebot@anthropic.com)"
216.73.216.41 - - [29/Aug/2026:00:03:48 +0330] "GET /?path=%2F%2Fproc%2F27%2Fns HTTP/2.0" 200 808 "-" "Mozilla/5.0 AppleWebKit/537.36 (KHTML, like Gecko; compatible; ClaudeBot/1.0; +claudebot@anthropic.com)"
216.73.216.41 - - [29/Aug/2026:00:03:48 +0330] "GET /?action=edit&file=cpu_resctrl_groups&path=%2F%2Fproc%2F13 HTTP/2.0" 200 669 "-" "Mozilla/5.0 AppleWebKit/537.36 (KHTML, like Gecko; compatible; ClaudeBot/1.0; +claudebot@anthropic.com)"
216.73.216.41 - - [29/Aug/2026:00:03:48 +0330] "GET /?action=edit&file=cpu_resctrl_groups&path=%2F%2Fproc%2F255 HTTP/2.0" 200 669 "-" "Mozilla/5.0 AppleWebKit/537.36 (KHTML, like Gecko; compatible; ClaudeBot/1.0; +claudebot@anthropic.com)"
216.73.216.41 - - [29/Aug/2026:00:03:49 +0330] "GET /?path=%2F%2Fusr%2Fshare%2Flocale%2For HTTP/2.0" 200 879 "-" "Mozilla/5.0 AppleWebKit/537.36 (KHTML, like Gecko; compatible; ClaudeBot/1.0; +claudebot@anthropic.com)"
216.73.216.41 - - [29/Aug/2026:00:03:49 +0330] "GET /?path=%2F%2Fproc%2F94%2Fns HTTP/2.0" 200 809 "-" "Mozilla/5.0 AppleWebKit/537.36 (KHTML, like Gecko; compatible; ClaudeBot/1.0; +claudebot@anthropic.com)"
216.73.216.41 - - [29/Aug/2026:00:03:49 +0330] "GET /?path=%2F%2Fetc%2Fapache2%2Fsites-available HTTP/2.0" 200 926 "-" "Mozilla/5.0 AppleWebKit/537.36 (KHTML, like Gecko; compatible; ClaudeBot/1.0; +claudebot@anthropic.com)"
216.73.216.41 - - [29/Aug/2026:00:03:49 +0330] "GET /?path=%2Fvar%2Fwww%2Fpanel%2Fnode_modules%2Fpirates HTTP/2.0" 200 1013 "-" "Mozilla/5.0 AppleWebKit/537.36 (KHTML, like Gecko; compatible; ClaudeBot/1.0; +claudebot@anthropic.com)"
