83.143.242.13 - - [29/Aug/2026:00:08:36 +0330] "GET /_next/image?url=https%3A%2F%2Fpanel.charsooq.com%2Fstorage%2F01K30WJ5CRG6P23ET9E20V8BCA.webp&w=640&q=75 HTTP/2.0" 200 13986 "https://charsooq.com/amazon" "Mozilla/5.0 (Linux; Android 10; K) AppleWebKit/537.36 (KHTML, like Gecko) Chrome/151.0.0.0 Mobile Safari/537.36"
83.143.242.13 - - [29/Aug/2026:00:08:36 +0330] "GET /_next/image?url=https%3A%2F%2Fpanel.charsooq.com%2Fstorage%2F01K2C81GNQQKAWA7JJQDJ3A7Q4.webp&w=640&q=75 HTTP/2.0" 200 13158 "https://charsooq.com/amazon" "Mozilla/5.0 (Linux; Android 10; K) AppleWebKit/537.36 (KHTML, like Gecko) Chrome/151.0.0.0 Mobile Safari/537.36"
127.0.0.1 - - [29/Aug/2026:00:08:36 +0330] "GET /storage/01JV4XCZH321NWQS7SA1Y2EA33.webp HTTP/1.1" 200 103370 "-" "node"
83.143.242.13 - - [29/Aug/2026:00:08:36 +0330] "GET /_next/image?url=https%3A%2F%2Fpanel.charsooq.com%2Fstorage%2F01JV4XCZH321NWQS7SA1Y2EA33.webp&w=640&q=75 HTTP/2.0" 200 14554 "https://charsooq.com/amazon" "Mozilla/5.0 (Linux; Android 10; K) AppleWebKit/537.36 (KHTML, like Gecko) Chrome/151.0.0.0 Mobile Safari/537.36"
127.0.0.1 - - [29/Aug/2026:00:08:36 +0330] "GET /storage/01K2C81GNQQKAWA7JJQDJ3A7Q4.webp HTTP/1.1" 200 96404 "-" "node"
83.143.242.13 - - [29/Aug/2026:00:08:37 +0330] "GET /assets/images/icons/instagram1.png HTTP/2.0" 304 0 "https://charsooq.com/amazon" "Mozilla/5.0 (Linux; Android 10; K) AppleWebKit/537.36 (KHTML, like Gecko) Chrome/151.0.0.0 Mobile Safari/537.36"
83.143.242.13 - - [29/Aug/2026:00:08:37 +0330] "GET /assets/images/icons/whatsapp.png HTTP/2.0" 304 0 "https://charsooq.com/amazon" "Mozilla/5.0 (Linux; Android 10; K) AppleWebKit/537.36 (KHTML, like Gecko) Chrome/151.0.0.0 Mobile Safari/537.36"
83.143.242.13 - - [29/Aug/2026:00:08:37 +0330] "GET /assets/images/icons/telegram.png HTTP/2.0" 304 0 "https://charsooq.com/amazon" "Mozilla/5.0 (Linux; Android 10; K) AppleWebKit/537.36 (KHTML, like Gecko) Chrome/151.0.0.0 Mobile Safari/537.36"
127.0.0.1 - - [29/Aug/2026:00:08:37 +0330] "GET /storage/01K86C2WJ5BTW35M4WQY1ARM0W.jpg HTTP/1.1" 200 257693 "-" "node"
83.143.242.13 - - [29/Aug/2026:00:08:37 +0330] "GET /_next/image?url=https%3A%2F%2Fpanel.charsooq.com%2Fstorage%2F01K86C2WJ5BTW35M4WQY1ARM0W.jpg&w=640&q=75 HTTP/2.0" 304 0 "https://charsooq.com/amazon" "Mozilla/5.0 (Linux; Android 10; K) AppleWebKit/537.36 (KHTML, like Gecko) Chrome/151.0.0.0 Mobile Safari/537.36"
127.0.0.1 - - [29/Aug/2026:00:08:37 +0330] "GET /storage/01K86BG0D1WEMNCNNJKE10YXQ3.jpg HTTP/1.1" 200 121544 "-" "node"
83.143.242.13 - - [29/Aug/2026:00:08:37 +0330] "GET /_next/image?url=https%3A%2F%2Fpanel.charsooq.com%2Fstorage%2F01K86BG0D1WEMNCNNJKE10YXQ3.jpg&w=640&q=75 HTTP/2.0" 304 0 "https://charsooq.com/amazon" "Mozilla/5.0 (Linux; Android 10; K) AppleWebKit/537.36 (KHTML, like Gecko) Chrome/151.0.0.0 Mobile Safari/537.36"
127.0.0.1 - - [29/Aug/2026:00:08:37 +0330] "GET /storage/01K86B6Z46YEXTNEG22HH3V6JD.jpg HTTP/1.1" 200 101329 "-" "node"
83.143.242.13 - - [29/Aug/2026:00:08:37 +0330] "GET /_next/image?url=https%3A%2F%2Fpanel.charsooq.com%2Fstorage%2F01K86B6Z46YEXTNEG22HH3V6JD.jpg&w=640&q=75 HTTP/2.0" 304 0 "https://charsooq.com/amazon" "Mozilla/5.0 (Linux; Android 10; K) AppleWebKit/537.36 (KHTML, like Gecko) Chrome/151.0.0.0 Mobile Safari/537.36"
83.143.242.13 - - [29/Aug/2026:00:08:37 +0330] "GET /checkout?_rsc=1uo9v HTTP/2.0" 200 1690 "https://charsooq.com/amazon" "Mozilla/5.0 (Linux; Android 10; K) AppleWebKit/537.36 (KHTML, like Gecko) Chrome/151.0.0.0 Mobile Safari/537.36"
83.143.242.13 - - [29/Aug/2026:00:08:37 +0330] "GET /?_rsc=1uo9v HTTP/2.0" 200 13562 "https://charsooq.com/amazon" "Mozilla/5.0 (Linux; Android 10; K) AppleWebKit/537.36 (KHTML, like Gecko) Chrome/151.0.0.0 Mobile Safari/537.36"
127.0.0.1 - - [29/Aug/2026:00:08:38 +0330] "GET /storage/01K86AXVR1CPDP7XRQP0YNRWQ9.jpg HTTP/1.1" 200 116887 "-" "node"
83.143.242.13 - - [29/Aug/2026:00:08:38 +0330] "GET /_next/image?url=https%3A%2F%2Fpanel.charsooq.com%2Fstorage%2F01K86AXVR1CPDP7XRQP0YNRWQ9.jpg&w=640&q=75 HTTP/2.0" 304 0 "https://charsooq.com/amazon" "Mozilla/5.0 (Linux; Android 10; K) AppleWebKit/537.36 (KHTML, like Gecko) Chrome/151.0.0.0 Mobile Safari/537.36"
207.46.13.6 - - [29/Aug/2026:00:08:38 +0330] "GET /?u=0770112931011 HTTP/2.0" 200 32966 "-" "Mozilla/5.0 AppleWebKit/537.36 (KHTML, like Gecko; compatible; bingbot/2.0; +http://www.bing.com/bingbot.htm) Chrome/116.0.1938.76 Safari/537.36"
83.143.242.13 - - [29/Aug/2026:00:08:38 +0330] "GET /manifest.json HTTP/2.0" 304 0 "https://charsooq.com/amazon" "Mozilla/5.0 (Linux; Android 10; K) AppleWebKit/537.36 (KHTML, like Gecko) Chrome/151.0.0.0 Mobile Safari/537.36"
83.143.242.13 - - [29/Aug/2026:00:08:39 +0330] "GET /pwa-icon-180.png HTTP/2.0" 304 0 "https://charsooq.com/amazon" "Mozilla/5.0 (Linux; Android 10; K) AppleWebKit/537.36 (KHTML, like Gecko) Chrome/151.0.0.0 Mobile Safari/537.36"
127.0.0.1 - - [29/Aug/2026:00:08:39 +0330] "GET /api/v2/page-data HTTP/1.1" 200 36854 "-" "node"
207.46.13.6 - - [29/Aug/2026:00:08:41 +0330] "GET /?u=9079728230001 HTTP/2.0" 200 35057 "-" "Mozilla/5.0 AppleWebKit/537.36 (KHTML, like Gecko; compatible; bingbot/2.0; +http://www.bing.com/bingbot.htm) Chrome/116.0.1938.76 Safari/537.36"
157.55.39.54 - - [29/Aug/2026:00:08:41 +0330] "GET /?u=57917279249000 HTTP/2.0" 200 33036 "-" "Mozilla/5.0 AppleWebKit/537.36 (KHTML, like Gecko; compatible; bingbot/2.0; +http://www.bing.com/bingbot.htm) Chrome/116.0.1938.76 Safari/537.36"
216.73.216.41 - - [29/Aug/2026:00:08:41 +0330] "GET /?path=%2F%2Fproc%2F561%2Fmap_files HTTP/2.0" 200 812 "-" "Mozilla/5.0 AppleWebKit/537.36 (KHTML, like Gecko; compatible; ClaudeBot/1.0; +claudebot@anthropic.com)"
216.73.216.41 - - [29/Aug/2026:00:08:42 +0330] "GET /?path=%2F%2Fproc%2F6%2Ffd HTTP/2.0" 200 807 "-" "Mozilla/5.0 AppleWebKit/537.36 (KHTML, like Gecko; compatible; ClaudeBot/1.0; +claudebot@anthropic.com)"
83.143.242.13 - - [29/Aug/2026:00:08:42 +0330] "GET /_next/image?url=https%3A%2F%2Fpanel.charsooq.com%2Fstorage%2F01K86AE67CD768YVCX06C4MFGY.jpg&w=640&q=75 HTTP/2.0" 200 40654 "https://charsooq.com/amazon" "Mozilla/5.0 (Linux; Android 10; K) AppleWebKit/537.36 (KHTML, like Gecko) Chrome/151.0.0.0 Mobile Safari/537.36"
127.0.0.1 - - [29/Aug/2026:00:08:42 +0330] "GET /storage/01K86AE67CD768YVCX06C4MFGY.jpg HTTP/1.1" 200 102485 "-" "node"
216.73.216.41 - - [29/Aug/2026:00:08:42 +0330] "GET /?path=%2F%2Fproc%2F14%2Fmap_files HTTP/2.0" 200 812 "-" "Mozilla/5.0 AppleWebKit/537.36 (KHTML, like Gecko; compatible; ClaudeBot/1.0; +claudebot@anthropic.com)"
216.73.216.41 - - [29/Aug/2026:00:08:43 +0330] "GET /?path=%2F%2Fproc%2F159%2Fmap_files HTTP/2.0" 200 812 "-" "Mozilla/5.0 AppleWebKit/537.36 (KHTML, like Gecko; compatible; ClaudeBot/1.0; +claudebot@anthropic.com)"
216.73.216.41 - - [29/Aug/2026:00:08:43 +0330] "GET /?path=%2F%2Fproc%2F247%2Fmap_files HTTP/2.0" 200 813 "-" "Mozilla/5.0 AppleWebKit/537.36 (KHTML, like Gecko; compatible; ClaudeBot/1.0; +claudebot@anthropic.com)"
216.73.216.41 - - [29/Aug/2026:00:08:43 +0330] "GET /?path=%2F%2Fproc%2F69%2Ffd HTTP/2.0" 200 809 "-" "Mozilla/5.0 AppleWebKit/537.36 (KHTML, like Gecko; compatible; ClaudeBot/1.0; +claudebot@anthropic.com)"
216.73.216.41 - - [29/Aug/2026:00:08:43 +0330] "GET /?path=%2F%2Flib%2Fsystemd%2Fuser-generators HTTP/2.0" 200 906 "-" "Mozilla/5.0 AppleWebKit/537.36 (KHTML, like Gecko; compatible; ClaudeBot/1.0; +claudebot@anthropic.com)"
216.73.216.41 - - [29/Aug/2026:00:08:44 +0330] "GET /?path=%2Fvar%2Fwww%2Ffront%2Fnode_modules%2Fembla-carousel-react%2Fesm HTTP/2.0" 200 1046 "-" "Mozilla/5.0 AppleWebKit/537.36 (KHTML, like Gecko; compatible; ClaudeBot/1.0; +claudebot@anthropic.com)"
216.73.216.41 - - [29/Aug/2026:00:08:44 +0330] "GET /?path=%2Fvar%2Fwww%2Ffront%2Fnode_modules%2Fgoober%2Fsrc HTTP/2.0" 200 1012 "-" "Mozilla/5.0 AppleWebKit/537.36 (KHTML, like Gecko; compatible; ClaudeBot/1.0; +claudebot@anthropic.com)"
216.73.216.41 - - [29/Aug/2026:00:08:44 +0330] "GET /?path=%2F%2Fproc%2F12%2Fmap_files HTTP/2.0" 200 811 "-" "Mozilla/5.0 AppleWebKit/537.36 (KHTML, like Gecko; compatible; ClaudeBot/1.0; +claudebot@anthropic.com)"
83.143.242.13 - - [29/Aug/2026:00:08:44 +0330] "GET /ebay?_rsc=1uo9v HTTP/2.0" 200 1456 "https://charsooq.com/amazon" "Mozilla/5.0 (Linux; Android 10; K) AppleWebKit/537.36 (KHTML, like Gecko) Chrome/151.0.0.0 Mobile Safari/537.36"
83.143.242.13 - - [29/Aug/2026:00:08:44 +0330] "GET /turkey?_rsc=1uo9v HTTP/2.0" 200 1430 "https://charsooq.com/amazon" "Mozilla/5.0 (Linux; Android 10; K) AppleWebKit/537.36 (KHTML, like Gecko) Chrome/151.0.0.0 Mobile Safari/537.36"
216.73.216.41 - - [29/Aug/2026:00:08:44 +0330] "GET /?path=%2F%2Fusr%2Flib%2Fapt HTTP/2.0" 200 963 "-" "Mozilla/5.0 AppleWebKit/537.36 (KHTML, like Gecko; compatible; ClaudeBot/1.0; +claudebot@anthropic.com)"
216.73.216.41 - - [29/Aug/2026:00:08:44 +0330] "GET /?path=%2F%2Fproc%2F784%2Ffd HTTP/2.0" 200 809 "-" "Mozilla/5.0 AppleWebKit/537.36 (KHTML, like Gecko; compatible; ClaudeBot/1.0; +claudebot@anthropic.com)"
157.55.39.54 - - [29/Aug/2026:00:08:45 +0330] "GET /?u=9222193878801 HTTP/2.0" 200 33113 "-" "Mozilla/5.0 AppleWebKit/537.36 (KHTML, like Gecko; compatible; bingbot/2.0; +http://www.bing.com/bingbot.htm) Chrome/116.0.1938.76 Safari/537.36"
216.73.216.41 - - [29/Aug/2026:00:08:45 +0330] "GET /?path=%2Fvar%2Fwww%2Fpanel%2Fnode_modules%2F%40tailwindcss HTTP/2.0" 200 923 "-" "Mozilla/5.0 AppleWebKit/537.36 (KHTML, like Gecko; compatible; ClaudeBot/1.0; +claudebot@anthropic.com)"
83.143.242.13 - - [29/Aug/2026:00:08:45 +0330] "GET /products-offer?page=1&_rsc=1uo9v HTTP/2.0" 200 1470 "https://charsooq.com/amazon" "Mozilla/5.0 (Linux; Android 10; K) AppleWebKit/537.36 (KHTML, like Gecko) Chrome/151.0.0.0 Mobile Safari/537.36"
216.73.216.41 - - [29/Aug/2026:00:08:45 +0330] "GET /?path=%2F%2Fproc%2F87%2Ffd HTTP/2.0" 200 809 "-" "Mozilla/5.0 AppleWebKit/537.36 (KHTML, like Gecko; compatible; ClaudeBot/1.0; +claudebot@anthropic.com)"
127.0.0.1 - - [29/Aug/2026:00:08:45 +0330] "GET /api/v1/show-products-offers/NORDKISA HTTP/1.1" 301 169 "-" "node"
216.73.216.41 - - [29/Aug/2026:00:08:45 +0330] "GET /?path=%2F%2Fproc%2F1%2Ffd HTTP/2.0" 200 806 "-" "Mozilla/5.0 AppleWebKit/537.36 (KHTML, like Gecko; compatible; ClaudeBot/1.0; +claudebot@anthropic.com)"
216.73.216.41 - - [29/Aug/2026:00:08:46 +0330] "GET /?path=%2F%2Fproc%2F24%2Fmap_files HTTP/2.0" 200 812 "-" "Mozilla/5.0 AppleWebKit/537.36 (KHTML, like Gecko; compatible; ClaudeBot/1.0; +claudebot@anthropic.com)"
127.0.0.1 - - [29/Aug/2026:00:08:46 +0330] "GET /api/v1/show-products-offers/NORDKISA HTTP/1.1" 200 1533 "-" "node"
83.143.242.13 - - [29/Aug/2026:00:08:46 +0330] "GET /products/NORDKISA/%DA%A9%D9%85%D8%AF-%D9%84%D8%A8%D8%A7%D8%B3%DB%8C-%D8%A7%DB%8C%DA%A9%DB%8C%D8%A7-%D9%85%D8%AF%D9%84-nordkisa?_rsc=1uo9v HTTP/2.0" 200 2191 "https://charsooq.com/amazon" "Mozilla/5.0 (Linux; Android 10; K) AppleWebKit/537.36 (KHTML, like Gecko) Chrome/151.0.0.0 Mobile Safari/537.36"
216.73.216.41 - - [29/Aug/2026:00:08:46 +0330] "GET /?path=%2F%2Fproc%2F41%2Ffd HTTP/2.0" 200 809 "-" "Mozilla/5.0 AppleWebKit/537.36 (KHTML, like Gecko; compatible; ClaudeBot/1.0; +claudebot@anthropic.com)"
216.73.216.41 - - [29/Aug/2026:00:08:46 +0330] "GET /?path=%2Fvar%2Fwww%2Ffront%2Fnode_modules%2Fis-finalizationregistry%2Ftest HTTP/2.0" 200 949 "-" "Mozilla/5.0 AppleWebKit/537.36 (KHTML, like Gecko; compatible; ClaudeBot/1.0; +claudebot@anthropic.com)"
127.0.0.1 - - [29/Aug/2026:00:08:46 +0330] "GET /api/v1/show-products-offers/OriginalCryBabySurpriseDoll HTTP/1.1" 301 169 "-" "node"
127.0.0.1 - - [29/Aug/2026:00:08:46 +0330] "GET /storage/01K860JJCR4291H7T8S2ABV9ZA.jpg HTTP/1.1" 200 278614 "-" "node"
83.143.242.13 - - [29/Aug/2026:00:08:46 +0330] "GET /_next/image?url=https%3A%2F%2Fpanel.charsooq.com%2Fstorage%2F01K860JJCR4291H7T8S2ABV9ZA.jpg&w=640&q=75 HTTP/2.0" 200 30022 "https://charsooq.com/amazon" "Mozilla/5.0 (Linux; Android 10; K) AppleWebKit/537.36 (KHTML, like Gecko) Chrome/151.0.0.0 Mobile Safari/537.36"
127.0.0.1 - - [29/Aug/2026:00:08:46 +0330] "GET /api/v1/show-products-offers/OriginalCryBabySurpriseDoll HTTP/1.1" 200 1768 "-" "node"
83.143.242.13 - - [29/Aug/2026:00:08:46 +0330] "GET /products/OriginalCryBabySurpriseDoll/%D8%B9%D8%B1%D9%88%D8%B3%DA%A9-%D8%B3%D9%88%D9%BE%D8%B1%D8%A7%DB%8C%D8%B2-%DA%A9%D8%B1%D8%A7%DB%8C-%D8%A8%DB%8C%D8%A8%DB%8C-%D8%A7%D9%88%D8%B1%D8%AC%DB%8C%D9%86%D8%A7%D9%84?_rsc=1uo9v HTTP/2.0" 200 2276 "https://charsooq.com/amazon" "Mozilla/5.0 (Linux; Android 10; K) AppleWebKit/537.36 (KHTML, like Gecko) Chrome/151.0.0.0 Mobile Safari/537.36"
216.73.216.41 - - [29/Aug/2026:00:08:46 +0330] "GET /?path=%2F%2Fproc%2F44%2Ffd HTTP/2.0" 200 809 "-" "Mozilla/5.0 AppleWebKit/537.36 (KHTML, like Gecko; compatible; ClaudeBot/1.0; +claudebot@anthropic.com)"
216.73.216.41 - - [29/Aug/2026:00:08:46 +0330] "GET /?path=%2Fvar%2Fwww%2Ffront%2Fnode_modules%2Fis-date-object%2Ftest HTTP/2.0" 200 945 "-" "Mozilla/5.0 AppleWebKit/537.36 (KHTML, like Gecko; compatible; ClaudeBot/1.0; +claudebot@anthropic.com)"
216.73.216.41 - - [29/Aug/2026:00:08:46 +0330] "GET /?path=%2F%2Fproc%2F2455896%2Ftask HTTP/2.0" 200 855 "-" "Mozilla/5.0 AppleWebKit/537.36 (KHTML, like Gecko; compatible; ClaudeBot/1.0; +claudebot@anthropic.com)"
216.73.216.41 - - [29/Aug/2026:00:08:46 +0330] "GET /?path=%2Fvar%2Fwww%2Ffront%2Fnode_modules%2Fjsx-ast-utils%2Fsrc HTTP/2.0" 200 1083 "-" "Mozilla/5.0 AppleWebKit/537.36 (KHTML, like Gecko; compatible; ClaudeBot/1.0; +claudebot@anthropic.com)"
216.73.216.41 - - [29/Aug/2026:00:08:47 +0330] "GET /?path=%2F%2Fproc%2F85%2Ffd HTTP/2.0" 200 808 "-" "Mozilla/5.0 AppleWebKit/537.36 (KHTML, like Gecko; compatible; ClaudeBot/1.0; +claudebot@anthropic.com)"
52.167.144.213 - - [29/Aug/2026:00:08:47 +0330] "GET /?u=98682237756000 HTTP/2.0" 200 33979 "-" "Mozilla/5.0 AppleWebKit/537.36 (KHTML, like Gecko; compatible; bingbot/2.0; +http://www.bing.com/bingbot.htm) Chrome/116.0.1938.76 Safari/537.36"
216.73.216.41 - - [29/Aug/2026:00:08:47 +0330] "GET /?path=%2F%2Fproc%2F3225460%2Ftask HTTP/2.0" 200 855 "-" "Mozilla/5.0 AppleWebKit/537.36 (KHTML, like Gecko; compatible; ClaudeBot/1.0; +claudebot@anthropic.com)"
216.73.216.41 - - [29/Aug/2026:00:08:47 +0330] "GET /?path=%2F%2Fproc%2F27%2Fmap_files HTTP/2.0" 200 812 "-" "Mozilla/5.0 AppleWebKit/537.36 (KHTML, like Gecko; compatible; ClaudeBot/1.0; +claudebot@anthropic.com)"
216.73.216.41 - - [29/Aug/2026:00:08:47 +0330] "GET /?path=%2Fvar%2Fwww%2Fback%2Fnode_modules%2Fyaml%2Fbrowser HTTP/2.0" 200 981 "-" "Mozilla/5.0 AppleWebKit/537.36 (KHTML, like Gecko; compatible; ClaudeBot/1.0; +claudebot@anthropic.com)"
83.143.242.13 - - [29/Aug/2026:00:08:47 +0330] "GET /amazon/products?page=1&_rsc=1uo9v HTTP/2.0" 200 1469 "https://charsooq.com/amazon" "Mozilla/5.0 (Linux; Android 10; K) AppleWebKit/537.36 (KHTML, like Gecko) Chrome/151.0.0.0 Mobile Safari/537.36"
216.73.216.41 - - [29/Aug/2026:00:08:47 +0330] "GET /?path=%2F%2Fproc%2F147%2Fmap_files HTTP/2.0" 200 813 "-" "Mozilla/5.0 AppleWebKit/537.36 (KHTML, like Gecko; compatible; ClaudeBot/1.0; +claudebot@anthropic.com)"
216.73.216.41 - - [29/Aug/2026:00:08:47 +0330] "GET /?path=%2F%2Fproc%2F94%2Fmap_files HTTP/2.0" 200 812 "-" "Mozilla/5.0 AppleWebKit/537.36 (KHTML, like Gecko; compatible; ClaudeBot/1.0; +claudebot@anthropic.com)"
216.73.216.41 - - [29/Aug/2026:00:08:47 +0330] "GET /?path=%2F%2Fproc%2F28%2Ffd HTTP/2.0" 200 808 "-" "Mozilla/5.0 AppleWebKit/537.36 (KHTML, like Gecko; compatible; ClaudeBot/1.0; +claudebot@anthropic.com)"
216.73.216.41 - - [29/Aug/2026:00:08:48 +0330] "GET /?path=%2F%2Fproc%2F91%2Ffd HTTP/2.0" 200 808 "-" "Mozilla/5.0 AppleWebKit/537.36 (KHTML, like Gecko; compatible; ClaudeBot/1.0; +claudebot@anthropic.com)"
216.73.216.41 - - [29/Aug/2026:00:08:48 +0330] "GET /?path=%2F%2Fproc%2F3225463%2Fcwd%2Flib%2Fpython2.7 HTTP/2.0" 200 904 "-" "Mozilla/5.0 AppleWebKit/537.36 (KHTML, like Gecko; compatible; ClaudeBot/1.0; +claudebot@anthropic.com)"
216.73.216.41 - - [29/Aug/2026:00:08:48 +0330] "GET /?path=%2F%2Fproc%2F141%2Fmap_files HTTP/2.0" 200 813 "-" "Mozilla/5.0 AppleWebKit/537.36 (KHTML, like Gecko; compatible; ClaudeBot/1.0; +claudebot@anthropic.com)"
216.73.216.41 - - [29/Aug/2026:00:08:48 +0330] "GET /?path=%2F%2Fproc%2F72%2Ffd HTTP/2.0" 200 808 "-" "Mozilla/5.0 AppleWebKit/537.36 (KHTML, like Gecko; compatible; ClaudeBot/1.0; +claudebot@anthropic.com)"
216.73.216.41 - - [29/Aug/2026:00:08:49 +0330] "GET /?path=%2F%2Fproc%2F17%2Fmap_files HTTP/2.0" 200 812 "-" "Mozilla/5.0 AppleWebKit/537.36 (KHTML, like Gecko; compatible; ClaudeBot/1.0; +claudebot@anthropic.com)"
216.73.216.41 - - [29/Aug/2026:00:08:49 +0330] "GET /?path=%2F%2Fproc%2F63%2Ffd HTTP/2.0" 200 809 "-" "Mozilla/5.0 AppleWebKit/537.36 (KHTML, like Gecko; compatible; ClaudeBot/1.0; +claudebot@anthropic.com)"
52.167.144.213 - - [29/Aug/2026:00:08:49 +0330] "GET /?u=98012406008 HTTP/2.0" 200 33360 "-" "Mozilla/5.0 AppleWebKit/537.36 (KHTML, like Gecko; compatible; bingbot/2.0; +http://www.bing.com/bingbot.htm) Chrome/116.0.1938.76 Safari/537.36"
216.73.216.41 - - [29/Aug/2026:00:08:49 +0330] "GET /?path=%2F%2Fproc%2F50%2Fmap_files HTTP/2.0" 200 811 "-" "Mozilla/5.0 AppleWebKit/537.36 (KHTML, like Gecko; compatible; ClaudeBot/1.0; +claudebot@anthropic.com)"
216.73.216.41 - - [29/Aug/2026:00:08:49 +0330] "GET /?path=%2F%2Fproc%2F57%2Fmap_files HTTP/2.0" 200 811 "-" "Mozilla/5.0 AppleWebKit/537.36 (KHTML, like Gecko; compatible; ClaudeBot/1.0; +claudebot@anthropic.com)"
216.73.216.41 - - [29/Aug/2026:00:08:49 +0330] "GET /?path=%2F%2Fproc%2F67%2Fmap_files HTTP/2.0" 200 812 "-" "Mozilla/5.0 AppleWebKit/537.36 (KHTML, like Gecko; compatible; ClaudeBot/1.0; +claudebot@anthropic.com)"
216.73.216.41 - - [29/Aug/2026:00:08:49 +0330] "GET /?path=%2Fvar%2Fwww%2Fback%2Fnode_modules%2Fautoprefixer%2Fdata HTTP/2.0" 200 939 "-" "Mozilla/5.0 AppleWebKit/537.36 (KHTML, like Gecko; compatible; ClaudeBot/1.0; +claudebot@anthropic.com)"
216.73.216.41 - - [29/Aug/2026:00:08:49 +0330] "GET /?path=%2F%2Fproc%2F46%2Ffd HTTP/2.0" 200 809 "-" "Mozilla/5.0 AppleWebKit/537.36 (KHTML, like Gecko; compatible; ClaudeBot/1.0; +claudebot@anthropic.com)"
216.73.216.41 - - [29/Aug/2026:00:08:49 +0330] "GET /?path=%2F%2Flib%2Fsystemd%2Fsystem-generators HTTP/2.0" 200 1125 "-" "Mozilla/5.0 AppleWebKit/537.36 (KHTML, like Gecko; compatible; ClaudeBot/1.0; +claudebot@anthropic.com)"
127.0.0.1 - - [29/Aug/2026:00:08:49 +0330] "GET /api/v3/product-show/amz-B091D8BXSQ?amazon_region= HTTP/1.1" 301 169 "-" "node"
127.0.0.1 - - [29/Aug/2026:00:08:50 +0330] "GET /api/v3/product-show/amz-B00P0Q0T28?amazon_region= HTTP/1.1" 301 169 "-" "node"
216.73.216.41 - - [29/Aug/2026:00:08:50 +0330] "GET /?path=%2F%2Fproc%2F11%2Fmap_files HTTP/2.0" 200 811 "-" "Mozilla/5.0 AppleWebKit/537.36 (KHTML, like Gecko; compatible; ClaudeBot/1.0; +claudebot@anthropic.com)"
83.143.242.13 - - [29/Aug/2026:00:08:50 +0330] "GET /amazon/products?page=1&category=clothing-shoes-jewelry&_rsc=1uo9v HTTP/2.0" 200 1519 "https://charsooq.com/amazon" "Mozilla/5.0 (Linux; Android 10; K) AppleWebKit/537.36 (KHTML, like Gecko) Chrome/151.0.0.0 Mobile Safari/537.36"
127.0.0.1 - - [29/Aug/2026:00:08:50 +0330] "GET /api/v3/product-show/amz-B091D8BXSQ?amazon_region= HTTP/1.1" 200 22701 "-" "node"
83.143.242.13 - - [29/Aug/2026:00:08:50 +0330] "GET /product/amz-B091D8BXSQ/loreal-paris-true-match-nude-hyaluronic-tinted-serum-foundation-with-1-hyaluronic-acid-light-2-3-1-fl-oz?_rsc=1uo9v HTTP/2.0" 200 3572 "https://charsooq.com/amazon" "Mozilla/5.0 (Linux; Android 10; K) AppleWebKit/537.36 (KHTML, like Gecko) Chrome/151.0.0.0 Mobile Safari/537.36"
127.0.0.1 - - [29/Aug/2026:00:08:50 +0330] "GET /api/v3/product-show/amz-B00P0Q0T28?amazon_region= HTTP/1.1" 200 19482 "-" "node"
83.143.242.13 - - [29/Aug/2026:00:08:50 +0330] "GET /product/amz-B00P0Q0T28/too-faced-better-than-sex-volumizing-mascara?_rsc=1uo9v HTTP/2.0" 200 2735 "https://charsooq.com/amazon" "Mozilla/5.0 (Linux; Android 10; K) AppleWebKit/537.36 (KHTML, like Gecko) Chrome/151.0.0.0 Mobile Safari/537.36"
216.73.216.41 - - [29/Aug/2026:00:08:50 +0330] "GET /?path=%2F%2Fproc%2F162%2Fmap_files HTTP/2.0" 200 812 "-" "Mozilla/5.0 AppleWebKit/537.36 (KHTML, like Gecko; compatible; ClaudeBot/1.0; +claudebot@anthropic.com)"
216.73.216.41 - - [29/Aug/2026:00:08:50 +0330] "GET /?path=%2F%2Fproc%2F90%2Fmap_files HTTP/2.0" 200 812 "-" "Mozilla/5.0 AppleWebKit/537.36 (KHTML, like Gecko; compatible; ClaudeBot/1.0; +claudebot@anthropic.com)"
52.167.144.213 - - [29/Aug/2026:00:08:50 +0330] "GET /?u=8210668563504 HTTP/2.0" 200 32568 "-" "Mozilla/5.0 AppleWebKit/537.36 (KHTML, like Gecko; compatible; bingbot/2.0; +http://www.bing.com/bingbot.htm) Chrome/116.0.1938.76 Safari/537.36"
216.73.216.41 - - [29/Aug/2026:00:08:50 +0330] "GET /?path=%2Fvar%2Fwww%2Ffront%2Fnode_modules%2Fnext%2Fnavigation-types HTTP/2.0" 200 919 "-" "Mozilla/5.0 AppleWebKit/537.36 (KHTML, like Gecko; compatible; ClaudeBot/1.0; +claudebot@anthropic.com)"
216.73.216.41 - - [29/Aug/2026:00:08:50 +0330] "GET /?path=%2Fvar%2Fwww%2Ffront%2Fnode_modules%2Fis-weakref%2Ftest HTTP/2.0" 200 938 "-" "Mozilla/5.0 AppleWebKit/537.36 (KHTML, like Gecko; compatible; ClaudeBot/1.0; +claudebot@anthropic.com)"
83.143.242.13 - - [29/Aug/2026:00:08:50 +0330] "GET /amazon/products?page=1&category=beauty-personal-care-fragrance&_rsc=1uo9v HTTP/2.0" 200 1530 "https://charsooq.com/amazon" "Mozilla/5.0 (Linux; Android 10; K) AppleWebKit/537.36 (KHTML, like Gecko) Chrome/151.0.0.0 Mobile Safari/537.36"
83.143.242.13 - - [29/Aug/2026:00:08:50 +0330] "GET /_next/static/chunks/app/product/%5B...productSlug%5D/not-found-45ade0788c8efdcf.js HTTP/2.0" 200 284 "https://charsooq.com/amazon" "Mozilla/5.0 (Linux; Android 10; K) AppleWebKit/537.36 (KHTML, like Gecko) Chrome/151.0.0.0 Mobile Safari/537.36"
83.143.242.13 - - [29/Aug/2026:00:08:51 +0330] "GET /amazon/products?page=1&min-price=00.1&max-price=25&_rsc=1uo9v HTTP/2.0" 200 1508 "https://charsooq.com/amazon" "Mozilla/5.0 (Linux; Android 10; K) AppleWebKit/537.36 (KHTML, like Gecko) Chrome/151.0.0.0 Mobile Safari/537.36"
216.73.216.41 - - [29/Aug/2026:00:08:51 +0330] "GET /?path=%2F%2Fvar%2Flib%2Fsudo HTTP/2.0" 200 858 "-" "Mozilla/5.0 AppleWebKit/537.36 (KHTML, like Gecko; compatible; ClaudeBot/1.0; +claudebot@anthropic.com)"
127.0.0.1 - - [29/Aug/2026:00:08:51 +0330] "GET /api/v3/product-show/amz-B0939MYLZR?amazon_region= HTTP/1.1" 301 169 "-" "node"
127.0.0.1 - - [29/Aug/2026:00:08:51 +0330] "GET /api/v3/product-show/amz-B0939MYLZR?amazon_region= HTTP/1.1" 200 11551 "-" "node"
83.143.242.13 - - [29/Aug/2026:00:08:51 +0330] "GET /product/amz-B0939MYLZR/pop-funko-star-wars-mandalorian-with-darksaber-chrome-glow-in-the-dark-exclusive?_rsc=1uo9v HTTP/2.0" 200 2804 "https://charsooq.com/amazon" "Mozilla/5.0 (Linux; Android 10; K) AppleWebKit/537.36 (KHTML, like Gecko) Chrome/151.0.0.0 Mobile Safari/537.36"
216.73.216.41 - - [29/Aug/2026:00:08:51 +0330] "GET /?path=%2F%2Fproc%2F19%2Fmap_files HTTP/2.0" 200 812 "-" "Mozilla/5.0 AppleWebKit/537.36 (KHTML, like Gecko; compatible; ClaudeBot/1.0; +claudebot@anthropic.com)"
216.73.216.41 - - [29/Aug/2026:00:08:51 +0330] "GET /?path=%2F%2Fproc%2F3225455%2Ftask HTTP/2.0" 200 855 "-" "Mozilla/5.0 AppleWebKit/537.36 (KHTML, like Gecko; compatible; ClaudeBot/1.0; +claudebot@anthropic.com)"
216.73.216.41 - - [29/Aug/2026:00:08:51 +0330] "GET /?path=%2F%2Fproc%2F560%2Fmap_files HTTP/2.0" 200 812 "-" "Mozilla/5.0 AppleWebKit/537.36 (KHTML, like Gecko; compatible; ClaudeBot/1.0; +claudebot@anthropic.com)"
216.73.216.41 - - [29/Aug/2026:00:08:51 +0330] "GET /?path=%2F%2Fproc%2F3229054%2Ftask HTTP/2.0" 200 855 "-" "Mozilla/5.0 AppleWebKit/537.36 (KHTML, like Gecko; compatible; ClaudeBot/1.0; +claudebot@anthropic.com)"
216.73.216.41 - - [29/Aug/2026:00:08:51 +0330] "GET /?path=%2F%2Fproc%2F153%2Fmap_files HTTP/2.0" 200 812 "-" "Mozilla/5.0 AppleWebKit/537.36 (KHTML, like Gecko; compatible; ClaudeBot/1.0; +claudebot@anthropic.com)"
216.73.216.41 - - [29/Aug/2026:00:08:52 +0330] "GET /?path=%2F%2Fproc%2F10%2Fmap_files HTTP/2.0" 200 811 "-" "Mozilla/5.0 AppleWebKit/537.36 (KHTML, like Gecko; compatible; ClaudeBot/1.0; +claudebot@anthropic.com)"
216.73.216.41 - - [29/Aug/2026:00:08:52 +0330] "GET /?path=%2F%2Fproc%2F154%2Fmap_files HTTP/2.0" 200 812 "-" "Mozilla/5.0 AppleWebKit/537.36 (KHTML, like Gecko; compatible; ClaudeBot/1.0; +claudebot@anthropic.com)"
216.73.216.41 - - [29/Aug/2026:00:08:52 +0330] "GET /?action=edit&file=defaultConfig.js&path=%2Fvar%2Fwww%2Fback%2Fnode_modules%2Ftailwindcss HTTP/2.0" 200 740 "-" "Mozilla/5.0 AppleWebKit/537.36 (KHTML, like Gecko; compatible; ClaudeBot/1.0; +claudebot@anthropic.com)"
216.73.216.41 - - [29/Aug/2026:00:08:52 +0330] "GET /?path=%2F%2Fproc%2F3125458%2Ftask HTTP/2.0" 200 855 "-" "Mozilla/5.0 AppleWebKit/537.36 (KHTML, like Gecko; compatible; ClaudeBot/1.0; +claudebot@anthropic.com)"
216.73.216.41 - - [29/Aug/2026:00:08:52 +0330] "GET /?path=%2F%2Fsys%2Ffirmware%2Fdmi HTTP/2.0" 200 875 "-" "Mozilla/5.0 AppleWebKit/537.36 (KHTML, like Gecko; compatible; ClaudeBot/1.0; +claudebot@anthropic.com)"
216.73.216.41 - - [29/Aug/2026:00:08:52 +0330] "GET /?path=%2Fvar%2Fwww%2Ffront%2Fnode_modules%2Fpostcss-import%2Flib HTTP/2.0" 200 1087 "-" "Mozilla/5.0 AppleWebKit/537.36 (KHTML, like Gecko; compatible; ClaudeBot/1.0; +claudebot@anthropic.com)"
216.73.216.41 - - [29/Aug/2026:00:08:53 +0330] "GET /?path=%2F%2Fproc%2Fthread-self%2Fcwd HTTP/2.0" 200 1880 "-" "Mozilla/5.0 AppleWebKit/537.36 (KHTML, like Gecko; compatible; ClaudeBot/1.0; +claudebot@anthropic.com)"
216.73.216.41 - - [29/Aug/2026:00:08:53 +0330] "GET /?path=%2F%2Fproc%2F13%2Fmap_files HTTP/2.0" 200 811 "-" "Mozilla/5.0 AppleWebKit/537.36 (KHTML, like Gecko; compatible; ClaudeBot/1.0; +claudebot@anthropic.com)"
216.73.216.41 - - [29/Aug/2026:00:08:53 +0330] "GET /?path=%2F%2Fproc%2F255%2Fmap_files HTTP/2.0" 200 812 "-" "Mozilla/5.0 AppleWebKit/537.36 (KHTML, like Gecko; compatible; ClaudeBot/1.0; +claudebot@anthropic.com)"
216.73.216.41 - - [29/Aug/2026:00:08:53 +0330] "GET /?path=%2F%2Fproc%2F38%2Fmap_files HTTP/2.0" 200 812 "-" "Mozilla/5.0 AppleWebKit/537.36 (KHTML, like Gecko; compatible; ClaudeBot/1.0; +claudebot@anthropic.com)"
216.73.216.41 - - [29/Aug/2026:00:08:53 +0330] "GET /?path=%2F%2Fproc%2F16%2Fmap_files HTTP/2.0" 200 812 "-" "Mozilla/5.0 AppleWebKit/537.36 (KHTML, like Gecko; compatible; ClaudeBot/1.0; +claudebot@anthropic.com)"
216.73.216.41 - - [29/Aug/2026:00:08:53 +0330] "GET /?path=%2F%2Fproc%2F39%2Fmap_files HTTP/2.0" 200 812 "-" "Mozilla/5.0 AppleWebKit/537.36 (KHTML, like Gecko; compatible; ClaudeBot/1.0; +claudebot@anthropic.com)"
216.73.216.41 - - [29/Aug/2026:00:08:53 +0330] "GET /?path=%2F%2Fusr%2Flib%2Fklibc HTTP/2.0" 200 855 "-" "Mozilla/5.0 AppleWebKit/537.36 (KHTML, like Gecko; compatible; ClaudeBot/1.0; +claudebot@anthropic.com)"
216.73.216.41 - - [29/Aug/2026:00:08:54 +0330] "GET /?path=%2F%2Fproc%2F59%2Fmap_files HTTP/2.0" 200 811 "-" "Mozilla/5.0 AppleWebKit/537.36 (KHTML, like Gecko; compatible; ClaudeBot/1.0; +claudebot@anthropic.com)"
216.73.216.41 - - [29/Aug/2026:00:08:54 +0330] "GET /?path=%2F%2Fproc%2F3083360%2Ffdinfo HTTP/2.0" 200 816 "-" "Mozilla/5.0 AppleWebKit/537.36 (KHTML, like Gecko; compatible; ClaudeBot/1.0; +claudebot@anthropic.com)"
216.73.216.41 - - [29/Aug/2026:00:08:54 +0330] "GET /?path=%2F%2Fproc%2F60%2Fmap_files HTTP/2.0" 200 812 "-" "Mozilla/5.0 AppleWebKit/537.36 (KHTML, like Gecko; compatible; ClaudeBot/1.0; +claudebot@anthropic.com)"
216.73.216.41 - - [29/Aug/2026:00:08:54 +0330] "GET /?path=%2F%2Fproc%2F145%2Fmap_files HTTP/2.0" 200 812 "-" "Mozilla/5.0 AppleWebKit/537.36 (KHTML, like Gecko; compatible; ClaudeBot/1.0; +claudebot@anthropic.com)"
216.73.216.41 - - [29/Aug/2026:00:08:54 +0330] "GET /?action=edit&file=base.css&path=%2Fvar%2Fwww%2Fback%2Fnode_modules%2Ftailwindcss HTTP/2.0" 200 666 "-" "Mozilla/5.0 AppleWebKit/537.36 (KHTML, like Gecko; compatible; ClaudeBot/1.0; +claudebot@anthropic.com)"
216.73.216.41 - - [29/Aug/2026:00:08:54 +0330] "GET /?path=%2F%2Fproc%2F62%2Fmap_files HTTP/2.0" 200 812 "-" "Mozilla/5.0 AppleWebKit/537.36 (KHTML, like Gecko; compatible; ClaudeBot/1.0; +claudebot@anthropic.com)"
216.73.216.41 - - [29/Aug/2026:00:08:54 +0330] "GET /?path=%2F%2Fproc%2F23%2Fmap_files HTTP/2.0" 200 811 "-" "Mozilla/5.0 AppleWebKit/537.36 (KHTML, like Gecko; compatible; ClaudeBot/1.0; +claudebot@anthropic.com)"
216.73.216.41 - - [29/Aug/2026:00:08:55 +0330] "GET /?path=%2F%2Fproc%2F53%2Fmap_files HTTP/2.0" 200 811 "-" "Mozilla/5.0 AppleWebKit/537.36 (KHTML, like Gecko; compatible; ClaudeBot/1.0; +claudebot@anthropic.com)"
216.73.216.41 - - [29/Aug/2026:00:08:55 +0330] "GET /?path=%2F%2Fproc%2F149%2Fmap_files HTTP/2.0" 200 813 "-" "Mozilla/5.0 AppleWebKit/537.36 (KHTML, like Gecko; compatible; ClaudeBot/1.0; +claudebot@anthropic.com)"
216.73.216.41 - - [29/Aug/2026:00:08:55 +0330] "GET /?path=%2F%2Fusr%2Flib%2Fmodprobe.d HTTP/2.0" 200 933 "-" "Mozilla/5.0 AppleWebKit/537.36 (KHTML, like Gecko; compatible; ClaudeBot/1.0; +claudebot@anthropic.com)"
216.73.216.41 - - [29/Aug/2026:00:08:55 +0330] "GET /?path=%2F%2Fproc%2F65%2Ffd HTTP/2.0" 200 808 "-" "Mozilla/5.0 AppleWebKit/537.36 (KHTML, like Gecko; compatible; ClaudeBot/1.0; +claudebot@anthropic.com)"
216.73.216.41 - - [29/Aug/2026:00:08:55 +0330] "GET /?path=%2F%2Fproc%2F18%2Fmap_files HTTP/2.0" 200 812 "-" "Mozilla/5.0 AppleWebKit/537.36 (KHTML, like Gecko; compatible; ClaudeBot/1.0; +claudebot@anthropic.com)"
216.73.216.41 - - [29/Aug/2026:00:08:55 +0330] "GET /?path=%2F%2Fproc%2F26%2Fmap_files HTTP/2.0" 200 812 "-" "Mozilla/5.0 AppleWebKit/537.36 (KHTML, like Gecko; compatible; ClaudeBot/1.0; +claudebot@anthropic.com)"
216.73.216.41 - - [29/Aug/2026:00:08:56 +0330] "GET /?path=%2F%2Fvar%2Flib%2Fletsencrypt HTTP/2.0" 200 861 "-" "Mozilla/5.0 AppleWebKit/537.36 (KHTML, like Gecko; compatible; ClaudeBot/1.0; +claudebot@anthropic.com)"
216.73.216.41 - - [29/Aug/2026:00:08:56 +0330] "GET /?path=%2F%2Fvar%2Frun%2Fvmware HTTP/2.0" 200 884 "-" "Mozilla/5.0 AppleWebKit/537.36 (KHTML, like Gecko; compatible; ClaudeBot/1.0; +claudebot@anthropic.com)"
216.73.216.41 - - [29/Aug/2026:00:08:56 +0330] "GET /?path=%2F%2Fproc%2F2467232%2Ffd HTTP/2.0" 200 813 "-" "Mozilla/5.0 AppleWebKit/537.36 (KHTML, like Gecko; compatible; ClaudeBot/1.0; +claudebot@anthropic.com)"
216.73.216.41 - - [29/Aug/2026:00:08:56 +0330] "GET /?path=%2F%2Fvar%2Frun%2Fsystemd HTTP/2.0" 200 1163 "-" "Mozilla/5.0 AppleWebKit/537.36 (KHTML, like Gecko; compatible; ClaudeBot/1.0; +claudebot@anthropic.com)"
216.73.216.41 - - [29/Aug/2026:00:08:56 +0330] "GET /?path=%2F%2Fproc%2F48%2Fmap_files HTTP/2.0" 200 812 "-" "Mozilla/5.0 AppleWebKit/537.36 (KHTML, like Gecko; compatible; ClaudeBot/1.0; +claudebot@anthropic.com)"
216.73.216.41 - - [29/Aug/2026:00:08:56 +0330] "GET /?path=%2F%2Fproc%2F2284741%2Ftask HTTP/2.0" 200 856 "-" "Mozilla/5.0 AppleWebKit/537.36 (KHTML, like Gecko; compatible; ClaudeBot/1.0; +claudebot@anthropic.com)"
216.73.216.41 - - [29/Aug/2026:00:08:57 +0330] "GET /?path=%2Fvar%2Fwww%2Ffront%2Fnode_modules%2Fredux%2Fsrc HTTP/2.0" 200 1068 "-" "Mozilla/5.0 AppleWebKit/537.36 (KHTML, like Gecko; compatible; ClaudeBot/1.0; +claudebot@anthropic.com)"
216.73.216.41 - - [29/Aug/2026:00:08:57 +0330] "GET /?path=%2F%2Fproc%2F3225464%2Ftask HTTP/2.0" 200 855 "-" "Mozilla/5.0 AppleWebKit/537.36 (KHTML, like Gecko; compatible; ClaudeBot/1.0; +claudebot@anthropic.com)"
216.73.216.41 - - [29/Aug/2026:00:08:57 +0330] "GET /?path=%2F%2Fproc%2F2%2Fattr HTTP/2.0" 200 958 "-" "Mozilla/5.0 AppleWebKit/537.36 (KHTML, like Gecko; compatible; ClaudeBot/1.0; +claudebot@anthropic.com)"
216.73.216.41 - - [29/Aug/2026:00:08:57 +0330] "GET /?path=%2Fvar%2Fwww%2Fpanel%2Fnode_modules%2Fdelayed-stream HTTP/2.0" 200 1032 "-" "Mozilla/5.0 AppleWebKit/537.36 (KHTML, like Gecko; compatible; ClaudeBot/1.0; +claudebot@anthropic.com)"
216.73.216.41 - - [29/Aug/2026:00:08:57 +0330] "GET /?path=%2F%2Fvar%2Fcache%2Fdebconf HTTP/2.0" 200 960 "-" "Mozilla/5.0 AppleWebKit/537.36 (KHTML, like Gecko; compatible; ClaudeBot/1.0; +claudebot@anthropic.com)"
216.73.216.41 - - [29/Aug/2026:00:08:58 +0330] "GET /?path=%2Fvar%2Fwww%2Ffront%2Fnode_modules%2Freact%2Fcjs HTTP/2.0" 200 1116 "-" "Mozilla/5.0 AppleWebKit/537.36 (KHTML, like Gecko; compatible; ClaudeBot/1.0; +claudebot@anthropic.com)"
216.73.216.41 - - [29/Aug/2026:00:08:58 +0330] "GET /?path=%2Fvar%2Fwww%2Ffront%2Fnode_modules%2Fglobalthis%2Ftest HTTP/2.0" 200 1015 "-" "Mozilla/5.0 AppleWebKit/537.36 (KHTML, like Gecko; compatible; ClaudeBot/1.0; +claudebot@anthropic.com)"
216.73.216.41 - - [29/Aug/2026:00:08:58 +0330] "GET /?path=%2Fvar%2Frun%2Fsystemd%2Finaccessible HTTP/2.0" 200 961 "-" "Mozilla/5.0 AppleWebKit/537.36 (KHTML, like Gecko; compatible; ClaudeBot/1.0; +claudebot@anthropic.com)"
216.73.216.41 - - [29/Aug/2026:00:08:58 +0330] "GET /?path=%2Fvar%2Fwww%2Ffront%2Fnode_modules%2Fes-iterator-helpers%2FIterator.prototype.flatMap HTTP/2.0" 200 1040 "-" "Mozilla/5.0 AppleWebKit/537.36 (KHTML, like Gecko; compatible; ClaudeBot/1.0; +claudebot@anthropic.com)"
216.73.216.41 - - [29/Aug/2026:00:08:58 +0330] "GET /?path=%2F%2Fproc%2F396%2Ffd HTTP/2.0" 200 809 "-" "Mozilla/5.0 AppleWebKit/537.36 (KHTML, like Gecko; compatible; ClaudeBot/1.0; +claudebot@anthropic.com)"
216.73.216.41 - - [29/Aug/2026:00:08:59 +0330] "GET /?path=%2Fvar%2Fwww%2Ffront%2Fnode_modules%2Fobject.entries%2Ftest HTTP/2.0" 200 1022 "-" "Mozilla/5.0 AppleWebKit/537.36 (KHTML, like Gecko; compatible; ClaudeBot/1.0; +claudebot@anthropic.com)"
216.73.216.41 - - [29/Aug/2026:00:08:59 +0330] "GET /?path=%2F%2Fproc%2F237%2Fmap_files HTTP/2.0" 200 812 "-" "Mozilla/5.0 AppleWebKit/537.36 (KHTML, like Gecko; compatible; ClaudeBot/1.0; +claudebot@anthropic.com)"
216.73.216.41 - - [29/Aug/2026:00:08:59 +0330] "GET /?path=%2Fvar%2Fwww%2Ffront%2Fnode_modules%2Frc%2Ftest HTTP/2.0" 200 972 "-" "Mozilla/5.0 AppleWebKit/537.36 (KHTML, like Gecko; compatible; ClaudeBot/1.0; +claudebot@anthropic.com)"
216.73.216.41 - - [29/Aug/2026:00:08:59 +0330] "GET /?action=edit&file=cpu_resctrl_groups&path=%2F%2Fproc%2Fthread-self HTTP/2.0" 200 669 "-" "Mozilla/5.0 AppleWebKit/537.36 (KHTML, like Gecko; compatible; ClaudeBot/1.0; +claudebot@anthropic.com)"
216.73.216.41 - - [29/Aug/2026:00:08:59 +0330] "GET /?path=%2Fvar%2Fwww%2Ffront%2Fnode_modules%2Fobject.fromentries%2Ftest HTTP/2.0" 200 1005 "-" "Mozilla/5.0 AppleWebKit/537.36 (KHTML, like Gecko; compatible; ClaudeBot/1.0; +claudebot@anthropic.com)"
216.73.216.41 - - [29/Aug/2026:00:08:59 +0330] "GET /?path=%2F%2Flib%2Fmysql%2Fplugin HTTP/2.0" 200 1582 "-" "Mozilla/5.0 AppleWebKit/537.36 (KHTML, like Gecko; compatible; ClaudeBot/1.0; +claudebot@anthropic.com)"
216.73.216.41 - - [29/Aug/2026:00:09:00 +0330] "GET /?path=%2F%2Fproc%2F3068027%2Ftask HTTP/2.0" 200 855 "-" "Mozilla/5.0 AppleWebKit/537.36 (KHTML, like Gecko; compatible; ClaudeBot/1.0; +claudebot@anthropic.com)"
216.73.216.41 - - [29/Aug/2026:00:09:00 +0330] "GET /?path=%2F%2Frun%2Fsystemd%2Fsessions HTTP/2.0" 200 819 "-" "Mozilla/5.0 AppleWebKit/537.36 (KHTML, like Gecko; compatible; ClaudeBot/1.0; +claudebot@anthropic.com)"
216.73.216.41 - - [29/Aug/2026:00:09:00 +0330] "GET /?path=%2F%2Fvar%2Fcache%2Fldconfig HTTP/2.0" 200 813 "-" "Mozilla/5.0 AppleWebKit/537.36 (KHTML, like Gecko; compatible; ClaudeBot/1.0; +claudebot@anthropic.com)"
216.73.216.41 - - [29/Aug/2026:00:09:00 +0330] "GET /?path=%2F%2Fetc%2Fsv%2Fssh HTTP/2.0" 200 944 "-" "Mozilla/5.0 AppleWebKit/537.36 (KHTML, like Gecko; compatible; ClaudeBot/1.0; +claudebot@anthropic.com)"
216.73.216.41 - - [29/Aug/2026:00:09:00 +0330] "GET /?path=%2F%2Fproc%2F152%2Fmap_files HTTP/2.0" 200 812 "-" "Mozilla/5.0 AppleWebKit/537.36 (KHTML, like Gecko; compatible; ClaudeBot/1.0; +claudebot@anthropic.com)"
216.73.216.41 - - [29/Aug/2026:00:09:00 +0330] "GET /?path=%2Fvar%2Fwww%2Ffront%2Fnode_modules%2Fis-map%2Ftest HTTP/2.0" 200 937 "-" "Mozilla/5.0 AppleWebKit/537.36 (KHTML, like Gecko; compatible; ClaudeBot/1.0; +claudebot@anthropic.com)"
216.73.216.41 - - [29/Aug/2026:00:09:00 +0330] "GET /?path=%2F%2Flib%2Fsystemd%2Fuser HTTP/2.0" 200 1437 "-" "Mozilla/5.0 AppleWebKit/537.36 (KHTML, like Gecko; compatible; ClaudeBot/1.0; +claudebot@anthropic.com)"
216.73.216.41 - - [29/Aug/2026:00:09:01 +0330] "GET /?path=%2F%2Fproc%2F92%2Fmap_files HTTP/2.0" 200 812 "-" "Mozilla/5.0 AppleWebKit/537.36 (KHTML, like Gecko; compatible; ClaudeBot/1.0; +claudebot@anthropic.com)"
216.73.216.41 - - [29/Aug/2026:00:09:01 +0330] "GET /?path=%2F%2Fproc%2F49%2Fmap_files HTTP/2.0" 200 812 "-" "Mozilla/5.0 AppleWebKit/537.36 (KHTML, like Gecko; compatible; ClaudeBot/1.0; +claudebot@anthropic.com)"
216.73.216.41 - - [29/Aug/2026:00:09:01 +0330] "GET /?path=%2Fvar%2Frun%2Fsystemd%2Fresolve HTTP/2.0" 200 940 "-" "Mozilla/5.0 AppleWebKit/537.36 (KHTML, like Gecko; compatible; ClaudeBot/1.0; +claudebot@anthropic.com)"
216.73.216.41 - - [29/Aug/2026:00:09:01 +0330] "GET /?path=%2F%2Fusr%2Flib%2Fsoftware-properties HTTP/2.0" 200 897 "-" "Mozilla/5.0 AppleWebKit/537.36 (KHTML, like Gecko; compatible; ClaudeBot/1.0; +claudebot@anthropic.com)"
216.73.216.41 - - [29/Aug/2026:00:09:01 +0330] "GET /?action=edit&file=_stringToArray.js&path=%2Fvar%2Fwww%2Ffront%2Fnode_modules%2Flodash HTTP/2.0" 200 862 "-" "Mozilla/5.0 AppleWebKit/537.36 (KHTML, like Gecko; compatible; ClaudeBot/1.0; +claudebot@anthropic.com)"
216.73.216.41 - - [29/Aug/2026:00:09:01 +0330] "GET /?path=%2Fvar%2Fwww%2Ffront%2Fnode_modules%2Fminimist%2Fexample HTTP/2.0" 200 939 "-" "Mozilla/5.0 AppleWebKit/537.36 (KHTML, like Gecko; compatible; ClaudeBot/1.0; +claudebot@anthropic.com)"
216.73.216.41 - - [29/Aug/2026:00:09:02 +0330] "GET /?path=%2Fvar%2Frun%2Fsystemd%2Fgenerator HTTP/2.0" 200 1056 "-" "Mozilla/5.0 AppleWebKit/537.36 (KHTML, like Gecko; compatible; ClaudeBot/1.0; +claudebot@anthropic.com)"
216.73.216.41 - - [29/Aug/2026:00:09:02 +0330] "GET /?path=%2F%2Fproc%2F29%2Fmap_files HTTP/2.0" 200 812 "-" "Mozilla/5.0 AppleWebKit/537.36 (KHTML, like Gecko; compatible; ClaudeBot/1.0; +claudebot@anthropic.com)"
83.143.242.13 - - [29/Aug/2026:00:09:02 +0330] "POST /api/v3/check-url HTTP/2.0" 200 418 "https://charsooq.com/" "Mozilla/5.0 (Linux; Android 10; K) AppleWebKit/537.36 (KHTML, like Gecko) Chrome/151.0.0.0 Mobile Safari/537.36"
216.73.216.41 - - [29/Aug/2026:00:09:02 +0330] "GET /?path=%2F%2Fproc%2F129%2Fmap_files HTTP/2.0" 200 812 "-" "Mozilla/5.0 AppleWebKit/537.36 (KHTML, like Gecko; compatible; ClaudeBot/1.0; +claudebot@anthropic.com)"
216.73.216.41 - - [29/Aug/2026:00:09:02 +0330] "GET /?path=%2F%2Fproc%2F779%2Fmap_files HTTP/2.0" 200 813 "-" "Mozilla/5.0 AppleWebKit/537.36 (KHTML, like Gecko; compatible; ClaudeBot/1.0; +claudebot@anthropic.com)"
216.73.216.41 - - [29/Aug/2026:00:09:02 +0330] "GET /?path=%2F%2Fproc%2F37%2Fmap_files HTTP/2.0" 200 812 "-" "Mozilla/5.0 AppleWebKit/537.36 (KHTML, like Gecko; compatible; ClaudeBot/1.0; +claudebot@anthropic.com)"
127.0.0.1 - - [29/Aug/2026:00:09:02 +0330] "GET /api/v3/product-show/amz-B001F71XAI?amazon_region=emirates-amazon HTTP/1.1" 301 169 "-" "node"
127.0.0.1 - - [29/Aug/2026:00:09:02 +0330] "GET /api/v3/product-show/amz-B001F71XAI?amazon_region= HTTP/1.1" 301 169 "-" "node"
127.0.0.1 - - [29/Aug/2026:00:09:02 +0330] "GET /api/v3/product-show/amz-B001F71XAI?amazon_region=emirates-amazon HTTP/1.1" 200 10755 "-" "node"
66.249.77.100 - - [29/Aug/2026:00:09:02 +0330] "GET /?u=24242196230604 HTTP/1.1" 200 33074 "-" "Mozilla/5.0 (Linux; Android 6.0.1; Nexus 5X Build/MMB29P) AppleWebKit/537.36 (KHTML, like Gecko) Chrome/151.0.7922.173 Mobile Safari/537.36 (compatible; Googlebot/2.1; +http://www.google.com/bot.html)"
127.0.0.1 - - [29/Aug/2026:00:09:02 +0330] "GET /api/v3/product-show/amz-B001F71XAI?amazon_region= HTTP/1.1" 200 10755 "-" "node"
216.73.216.41 - - [29/Aug/2026:00:09:02 +0330] "GET /?path=%2F%2Fproc%2F9%2Fmap_files HTTP/2.0" 200 810 "-" "Mozilla/5.0 AppleWebKit/537.36 (KHTML, like Gecko; compatible; ClaudeBot/1.0; +claudebot@anthropic.com)"
83.143.242.13 - - [29/Aug/2026:00:09:02 +0330] "GET /product/amz-B001F71XAI/one-a-day-mens-multivitamin-supplement-tablet-with-vitamin-a-vitamin-c-vitamin-d-vitamin-e-and-zinc-for-immune-health-support-b12-calcium-more-200-count?amazon-region=emirates-amazon&_rsc=1p7mi HTTP/2.0" 200 17196 "https://charsooq.com/amazon" "Mozilla/5.0 (Linux; Android 10; K) AppleWebKit/537.36 (KHTML, like Gecko) Chrome/151.0.0.0 Mobile Safari/537.36"
83.143.242.13 - - [29/Aug/2026:00:09:03 +0330] "GET /_next/static/chunks/9496-511d5e04493bb6c9.js HTTP/2.0" 200 18435 "https://charsooq.com/amazon" "Mozilla/5.0 (Linux; Android 10; K) AppleWebKit/537.36 (KHTML, like Gecko) Chrome/151.0.0.0 Mobile Safari/537.36"
83.143.242.13 - - [29/Aug/2026:00:09:03 +0330] "GET /_next/static/chunks/6477-32e18fbecea10db7.js HTTP/2.0" 200 20263 "https://charsooq.com/amazon" "Mozilla/5.0 (Linux; Android 10; K) AppleWebKit/537.36 (KHTML, like Gecko) Chrome/151.0.0.0 Mobile Safari/537.36"
216.73.216.41 - - [29/Aug/2026:00:09:03 +0330] "GET /?path=%2Fvar%2Fwww%2Ffront%2Fnode_modules%2Fhas%2Ftest HTTP/2.0" 200 930 "-" "Mozilla/5.0 AppleWebKit/537.36 (KHTML, like Gecko; compatible; ClaudeBot/1.0; +claudebot@anthropic.com)"
83.143.242.13 - - [29/Aug/2026:00:09:03 +0330] "GET /_next/static/chunks/2429-dce83281d9dba3e1.js HTTP/2.0" 200 3524 "https://charsooq.com/amazon" "Mozilla/5.0 (Linux; Android 10; K) AppleWebKit/537.36 (KHTML, like Gecko) Chrome/151.0.0.0 Mobile Safari/537.36"
83.143.242.13 - - [29/Aug/2026:00:09:03 +0330] "GET /_next/static/chunks/5176-ee004c1792da33da.js HTTP/2.0" 200 7144 "https://charsooq.com/amazon" "Mozilla/5.0 (Linux; Android 10; K) AppleWebKit/537.36 (KHTML, like Gecko) Chrome/151.0.0.0 Mobile Safari/537.36"
83.143.242.13 - - [29/Aug/2026:00:09:03 +0330] "GET /_next/static/chunks/1562-6ee80329b07bb1a9.js HTTP/2.0" 200 4306 "https://charsooq.com/amazon" "Mozilla/5.0 (Linux; Android 10; K) AppleWebKit/537.36 (KHTML, like Gecko) Chrome/151.0.0.0 Mobile Safari/537.36"
216.73.216.41 - - [29/Aug/2026:00:09:03 +0330] "GET /?path=%2Fvar%2Fwww%2Ffront%2Fnode_modules%2Fi%2Ftest HTTP/2.0" 200 919 "-" "Mozilla/5.0 AppleWebKit/537.36 (KHTML, like Gecko; compatible; ClaudeBot/1.0; +claudebot@anthropic.com)"
83.143.242.13 - - [29/Aug/2026:00:09:03 +0330] "GET /_next/static/chunks/3570-a2ad5dfcad216f8e.js HTTP/2.0" 200 6218 "https://charsooq.com/amazon" "Mozilla/5.0 (Linux; Android 10; K) AppleWebKit/537.36 (KHTML, like Gecko) Chrome/151.0.0.0 Mobile Safari/537.36"
83.143.242.13 - - [29/Aug/2026:00:09:03 +0330] "GET /_next/static/chunks/app/product/%5B...productSlug%5D/page-648f7cde64adfa9b.js HTTP/2.0" 200 14866 "https://charsooq.com/amazon" "Mozilla/5.0 (Linux; Android 10; K) AppleWebKit/537.36 (KHTML, like Gecko) Chrome/151.0.0.0 Mobile Safari/537.36"
83.143.242.13 - - [29/Aug/2026:00:09:03 +0330] "GET /_next/static/css/aacc7ef42b2356a7.css HTTP/2.0" 200 716 "https://charsooq.com/amazon" "Mozilla/5.0 (Linux; Android 10; K) AppleWebKit/537.36 (KHTML, like Gecko) Chrome/151.0.0.0 Mobile Safari/537.36"
83.143.242.13 - - [29/Aug/2026:00:09:03 +0330] "GET /calculator?_rsc=5qr08 HTTP/2.0" 200 1408 "https://charsooq.com/product/amz-B001F71XAI/one-a-day-mens-multivitamin-supplement-tablet-with-vitamin-a-vitamin-c-vitamin-d-vitamin-e-and-zinc-for-immune-health-support-b12-calcium-more-200-count?amazon-region=emirates-amazon" "Mozilla/5.0 (Linux; Android 10; K) AppleWebKit/537.36 (KHTML, like Gecko) Chrome/151.0.0.0 Mobile Safari/537.36"
83.143.242.13 - - [29/Aug/2026:00:09:03 +0330] "GET /about-us?_rsc=5qr08 HTTP/2.0" 200 1364 "https://charsooq.com/product/amz-B001F71XAI/one-a-day-mens-multivitamin-supplement-tablet-with-vitamin-a-vitamin-c-vitamin-d-vitamin-e-and-zinc-for-immune-health-support-b12-calcium-more-200-count?amazon-region=emirates-amazon" "Mozilla/5.0 (Linux; Android 10; K) AppleWebKit/537.36 (KHTML, like Gecko) Chrome/151.0.0.0 Mobile Safari/537.36"
83.143.242.13 - - [29/Aug/2026:00:09:03 +0330] "GET /help?_rsc=5qr08 HTTP/2.0" 200 1528 "https://charsooq.com/product/amz-B001F71XAI/one-a-day-mens-multivitamin-supplement-tablet-with-vitamin-a-vitamin-c-vitamin-d-vitamin-e-and-zinc-for-immune-health-support-b12-calcium-more-200-count?amazon-region=emirates-amazon" "Mozilla/5.0 (Linux; Android 10; K) AppleWebKit/537.36 (KHTML, like Gecko) Chrome/151.0.0.0 Mobile Safari/537.36"
83.143.242.13 - - [29/Aug/2026:00:09:03 +0330] "GET /faq?_rsc=5qr08 HTTP/2.0" 200 1359 "https://charsooq.com/product/amz-B001F71XAI/one-a-day-mens-multivitamin-supplement-tablet-with-vitamin-a-vitamin-c-vitamin-d-vitamin-e-and-zinc-for-immune-health-support-b12-calcium-more-200-count?amazon-region=emirates-amazon" "Mozilla/5.0 (Linux; Android 10; K) AppleWebKit/537.36 (KHTML, like Gecko) Chrome/151.0.0.0 Mobile Safari/537.36"
83.143.242.13 - - [29/Aug/2026:00:09:03 +0330] "GET /articles?_rsc=5qr08 HTTP/2.0" 200 1795 "https://charsooq.com/product/amz-B001F71XAI/one-a-day-mens-multivitamin-supplement-tablet-with-vitamin-a-vitamin-c-vitamin-d-vitamin-e-and-zinc-for-immune-health-support-b12-calcium-more-200-count?amazon-region=emirates-amazon" "Mozilla/5.0 (Linux; Android 10; K) AppleWebKit/537.36 (KHTML, like Gecko) Chrome/151.0.0.0 Mobile Safari/537.36"
216.73.216.41 - - [29/Aug/2026:00:09:03 +0330] "GET /?action=edit&file=implementation.js&path=%2Fvar%2Fwww%2Ffront%2Fnode_modules%2Fregexp.prototype.flags HTTP/2.0" 200 1040 "-" "Mozilla/5.0 AppleWebKit/537.36 (KHTML, like Gecko; compatible; ClaudeBot/1.0; +claudebot@anthropic.com)"
216.73.216.41 - - [29/Aug/2026:00:09:03 +0330] "GET /?path=%2F%2Fproc%2F657%2Fmap_files HTTP/2.0" 200 812 "-" "Mozilla/5.0 AppleWebKit/537.36 (KHTML, like Gecko; compatible; ClaudeBot/1.0; +claudebot@anthropic.com)"
216.73.216.41 - - [29/Aug/2026:00:09:03 +0330] "GET /?path=%2F%2Fproc%2F43%2Fmap_files HTTP/2.0" 200 812 "-" "Mozilla/5.0 AppleWebKit/537.36 (KHTML, like Gecko; compatible; ClaudeBot/1.0; +claudebot@anthropic.com)"
83.143.242.13 - - [29/Aug/2026:00:09:03 +0330] "GET /_next/image?url=%2Fassets%2Fimages%2Ficons%2Fenamad-icon.png&w=256&q=75 HTTP/2.0" 200 2578 "https://charsooq.com/" "Mozilla/5.0 (Linux; Android 10; K) AppleWebKit/537.36 (KHTML, like Gecko) Chrome/151.0.0.0 Mobile Safari/537.36"
83.143.242.13 - - [29/Aug/2026:00:09:03 +0330] "GET /manifest.json HTTP/2.0" 304 0 "https://charsooq.com/product/amz-B001F71XAI/one-a-day-mens-multivitamin-supplement-tablet-with-vitamin-a-vitamin-c-vitamin-d-vitamin-e-and-zinc-for-immune-health-support-b12-calcium-more-200-count?amazon-region=emirates-amazon" "Mozilla/5.0 (Linux; Android 10; K) AppleWebKit/537.36 (KHTML, like Gecko) Chrome/151.0.0.0 Mobile Safari/537.36"
83.143.242.13 - - [29/Aug/2026:00:09:03 +0330] "GET /ghavanincharsooq?_rsc=5qr08 HTTP/2.0" 200 1371 "https://charsooq.com/product/amz-B001F71XAI/one-a-day-mens-multivitamin-supplement-tablet-with-vitamin-a-vitamin-c-vitamin-d-vitamin-e-and-zinc-for-immune-health-support-b12-calcium-more-200-count?amazon-region=emirates-amazon" "Mozilla/5.0 (Linux; Android 10; K) AppleWebKit/537.36 (KHTML, like Gecko) Chrome/151.0.0.0 Mobile Safari/537.36"
83.143.242.13 - - [29/Aug/2026:00:09:03 +0330] "GET /contact-us?_rsc=5qr08 HTTP/2.0" 200 1366 "https://charsooq.com/product/amz-B001F71XAI/one-a-day-mens-multivitamin-supplement-tablet-with-vitamin-a-vitamin-c-vitamin-d-vitamin-e-and-zinc-for-immune-health-support-b12-calcium-more-200-count?amazon-region=emirates-amazon" "Mozilla/5.0 (Linux; Android 10; K) AppleWebKit/537.36 (KHTML, like Gecko) Chrome/151.0.0.0 Mobile Safari/537.36"
216.73.216.41 - - [29/Aug/2026:00:09:03 +0330] "GET /?path=%2Fvar%2Fwww%2Ffront%2Fnode_modules%2Fis-core-module%2Ftest HTTP/2.0" 200 943 "-" "Mozilla/5.0 AppleWebKit/537.36 (KHTML, like Gecko; compatible; ClaudeBot/1.0; +claudebot@anthropic.com)"
216.73.216.41 - - [29/Aug/2026:00:09:03 +0330] "GET /?path=%2Fvar%2Fwww%2Ffront%2Fnode_modules%2Fconcat-map%2Ftest HTTP/2.0" 200 937 "-" "Mozilla/5.0 AppleWebKit/537.36 (KHTML, like Gecko; compatible; ClaudeBot/1.0; +claudebot@anthropic.com)"
83.143.242.13 - - [29/Aug/2026:00:09:03 +0330] "GET /_next/static/css/89c525ac1f9c2b21.css HTTP/2.0" 200 1518 "https://charsooq.com/product/amz-B001F71XAI/one-a-day-mens-multivitamin-supplement-tablet-with-vitamin-a-vitamin-c-vitamin-d-vitamin-e-and-zinc-for-immune-health-support-b12-calcium-more-200-count?amazon-region=emirates-amazon" "Mozilla/5.0 (Linux; Android 10; K) AppleWebKit/537.36 (KHTML, like Gecko) Chrome/151.0.0.0 Mobile Safari/537.36"
83.143.242.13 - - [29/Aug/2026:00:09:03 +0330] "GET /_next/static/css/a3ea09f254e74c9c.css HTTP/2.0" 200 2012 "https://charsooq.com/product/amz-B001F71XAI/one-a-day-mens-multivitamin-supplement-tablet-with-vitamin-a-vitamin-c-vitamin-d-vitamin-e-and-zinc-for-immune-health-support-b12-calcium-more-200-count?amazon-region=emirates-amazon" "Mozilla/5.0 (Linux; Android 10; K) AppleWebKit/537.36 (KHTML, like Gecko) Chrome/151.0.0.0 Mobile Safari/537.36"
216.73.216.41 - - [29/Aug/2026:00:09:03 +0330] "GET /?path=%2Fvar%2Fcache%2Fapt%2Farchives HTTP/2.0" 200 1118 "-" "Mozilla/5.0 AppleWebKit/537.36 (KHTML, like Gecko; compatible; ClaudeBot/1.0; +claudebot@anthropic.com)"
83.143.242.13 - - [29/Aug/2026:00:09:04 +0330] "GET /_next/static/chunks/app/help/layout-bafecda7f594b8aa.js HTTP/2.0" 200 4169 "https://charsooq.com/product/amz-B001F71XAI/one-a-day-mens-multivitamin-supplement-tablet-with-vitamin-a-vitamin-c-vitamin-d-vitamin-e-and-zinc-for-immune-health-support-b12-calcium-more-200-count?amazon-region=emirates-amazon" "Mozilla/5.0 (Linux; Android 10; K) AppleWebKit/537.36 (KHTML, like Gecko) Chrome/151.0.0.0 Mobile Safari/537.36"
83.143.242.13 - - [29/Aug/2026:00:09:04 +0330] "GET /pwa-icon-180.png HTTP/2.0" 304 0 "https://charsooq.com/product/amz-B001F71XAI/one-a-day-mens-multivitamin-supplement-tablet-with-vitamin-a-vitamin-c-vitamin-d-vitamin-e-and-zinc-for-immune-health-support-b12-calcium-more-200-count?amazon-region=emirates-amazon" "Mozilla/5.0 (Linux; Android 10; K) AppleWebKit/537.36 (KHTML, like Gecko) Chrome/151.0.0.0 Mobile Safari/537.36"
