216.73.216.41 - - [29/Aug/2026:00:22:17 +0330] "GET /?u=16808356101 HTTP/2.0" 200 1883 "-" "Mozilla/5.0 AppleWebKit/537.36 (KHTML, like Gecko; compatible; ClaudeBot/1.0; +claudebot@anthropic.com)"
127.0.0.1 - - [29/Aug/2026:00:22:17 +0330] "GET /api/v1/categories-amazon HTTP/1.1" 200 34199 "-" "node"
86.204.214.181 - - [29/Aug/2026:00:22:17 +0330] "GET /product/amz-B0C1X2NWV9/mens-cnc-machinist-dad-like-a-regular-dad-but-cooler-t-shirt?amazon-region=usa-amazon%27%20UNION%20ALL%20SELECT%20NULL%2C%27mdabrceyngqminfzjdpjgfqonirrdror%27%2CNULL--%20wox1ke HTTP/2.0" 200 104614 "-" "Mozilla/5.0 (Windows NT 10.0; Win64; x64) AppleWebKit/537.36 (KHTML, like Gecko) Chrome/120.0.0.0 Safari/537.36"
216.73.216.41 - - [29/Aug/2026:00:22:18 +0330] "GET /?u=5838327300 HTTP/2.0" 200 1883 "-" "Mozilla/5.0 AppleWebKit/537.36 (KHTML, like Gecko; compatible; ClaudeBot/1.0; +claudebot@anthropic.com)"
216.73.216.41 - - [29/Aug/2026:00:22:18 +0330] "GET /?u=91723437500 HTTP/2.0" 200 1883 "-" "Mozilla/5.0 AppleWebKit/537.36 (KHTML, like Gecko; compatible; ClaudeBot/1.0; +claudebot@anthropic.com)"
216.73.216.41 - - [29/Aug/2026:00:22:18 +0330] "GET /?u=88179236804 HTTP/2.0" 200 1883 "-" "Mozilla/5.0 AppleWebKit/537.36 (KHTML, like Gecko; compatible; ClaudeBot/1.0; +claudebot@anthropic.com)"
216.73.216.41 - - [29/Aug/2026:00:22:18 +0330] "GET /?u=96302473905 HTTP/2.0" 200 1883 "-" "Mozilla/5.0 AppleWebKit/537.36 (KHTML, like Gecko; compatible; ClaudeBot/1.0; +claudebot@anthropic.com)"
216.73.216.41 - - [29/Aug/2026:00:22:18 +0330] "GET /?u=17189210902 HTTP/2.0" 200 1883 "-" "Mozilla/5.0 AppleWebKit/537.36 (KHTML, like Gecko; compatible; ClaudeBot/1.0; +claudebot@anthropic.com)"
216.73.216.41 - - [29/Aug/2026:00:22:18 +0330] "GET /?u=82210105000 HTTP/2.0" 200 1883 "-" "Mozilla/5.0 AppleWebKit/537.36 (KHTML, like Gecko; compatible; ClaudeBot/1.0; +claudebot@anthropic.com)"
216.73.216.41 - - [29/Aug/2026:00:22:18 +0330] "GET /?u=19265338500 HTTP/2.0" 200 1883 "-" "Mozilla/5.0 AppleWebKit/537.36 (KHTML, like Gecko; compatible; ClaudeBot/1.0; +claudebot@anthropic.com)"
216.73.216.41 - - [29/Aug/2026:00:22:18 +0330] "GET /?u=58179160404 HTTP/2.0" 200 1883 "-" "Mozilla/5.0 AppleWebKit/537.36 (KHTML, like Gecko; compatible; ClaudeBot/1.0; +claudebot@anthropic.com)"
216.73.216.41 - - [29/Aug/2026:00:22:19 +0330] "GET /?u=8391569400 HTTP/2.0" 200 1883 "-" "Mozilla/5.0 AppleWebKit/537.36 (KHTML, like Gecko; compatible; ClaudeBot/1.0; +claudebot@anthropic.com)"
127.0.0.1 - - [29/Aug/2026:00:22:19 +0330] "GET /api/v3/product-show/amz-B0C1X2NWV9?amazon_region=usa-amazon%27)))%20AND%20EXTRACTVALUE(4707,CONCAT(0x7e,((SELECT%20(ELT(4707=4707,1)))),0x7e))--%20- HTTP/1.1" 301 169 "-" "node"
127.0.0.1 - - [29/Aug/2026:00:22:19 +0330] "GET /api/v3/product-show/amz-B0C1X2NWV9?amazon_region= HTTP/1.1" 301 169 "-" "node"
216.73.216.41 - - [29/Aug/2026:00:22:19 +0330] "GET /?u=1209421700 HTTP/2.0" 200 1883 "-" "Mozilla/5.0 AppleWebKit/537.36 (KHTML, like Gecko; compatible; ClaudeBot/1.0; +claudebot@anthropic.com)"
127.0.0.1 - - [29/Aug/2026:00:22:19 +0330] "GET /api/v3/product-show/amz-B0C1X2NWV9?amazon_region=usa-amazon%27)))%20AND%20EXTRACTVALUE(4707,CONCAT(0x7e,((SELECT%20(ELT(4707=4707,1)))),0x7e))--%20- HTTP/1.1" 200 4675 "-" "node"
216.73.216.41 - - [29/Aug/2026:00:22:19 +0330] "GET /?u=33863153601 HTTP/2.0" 200 1883 "-" "Mozilla/5.0 AppleWebKit/537.36 (KHTML, like Gecko; compatible; ClaudeBot/1.0; +claudebot@anthropic.com)"
127.0.0.1 - - [29/Aug/2026:00:22:19 +0330] "GET /api/v3/product-show/amz-B0C1X2NWV9?amazon_region= HTTP/1.1" 200 4675 "-" "node"
216.73.216.41 - - [29/Aug/2026:00:22:19 +0330] "GET /?u=71003366502 HTTP/2.0" 200 1883 "-" "Mozilla/5.0 AppleWebKit/537.36 (KHTML, like Gecko; compatible; ClaudeBot/1.0; +claudebot@anthropic.com)"
216.73.216.41 - - [29/Aug/2026:00:22:19 +0330] "GET /?u=9009136700 HTTP/2.0" 200 1883 "-" "Mozilla/5.0 AppleWebKit/537.36 (KHTML, like Gecko; compatible; ClaudeBot/1.0; +claudebot@anthropic.com)"
216.73.216.41 - - [29/Aug/2026:00:22:19 +0330] "GET /?u=25779492303 HTTP/2.0" 200 1883 "-" "Mozilla/5.0 AppleWebKit/537.36 (KHTML, like Gecko; compatible; ClaudeBot/1.0; +claudebot@anthropic.com)"
216.73.216.41 - - [29/Aug/2026:00:22:20 +0330] "GET /?u=32243408402 HTTP/2.0" 200 1883 "-" "Mozilla/5.0 AppleWebKit/537.36 (KHTML, like Gecko; compatible; ClaudeBot/1.0; +claudebot@anthropic.com)"
216.73.216.41 - - [29/Aug/2026:00:22:20 +0330] "GET /?u=8315180605 HTTP/2.0" 200 1883 "-" "Mozilla/5.0 AppleWebKit/537.36 (KHTML, like Gecko; compatible; ClaudeBot/1.0; +claudebot@anthropic.com)"
127.0.0.1 - - [29/Aug/2026:00:22:20 +0330] "GET /api/v1/categories-amazon HTTP/1.1" 200 34199 "-" "node"
216.73.216.41 - - [29/Aug/2026:00:22:20 +0330] "GET /?u=80317419608 HTTP/2.0" 200 1883 "-" "Mozilla/5.0 AppleWebKit/537.36 (KHTML, like Gecko; compatible; ClaudeBot/1.0; +claudebot@anthropic.com)"
86.204.214.181 - - [29/Aug/2026:00:22:20 +0330] "GET /product/amz-B0C1X2NWV9/mens-cnc-machinist-dad-like-a-regular-dad-but-cooler-t-shirt?amazon-region=usa-amazon%27%29%29%29%20AND%20EXTRACTVALUE%284707%2CCONCAT%280x7e%2C%28%28SELECT%20%28ELT%284707%3D4707%2C1%29%29%29%29%2C0x7e%29%29--%20- HTTP/2.0" 200 104658 "-" "Mozilla/5.0 (Windows NT 10.0; Win64; x64) AppleWebKit/537.36 (KHTML, like Gecko) Chrome/120.0.0.0 Safari/537.36"
216.73.216.41 - - [29/Aug/2026:00:22:20 +0330] "GET /?u=28959319003 HTTP/2.0" 200 1883 "-" "Mozilla/5.0 AppleWebKit/537.36 (KHTML, like Gecko; compatible; ClaudeBot/1.0; +claudebot@anthropic.com)"
216.73.216.41 - - [29/Aug/2026:00:22:20 +0330] "GET /?u=98743118401 HTTP/2.0" 200 1883 "-" "Mozilla/5.0 AppleWebKit/537.36 (KHTML, like Gecko; compatible; ClaudeBot/1.0; +claudebot@anthropic.com)"
216.73.216.41 - - [29/Aug/2026:00:22:21 +0330] "GET /?u=43719103000 HTTP/2.0" 200 1883 "-" "Mozilla/5.0 AppleWebKit/537.36 (KHTML, like Gecko; compatible; ClaudeBot/1.0; +claudebot@anthropic.com)"
216.73.216.41 - - [29/Aug/2026:00:22:21 +0330] "GET /?u=37883313401 HTTP/2.0" 200 1883 "-" "Mozilla/5.0 AppleWebKit/537.36 (KHTML, like Gecko; compatible; ClaudeBot/1.0; +claudebot@anthropic.com)"
216.73.216.41 - - [29/Aug/2026:00:22:21 +0330] "GET /?u=90109202401 HTTP/2.0" 200 1883 "-" "Mozilla/5.0 AppleWebKit/537.36 (KHTML, like Gecko; compatible; ClaudeBot/1.0; +claudebot@anthropic.com)"
216.73.216.41 - - [29/Aug/2026:00:22:21 +0330] "GET /?u=51787289904 HTTP/2.0" 200 1883 "-" "Mozilla/5.0 AppleWebKit/537.36 (KHTML, like Gecko; compatible; ClaudeBot/1.0; +claudebot@anthropic.com)"
216.73.216.41 - - [29/Aug/2026:00:22:21 +0330] "GET /?u=80292206001 HTTP/2.0" 200 1883 "-" "Mozilla/5.0 AppleWebKit/537.36 (KHTML, like Gecko; compatible; ClaudeBot/1.0; +claudebot@anthropic.com)"
216.73.216.41 - - [29/Aug/2026:00:22:21 +0330] "GET /?u=04571144010 HTTP/2.0" 200 1883 "-" "Mozilla/5.0 AppleWebKit/537.36 (KHTML, like Gecko; compatible; ClaudeBot/1.0; +claudebot@anthropic.com)"
216.73.216.41 - - [29/Aug/2026:00:22:21 +0330] "GET /?u=14282393307 HTTP/2.0" 200 1883 "-" "Mozilla/5.0 AppleWebKit/537.36 (KHTML, like Gecko; compatible; ClaudeBot/1.0; +claudebot@anthropic.com)"
216.73.216.41 - - [29/Aug/2026:00:22:21 +0330] "GET /?u=77852161506 HTTP/2.0" 200 1883 "-" "Mozilla/5.0 AppleWebKit/537.36 (KHTML, like Gecko; compatible; ClaudeBot/1.0; +claudebot@anthropic.com)"
216.73.216.41 - - [29/Aug/2026:00:22:22 +0330] "GET /?u=0182181416 HTTP/2.0" 200 1883 "-" "Mozilla/5.0 AppleWebKit/537.36 (KHTML, like Gecko; compatible; ClaudeBot/1.0; +claudebot@anthropic.com)"
216.73.216.41 - - [29/Aug/2026:00:22:22 +0330] "GET /?u=13094474600 HTTP/2.0" 200 1883 "-" "Mozilla/5.0 AppleWebKit/537.36 (KHTML, like Gecko; compatible; ClaudeBot/1.0; +claudebot@anthropic.com)"
216.73.216.41 - - [29/Aug/2026:00:22:22 +0330] "GET /?u=92262284002 HTTP/2.0" 200 1883 "-" "Mozilla/5.0 AppleWebKit/537.36 (KHTML, like Gecko; compatible; ClaudeBot/1.0; +claudebot@anthropic.com)"
216.73.216.41 - - [29/Aug/2026:00:22:22 +0330] "GET /?u=10894140706 HTTP/2.0" 200 1883 "-" "Mozilla/5.0 AppleWebKit/537.36 (KHTML, like Gecko; compatible; ClaudeBot/1.0; +claudebot@anthropic.com)"
216.73.216.41 - - [29/Aug/2026:00:22:22 +0330] "GET /?u=55505467100 HTTP/2.0" 200 1883 "-" "Mozilla/5.0 AppleWebKit/537.36 (KHTML, like Gecko; compatible; ClaudeBot/1.0; +claudebot@anthropic.com)"
216.73.216.41 - - [29/Aug/2026:00:22:22 +0330] "GET /?u=99429354708 HTTP/2.0" 200 1883 "-" "Mozilla/5.0 AppleWebKit/537.36 (KHTML, like Gecko; compatible; ClaudeBot/1.0; +claudebot@anthropic.com)"
216.73.216.41 - - [29/Aug/2026:00:22:23 +0330] "GET /?u=08845190309 HTTP/2.0" 200 1883 "-" "Mozilla/5.0 AppleWebKit/537.36 (KHTML, like Gecko; compatible; ClaudeBot/1.0; +claudebot@anthropic.com)"
216.73.216.41 - - [29/Aug/2026:00:22:23 +0330] "GET /?u=27986327900 HTTP/2.0" 200 1883 "-" "Mozilla/5.0 AppleWebKit/537.36 (KHTML, like Gecko; compatible; ClaudeBot/1.0; +claudebot@anthropic.com)"
216.73.216.41 - - [29/Aug/2026:00:22:23 +0330] "GET /?u=1747835603 HTTP/2.0" 200 1883 "-" "Mozilla/5.0 AppleWebKit/537.36 (KHTML, like Gecko; compatible; ClaudeBot/1.0; +claudebot@anthropic.com)"
216.73.216.41 - - [29/Aug/2026:00:22:23 +0330] "GET /?u=79703363603 HTTP/2.0" 200 1883 "-" "Mozilla/5.0 AppleWebKit/537.36 (KHTML, like Gecko; compatible; ClaudeBot/1.0; +claudebot@anthropic.com)"
216.73.216.41 - - [29/Aug/2026:00:22:23 +0330] "GET /?u=74751478000 HTTP/2.0" 200 1883 "-" "Mozilla/5.0 AppleWebKit/537.36 (KHTML, like Gecko; compatible; ClaudeBot/1.0; +claudebot@anthropic.com)"
216.73.216.41 - - [29/Aug/2026:00:22:23 +0330] "GET /?u=99896292701 HTTP/2.0" 200 1883 "-" "Mozilla/5.0 AppleWebKit/537.36 (KHTML, like Gecko; compatible; ClaudeBot/1.0; +claudebot@anthropic.com)"
216.73.216.41 - - [29/Aug/2026:00:22:24 +0330] "GET /?u=23779112406 HTTP/2.0" 200 1883 "-" "Mozilla/5.0 AppleWebKit/537.36 (KHTML, like Gecko; compatible; ClaudeBot/1.0; +claudebot@anthropic.com)"
216.73.216.41 - - [29/Aug/2026:00:22:24 +0330] "GET /?u=61755403500 HTTP/2.0" 200 1883 "-" "Mozilla/5.0 AppleWebKit/537.36 (KHTML, like Gecko; compatible; ClaudeBot/1.0; +claudebot@anthropic.com)"
216.73.216.41 - - [29/Aug/2026:00:22:24 +0330] "GET /?u=26286484800 HTTP/2.0" 200 1883 "-" "Mozilla/5.0 AppleWebKit/537.36 (KHTML, like Gecko; compatible; ClaudeBot/1.0; +claudebot@anthropic.com)"
216.73.216.41 - - [29/Aug/2026:00:22:24 +0330] "GET /?u=76615115609 HTTP/2.0" 200 1883 "-" "Mozilla/5.0 AppleWebKit/537.36 (KHTML, like Gecko; compatible; ClaudeBot/1.0; +claudebot@anthropic.com)"
216.73.216.41 - - [29/Aug/2026:00:22:24 +0330] "GET /?u=90434101800 HTTP/2.0" 200 1883 "-" "Mozilla/5.0 AppleWebKit/537.36 (KHTML, like Gecko; compatible; ClaudeBot/1.0; +claudebot@anthropic.com)"
103.196.9.174 - - [29/Aug/2026:00:22:24 +0330] "GET /preference.html HTTP/2.0" 200 4525 "-" "Mozilla/5.0 (iPhone; CPU iPhone OS 26_3_0 like Mac OS X) AppleWebKit/605.1.15 (KHTML, like Gecko) CriOS/144.0.7559.95 Mobile/15E148 Safari/604.1"
216.73.216.41 - - [29/Aug/2026:00:22:24 +0330] "GET /?u=1778884102 HTTP/2.0" 200 1883 "-" "Mozilla/5.0 AppleWebKit/537.36 (KHTML, like Gecko; compatible; ClaudeBot/1.0; +claudebot@anthropic.com)"
216.73.216.41 - - [29/Aug/2026:00:22:24 +0330] "GET /?u=10194276706 HTTP/2.0" 200 1883 "-" "Mozilla/5.0 AppleWebKit/537.36 (KHTML, like Gecko; compatible; ClaudeBot/1.0; +claudebot@anthropic.com)"
216.73.216.41 - - [29/Aug/2026:00:22:24 +0330] "GET /?u=12494378905 HTTP/2.0" 200 1883 "-" "Mozilla/5.0 AppleWebKit/537.36 (KHTML, like Gecko; compatible; ClaudeBot/1.0; +claudebot@anthropic.com)"
216.73.216.41 - - [29/Aug/2026:00:22:25 +0330] "GET /?u=87320258601 HTTP/2.0" 200 1883 "-" "Mozilla/5.0 AppleWebKit/537.36 (KHTML, like Gecko; compatible; ClaudeBot/1.0; +claudebot@anthropic.com)"
216.73.216.41 - - [29/Aug/2026:00:22:25 +0330] "GET /?u=2342081301 HTTP/2.0" 200 1883 "-" "Mozilla/5.0 AppleWebKit/537.36 (KHTML, like Gecko; compatible; ClaudeBot/1.0; +claudebot@anthropic.com)"
216.73.216.41 - - [29/Aug/2026:00:22:25 +0330] "GET /?u=20763432900 HTTP/2.0" 200 1883 "-" "Mozilla/5.0 AppleWebKit/537.36 (KHTML, like Gecko; compatible; ClaudeBot/1.0; +claudebot@anthropic.com)"
216.73.216.41 - - [29/Aug/2026:00:22:26 +0330] "GET /?u=01138280300 HTTP/2.0" 200 1883 "-" "Mozilla/5.0 AppleWebKit/537.36 (KHTML, like Gecko; compatible; ClaudeBot/1.0; +claudebot@anthropic.com)"
216.73.216.41 - - [29/Aug/2026:00:22:26 +0330] "GET /?u=53517349903 HTTP/2.0" 200 1883 "-" "Mozilla/5.0 AppleWebKit/537.36 (KHTML, like Gecko; compatible; ClaudeBot/1.0; +claudebot@anthropic.com)"
216.73.216.41 - - [29/Aug/2026:00:22:26 +0330] "GET /?u=5754562400 HTTP/2.0" 200 1883 "-" "Mozilla/5.0 AppleWebKit/537.36 (KHTML, like Gecko; compatible; ClaudeBot/1.0; +claudebot@anthropic.com)"
216.73.216.41 - - [29/Aug/2026:00:22:26 +0330] "GET /?u=66860478303 HTTP/2.0" 200 1883 "-" "Mozilla/5.0 AppleWebKit/537.36 (KHTML, like Gecko; compatible; ClaudeBot/1.0; +claudebot@anthropic.com)"
216.73.216.41 - - [29/Aug/2026:00:22:26 +0330] "GET /?u=20727247300 HTTP/2.0" 200 1883 "-" "Mozilla/5.0 AppleWebKit/537.36 (KHTML, like Gecko; compatible; ClaudeBot/1.0; +claudebot@anthropic.com)"
216.73.216.41 - - [29/Aug/2026:00:22:26 +0330] "GET /?u=85940142301 HTTP/2.0" 200 1883 "-" "Mozilla/5.0 AppleWebKit/537.36 (KHTML, like Gecko; compatible; ClaudeBot/1.0; +claudebot@anthropic.com)"
216.73.216.41 - - [29/Aug/2026:00:22:26 +0330] "GET /?u=5809996300 HTTP/2.0" 200 1883 "-" "Mozilla/5.0 AppleWebKit/537.36 (KHTML, like Gecko; compatible; ClaudeBot/1.0; +claudebot@anthropic.com)"
216.73.216.41 - - [29/Aug/2026:00:22:26 +0330] "GET /?u=88417359300 HTTP/2.0" 200 1883 "-" "Mozilla/5.0 AppleWebKit/537.36 (KHTML, like Gecko; compatible; ClaudeBot/1.0; +claudebot@anthropic.com)"
216.73.216.41 - - [29/Aug/2026:00:22:26 +0330] "GET /?u=84701499901 HTTP/2.0" 200 1883 "-" "Mozilla/5.0 AppleWebKit/537.36 (KHTML, like Gecko; compatible; ClaudeBot/1.0; +claudebot@anthropic.com)"
216.73.216.41 - - [29/Aug/2026:00:22:27 +0330] "GET /?path=%2Fvar%2Fwww%2Fback%2Fapp%2FFilament%2FResources%2FProductCommentResource HTTP/2.0" 200 937 "-" "Mozilla/5.0 AppleWebKit/537.36 (KHTML, like Gecko; compatible; ClaudeBot/1.0; +claudebot@anthropic.com)"
216.73.216.41 - - [29/Aug/2026:00:22:27 +0330] "GET /?u=9458195502 HTTP/2.0" 200 1883 "-" "Mozilla/5.0 AppleWebKit/537.36 (KHTML, like Gecko; compatible; ClaudeBot/1.0; +claudebot@anthropic.com)"
216.73.216.41 - - [29/Aug/2026:00:22:28 +0330] "GET /?u=76828241401 HTTP/2.0" 200 1883 "-" "Mozilla/5.0 AppleWebKit/537.36 (KHTML, like Gecko; compatible; ClaudeBot/1.0; +claudebot@anthropic.com)"
216.73.216.41 - - [29/Aug/2026:00:22:28 +0330] "GET /?u=06893209100 HTTP/2.0" 200 1883 "-" "Mozilla/5.0 AppleWebKit/537.36 (KHTML, like Gecko; compatible; ClaudeBot/1.0; +claudebot@anthropic.com)"
127.0.0.1 - - [29/Aug/2026:00:22:28 +0330] "GET /api/v2/article-show/The-best-animations-in-the-world-part-1 HTTP/1.1" 200 507409 "-" "node"
216.73.216.41 - - [29/Aug/2026:00:22:28 +0330] "GET /?u=20337103300 HTTP/2.0" 200 1883 "-" "Mozilla/5.0 AppleWebKit/537.36 (KHTML, like Gecko; compatible; ClaudeBot/1.0; +claudebot@anthropic.com)"
216.73.216.41 - - [29/Aug/2026:00:22:28 +0330] "GET /?u=21828492800 HTTP/2.0" 200 1883 "-" "Mozilla/5.0 AppleWebKit/537.36 (KHTML, like Gecko; compatible; ClaudeBot/1.0; +claudebot@anthropic.com)"
216.73.216.41 - - [29/Aug/2026:00:22:28 +0330] "GET /?u=26719441706 HTTP/2.0" 200 1883 "-" "Mozilla/5.0 AppleWebKit/537.36 (KHTML, like Gecko; compatible; ClaudeBot/1.0; +claudebot@anthropic.com)"
216.73.216.41 - - [29/Aug/2026:00:22:28 +0330] "GET /?u=71144349609 HTTP/2.0" 200 1883 "-" "Mozilla/5.0 AppleWebKit/537.36 (KHTML, like Gecko; compatible; ClaudeBot/1.0; +claudebot@anthropic.com)"
216.73.216.41 - - [29/Aug/2026:00:22:28 +0330] "GET /?u=06203493600 HTTP/2.0" 200 1883 "-" "Mozilla/5.0 AppleWebKit/537.36 (KHTML, like Gecko; compatible; ClaudeBot/1.0; +claudebot@anthropic.com)"
127.0.0.1 - - [29/Aug/2026:00:22:29 +0330] "GET /api/v1/categories-amazon HTTP/1.1" 200 34230 "-" "node"
83.123.39.243 - - [29/Aug/2026:00:22:29 +0330] "GET /articles/The-best-animations-in-the-world-part-1 HTTP/2.0" 200 144194 "https://www.google.com/" "Mozilla/5.0 (Linux; Android 10; K) AppleWebKit/537.36 (KHTML, like Gecko) Chrome/151.0.0.0 Mobile Safari/537.36"
83.123.39.243 - - [29/Aug/2026:00:22:29 +0330] "GET /_next/static/media/c7178acf770b8f1a-s.p.ttf HTTP/2.0" 200 35704 "https://charsooq.com/articles/The-best-animations-in-the-world-part-1" "Mozilla/5.0 (Linux; Android 10; K) AppleWebKit/537.36 (KHTML, like Gecko) Chrome/151.0.0.0 Mobile Safari/537.36"
216.73.216.41 - - [29/Aug/2026:00:22:29 +0330] "GET /?u=65126159606 HTTP/2.0" 200 1883 "-" "Mozilla/5.0 AppleWebKit/537.36 (KHTML, like Gecko; compatible; ClaudeBot/1.0; +claudebot@anthropic.com)"
83.123.39.243 - - [29/Aug/2026:00:22:29 +0330] "GET /_next/static/css/302d83c05ad27d8b.css HTTP/2.0" 200 369 "https://charsooq.com/articles/The-best-animations-in-the-world-part-1" "Mozilla/5.0 (Linux; Android 10; K) AppleWebKit/537.36 (KHTML, like Gecko) Chrome/151.0.0.0 Mobile Safari/537.36"
83.123.39.243 - - [29/Aug/2026:00:22:29 +0330] "GET /_next/static/css/2c9caab41af7e337.css HTTP/2.0" 200 3175 "https://charsooq.com/articles/The-best-animations-in-the-world-part-1" "Mozilla/5.0 (Linux; Android 10; K) AppleWebKit/537.36 (KHTML, like Gecko) Chrome/151.0.0.0 Mobile Safari/537.36"
83.123.39.243 - - [29/Aug/2026:00:22:29 +0330] "GET /_next/static/css/91447b978d7716af.css HTTP/2.0" 200 20418 "https://charsooq.com/articles/The-best-animations-in-the-world-part-1" "Mozilla/5.0 (Linux; Android 10; K) AppleWebKit/537.36 (KHTML, like Gecko) Chrome/151.0.0.0 Mobile Safari/537.36"
216.73.216.41 - - [29/Aug/2026:00:22:29 +0330] "GET /?u=21909206406 HTTP/2.0" 200 1883 "-" "Mozilla/5.0 AppleWebKit/537.36 (KHTML, like Gecko; compatible; ClaudeBot/1.0; +claudebot@anthropic.com)"
83.123.39.243 - - [29/Aug/2026:00:22:29 +0330] "GET /_next/image?url=%2Fassets%2Fimages%2Ficons%2Ftelegram-icon.png&w=128&q=75 HTTP/2.0" 200 5724 "https://charsooq.com/articles/The-best-animations-in-the-world-part-1" "Mozilla/5.0 (Linux; Android 10; K) AppleWebKit/537.36 (KHTML, like Gecko) Chrome/151.0.0.0 Mobile Safari/537.36"
83.123.39.243 - - [29/Aug/2026:00:22:29 +0330] "GET /_next/image?url=https%3A%2F%2Fpanel.charsooq.com%2Fstorage%2F01JS6MWY0644MGZEXKDCZJW6T5.webp&w=3840&q=75 HTTP/2.0" 200 81582 "https://charsooq.com/articles/The-best-animations-in-the-world-part-1" "Mozilla/5.0 (Linux; Android 10; K) AppleWebKit/537.36 (KHTML, like Gecko) Chrome/151.0.0.0 Mobile Safari/537.36"
83.123.39.243 - - [29/Aug/2026:00:22:29 +0330] "GET /_next/static/css/1fd47d1e4f3a64a0.css HTTP/2.0" 200 5002 "https://charsooq.com/articles/The-best-animations-in-the-world-part-1" "Mozilla/5.0 (Linux; Android 10; K) AppleWebKit/537.36 (KHTML, like Gecko) Chrome/151.0.0.0 Mobile Safari/537.36"
127.0.0.1 - - [29/Aug/2026:00:22:29 +0330] "GET /storage/01JS6MWY0644MGZEXKDCZJW6T5.webp HTTP/1.1" 200 101582 "-" "node"
83.123.39.243 - - [29/Aug/2026:00:22:29 +0330] "GET /assets/images/icons/instagram1.png HTTP/2.0" 200 1556 "https://charsooq.com/articles/The-best-animations-in-the-world-part-1" "Mozilla/5.0 (Linux; Android 10; K) AppleWebKit/537.36 (KHTML, like Gecko) Chrome/151.0.0.0 Mobile Safari/537.36"
83.123.39.243 - - [29/Aug/2026:00:22:29 +0330] "GET /assets/images/icons/whatsapp.png HTTP/2.0" 200 763 "https://charsooq.com/articles/The-best-animations-in-the-world-part-1" "Mozilla/5.0 (Linux; Android 10; K) AppleWebKit/537.36 (KHTML, like Gecko) Chrome/151.0.0.0 Mobile Safari/537.36"
83.123.39.243 - - [29/Aug/2026:00:22:29 +0330] "GET /assets/images/icons/telegram.png HTTP/2.0" 200 1179 "https://charsooq.com/articles/The-best-animations-in-the-world-part-1" "Mozilla/5.0 (Linux; Android 10; K) AppleWebKit/537.36 (KHTML, like Gecko) Chrome/151.0.0.0 Mobile Safari/537.36"
83.123.39.243 - - [29/Aug/2026:00:22:29 +0330] "GET /_next/static/chunks/webpack-f27042854bafc0d3.js HTTP/2.0" 200 2127 "https://charsooq.com/articles/The-best-animations-in-the-world-part-1" "Mozilla/5.0 (Linux; Android 10; K) AppleWebKit/537.36 (KHTML, like Gecko) Chrome/151.0.0.0 Mobile Safari/537.36"
83.123.39.243 - - [29/Aug/2026:00:22:29 +0330] "GET /_next/static/chunks/fd9d1056-9ff99acbd7fb9fe8.js HTTP/2.0" 200 53744 "https://charsooq.com/articles/The-best-animations-in-the-world-part-1" "Mozilla/5.0 (Linux; Android 10; K) AppleWebKit/537.36 (KHTML, like Gecko) Chrome/151.0.0.0 Mobile Safari/537.36"
83.123.39.243 - - [29/Aug/2026:00:22:29 +0330] "GET /_next/static/chunks/2117-828e02dc1643a950.js HTTP/2.0" 200 32001 "https://charsooq.com/articles/The-best-animations-in-the-world-part-1" "Mozilla/5.0 (Linux; Android 10; K) AppleWebKit/537.36 (KHTML, like Gecko) Chrome/151.0.0.0 Mobile Safari/537.36"
83.123.39.243 - - [29/Aug/2026:00:22:29 +0330] "GET /_next/static/chunks/main-app-9964935a240c0d39.js HTTP/2.0" 200 471 "https://charsooq.com/articles/The-best-animations-in-the-world-part-1" "Mozilla/5.0 (Linux; Android 10; K) AppleWebKit/537.36 (KHTML, like Gecko) Chrome/151.0.0.0 Mobile Safari/537.36"
83.123.39.243 - - [29/Aug/2026:00:22:29 +0330] "GET /_next/static/chunks/app/articles/%5Bslug%5D/not-found-a2aec68dc87351df.js HTTP/2.0" 200 284 "https://charsooq.com/articles/The-best-animations-in-the-world-part-1" "Mozilla/5.0 (Linux; Android 10; K) AppleWebKit/537.36 (KHTML, like Gecko) Chrome/151.0.0.0 Mobile Safari/537.36"
83.123.39.243 - - [29/Aug/2026:00:22:29 +0330] "GET /_next/static/chunks/2972-d7980624b2014943.js HTTP/2.0" 200 8732 "https://charsooq.com/articles/The-best-animations-in-the-world-part-1" "Mozilla/5.0 (Linux; Android 10; K) AppleWebKit/537.36 (KHTML, like Gecko) Chrome/151.0.0.0 Mobile Safari/537.36"
83.123.39.243 - - [29/Aug/2026:00:22:29 +0330] "GET /_next/static/chunks/1580-575957d688ae25ac.js HTTP/2.0" 200 12089 "https://charsooq.com/articles/The-best-animations-in-the-world-part-1" "Mozilla/5.0 (Linux; Android 10; K) AppleWebKit/537.36 (KHTML, like Gecko) Chrome/151.0.0.0 Mobile Safari/537.36"
83.123.39.243 - - [29/Aug/2026:00:22:29 +0330] "GET /_next/static/chunks/4438-ac5ce0d4a5fd9e15.js HTTP/2.0" 200 8260 "https://charsooq.com/articles/The-best-animations-in-the-world-part-1" "Mozilla/5.0 (Linux; Android 10; K) AppleWebKit/537.36 (KHTML, like Gecko) Chrome/151.0.0.0 Mobile Safari/537.36"
83.123.39.243 - - [29/Aug/2026:00:22:29 +0330] "GET /_next/static/chunks/6137-97a90ba21cd4a885.js HTTP/2.0" 200 6706 "https://charsooq.com/articles/The-best-animations-in-the-world-part-1" "Mozilla/5.0 (Linux; Android 10; K) AppleWebKit/537.36 (KHTML, like Gecko) Chrome/151.0.0.0 Mobile Safari/537.36"
83.123.39.243 - - [29/Aug/2026:00:22:29 +0330] "GET /_next/static/chunks/3462-b3fd13ed1d4f90e2.js HTTP/2.0" 200 1833 "https://charsooq.com/articles/The-best-animations-in-the-world-part-1" "Mozilla/5.0 (Linux; Android 10; K) AppleWebKit/537.36 (KHTML, like Gecko) Chrome/151.0.0.0 Mobile Safari/537.36"
83.123.39.243 - - [29/Aug/2026:00:22:29 +0330] "GET /_next/static/chunks/3013-a9939c72e4a38977.js HTTP/2.0" 200 6860 "https://charsooq.com/articles/The-best-animations-in-the-world-part-1" "Mozilla/5.0 (Linux; Android 10; K) AppleWebKit/537.36 (KHTML, like Gecko) Chrome/151.0.0.0 Mobile Safari/537.36"
83.123.39.243 - - [29/Aug/2026:00:22:29 +0330] "GET /_next/static/chunks/5878-8c4517462d65e9a5.js HTTP/2.0" 200 5170 "https://charsooq.com/articles/The-best-animations-in-the-world-part-1" "Mozilla/5.0 (Linux; Android 10; K) AppleWebKit/537.36 (KHTML, like Gecko) Chrome/151.0.0.0 Mobile Safari/537.36"
83.123.39.243 - - [29/Aug/2026:00:22:29 +0330] "GET /_next/static/chunks/6818-72710ec856a66515.js HTTP/2.0" 200 2700 "https://charsooq.com/articles/The-best-animations-in-the-world-part-1" "Mozilla/5.0 (Linux; Android 10; K) AppleWebKit/537.36 (KHTML, like Gecko) Chrome/151.0.0.0 Mobile Safari/537.36"
83.123.39.243 - - [29/Aug/2026:00:22:29 +0330] "GET /_next/static/chunks/1493-5bf6477734a442f1.js HTTP/2.0" 200 3468 "https://charsooq.com/articles/The-best-animations-in-the-world-part-1" "Mozilla/5.0 (Linux; Android 10; K) AppleWebKit/537.36 (KHTML, like Gecko) Chrome/151.0.0.0 Mobile Safari/537.36"
83.123.39.243 - - [29/Aug/2026:00:22:29 +0330] "GET /_next/static/media/d36c74da9a95e091-s.p.ttf HTTP/2.0" 200 35196 "https://charsooq.com/articles/The-best-animations-in-the-world-part-1" "Mozilla/5.0 (Linux; Android 10; K) AppleWebKit/537.36 (KHTML, like Gecko) Chrome/151.0.0.0 Mobile Safari/537.36"
83.123.39.243 - - [29/Aug/2026:00:22:29 +0330] "GET /_next/static/chunks/8003-81602ee8b36ef204.js HTTP/2.0" 200 2418 "https://charsooq.com/articles/The-best-animations-in-the-world-part-1" "Mozilla/5.0 (Linux; Android 10; K) AppleWebKit/537.36 (KHTML, like Gecko) Chrome/151.0.0.0 Mobile Safari/537.36"
83.123.39.243 - - [29/Aug/2026:00:22:29 +0330] "GET /_next/static/chunks/app/articles/%5Bslug%5D/page-eab29444fd759c7a.js HTTP/2.0" 200 6410 "https://charsooq.com/articles/The-best-animations-in-the-world-part-1" "Mozilla/5.0 (Linux; Android 10; K) AppleWebKit/537.36 (KHTML, like Gecko) Chrome/151.0.0.0 Mobile Safari/537.36"
83.123.39.243 - - [29/Aug/2026:00:22:29 +0330] "GET /_next/static/chunks/9064-bc53da8ff6805f5a.js HTTP/2.0" 200 4703 "https://charsooq.com/articles/The-best-animations-in-the-world-part-1" "Mozilla/5.0 (Linux; Android 10; K) AppleWebKit/537.36 (KHTML, like Gecko) Chrome/151.0.0.0 Mobile Safari/537.36"
83.123.39.243 - - [29/Aug/2026:00:22:29 +0330] "GET /_next/static/chunks/4216-78fe3424349836f6.js HTTP/2.0" 200 7011 "https://charsooq.com/articles/The-best-animations-in-the-world-part-1" "Mozilla/5.0 (Linux; Android 10; K) AppleWebKit/537.36 (KHTML, like Gecko) Chrome/151.0.0.0 Mobile Safari/537.36"
83.123.39.243 - - [29/Aug/2026:00:22:29 +0330] "GET /_next/static/chunks/3134-367eb482f3be54c2.js HTTP/2.0" 200 2334 "https://charsooq.com/articles/The-best-animations-in-the-world-part-1" "Mozilla/5.0 (Linux; Android 10; K) AppleWebKit/537.36 (KHTML, like Gecko) Chrome/151.0.0.0 Mobile Safari/537.36"
83.123.39.243 - - [29/Aug/2026:00:22:29 +0330] "GET /_next/static/chunks/9470-129db663fb54ce77.js HTTP/2.0" 200 3092 "https://charsooq.com/articles/The-best-animations-in-the-world-part-1" "Mozilla/5.0 (Linux; Android 10; K) AppleWebKit/537.36 (KHTML, like Gecko) Chrome/151.0.0.0 Mobile Safari/537.36"
83.123.39.243 - - [29/Aug/2026:00:22:29 +0330] "GET /_next/static/chunks/8472-05374d6b6d91921f.js HTTP/2.0" 200 9473 "https://charsooq.com/articles/The-best-animations-in-the-world-part-1" "Mozilla/5.0 (Linux; Android 10; K) AppleWebKit/537.36 (KHTML, like Gecko) Chrome/151.0.0.0 Mobile Safari/537.36"
83.123.39.243 - - [29/Aug/2026:00:22:29 +0330] "GET /_next/static/chunks/84-b6c070b37c66d77f.js HTTP/2.0" 200 2597 "https://charsooq.com/articles/The-best-animations-in-the-world-part-1" "Mozilla/5.0 (Linux; Android 10; K) AppleWebKit/537.36 (KHTML, like Gecko) Chrome/151.0.0.0 Mobile Safari/537.36"
83.123.39.243 - - [29/Aug/2026:00:22:29 +0330] "GET /_next/static/chunks/873-fa2a34145b7f655b.js HTTP/2.0" 200 64908 "https://charsooq.com/articles/The-best-animations-in-the-world-part-1" "Mozilla/5.0 (Linux; Android 10; K) AppleWebKit/537.36 (KHTML, like Gecko) Chrome/151.0.0.0 Mobile Safari/537.36"
83.123.39.243 - - [29/Aug/2026:00:22:29 +0330] "GET /_next/static/chunks/app/layout-cb550aa8118c7c2c.js HTTP/2.0" 200 11535 "https://charsooq.com/articles/The-best-animations-in-the-world-part-1" "Mozilla/5.0 (Linux; Android 10; K) AppleWebKit/537.36 (KHTML, like Gecko) Chrome/151.0.0.0 Mobile Safari/537.36"
83.123.39.243 - - [29/Aug/2026:00:22:29 +0330] "GET /_next/static/chunks/app/error-094d5bcef522249f.js HTTP/2.0" 200 673 "https://charsooq.com/articles/The-best-animations-in-the-world-part-1" "Mozilla/5.0 (Linux; Android 10; K) AppleWebKit/537.36 (KHTML, like Gecko) Chrome/151.0.0.0 Mobile Safari/537.36"
83.123.39.243 - - [29/Aug/2026:00:22:29 +0330] "GET /_next/static/chunks/8230-1cded471f36e4c61.js HTTP/2.0" 200 5411 "https://charsooq.com/articles/The-best-animations-in-the-world-part-1" "Mozilla/5.0 (Linux; Android 10; K) AppleWebKit/537.36 (KHTML, like Gecko) Chrome/151.0.0.0 Mobile Safari/537.36"
83.123.39.243 - - [29/Aug/2026:00:22:29 +0330] "GET /_next/static/chunks/9227-c2a8061d3143118a.js HTTP/2.0" 200 2320 "https://charsooq.com/articles/The-best-animations-in-the-world-part-1" "Mozilla/5.0 (Linux; Android 10; K) AppleWebKit/537.36 (KHTML, like Gecko) Chrome/151.0.0.0 Mobile Safari/537.36"
216.73.216.41 - - [29/Aug/2026:00:22:29 +0330] "GET /?u=97881405401 HTTP/2.0" 200 1883 "-" "Mozilla/5.0 AppleWebKit/537.36 (KHTML, like Gecko; compatible; ClaudeBot/1.0; +claudebot@anthropic.com)"
216.73.216.41 - - [29/Aug/2026:00:22:29 +0330] "GET /?u=22162301900 HTTP/2.0" 200 1883 "-" "Mozilla/5.0 AppleWebKit/537.36 (KHTML, like Gecko; compatible; ClaudeBot/1.0; +claudebot@anthropic.com)"
83.123.39.243 - - [29/Aug/2026:00:22:29 +0330] "GET /storage/uploads/BviVoaFSJcjY7JHzKUmTwSbOcI8blgm903zvZCT3.webp HTTP/2.0" 200 29546 "https://charsooq.com/" "Mozilla/5.0 (Linux; Android 10; K) AppleWebKit/537.36 (KHTML, like Gecko) Chrome/151.0.0.0 Mobile Safari/537.36"
83.123.39.243 - - [29/Aug/2026:00:22:29 +0330] "GET /storage/uploads/9eu4B1zZOv5j9XKWt4Xk6gksHOsY9L9z7SNJPRLa.webp HTTP/2.0" 200 25910 "https://charsooq.com/" "Mozilla/5.0 (Linux; Android 10; K) AppleWebKit/537.36 (KHTML, like Gecko) Chrome/151.0.0.0 Mobile Safari/537.36"
83.123.39.243 - - [29/Aug/2026:00:22:29 +0330] "GET /storage/uploads/9MrBTXtPjRkegFDm4kW1P9IrA5Gz0rYSvgUFJm6D.webp HTTP/2.0" 200 29864 "https://charsooq.com/" "Mozilla/5.0 (Linux; Android 10; K) AppleWebKit/537.36 (KHTML, like Gecko) Chrome/151.0.0.0 Mobile Safari/537.36"
83.123.39.243 - - [29/Aug/2026:00:22:29 +0330] "GET /storage/uploads/P48A6TohPxNHnhWHjEQWQasWeV9Dt5Mnwt4ksjIG.webp HTTP/2.0" 200 28122 "https://charsooq.com/" "Mozilla/5.0 (Linux; Android 10; K) AppleWebKit/537.36 (KHTML, like Gecko) Chrome/151.0.0.0 Mobile Safari/537.36"
83.123.39.243 - - [29/Aug/2026:00:22:29 +0330] "GET /storage/uploads/TKtrxhVMjdDgTsf05mxGbqRRGDtxyf9zf80Nl2HK.webp HTTP/2.0" 200 24920 "https://charsooq.com/" "Mozilla/5.0 (Linux; Android 10; K) AppleWebKit/537.36 (KHTML, like Gecko) Chrome/151.0.0.0 Mobile Safari/537.36"
83.123.39.243 - - [29/Aug/2026:00:22:29 +0330] "GET /storage/uploads/ffM52EMjOJOaSGj0cEentTrX7EjBD5qcUGsR7FqV.webp HTTP/2.0" 200 30010 "https://charsooq.com/" "Mozilla/5.0 (Linux; Android 10; K) AppleWebKit/537.36 (KHTML, like Gecko) Chrome/151.0.0.0 Mobile Safari/537.36"
83.123.39.243 - - [29/Aug/2026:00:22:29 +0330] "GET /storage/uploads/N18gqVFmLl8EofCkpBoUsoCf3qPzPhub6hlgf74B.webp HTTP/2.0" 200 30798 "https://charsooq.com/" "Mozilla/5.0 (Linux; Android 10; K) AppleWebKit/537.36 (KHTML, like Gecko) Chrome/151.0.0.0 Mobile Safari/537.36"
83.123.39.243 - - [29/Aug/2026:00:22:29 +0330] "GET /storage/uploads/3vMpLV7EfcmmH20WaPfD9V12ZwRekcIFBJ4bGf0W.webp HTTP/2.0" 200 29810 "https://charsooq.com/" "Mozilla/5.0 (Linux; Android 10; K) AppleWebKit/537.36 (KHTML, like Gecko) Chrome/151.0.0.0 Mobile Safari/537.36"
83.123.39.243 - - [29/Aug/2026:00:22:29 +0330] "GET /storage/uploads/hc77voDWmHMB41elcLfMPmd6Jp5maLrKan9uImIn.webp HTTP/2.0" 200 27700 "https://charsooq.com/" "Mozilla/5.0 (Linux; Android 10; K) AppleWebKit/537.36 (KHTML, like Gecko) Chrome/151.0.0.0 Mobile Safari/537.36"
83.123.39.243 - - [29/Aug/2026:00:22:29 +0330] "GET /storage/uploads/i6Vx5sT7RlCEKhsSv6hV5qobA9LVOsbvz39hrIJ0.webp HTTP/2.0" 200 32456 "https://charsooq.com/" "Mozilla/5.0 (Linux; Android 10; K) AppleWebKit/537.36 (KHTML, like Gecko) Chrome/151.0.0.0 Mobile Safari/537.36"
83.123.39.243 - - [29/Aug/2026:00:22:30 +0330] "GET /storage/uploads/bXo6RCJKtEX2fyt2nmJPz1VRfKwjfIPG0wamkKei.webp HTTP/2.0" 200 22684 "https://charsooq.com/" "Mozilla/5.0 (Linux; Android 10; K) AppleWebKit/537.36 (KHTML, like Gecko) Chrome/151.0.0.0 Mobile Safari/537.36"
83.123.39.243 - - [29/Aug/2026:00:22:30 +0330] "GET /storage/uploads/1ycfeudPp2ol0aC7J9etfOUIm3WONek6ibm82jaP.webp HTTP/2.0" 200 21748 "https://charsooq.com/" "Mozilla/5.0 (Linux; Android 10; K) AppleWebKit/537.36 (KHTML, like Gecko) Chrome/151.0.0.0 Mobile Safari/537.36"
83.123.39.243 - - [29/Aug/2026:00:22:30 +0330] "GET /storage/uploads/GK07KzfB2hwthLiLNIVzS5gzNPPZswEnbDFmB7ot.webp HTTP/2.0" 200 33906 "https://charsooq.com/" "Mozilla/5.0 (Linux; Android 10; K) AppleWebKit/537.36 (KHTML, like Gecko) Chrome/151.0.0.0 Mobile Safari/537.36"
83.123.39.243 - - [29/Aug/2026:00:22:30 +0330] "GET /storage/uploads/T5R4amTqgzQm8FRHk2h8Vqu9eds8IeDbdjNZ9I1i.webp HTTP/2.0" 200 28234 "https://charsooq.com/" "Mozilla/5.0 (Linux; Android 10; K) AppleWebKit/537.36 (KHTML, like Gecko) Chrome/151.0.0.0 Mobile Safari/537.36"
83.123.39.243 - - [29/Aug/2026:00:22:30 +0330] "GET /storage/uploads/K1e4q9gE6quCKXf6IHmcWkeaDJrOtFm5fL51i6f3.webp HTTP/2.0" 200 24728 "https://charsooq.com/" "Mozilla/5.0 (Linux; Android 10; K) AppleWebKit/537.36 (KHTML, like Gecko) Chrome/151.0.0.0 Mobile Safari/537.36"
83.123.39.243 - - [29/Aug/2026:00:22:30 +0330] "GET /storage/uploads/pQBpoUGKQiErsxGwOey6HSlKj6jYydhSjF6cDLMC.webp HTTP/2.0" 200 22146 "https://charsooq.com/" "Mozilla/5.0 (Linux; Android 10; K) AppleWebKit/537.36 (KHTML, like Gecko) Chrome/151.0.0.0 Mobile Safari/537.36"
83.123.39.243 - - [29/Aug/2026:00:22:30 +0330] "GET /storage/uploads/5xlY0zVTqdM9QE6TldETgG63rhfMb7ixlk9r9o2v.webp HTTP/2.0" 200 25400 "https://charsooq.com/" "Mozilla/5.0 (Linux; Android 10; K) AppleWebKit/537.36 (KHTML, like Gecko) Chrome/151.0.0.0 Mobile Safari/537.36"
83.123.39.243 - - [29/Aug/2026:00:22:30 +0330] "GET /storage/uploads/zLgEeizz50ujuMjTVFm9wK6BSGAcZJM6PlSnwL8y.webp HTTP/2.0" 200 21552 "https://charsooq.com/" "Mozilla/5.0 (Linux; Android 10; K) AppleWebKit/537.36 (KHTML, like Gecko) Chrome/151.0.0.0 Mobile Safari/537.36"
83.123.39.243 - - [29/Aug/2026:00:22:30 +0330] "GET /storage/uploads/SauimgaKlu1jnrk697ZGsWPfMthz1EZqWCcCerzM.webp HTTP/2.0" 200 31250 "https://charsooq.com/" "Mozilla/5.0 (Linux; Android 10; K) AppleWebKit/537.36 (KHTML, like Gecko) Chrome/151.0.0.0 Mobile Safari/537.36"
83.123.39.243 - - [29/Aug/2026:00:22:30 +0330] "GET /storage/uploads/Le62lXm6yPYjmdGAtYN9Ibt6skt6h6GWAYBAnhEt.webp HTTP/2.0" 200 26320 "https://charsooq.com/" "Mozilla/5.0 (Linux; Android 10; K) AppleWebKit/537.36 (KHTML, like Gecko) Chrome/151.0.0.0 Mobile Safari/537.36"
83.123.39.243 - - [29/Aug/2026:00:22:30 +0330] "GET /storage/uploads/jzXZTCekIeylxfRMgCgsoDvQyS3OcylxkhxeDgWA.webp HTTP/2.0" 200 21018 "https://charsooq.com/" "Mozilla/5.0 (Linux; Android 10; K) AppleWebKit/537.36 (KHTML, like Gecko) Chrome/151.0.0.0 Mobile Safari/537.36"
83.123.39.243 - - [29/Aug/2026:00:22:30 +0330] "GET /storage/uploads/tGGe0aMlPYwRO1tauiw1QlnIE776GlPkUHCeTM0W.webp HTTP/2.0" 200 20396 "https://charsooq.com/" "Mozilla/5.0 (Linux; Android 10; K) AppleWebKit/537.36 (KHTML, like Gecko) Chrome/151.0.0.0 Mobile Safari/537.36"
83.123.39.243 - - [29/Aug/2026:00:22:30 +0330] "GET /storage/uploads/C0zI1oAE9kNy3t1hyDbkkwLeWEwraeFtqORmjsb8.webp HTTP/2.0" 200 23578 "https://charsooq.com/" "Mozilla/5.0 (Linux; Android 10; K) AppleWebKit/537.36 (KHTML, like Gecko) Chrome/151.0.0.0 Mobile Safari/537.36"
83.123.39.243 - - [29/Aug/2026:00:22:30 +0330] "GET /storage/uploads/DhmprxoxOYCDUVwrv9TmJ9yHCDw4esCJjOlS9OmY.webp HTTP/2.0" 200 48938 "https://charsooq.com/" "Mozilla/5.0 (Linux; Android 10; K) AppleWebKit/537.36 (KHTML, like Gecko) Chrome/151.0.0.0 Mobile Safari/537.36"
83.123.39.243 - - [29/Aug/2026:00:22:30 +0330] "GET /storage/uploads/FmqsD570yHl31zKYqceXQ2NGJ8JH9X5EsKigZ3RW.webp HTTP/2.0" 200 34684 "https://charsooq.com/" "Mozilla/5.0 (Linux; Android 10; K) AppleWebKit/537.36 (KHTML, like Gecko) Chrome/151.0.0.0 Mobile Safari/537.36"
83.123.39.243 - - [29/Aug/2026:00:22:30 +0330] "GET /storage/uploads/CZOgVXznfiTDmNAX5YXFGoiFzY2DY9PUUv06ETY6.webp HTTP/2.0" 200 24960 "https://charsooq.com/" "Mozilla/5.0 (Linux; Android 10; K) AppleWebKit/537.36 (KHTML, like Gecko) Chrome/151.0.0.0 Mobile Safari/537.36"
216.73.216.41 - - [29/Aug/2026:00:22:30 +0330] "GET /?u=93628322701 HTTP/2.0" 200 1883 "-" "Mozilla/5.0 AppleWebKit/537.36 (KHTML, like Gecko; compatible; ClaudeBot/1.0; +claudebot@anthropic.com)"
216.73.216.41 - - [29/Aug/2026:00:22:30 +0330] "GET /?u=1102173800 HTTP/2.0" 200 1883 "-" "Mozilla/5.0 AppleWebKit/537.36 (KHTML, like Gecko; compatible; ClaudeBot/1.0; +claudebot@anthropic.com)"
83.123.39.243 - - [29/Aug/2026:00:22:30 +0330] "GET /storage/uploads/QsLYDOfYhBr0eZhz8rbukHjbhE9sjPLorbDybI31.webp HTTP/2.0" 200 71706 "https://charsooq.com/" "Mozilla/5.0 (Linux; Android 10; K) AppleWebKit/537.36 (KHTML, like Gecko) Chrome/151.0.0.0 Mobile Safari/537.36"
83.123.39.243 - - [29/Aug/2026:00:22:30 +0330] "GET /storage/uploads/yHhqFOmqkzn7KNBnPlMeEfS5nhrBLw1coUS3ABA2.webp HTTP/2.0" 200 79084 "https://charsooq.com/" "Mozilla/5.0 (Linux; Android 10; K) AppleWebKit/537.36 (KHTML, like Gecko) Chrome/151.0.0.0 Mobile Safari/537.36"
83.123.39.243 - - [29/Aug/2026:00:22:30 +0330] "GET /storage/uploads/GiKlpLx7wpN6Dwx0DdTxbu1nYvEqPdvNnmXsy2Cd.webp HTTP/2.0" 200 30252 "https://charsooq.com/" "Mozilla/5.0 (Linux; Android 10; K) AppleWebKit/537.36 (KHTML, like Gecko) Chrome/151.0.0.0 Mobile Safari/537.36"
83.123.39.243 - - [29/Aug/2026:00:22:30 +0330] "GET /storage/uploads/6s0NJROFWEIKCbpli2mmhnyiWW7vNII5NAdeyx4w.webp HTTP/2.0" 200 25884 "https://charsooq.com/" "Mozilla/5.0 (Linux; Android 10; K) AppleWebKit/537.36 (KHTML, like Gecko) Chrome/151.0.0.0 Mobile Safari/537.36"
83.123.39.243 - - [29/Aug/2026:00:22:30 +0330] "GET /storage/uploads/a2H7TvKyPipsH874w7mvOv92Pe3Tmioson8gNuxS.webp HTTP/2.0" 200 10328 "https://charsooq.com/" "Mozilla/5.0 (Linux; Android 10; K) AppleWebKit/537.36 (KHTML, like Gecko) Chrome/151.0.0.0 Mobile Safari/537.36"
83.123.39.243 - - [29/Aug/2026:00:22:30 +0330] "GET /storage/uploads/UDYmZ9ArQT2kWrJfRt1cMsZ4Lx3fnFVqS1ZZd3bX.webp HTTP/2.0" 200 9636 "https://charsooq.com/" "Mozilla/5.0 (Linux; Android 10; K) AppleWebKit/537.36 (KHTML, like Gecko) Chrome/151.0.0.0 Mobile Safari/537.36"
83.123.39.243 - - [29/Aug/2026:00:22:30 +0330] "GET /storage/uploads/V5FqqnCb2XRSQt6O4hqrbZYdanFAJaG9cDOeNmZg.webp HTTP/2.0" 200 23690 "https://charsooq.com/" "Mozilla/5.0 (Linux; Android 10; K) AppleWebKit/537.36 (KHTML, like Gecko) Chrome/151.0.0.0 Mobile Safari/537.36"
83.123.39.243 - - [29/Aug/2026:00:22:30 +0330] "GET /storage/uploads/rPxySV2jAZ29Gga2cjSVcfWPcJnRIEFZRvbm6rFe.webp HTTP/2.0" 200 11284 "https://charsooq.com/" "Mozilla/5.0 (Linux; Android 10; K) AppleWebKit/537.36 (KHTML, like Gecko) Chrome/151.0.0.0 Mobile Safari/537.36"
83.123.39.243 - - [29/Aug/2026:00:22:30 +0330] "GET /storage/uploads/EoHWC237DK76YsM0M3boNeHVDwUFtkfWpOa6r2l6.webp HTTP/2.0" 200 21578 "https://charsooq.com/" "Mozilla/5.0 (Linux; Android 10; K) AppleWebKit/537.36 (KHTML, like Gecko) Chrome/151.0.0.0 Mobile Safari/537.36"
83.123.39.243 - - [29/Aug/2026:00:22:30 +0330] "GET /storage/uploads/qmoi5bJW8bWuHYfMyhunfKLg8cojC2O8hCJ6tUHU.webp HTTP/2.0" 200 24246 "https://charsooq.com/" "Mozilla/5.0 (Linux; Android 10; K) AppleWebKit/537.36 (KHTML, like Gecko) Chrome/151.0.0.0 Mobile Safari/537.36"
216.73.216.41 - - [29/Aug/2026:00:22:30 +0330] "GET /?u=27269344302 HTTP/2.0" 200 1883 "-" "Mozilla/5.0 AppleWebKit/537.36 (KHTML, like Gecko; compatible; ClaudeBot/1.0; +claudebot@anthropic.com)"
216.73.216.41 - - [29/Aug/2026:00:22:30 +0330] "GET /?u=3184472404 HTTP/2.0" 200 1883 "-" "Mozilla/5.0 AppleWebKit/537.36 (KHTML, like Gecko; compatible; ClaudeBot/1.0; +claudebot@anthropic.com)"
83.123.39.243 - - [29/Aug/2026:00:22:30 +0330] "GET /manifest.json HTTP/2.0" 200 334 "https://charsooq.com/articles/The-best-animations-in-the-world-part-1" "Mozilla/5.0 (Linux; Android 10; K) AppleWebKit/537.36 (KHTML, like Gecko) Chrome/151.0.0.0 Mobile Safari/537.36"
216.73.216.41 - - [29/Aug/2026:00:22:30 +0330] "GET /?u=38772103801 HTTP/2.0" 200 1883 "-" "Mozilla/5.0 AppleWebKit/537.36 (KHTML, like Gecko; compatible; ClaudeBot/1.0; +claudebot@anthropic.com)"
83.123.39.243 - - [29/Aug/2026:00:22:30 +0330] "GET /favicon.ico HTTP/2.0" 200 3035 "https://charsooq.com/articles/The-best-animations-in-the-world-part-1" "Mozilla/5.0 (Linux; Android 10; K) AppleWebKit/537.36 (KHTML, like Gecko) Chrome/151.0.0.0 Mobile Safari/537.36"
83.123.39.243 - - [29/Aug/2026:00:22:30 +0330] "GET /pwa-icon-180.png HTTP/2.0" 200 10221 "https://charsooq.com/articles/The-best-animations-in-the-world-part-1" "Mozilla/5.0 (Linux; Android 10; K) AppleWebKit/537.36 (KHTML, like Gecko) Chrome/151.0.0.0 Mobile Safari/537.36"
216.73.216.41 - - [29/Aug/2026:00:22:30 +0330] "GET /?u=70992271900 HTTP/2.0" 200 1883 "-" "Mozilla/5.0 AppleWebKit/537.36 (KHTML, like Gecko; compatible; ClaudeBot/1.0; +claudebot@anthropic.com)"
83.123.39.243 - - [29/Aug/2026:00:22:30 +0330] "GET /pwa-icon-180.png HTTP/2.0" 304 0 "https://charsooq.com/articles/The-best-animations-in-the-world-part-1" "Mozilla/5.0 (Linux; Android 10; K) AppleWebKit/537.36 (KHTML, like Gecko) Chrome/151.0.0.0 Mobile Safari/537.36"
83.123.39.243 - - [29/Aug/2026:00:22:30 +0330] "GET /_next/static/chunks/1495.b45bb862bd3e18ec.js HTTP/2.0" 200 779 "https://charsooq.com/articles/The-best-animations-in-the-world-part-1" "Mozilla/5.0 (Linux; Android 10; K) AppleWebKit/537.36 (KHTML, like Gecko) Chrome/151.0.0.0 Mobile Safari/537.36"
216.73.216.41 - - [29/Aug/2026:00:22:30 +0330] "GET /?u=82908264106 HTTP/2.0" 200 1883 "-" "Mozilla/5.0 AppleWebKit/537.36 (KHTML, like Gecko; compatible; ClaudeBot/1.0; +claudebot@anthropic.com)"
216.73.216.41 - - [29/Aug/2026:00:22:30 +0330] "GET /?u=11222140111 HTTP/2.0" 200 1883 "-" "Mozilla/5.0 AppleWebKit/537.36 (KHTML, like Gecko; compatible; ClaudeBot/1.0; +claudebot@anthropic.com)"
83.123.39.243 - - [29/Aug/2026:00:22:30 +0330] "GET /_next/static/chunks/4922.b90b86ef20984235.js HTTP/2.0" 200 425 "https://charsooq.com/articles/The-best-animations-in-the-world-part-1" "Mozilla/5.0 (Linux; Android 10; K) AppleWebKit/537.36 (KHTML, like Gecko) Chrome/151.0.0.0 Mobile Safari/537.36"
83.123.39.243 - - [29/Aug/2026:00:22:30 +0330] "GET /_next/static/chunks/415.9bf722adfc74e289.js HTTP/2.0" 200 8742 "https://charsooq.com/articles/The-best-animations-in-the-world-part-1" "Mozilla/5.0 (Linux; Android 10; K) AppleWebKit/537.36 (KHTML, like Gecko) Chrome/151.0.0.0 Mobile Safari/537.36"
83.123.39.243 - - [29/Aug/2026:00:22:31 +0330] "GET /checkout?_rsc=pxlbl HTTP/2.0" 200 1690 "https://charsooq.com/articles/The-best-animations-in-the-world-part-1" "Mozilla/5.0 (Linux; Android 10; K) AppleWebKit/537.36 (KHTML, like Gecko) Chrome/151.0.0.0 Mobile Safari/537.36"
83.123.39.243 - - [29/Aug/2026:00:22:31 +0330] "GET /?_rsc=pxlbl HTTP/2.0" 200 13560 "https://charsooq.com/articles/The-best-animations-in-the-world-part-1" "Mozilla/5.0 (Linux; Android 10; K) AppleWebKit/537.36 (KHTML, like Gecko) Chrome/151.0.0.0 Mobile Safari/537.36"
127.0.0.1 - - [29/Aug/2026:00:22:31 +0330] "GET /api/v1/article-most-view?count=3 HTTP/1.1" 301 169 "-" "node"
127.0.0.1 - - [29/Aug/2026:00:22:31 +0330] "GET /api/v1/article-future?count=4 HTTP/1.1" 301 169 "-" "node"
127.0.0.1 - - [29/Aug/2026:00:22:31 +0330] "GET /api/v1/articles?count=8&page=1 HTTP/1.1" 301 169 "-" "node"
83.123.39.243 - - [29/Aug/2026:00:22:31 +0330] "GET /_next/static/chunks/5763-e3689baff1695fd1.js HTTP/2.0" 200 4387 "https://charsooq.com/articles/The-best-animations-in-the-world-part-1" "Mozilla/5.0 (Linux; Android 10; K) AppleWebKit/537.36 (KHTML, like Gecko) Chrome/151.0.0.0 Mobile Safari/537.36"
83.123.39.243 - - [29/Aug/2026:00:22:31 +0330] "GET /_next/static/chunks/2034-b6ee9baf8082b7dc.js HTTP/2.0" 200 10926 "https://charsooq.com/articles/The-best-animations-in-the-world-part-1" "Mozilla/5.0 (Linux; Android 10; K) AppleWebKit/537.36 (KHTML, like Gecko) Chrome/151.0.0.0 Mobile Safari/537.36"
127.0.0.1 - - [29/Aug/2026:00:22:31 +0330] "GET /api/v2/sliders HTTP/1.1" 200 7479 "-" "node"
83.123.39.243 - - [29/Aug/2026:00:22:31 +0330] "GET /_next/static/chunks/5605-342a49848bbf0c11.js HTTP/2.0" 200 6777 "https://charsooq.com/articles/The-best-animations-in-the-world-part-1" "Mozilla/5.0 (Linux; Android 10; K) AppleWebKit/537.36 (KHTML, like Gecko) Chrome/151.0.0.0 Mobile Safari/537.36"
83.123.39.243 - - [29/Aug/2026:00:22:31 +0330] "GET /_next/static/chunks/1592-00644b699e0ed4d8.js HTTP/2.0" 200 7980 "https://charsooq.com/articles/The-best-animations-in-the-world-part-1" "Mozilla/5.0 (Linux; Android 10; K) AppleWebKit/537.36 (KHTML, like Gecko) Chrome/151.0.0.0 Mobile Safari/537.36"
83.123.39.243 - - [29/Aug/2026:00:22:31 +0330] "GET /_next/static/chunks/169-68dabecb1c163108.js HTTP/2.0" 200 6555 "https://charsooq.com/articles/The-best-animations-in-the-world-part-1" "Mozilla/5.0 (Linux; Android 10; K) AppleWebKit/537.36 (KHTML, like Gecko) Chrome/151.0.0.0 Mobile Safari/537.36"
83.123.39.243 - - [29/Aug/2026:00:22:31 +0330] "GET /_next/static/chunks/1188-8347881a51d7e866.js HTTP/2.0" 200 3364 "https://charsooq.com/articles/The-best-animations-in-the-world-part-1" "Mozilla/5.0 (Linux; Android 10; K) AppleWebKit/537.36 (KHTML, like Gecko) Chrome/151.0.0.0 Mobile Safari/537.36"
83.123.39.243 - - [29/Aug/2026:00:22:31 +0330] "GET /_next/static/chunks/7463-8c14f85f0b9a94fe.js HTTP/2.0" 200 3339 "https://charsooq.com/articles/The-best-animations-in-the-world-part-1" "Mozilla/5.0 (Linux; Android 10; K) AppleWebKit/537.36 (KHTML, like Gecko) Chrome/151.0.0.0 Mobile Safari/537.36"
83.123.39.243 - - [29/Aug/2026:00:22:31 +0330] "GET /_next/static/chunks/2177-53f14356cddc2711.js HTTP/2.0" 200 3254 "https://charsooq.com/articles/The-best-animations-in-the-world-part-1" "Mozilla/5.0 (Linux; Android 10; K) AppleWebKit/537.36 (KHTML, like Gecko) Chrome/151.0.0.0 Mobile Safari/537.36"
83.123.39.243 - - [29/Aug/2026:00:22:31 +0330] "GET /_next/static/chunks/app/page-759df78f59703adb.js HTTP/2.0" 200 1959 "https://charsooq.com/articles/The-best-animations-in-the-world-part-1" "Mozilla/5.0 (Linux; Android 10; K) AppleWebKit/537.36 (KHTML, like Gecko) Chrome/151.0.0.0 Mobile Safari/537.36"
83.123.39.243 - - [29/Aug/2026:00:22:31 +0330] "GET /_next/static/chunks/300-72da8991edf2ed5a.js HTTP/2.0" 200 33594 "https://charsooq.com/articles/The-best-animations-in-the-world-part-1" "Mozilla/5.0 (Linux; Android 10; K) AppleWebKit/537.36 (KHTML, like Gecko) Chrome/151.0.0.0 Mobile Safari/537.36"
83.123.39.243 - - [29/Aug/2026:00:22:31 +0330] "GET /_next/static/chunks/app/checkout/layout-d7cf06d0dc8d6df6.js HTTP/2.0" 200 39421 "https://charsooq.com/articles/The-best-animations-in-the-world-part-1" "Mozilla/5.0 (Linux; Android 10; K) AppleWebKit/537.36 (KHTML, like Gecko) Chrome/151.0.0.0 Mobile Safari/537.36"
127.0.0.1 - - [29/Aug/2026:00:22:31 +0330] "GET /api/v1/article-most-view?count=3 HTTP/1.1" 200 806798 "-" "node"
216.73.216.41 - - [29/Aug/2026:00:22:31 +0330] "GET /?u=55004454900 HTTP/2.0" 200 1883 "-" "Mozilla/5.0 AppleWebKit/537.36 (KHTML, like Gecko; compatible; ClaudeBot/1.0; +claudebot@anthropic.com)"
83.123.39.243 - - [29/Aug/2026:00:22:31 +0330] "GET /_next/static/chunks/app/articles/page-324f669561f38a6f.js HTTP/2.0" 200 5209 "https://charsooq.com/articles/The-best-animations-in-the-world-part-1" "Mozilla/5.0 (Linux; Android 10; K) AppleWebKit/537.36 (KHTML, like Gecko) Chrome/151.0.0.0 Mobile Safari/537.36"
127.0.0.1 - - [29/Aug/2026:00:22:31 +0330] "GET /api/v1/article-future?count=4 HTTP/1.1" 200 932766 "-" "node"
127.0.0.1 - - [29/Aug/2026:00:22:31 +0330] "GET /api/v1/articles?count=8&page=1 HTTP/1.1" 200 22434 "-" "node"
83.123.39.243 - - [29/Aug/2026:00:22:31 +0330] "GET /articles?_rsc=pxlbl HTTP/2.0" 200 7120 "https://charsooq.com/articles/The-best-animations-in-the-world-part-1" "Mozilla/5.0 (Linux; Android 10; K) AppleWebKit/537.36 (KHTML, like Gecko) Chrome/151.0.0.0 Mobile Safari/537.36"
216.73.216.41 - - [29/Aug/2026:00:22:31 +0330] "GET /?u=88897489000 HTTP/2.0" 200 1883 "-" "Mozilla/5.0 AppleWebKit/537.36 (KHTML, like Gecko; compatible; ClaudeBot/1.0; +claudebot@anthropic.com)"
216.73.216.41 - - [29/Aug/2026:00:22:31 +0330] "GET /?u=1788276504 HTTP/2.0" 200 1883 "-" "Mozilla/5.0 AppleWebKit/537.36 (KHTML, like Gecko; compatible; ClaudeBot/1.0; +claudebot@anthropic.com)"
216.73.216.41 - - [29/Aug/2026:00:22:31 +0330] "GET /?u=19967105300 HTTP/2.0" 200 1883 "-" "Mozilla/5.0 AppleWebKit/537.36 (KHTML, like Gecko; compatible; ClaudeBot/1.0; +claudebot@anthropic.com)"
216.73.216.41 - - [29/Aug/2026:00:22:31 +0330] "GET /?u=76218392601 HTTP/2.0" 200 1883 "-" "Mozilla/5.0 AppleWebKit/537.36 (KHTML, like Gecko; compatible; ClaudeBot/1.0; +claudebot@anthropic.com)"
216.73.216.41 - - [29/Aug/2026:00:22:32 +0330] "GET /?u=18481175003 HTTP/2.0" 200 1883 "-" "Mozilla/5.0 AppleWebKit/537.36 (KHTML, like Gecko; compatible; ClaudeBot/1.0; +claudebot@anthropic.com)"
216.73.216.41 - - [29/Aug/2026:00:22:32 +0330] "GET /?u=86908189401 HTTP/2.0" 200 1883 "-" "Mozilla/5.0 AppleWebKit/537.36 (KHTML, like Gecko; compatible; ClaudeBot/1.0; +claudebot@anthropic.com)"
216.73.216.41 - - [29/Aug/2026:00:22:32 +0330] "GET /?u=8902677104 HTTP/2.0" 200 1883 "-" "Mozilla/5.0 AppleWebKit/537.36 (KHTML, like Gecko; compatible; ClaudeBot/1.0; +claudebot@anthropic.com)"
216.73.216.41 - - [29/Aug/2026:00:22:32 +0330] "GET /?u=29017188613 HTTP/2.0" 200 1883 "-" "Mozilla/5.0 AppleWebKit/537.36 (KHTML, like Gecko; compatible; ClaudeBot/1.0; +claudebot@anthropic.com)"
216.73.216.41 - - [29/Aug/2026:00:22:32 +0330] "GET /?u=80321398900 HTTP/2.0" 200 1883 "-" "Mozilla/5.0 AppleWebKit/537.36 (KHTML, like Gecko; compatible; ClaudeBot/1.0; +claudebot@anthropic.com)"
216.73.216.41 - - [29/Aug/2026:00:22:32 +0330] "GET /?u=73167415101 HTTP/2.0" 200 1883 "-" "Mozilla/5.0 AppleWebKit/537.36 (KHTML, like Gecko; compatible; ClaudeBot/1.0; +claudebot@anthropic.com)"
216.73.216.41 - - [29/Aug/2026:00:22:32 +0330] "GET /?u=74898466002 HTTP/2.0" 200 1883 "-" "Mozilla/5.0 AppleWebKit/537.36 (KHTML, like Gecko; compatible; ClaudeBot/1.0; +claudebot@anthropic.com)"
216.73.216.41 - - [29/Aug/2026:00:22:33 +0330] "GET /?u=95799352301 HTTP/2.0" 200 1883 "-" "Mozilla/5.0 AppleWebKit/537.36 (KHTML, like Gecko; compatible; ClaudeBot/1.0; +claudebot@anthropic.com)"
