216.73.216.41 - - [29/Aug/2026:00:17:08 +0330] "GET /?action=edit&file=nf_conntrack_expect&path=%2F%2Fproc%2F137%2Fnet HTTP/2.0" 200 661 "-" "Mozilla/5.0 AppleWebKit/537.36 (KHTML, like Gecko; compatible; ClaudeBot/1.0; +claudebot@anthropic.com)"
216.73.216.41 - - [29/Aug/2026:00:17:08 +0330] "GET /?action=edit&file=snmp6&path=%2F%2Fproc%2F13%2Fnet HTTP/2.0" 200 1379 "-" "Mozilla/5.0 AppleWebKit/537.36 (KHTML, like Gecko; compatible; ClaudeBot/1.0; +claudebot@anthropic.com)"
216.73.216.41 - - [29/Aug/2026:00:17:08 +0330] "GET /?action=edit&file=udp6&path=%2F%2Fproc%2F560%2Fnet HTTP/2.0" 200 826 "-" "Mozilla/5.0 AppleWebKit/537.36 (KHTML, like Gecko; compatible; ClaudeBot/1.0; +claudebot@anthropic.com)"
216.73.216.41 - - [29/Aug/2026:00:17:08 +0330] "GET /?action=edit&file=tcp6&path=%2F%2Fproc%2F16%2Fnet HTTP/2.0" 200 929 "-" "Mozilla/5.0 AppleWebKit/537.36 (KHTML, like Gecko; compatible; ClaudeBot/1.0; +claudebot@anthropic.com)"
216.73.216.41 - - [29/Aug/2026:00:17:08 +0330] "GET /?action=edit&file=tcp6&path=%2F%2Fproc%2F39%2Fnet HTTP/2.0" 200 929 "-" "Mozilla/5.0 AppleWebKit/537.36 (KHTML, like Gecko; compatible; ClaudeBot/1.0; +claudebot@anthropic.com)"
216.73.216.41 - - [29/Aug/2026:00:17:08 +0330] "GET /?action=edit&file=udp6&path=%2F%2Fproc%2F67%2Fnet HTTP/2.0" 200 826 "-" "Mozilla/5.0 AppleWebKit/537.36 (KHTML, like Gecko; compatible; ClaudeBot/1.0; +claudebot@anthropic.com)"
216.73.216.41 - - [29/Aug/2026:00:17:08 +0330] "GET /?action=edit&file=udp6&path=%2F%2Fproc%2F11%2Fnet HTTP/2.0" 200 826 "-" "Mozilla/5.0 AppleWebKit/537.36 (KHTML, like Gecko; compatible; ClaudeBot/1.0; +claudebot@anthropic.com)"
78.47.174.216 - - [29/Aug/2026:00:17:09 +0330] "GET / HTTP/1.1" 301 169 "-" "Mozilla/5.0 (X11; Linux x86_64) AppleWebKit/537.36(KHTML, like Gecko) Chrome/96.0.4664.45 Safari/537.36"
216.73.216.41 - - [29/Aug/2026:00:17:09 +0330] "GET /?action=edit&file=usbdux_firmware.bin&path=%2F%2Fusr%2Flib%2Ffirmware HTTP/2.0" 200 1504 "-" "Mozilla/5.0 AppleWebKit/537.36 (KHTML, like Gecko; compatible; ClaudeBot/1.0; +claudebot@anthropic.com)"
78.47.174.216 - - [29/Aug/2026:00:17:09 +0330] "GET /preference.html HTTP/1.1" 301 169 "-" "Mozilla/5.0 (X11; Linux x86_64) AppleWebKit/537.36(KHTML, like Gecko) Chrome/96.0.4664.45 Safari/537.36"
91.107.238.215 - - [29/Aug/2026:00:17:09 +0330] "GET / HTTP/1.1" 301 169 "-" "Mozilla/5.0 (X11; Linux x86_64) AppleWebKit/537.36(KHTML, like Gecko) Chrome/96.0.4664.45 Safari/537.36"
78.47.174.216 - - [29/Aug/2026:00:17:09 +0330] "GET /preference.html HTTP/2.0" 200 4525 "-" "Mozilla/5.0 (X11; Linux x86_64) AppleWebKit/537.36(KHTML, like Gecko) Chrome/96.0.4664.45 Safari/537.36"
216.73.216.41 - - [29/Aug/2026:00:17:09 +0330] "GET /?action=edit&file=nf_conntrack&path=%2F%2Fproc%2F10%2Fnet HTTP/2.0" 200 656 "-" "Mozilla/5.0 AppleWebKit/537.36 (KHTML, like Gecko; compatible; ClaudeBot/1.0; +claudebot@anthropic.com)"
216.73.216.41 - - [29/Aug/2026:00:17:09 +0330] "GET /?action=edit&file=nf_conntrack_expect&path=%2F%2Fproc%2F776%2Fnet HTTP/2.0" 200 661 "-" "Mozilla/5.0 AppleWebKit/537.36 (KHTML, like Gecko; compatible; ClaudeBot/1.0; +claudebot@anthropic.com)"
216.73.216.41 - - [29/Aug/2026:00:17:09 +0330] "GET /?action=edit&file=igmp6&path=%2F%2Fproc%2F88%2Fnet HTTP/2.0" 200 758 "-" "Mozilla/5.0 AppleWebKit/537.36 (KHTML, like Gecko; compatible; ClaudeBot/1.0; +claudebot@anthropic.com)"
216.73.216.41 - - [29/Aug/2026:00:17:09 +0330] "GET /?action=edit&file=igmp6&path=%2F%2Fproc%2F222%2Fnet HTTP/2.0" 200 758 "-" "Mozilla/5.0 AppleWebKit/537.36 (KHTML, like Gecko; compatible; ClaudeBot/1.0; +claudebot@anthropic.com)"
216.73.216.41 - - [29/Aug/2026:00:17:09 +0330] "GET /?action=edit&file=snmp6&path=%2F%2Fproc%2F38%2Fnet HTTP/2.0" 200 1380 "-" "Mozilla/5.0 AppleWebKit/537.36 (KHTML, like Gecko; compatible; ClaudeBot/1.0; +claudebot@anthropic.com)"
216.73.216.41 - - [29/Aug/2026:00:17:09 +0330] "GET /?action=edit&file=nf_conntrack&path=%2F%2Fproc%2F255%2Fnet HTTP/2.0" 200 656 "-" "Mozilla/5.0 AppleWebKit/537.36 (KHTML, like Gecko; compatible; ClaudeBot/1.0; +claudebot@anthropic.com)"
216.73.216.41 - - [29/Aug/2026:00:17:10 +0330] "GET /?action=edit&file=nf_conntrack_expect&path=%2F%2Fproc%2F138%2Fnet HTTP/2.0" 200 661 "-" "Mozilla/5.0 AppleWebKit/537.36 (KHTML, like Gecko; compatible; ClaudeBot/1.0; +claudebot@anthropic.com)"
216.73.216.41 - - [29/Aug/2026:00:17:10 +0330] "GET /?action=edit&file=snmp6&path=%2F%2Fproc%2F16%2Fnet HTTP/2.0" 200 1380 "-" "Mozilla/5.0 AppleWebKit/537.36 (KHTML, like Gecko; compatible; ClaudeBot/1.0; +claudebot@anthropic.com)"
216.73.216.41 - - [29/Aug/2026:00:17:10 +0330] "GET /?action=edit&file=nf_conntrack&path=%2F%2Fproc%2F13%2Fnet HTTP/2.0" 200 656 "-" "Mozilla/5.0 AppleWebKit/537.36 (KHTML, like Gecko; compatible; ClaudeBot/1.0; +claudebot@anthropic.com)"
216.73.216.41 - - [29/Aug/2026:00:17:10 +0330] "GET /?action=edit&file=tcp6&path=%2F%2Fproc%2F59%2Fnet HTTP/2.0" 200 991 "-" "Mozilla/5.0 AppleWebKit/537.36 (KHTML, like Gecko; compatible; ClaudeBot/1.0; +claudebot@anthropic.com)"
91.107.238.215 - - [29/Aug/2026:00:17:10 +0330] "GET / HTTP/2.0" 200 1883 "-" "Mozilla/5.0 (X11; Linux x86_64) AppleWebKit/537.36(KHTML, like Gecko) Chrome/96.0.4664.45 Safari/537.36"
127.0.0.1 - - [29/Aug/2026:00:17:10 +0330] "GET /api/v1/categories-amazon HTTP/1.1" 200 34230 "-" "node"
78.47.174.216 - - [29/Aug/2026:00:17:10 +0330] "GET / HTTP/2.0" 200 106226 "-" "Mozilla/5.0 (X11; Linux x86_64) AppleWebKit/537.36(KHTML, like Gecko) Chrome/96.0.4664.45 Safari/537.36"
78.47.174.216 - - [29/Aug/2026:00:17:10 +0330] "GET /_next/image?url=%2Fassets%2Fimages%2Fhome%2Fcategory%2Fshoes.jpg&w=828&q=75 HTTP/2.0" 200 13250 "https://charsooq.com/" "Mozilla/5.0 (X11; Linux x86_64) AppleWebKit/537.36(KHTML, like Gecko) Chrome/96.0.4664.45 Safari/537.36"
216.73.216.41 - - [29/Aug/2026:00:17:10 +0330] "GET /?action=edit&file=udp6&path=%2F%2Fproc%2F90%2Fnet HTTP/2.0" 200 826 "-" "Mozilla/5.0 AppleWebKit/537.36 (KHTML, like Gecko; compatible; ClaudeBot/1.0; +claudebot@anthropic.com)"
127.0.0.1 - - [29/Aug/2026:00:17:11 +0330] "GET /storage/01K86CG1QRVXB0PMTKY5EERBNB.jpg HTTP/1.1" 200 25489 "-" "node"
78.47.174.216 - - [29/Aug/2026:00:17:11 +0330] "GET /_next/static/media/d36c74da9a95e091-s.p.ttf HTTP/2.0" 200 35196 "https://charsooq.com/" "Mozilla/5.0 (X11; Linux x86_64) AppleWebKit/537.36(KHTML, like Gecko) Chrome/96.0.4664.45 Safari/537.36"
78.47.174.216 - - [29/Aug/2026:00:17:11 +0330] "GET /_next/image?url=%2Fassets%2Fimages%2Fhome%2Fhome-instagram2.webp&w=828&q=75 HTTP/2.0" 200 4836 "https://charsooq.com/" "Mozilla/5.0 (X11; Linux x86_64) AppleWebKit/537.36(KHTML, like Gecko) Chrome/96.0.4664.45 Safari/537.36"
78.47.174.216 - - [29/Aug/2026:00:17:11 +0330] "GET /_next/static/css/302d83c05ad27d8b.css HTTP/2.0" 200 369 "https://charsooq.com/" "Mozilla/5.0 (X11; Linux x86_64) AppleWebKit/537.36(KHTML, like Gecko) Chrome/96.0.4664.45 Safari/537.36"
78.47.174.216 - - [29/Aug/2026:00:17:11 +0330] "GET /_next/static/css/2c9caab41af7e337.css HTTP/2.0" 200 3175 "https://charsooq.com/" "Mozilla/5.0 (X11; Linux x86_64) AppleWebKit/537.36(KHTML, like Gecko) Chrome/96.0.4664.45 Safari/537.36"
78.47.174.216 - - [29/Aug/2026:00:17:11 +0330] "GET /_next/static/css/91447b978d7716af.css HTTP/2.0" 200 20418 "https://charsooq.com/" "Mozilla/5.0 (X11; Linux x86_64) AppleWebKit/537.36(KHTML, like Gecko) Chrome/96.0.4664.45 Safari/537.36"
78.47.174.216 - - [29/Aug/2026:00:17:11 +0330] "GET /_next/static/css/1fd47d1e4f3a64a0.css HTTP/2.0" 200 5002 "https://charsooq.com/" "Mozilla/5.0 (X11; Linux x86_64) AppleWebKit/537.36(KHTML, like Gecko) Chrome/96.0.4664.45 Safari/537.36"
78.47.174.216 - - [29/Aug/2026:00:17:11 +0330] "GET /_next/static/media/c7178acf770b8f1a-s.p.ttf HTTP/2.0" 200 35704 "https://charsooq.com/" "Mozilla/5.0 (X11; Linux x86_64) AppleWebKit/537.36(KHTML, like Gecko) Chrome/96.0.4664.45 Safari/537.36"
78.47.174.216 - - [29/Aug/2026:00:17:11 +0330] "GET /_next/image?url=%2Fassets%2Fimages%2Fhome%2Fcategory%2Fcosmetic.jpg&w=828&q=75 HTTP/2.0" 200 15462 "https://charsooq.com/" "Mozilla/5.0 (X11; Linux x86_64) AppleWebKit/537.36(KHTML, like Gecko) Chrome/96.0.4664.45 Safari/537.36"
78.47.174.216 - - [29/Aug/2026:00:17:11 +0330] "GET /_next/image?url=%2Fassets%2Fimages%2Fhome%2Fhome-telegram2.webp&w=828&q=75 HTTP/2.0" 200 8658 "https://charsooq.com/" "Mozilla/5.0 (X11; Linux x86_64) AppleWebKit/537.36(KHTML, like Gecko) Chrome/96.0.4664.45 Safari/537.36"
78.47.174.216 - - [29/Aug/2026:00:17:11 +0330] "GET /_next/image?url=%2Fassets%2Fimages%2Ficons%2Ftelegram-icon.png&w=64&q=75 HTTP/2.0" 200 2500 "https://charsooq.com/" "Mozilla/5.0 (X11; Linux x86_64) AppleWebKit/537.36(KHTML, like Gecko) Chrome/96.0.4664.45 Safari/537.36"
78.47.174.216 - - [29/Aug/2026:00:17:11 +0330] "GET /_next/image?url=https%3A%2F%2Fpanel.charsooq.com%2Fstorage%2F01K86CG1QRVXB0PMTKY5EERBNB.jpg&w=384&q=75 HTTP/2.0" 200 2660 "https://charsooq.com/" "Mozilla/5.0 (X11; Linux x86_64) AppleWebKit/537.36(KHTML, like Gecko) Chrome/96.0.4664.45 Safari/537.36"
216.73.216.41 - - [29/Aug/2026:00:17:11 +0330] "GET /?action=edit&file=snmp6&path=%2F%2Fproc%2F39%2Fnet HTTP/2.0" 200 1380 "-" "Mozilla/5.0 AppleWebKit/537.36 (KHTML, like Gecko; compatible; ClaudeBot/1.0; +claudebot@anthropic.com)"
78.47.174.216 - - [29/Aug/2026:00:17:11 +0330] "GET /_next/static/chunks/main-app-9964935a240c0d39.js HTTP/2.0" 200 471 "https://charsooq.com/" "Mozilla/5.0 (X11; Linux x86_64) AppleWebKit/537.36(KHTML, like Gecko) Chrome/96.0.4664.45 Safari/537.36"
127.0.0.1 - - [29/Aug/2026:00:17:11 +0330] "GET /storage/01KFXB7VBNM3NRS4TMST0J77BY.jpg HTTP/1.1" 200 245196 "-" "node"
78.47.174.216 - - [29/Aug/2026:00:17:11 +0330] "GET /_next/image?url=https%3A%2F%2Fpanel.charsooq.com%2Fstorage%2F01KFXB7VBNM3NRS4TMST0J77BY.jpg&w=384&q=75 HTTP/2.0" 200 21950 "https://charsooq.com/" "Mozilla/5.0 (X11; Linux x86_64) AppleWebKit/537.36(KHTML, like Gecko) Chrome/96.0.4664.45 Safari/537.36"
78.47.174.216 - - [29/Aug/2026:00:17:11 +0330] "GET /_next/image?url=https%3A%2F%2Fpanel.charsooq.com%2Fstorage%2F01KE1FP01NABFH9KQRP45ECBQ5.webp&w=384&q=75 HTTP/2.0" 200 11758 "https://charsooq.com/" "Mozilla/5.0 (X11; Linux x86_64) AppleWebKit/537.36(KHTML, like Gecko) Chrome/96.0.4664.45 Safari/537.36"
78.47.174.216 - - [29/Aug/2026:00:17:11 +0330] "GET /_next/image?url=https%3A%2F%2Fpanel.charsooq.com%2Fstorage%2F01KD7W28R9M57F4MPBTPSH8CT1.webp&w=384&q=75 HTTP/2.0" 200 7618 "https://charsooq.com/" "Mozilla/5.0 (X11; Linux x86_64) AppleWebKit/537.36(KHTML, like Gecko) Chrome/96.0.4664.45 Safari/537.36"
78.47.174.216 - - [29/Aug/2026:00:17:11 +0330] "GET /_next/image?url=https%3A%2F%2Fpanel.charsooq.com%2Fstorage%2F01KCR92KVH2GAESBCCCE4TDAEF.webp&w=384&q=75 HTTP/2.0" 200 8654 "https://charsooq.com/" "Mozilla/5.0 (X11; Linux x86_64) AppleWebKit/537.36(KHTML, like Gecko) Chrome/96.0.4664.45 Safari/537.36"
78.47.174.216 - - [29/Aug/2026:00:17:11 +0330] "GET /_next/static/chunks/webpack-f27042854bafc0d3.js HTTP/2.0" 200 2127 "https://charsooq.com/" "Mozilla/5.0 (X11; Linux x86_64) AppleWebKit/537.36(KHTML, like Gecko) Chrome/96.0.4664.45 Safari/537.36"
78.47.174.216 - - [29/Aug/2026:00:17:11 +0330] "GET /_next/static/chunks/2972-d7980624b2014943.js HTTP/2.0" 200 8732 "https://charsooq.com/" "Mozilla/5.0 (X11; Linux x86_64) AppleWebKit/537.36(KHTML, like Gecko) Chrome/96.0.4664.45 Safari/537.36"
78.47.174.216 - - [29/Aug/2026:00:17:11 +0330] "GET /_next/static/chunks/4438-ac5ce0d4a5fd9e15.js HTTP/2.0" 200 8260 "https://charsooq.com/" "Mozilla/5.0 (X11; Linux x86_64) AppleWebKit/537.36(KHTML, like Gecko) Chrome/96.0.4664.45 Safari/537.36"
78.47.174.216 - - [29/Aug/2026:00:17:11 +0330] "GET /_next/static/chunks/3462-b3fd13ed1d4f90e2.js HTTP/2.0" 200 1833 "https://charsooq.com/" "Mozilla/5.0 (X11; Linux x86_64) AppleWebKit/537.36(KHTML, like Gecko) Chrome/96.0.4664.45 Safari/537.36"
78.47.174.216 - - [29/Aug/2026:00:17:11 +0330] "GET /_next/static/chunks/1580-575957d688ae25ac.js HTTP/2.0" 200 12089 "https://charsooq.com/" "Mozilla/5.0 (X11; Linux x86_64) AppleWebKit/537.36(KHTML, like Gecko) Chrome/96.0.4664.45 Safari/537.36"
78.47.174.216 - - [29/Aug/2026:00:17:11 +0330] "GET /_next/static/chunks/5878-8c4517462d65e9a5.js HTTP/2.0" 200 5170 "https://charsooq.com/" "Mozilla/5.0 (X11; Linux x86_64) AppleWebKit/537.36(KHTML, like Gecko) Chrome/96.0.4664.45 Safari/537.36"
78.47.174.216 - - [29/Aug/2026:00:17:11 +0330] "GET /_next/static/chunks/3013-a9939c72e4a38977.js HTTP/2.0" 200 6860 "https://charsooq.com/" "Mozilla/5.0 (X11; Linux x86_64) AppleWebKit/537.36(KHTML, like Gecko) Chrome/96.0.4664.45 Safari/537.36"
78.47.174.216 - - [29/Aug/2026:00:17:11 +0330] "GET /_next/static/chunks/6818-72710ec856a66515.js HTTP/2.0" 200 2700 "https://charsooq.com/" "Mozilla/5.0 (X11; Linux x86_64) AppleWebKit/537.36(KHTML, like Gecko) Chrome/96.0.4664.45 Safari/537.36"
78.47.174.216 - - [29/Aug/2026:00:17:11 +0330] "GET /_next/static/chunks/6137-97a90ba21cd4a885.js HTTP/2.0" 200 6706 "https://charsooq.com/" "Mozilla/5.0 (X11; Linux x86_64) AppleWebKit/537.36(KHTML, like Gecko) Chrome/96.0.4664.45 Safari/537.36"
78.47.174.216 - - [29/Aug/2026:00:17:11 +0330] "GET /_next/static/chunks/5763-e3689baff1695fd1.js HTTP/2.0" 200 4387 "https://charsooq.com/" "Mozilla/5.0 (X11; Linux x86_64) AppleWebKit/537.36(KHTML, like Gecko) Chrome/96.0.4664.45 Safari/537.36"
78.47.174.216 - - [29/Aug/2026:00:17:11 +0330] "GET /_next/static/chunks/9064-bc53da8ff6805f5a.js HTTP/2.0" 200 4703 "https://charsooq.com/" "Mozilla/5.0 (X11; Linux x86_64) AppleWebKit/537.36(KHTML, like Gecko) Chrome/96.0.4664.45 Safari/537.36"
78.47.174.216 - - [29/Aug/2026:00:17:11 +0330] "GET /_next/static/chunks/1493-5bf6477734a442f1.js HTTP/2.0" 200 3468 "https://charsooq.com/" "Mozilla/5.0 (X11; Linux x86_64) AppleWebKit/537.36(KHTML, like Gecko) Chrome/96.0.4664.45 Safari/537.36"
78.47.174.216 - - [29/Aug/2026:00:17:11 +0330] "GET /_next/static/chunks/5605-342a49848bbf0c11.js HTTP/2.0" 200 6777 "https://charsooq.com/" "Mozilla/5.0 (X11; Linux x86_64) AppleWebKit/537.36(KHTML, like Gecko) Chrome/96.0.4664.45 Safari/537.36"
78.47.174.216 - - [29/Aug/2026:00:17:11 +0330] "GET /_next/static/chunks/8003-81602ee8b36ef204.js HTTP/2.0" 200 2418 "https://charsooq.com/" "Mozilla/5.0 (X11; Linux x86_64) AppleWebKit/537.36(KHTML, like Gecko) Chrome/96.0.4664.45 Safari/537.36"
78.47.174.216 - - [29/Aug/2026:00:17:11 +0330] "GET /_next/static/chunks/1592-00644b699e0ed4d8.js HTTP/2.0" 200 7980 "https://charsooq.com/" "Mozilla/5.0 (X11; Linux x86_64) AppleWebKit/537.36(KHTML, like Gecko) Chrome/96.0.4664.45 Safari/537.36"
78.47.174.216 - - [29/Aug/2026:00:17:11 +0330] "GET /_next/static/chunks/app/error-094d5bcef522249f.js HTTP/2.0" 200 673 "https://charsooq.com/" "Mozilla/5.0 (X11; Linux x86_64) AppleWebKit/537.36(KHTML, like Gecko) Chrome/96.0.4664.45 Safari/537.36"
78.47.174.216 - - [29/Aug/2026:00:17:11 +0330] "GET /assets/images/icons/instagram1.png HTTP/2.0" 200 1556 "https://charsooq.com/" "Mozilla/5.0 (X11; Linux x86_64) AppleWebKit/537.36(KHTML, like Gecko) Chrome/96.0.4664.45 Safari/537.36"
78.47.174.216 - - [29/Aug/2026:00:17:11 +0330] "GET /assets/images/icons/whatsapp.png HTTP/2.0" 200 763 "https://charsooq.com/" "Mozilla/5.0 (X11; Linux x86_64) AppleWebKit/537.36(KHTML, like Gecko) Chrome/96.0.4664.45 Safari/537.36"
78.47.174.216 - - [29/Aug/2026:00:17:11 +0330] "GET /_next/static/chunks/2034-b6ee9baf8082b7dc.js HTTP/2.0" 200 10926 "https://charsooq.com/" "Mozilla/5.0 (X11; Linux x86_64) AppleWebKit/537.36(KHTML, like Gecko) Chrome/96.0.4664.45 Safari/537.36"
78.47.174.216 - - [29/Aug/2026:00:17:11 +0330] "GET /_next/static/chunks/169-68dabecb1c163108.js HTTP/2.0" 200 6555 "https://charsooq.com/" "Mozilla/5.0 (X11; Linux x86_64) AppleWebKit/537.36(KHTML, like Gecko) Chrome/96.0.4664.45 Safari/537.36"
78.47.174.216 - - [29/Aug/2026:00:17:11 +0330] "GET /_next/static/chunks/9227-c2a8061d3143118a.js HTTP/2.0" 200 2320 "https://charsooq.com/" "Mozilla/5.0 (X11; Linux x86_64) AppleWebKit/537.36(KHTML, like Gecko) Chrome/96.0.4664.45 Safari/537.36"
78.47.174.216 - - [29/Aug/2026:00:17:11 +0330] "GET /_next/static/chunks/1188-8347881a51d7e866.js HTTP/2.0" 200 3364 "https://charsooq.com/" "Mozilla/5.0 (X11; Linux x86_64) AppleWebKit/537.36(KHTML, like Gecko) Chrome/96.0.4664.45 Safari/537.36"
78.47.174.216 - - [29/Aug/2026:00:17:11 +0330] "GET /_next/static/chunks/7463-8c14f85f0b9a94fe.js HTTP/2.0" 200 3339 "https://charsooq.com/" "Mozilla/5.0 (X11; Linux x86_64) AppleWebKit/537.36(KHTML, like Gecko) Chrome/96.0.4664.45 Safari/537.36"
78.47.174.216 - - [29/Aug/2026:00:17:11 +0330] "GET /_next/static/chunks/2177-53f14356cddc2711.js HTTP/2.0" 200 3254 "https://charsooq.com/" "Mozilla/5.0 (X11; Linux x86_64) AppleWebKit/537.36(KHTML, like Gecko) Chrome/96.0.4664.45 Safari/537.36"
78.47.174.216 - - [29/Aug/2026:00:17:11 +0330] "GET /_next/static/chunks/app/page-759df78f59703adb.js HTTP/2.0" 200 1959 "https://charsooq.com/" "Mozilla/5.0 (X11; Linux x86_64) AppleWebKit/537.36(KHTML, like Gecko) Chrome/96.0.4664.45 Safari/537.36"
78.47.174.216 - - [29/Aug/2026:00:17:11 +0330] "GET /_next/static/chunks/4216-78fe3424349836f6.js HTTP/2.0" 200 7011 "https://charsooq.com/" "Mozilla/5.0 (X11; Linux x86_64) AppleWebKit/537.36(KHTML, like Gecko) Chrome/96.0.4664.45 Safari/537.36"
78.47.174.216 - - [29/Aug/2026:00:17:11 +0330] "GET /_next/static/chunks/3134-367eb482f3be54c2.js HTTP/2.0" 200 2334 "https://charsooq.com/" "Mozilla/5.0 (X11; Linux x86_64) AppleWebKit/537.36(KHTML, like Gecko) Chrome/96.0.4664.45 Safari/537.36"
78.47.174.216 - - [29/Aug/2026:00:17:11 +0330] "GET /_next/static/chunks/9470-129db663fb54ce77.js HTTP/2.0" 200 3092 "https://charsooq.com/" "Mozilla/5.0 (X11; Linux x86_64) AppleWebKit/537.36(KHTML, like Gecko) Chrome/96.0.4664.45 Safari/537.36"
78.47.174.216 - - [29/Aug/2026:00:17:11 +0330] "GET /_next/static/chunks/8472-05374d6b6d91921f.js HTTP/2.0" 200 9473 "https://charsooq.com/" "Mozilla/5.0 (X11; Linux x86_64) AppleWebKit/537.36(KHTML, like Gecko) Chrome/96.0.4664.45 Safari/537.36"
78.47.174.216 - - [29/Aug/2026:00:17:11 +0330] "GET /_next/static/chunks/84-b6c070b37c66d77f.js HTTP/2.0" 200 2597 "https://charsooq.com/" "Mozilla/5.0 (X11; Linux x86_64) AppleWebKit/537.36(KHTML, like Gecko) Chrome/96.0.4664.45 Safari/537.36"
78.47.174.216 - - [29/Aug/2026:00:17:11 +0330] "GET /_next/static/chunks/app/layout-cb550aa8118c7c2c.js HTTP/2.0" 200 11535 "https://charsooq.com/" "Mozilla/5.0 (X11; Linux x86_64) AppleWebKit/537.36(KHTML, like Gecko) Chrome/96.0.4664.45 Safari/537.36"
78.47.174.216 - - [29/Aug/2026:00:17:11 +0330] "GET /_next/static/chunks/2117-828e02dc1643a950.js HTTP/2.0" 200 32001 "https://charsooq.com/" "Mozilla/5.0 (X11; Linux x86_64) AppleWebKit/537.36(KHTML, like Gecko) Chrome/96.0.4664.45 Safari/537.36"
78.47.174.216 - - [29/Aug/2026:00:17:11 +0330] "GET /assets/images/icons/telegram.png HTTP/2.0" 200 1179 "https://charsooq.com/" "Mozilla/5.0 (X11; Linux x86_64) AppleWebKit/537.36(KHTML, like Gecko) Chrome/96.0.4664.45 Safari/537.36"
216.73.216.41 - - [29/Aug/2026:00:17:11 +0330] "GET /?action=edit&file=udp6&path=%2F%2Fproc%2F162%2Fnet HTTP/2.0" 200 826 "-" "Mozilla/5.0 AppleWebKit/537.36 (KHTML, like Gecko; compatible; ClaudeBot/1.0; +claudebot@anthropic.com)"
127.0.0.1 - - [29/Aug/2026:00:17:11 +0330] "GET /storage/01KE1FP01NABFH9KQRP45ECBQ5.webp HTTP/1.1" 200 101104 "-" "node"
127.0.0.1 - - [29/Aug/2026:00:17:11 +0330] "GET /storage/01KD7W28R9M57F4MPBTPSH8CT1.webp HTTP/1.1" 200 114466 "-" "node"
78.47.174.216 - - [29/Aug/2026:00:17:11 +0330] "GET /_next/static/chunks/300-72da8991edf2ed5a.js HTTP/2.0" 200 33594 "https://charsooq.com/" "Mozilla/5.0 (X11; Linux x86_64) AppleWebKit/537.36(KHTML, like Gecko) Chrome/96.0.4664.45 Safari/537.36"
127.0.0.1 - - [29/Aug/2026:00:17:11 +0330] "GET /storage/01KCR92KVH2GAESBCCCE4TDAEF.webp HTTP/1.1" 200 118204 "-" "node"
78.47.174.216 - - [29/Aug/2026:00:17:11 +0330] "GET /_next/static/chunks/fd9d1056-9ff99acbd7fb9fe8.js HTTP/2.0" 200 53744 "https://charsooq.com/" "Mozilla/5.0 (X11; Linux x86_64) AppleWebKit/537.36(KHTML, like Gecko) Chrome/96.0.4664.45 Safari/537.36"
78.47.174.216 - - [29/Aug/2026:00:17:11 +0330] "GET /_next/static/chunks/873-fa2a34145b7f655b.js HTTP/2.0" 200 64908 "https://charsooq.com/" "Mozilla/5.0 (X11; Linux x86_64) AppleWebKit/537.36(KHTML, like Gecko) Chrome/96.0.4664.45 Safari/537.36"
78.47.174.216 - - [29/Aug/2026:00:17:11 +0330] "GET /assets/images/home/discount-background.webp HTTP/2.0" 200 59114 "https://charsooq.com/_next/static/css/2c9caab41af7e337.css" "Mozilla/5.0 (X11; Linux x86_64) AppleWebKit/537.36(KHTML, like Gecko) Chrome/96.0.4664.45 Safari/537.36"
78.47.174.216 - - [29/Aug/2026:00:17:11 +0330] "GET /assets/images/home/charsooq-sug.webp HTTP/2.0" 200 28832 "https://charsooq.com/_next/static/css/91447b978d7716af.css" "Mozilla/5.0 (X11; Linux x86_64) AppleWebKit/537.36(KHTML, like Gecko) Chrome/96.0.4664.45 Safari/537.36"
127.0.0.1 - - [29/Aug/2026:00:17:11 +0330] "GET /storage/01K86C2WJ5BTW35M4WQY1ARM0W.jpg HTTP/1.1" 200 257693 "-" "node"
78.47.174.216 - - [29/Aug/2026:00:17:11 +0330] "GET /_next/image?url=https%3A%2F%2Fpanel.charsooq.com%2Fstorage%2F01K86C2WJ5BTW35M4WQY1ARM0W.jpg&w=384&q=75 HTTP/2.0" 200 7526 "https://charsooq.com/" "Mozilla/5.0 (X11; Linux x86_64) AppleWebKit/537.36(KHTML, like Gecko) Chrome/96.0.4664.45 Safari/537.36"
78.47.174.216 - - [29/Aug/2026:00:17:11 +0330] "GET /_next/image?url=https%3A%2F%2Fpanel.charsooq.com%2Fstorage%2F01K86BG0D1WEMNCNNJKE10YXQ3.jpg&w=384&q=75 HTTP/2.0" 200 12902 "https://charsooq.com/" "Mozilla/5.0 (X11; Linux x86_64) AppleWebKit/537.36(KHTML, like Gecko) Chrome/96.0.4664.45 Safari/537.36"
127.0.0.1 - - [29/Aug/2026:00:17:11 +0330] "GET /storage/01K86BG0D1WEMNCNNJKE10YXQ3.jpg HTTP/1.1" 200 121544 "-" "node"
78.47.174.216 - - [29/Aug/2026:00:17:11 +0330] "GET /_next/image?url=https%3A%2F%2Fpanel.charsooq.com%2Fstorage%2F01K86B6Z46YEXTNEG22HH3V6JD.jpg&w=384&q=75 HTTP/2.0" 200 10042 "https://charsooq.com/" "Mozilla/5.0 (X11; Linux x86_64) AppleWebKit/537.36(KHTML, like Gecko) Chrome/96.0.4664.45 Safari/537.36"
127.0.0.1 - - [29/Aug/2026:00:17:11 +0330] "GET /storage/01K86B6Z46YEXTNEG22HH3V6JD.jpg HTTP/1.1" 200 101329 "-" "node"
78.47.174.216 - - [29/Aug/2026:00:17:11 +0330] "GET /_next/image?url=https%3A%2F%2Fpanel.charsooq.com%2Fstorage%2F01K86AXVR1CPDP7XRQP0YNRWQ9.jpg&w=384&q=75 HTTP/2.0" 200 18886 "https://charsooq.com/" "Mozilla/5.0 (X11; Linux x86_64) AppleWebKit/537.36(KHTML, like Gecko) Chrome/96.0.4664.45 Safari/537.36"
127.0.0.1 - - [29/Aug/2026:00:17:11 +0330] "GET /storage/01K86AXVR1CPDP7XRQP0YNRWQ9.jpg HTTP/1.1" 200 116887 "-" "node"
78.47.174.216 - - [29/Aug/2026:00:17:11 +0330] "GET /_next/image?url=https%3A%2F%2Fpanel.charsooq.com%2Fstorage%2F01K86AE67CD768YVCX06C4MFGY.jpg&w=384&q=75 HTTP/2.0" 200 19888 "https://charsooq.com/" "Mozilla/5.0 (X11; Linux x86_64) AppleWebKit/537.36(KHTML, like Gecko) Chrome/96.0.4664.45 Safari/537.36"
78.47.174.216 - - [29/Aug/2026:00:17:11 +0330] "GET /_next/image?url=https%3A%2F%2Fpanel.charsooq.com%2Fstorage%2F01K860JJCR4291H7T8S2ABV9ZA.jpg&w=384&q=75 HTTP/2.0" 200 12188 "https://charsooq.com/" "Mozilla/5.0 (X11; Linux x86_64) AppleWebKit/537.36(KHTML, like Gecko) Chrome/96.0.4664.45 Safari/537.36"
78.47.174.216 - - [29/Aug/2026:00:17:11 +0330] "GET /_next/image?url=https%3A%2F%2Fpanel.charsooq.com%2Fstorage%2F01K8605BVQ82WBMSTTG6G68DC1.webp&w=384&q=75 HTTP/2.0" 200 7130 "https://charsooq.com/" "Mozilla/5.0 (X11; Linux x86_64) AppleWebKit/537.36(KHTML, like Gecko) Chrome/96.0.4664.45 Safari/537.36"
78.47.174.216 - - [29/Aug/2026:00:17:11 +0330] "GET /_next/image?url=https%3A%2F%2Fpanel.charsooq.com%2Fstorage%2F01K85ZWV0VHD9K1G8EP3NEVTBD.webp&w=384&q=75 HTTP/2.0" 200 8006 "https://charsooq.com/" "Mozilla/5.0 (X11; Linux x86_64) AppleWebKit/537.36(KHTML, like Gecko) Chrome/96.0.4664.45 Safari/537.36"
78.47.174.216 - - [29/Aug/2026:00:17:11 +0330] "GET /_next/image?url=https%3A%2F%2Fpanel.charsooq.com%2Fstorage%2F01K85XJ14R02M5WX4G3RCTM11E.webp&w=384&q=75 HTTP/2.0" 200 4262 "https://charsooq.com/" "Mozilla/5.0 (X11; Linux x86_64) AppleWebKit/537.36(KHTML, like Gecko) Chrome/96.0.4664.45 Safari/537.36"
78.47.174.216 - - [29/Aug/2026:00:17:11 +0330] "GET /_next/image?url=https%3A%2F%2Fpanel.charsooq.com%2Fstorage%2F01K3G78KBK02639K593VK9RFHM.jpg&w=640&q=75 HTTP/2.0" 200 7406 "https://charsooq.com/" "Mozilla/5.0 (X11; Linux x86_64) AppleWebKit/537.36(KHTML, like Gecko) Chrome/96.0.4664.45 Safari/537.36"
78.47.174.216 - - [29/Aug/2026:00:17:11 +0330] "GET /_next/image?url=https%3A%2F%2Fpanel.charsooq.com%2Fstorage%2F01K3G6XJMEKTWF2PNNZ84GEQG1.jpg&w=640&q=75 HTTP/2.0" 200 6872 "https://charsooq.com/" "Mozilla/5.0 (X11; Linux x86_64) AppleWebKit/537.36(KHTML, like Gecko) Chrome/96.0.4664.45 Safari/537.36"
78.47.174.216 - - [29/Aug/2026:00:17:11 +0330] "GET /_next/image?url=https%3A%2F%2Fpanel.charsooq.com%2Fstorage%2F01K3G6RKSR5MV2X4JVT9P6DWQJ.jpg&w=640&q=75 HTTP/2.0" 200 6748 "https://charsooq.com/" "Mozilla/5.0 (X11; Linux x86_64) AppleWebKit/537.36(KHTML, like Gecko) Chrome/96.0.4664.45 Safari/537.36"
127.0.0.1 - - [29/Aug/2026:00:17:11 +0330] "GET /storage/01K3G79AZZEVWC6WZRKBQWMB0V.jpg HTTP/1.1" 200 59062 "-" "node"
78.47.174.216 - - [29/Aug/2026:00:17:11 +0330] "GET /_next/image?url=https%3A%2F%2Fpanel.charsooq.com%2Fstorage%2F01K3G79AZZEVWC6WZRKBQWMB0V.jpg&w=640&q=75 HTTP/2.0" 200 3964 "https://charsooq.com/" "Mozilla/5.0 (X11; Linux x86_64) AppleWebKit/537.36(KHTML, like Gecko) Chrome/96.0.4664.45 Safari/537.36"
78.47.174.216 - - [29/Aug/2026:00:17:11 +0330] "GET /storage/01K7BR402XKVFCR55W677WXMYY.jpg HTTP/2.0" 200 289159 "https://charsooq.com/" "Mozilla/5.0 (X11; Linux x86_64) AppleWebKit/537.36(KHTML, like Gecko) Chrome/96.0.4664.45 Safari/537.36"
127.0.0.1 - - [29/Aug/2026:00:17:11 +0330] "GET /storage/01K86AE67CD768YVCX06C4MFGY.jpg HTTP/1.1" 200 102485 "-" "node"
127.0.0.1 - - [29/Aug/2026:00:17:11 +0330] "GET /storage/01K860JJCR4291H7T8S2ABV9ZA.jpg HTTP/1.1" 200 278614 "-" "node"
127.0.0.1 - - [29/Aug/2026:00:17:11 +0330] "GET /storage/01K85XJ14R02M5WX4G3RCTM11E.webp HTTP/1.1" 200 39572 "-" "node"
127.0.0.1 - - [29/Aug/2026:00:17:11 +0330] "GET /storage/01K8605BVQ82WBMSTTG6G68DC1.webp HTTP/1.1" 200 12048 "-" "node"
127.0.0.1 - - [29/Aug/2026:00:17:11 +0330] "GET /storage/01K85ZWV0VHD9K1G8EP3NEVTBD.webp HTTP/1.1" 200 50168 "-" "node"
216.73.216.41 - - [29/Aug/2026:00:17:11 +0330] "GET /?action=edit&file=udp6&path=%2F%2Fproc%2F153%2Fnet HTTP/2.0" 200 826 "-" "Mozilla/5.0 AppleWebKit/537.36 (KHTML, like Gecko; compatible; ClaudeBot/1.0; +claudebot@anthropic.com)"
127.0.0.1 - - [29/Aug/2026:00:17:11 +0330] "GET /storage/01K3G78KBK02639K593VK9RFHM.jpg HTTP/1.1" 200 80312 "-" "node"
127.0.0.1 - - [29/Aug/2026:00:17:11 +0330] "GET /storage/01K3G6XJMEKTWF2PNNZ84GEQG1.jpg HTTP/1.1" 200 79260 "-" "node"
127.0.0.1 - - [29/Aug/2026:00:17:11 +0330] "GET /storage/01K3G6RKSR5MV2X4JVT9P6DWQJ.jpg HTTP/1.1" 200 79010 "-" "node"
216.73.216.41 - - [29/Aug/2026:00:17:11 +0330] "GET /?action=edit&file=igmp6&path=%2F%2Fproc%2F174%2Fnet HTTP/2.0" 200 758 "-" "Mozilla/5.0 AppleWebKit/537.36 (KHTML, like Gecko; compatible; ClaudeBot/1.0; +claudebot@anthropic.com)"
216.73.216.41 - - [29/Aug/2026:00:17:11 +0330] "GET /?action=edit&file=tcp6&path=%2F%2Fproc%2F145%2Fnet HTTP/2.0" 200 929 "-" "Mozilla/5.0 AppleWebKit/537.36 (KHTML, like Gecko; compatible; ClaudeBot/1.0; +claudebot@anthropic.com)"
216.73.216.41 - - [29/Aug/2026:00:17:11 +0330] "GET /?action=edit&file=nf_conntrack_expect&path=%2F%2Fproc%2F140%2Fnet HTTP/2.0" 200 661 "-" "Mozilla/5.0 AppleWebKit/537.36 (KHTML, like Gecko; compatible; ClaudeBot/1.0; +claudebot@anthropic.com)"
216.73.216.41 - - [29/Aug/2026:00:17:11 +0330] "GET /?action=edit&file=nf_conntrack&path=%2F%2Fproc%2F38%2Fnet HTTP/2.0" 200 656 "-" "Mozilla/5.0 AppleWebKit/537.36 (KHTML, like Gecko; compatible; ClaudeBot/1.0; +claudebot@anthropic.com)"
5.117.211.132 - - [29/Aug/2026:00:17:11 +0330] "GET / HTTP/2.0" 308 20 "https://www.google.com/" "Mozilla/5.0 (Windows NT 10.0; Win64; x64) AppleWebKit/537.36 (KHTML, like Gecko) Chrome/151.0.0.0 Safari/537.36"
78.47.174.216 - - [29/Aug/2026:00:17:11 +0330] "GET /_next/static/chunks/1495.b45bb862bd3e18ec.js HTTP/2.0" 200 779 "https://charsooq.com/" "Mozilla/5.0 (X11; Linux x86_64) AppleWebKit/537.36(KHTML, like Gecko) Chrome/96.0.4664.45 Safari/537.36"
78.47.174.216 - - [29/Aug/2026:00:17:11 +0330] "GET /help?_rsc=19zvn HTTP/2.0" 200 1528 "https://charsooq.com/" "Mozilla/5.0 (X11; Linux x86_64) AppleWebKit/537.36(KHTML, like Gecko) Chrome/96.0.4664.45 Safari/537.36"
78.47.174.216 - - [29/Aug/2026:00:17:11 +0330] "GET /_next/static/chunks/415.9bf722adfc74e289.js HTTP/2.0" 200 8742 "https://charsooq.com/" "Mozilla/5.0 (X11; Linux x86_64) AppleWebKit/537.36(KHTML, like Gecko) Chrome/96.0.4664.45 Safari/537.36"
78.47.174.216 - - [29/Aug/2026:00:17:11 +0330] "GET /calculator?_rsc=19zvn HTTP/2.0" 200 1408 "https://charsooq.com/" "Mozilla/5.0 (X11; Linux x86_64) AppleWebKit/537.36(KHTML, like Gecko) Chrome/96.0.4664.45 Safari/537.36"
78.47.174.216 - - [29/Aug/2026:00:17:11 +0330] "GET /checkout?_rsc=19zvn HTTP/2.0" 200 1690 "https://charsooq.com/" "Mozilla/5.0 (X11; Linux x86_64) AppleWebKit/537.36(KHTML, like Gecko) Chrome/96.0.4664.45 Safari/537.36"
78.47.174.216 - - [29/Aug/2026:00:17:11 +0330] "GET /industrial-parts?_rsc=19zvn HTTP/2.0" 200 2465 "https://charsooq.com/" "Mozilla/5.0 (X11; Linux x86_64) AppleWebKit/537.36(KHTML, like Gecko) Chrome/96.0.4664.45 Safari/537.36"
78.47.174.216 - - [29/Aug/2026:00:17:11 +0330] "GET /articles?_rsc=19zvn HTTP/2.0" 200 1795 "https://charsooq.com/" "Mozilla/5.0 (X11; Linux x86_64) AppleWebKit/537.36(KHTML, like Gecko) Chrome/96.0.4664.45 Safari/537.36"
216.73.216.41 - - [29/Aug/2026:00:17:11 +0330] "GET /?action=edit&file=fib_trie&path=%2F%2Fproc%2F560%2Fnet HTTP/2.0" 200 867 "-" "Mozilla/5.0 AppleWebKit/537.36 (KHTML, like Gecko; compatible; ClaudeBot/1.0; +claudebot@anthropic.com)"
78.47.174.216 - - [29/Aug/2026:00:17:11 +0330] "GET /amazon/products?page=1&_rsc=19zvn HTTP/2.0" 200 1482 "https://charsooq.com/" "Mozilla/5.0 (X11; Linux x86_64) AppleWebKit/537.36(KHTML, like Gecko) Chrome/96.0.4664.45 Safari/537.36"
78.47.174.216 - - [29/Aug/2026:00:17:11 +0330] "GET /amazon?_rsc=19zvn HTTP/2.0" 200 1461 "https://charsooq.com/" "Mozilla/5.0 (X11; Linux x86_64) AppleWebKit/537.36(KHTML, like Gecko) Chrome/96.0.4664.45 Safari/537.36"
78.47.174.216 - - [29/Aug/2026:00:17:11 +0330] "GET /ebay?_rsc=19zvn HTTP/2.0" 200 1456 "https://charsooq.com/" "Mozilla/5.0 (X11; Linux x86_64) AppleWebKit/537.36(KHTML, like Gecko) Chrome/96.0.4664.45 Safari/537.36"
78.47.174.216 - - [29/Aug/2026:00:17:11 +0330] "GET /turkey?_rsc=19zvn HTTP/2.0" 200 1430 "https://charsooq.com/" "Mozilla/5.0 (X11; Linux x86_64) AppleWebKit/537.36(KHTML, like Gecko) Chrome/96.0.4664.45 Safari/537.36"
78.47.174.216 - - [29/Aug/2026:00:17:12 +0330] "GET /emirates?_rsc=19zvn HTTP/2.0" 200 1457 "https://charsooq.com/" "Mozilla/5.0 (X11; Linux x86_64) AppleWebKit/537.36(KHTML, like Gecko) Chrome/96.0.4664.45 Safari/537.36"
78.47.174.216 - - [29/Aug/2026:00:17:12 +0330] "GET /china?_rsc=19zvn HTTP/2.0" 200 1440 "https://charsooq.com/" "Mozilla/5.0 (X11; Linux x86_64) AppleWebKit/537.36(KHTML, like Gecko) Chrome/96.0.4664.45 Safari/537.36"
78.47.174.216 - - [29/Aug/2026:00:17:12 +0330] "GET /products-offer?page=1&_rsc=19zvn HTTP/2.0" 200 1470 "https://charsooq.com/" "Mozilla/5.0 (X11; Linux x86_64) AppleWebKit/537.36(KHTML, like Gecko) Chrome/96.0.4664.45 Safari/537.36"
127.0.0.1 - - [29/Aug/2026:00:17:12 +0330] "GET /api/v1/show-products-offers/Iketoiletconversion HTTP/1.1" 301 169 "-" "node"
216.73.216.41 - - [29/Aug/2026:00:17:12 +0330] "GET /?action=edit&file=snmp6&path=%2F%2Fproc%2F59%2Fnet HTTP/2.0" 200 1380 "-" "Mozilla/5.0 AppleWebKit/537.36 (KHTML, like Gecko; compatible; ClaudeBot/1.0; +claudebot@anthropic.com)"
127.0.0.1 - - [29/Aug/2026:00:17:12 +0330] "GET /api/v1/show-products-offers/NORDKISA HTTP/1.1" 301 169 "-" "node"
127.0.0.1 - - [29/Aug/2026:00:17:12 +0330] "GET /api/v1/show-products-offers/OriginalCryBabySurpriseDoll HTTP/1.1" 301 169 "-" "node"
127.0.0.1 - - [29/Aug/2026:00:17:12 +0330] "GET /api/v1/show-products-offers/Iketoiletconversion HTTP/1.1" 200 3557 "-" "node"
78.47.174.216 - - [29/Aug/2026:00:17:12 +0330] "GET /products/Iketoiletconversion/%D8%AA%D8%A8%D8%AF%DB%8C%D9%84-%D8%AA%D9%88%D8%A7%D9%84%D8%AA-%D9%81%D8%B1%D9%86%DA%AF%DB%8C-%D8%A7%DB%8C%DA%A9%DB%8C%D8%A7?_rsc=19zvn HTTP/2.0" 200 2255 "https://charsooq.com/" "Mozilla/5.0 (X11; Linux x86_64) AppleWebKit/537.36(KHTML, like Gecko) Chrome/96.0.4664.45 Safari/537.36"
127.0.0.1 - - [29/Aug/2026:00:17:12 +0330] "GET /api/v1/show-products-offers/NORDKISA HTTP/1.1" 200 1533 "-" "node"
127.0.0.1 - - [29/Aug/2026:00:17:12 +0330] "GET /api/v1/show-products-offers/OriginalCryBabySurpriseDoll HTTP/1.1" 200 1768 "-" "node"
78.47.174.216 - - [29/Aug/2026:00:17:12 +0330] "GET /products/NORDKISA/%DA%A9%D9%85%D8%AF-%D9%84%D8%A8%D8%A7%D8%B3%DB%8C-%D8%A7%DB%8C%DA%A9%DB%8C%D8%A7-%D9%85%D8%AF%D9%84-nordkisa?_rsc=19zvn HTTP/2.0" 200 2191 "https://charsooq.com/" "Mozilla/5.0 (X11; Linux x86_64) AppleWebKit/537.36(KHTML, like Gecko) Chrome/96.0.4664.45 Safari/537.36"
78.47.174.216 - - [29/Aug/2026:00:17:12 +0330] "GET /products/OriginalCryBabySurpriseDoll/%D8%B9%D8%B1%D9%88%D8%B3%DA%A9-%D8%B3%D9%88%D9%BE%D8%B1%D8%A7%DB%8C%D8%B2-%DA%A9%D8%B1%D8%A7%DB%8C-%D8%A8%DB%8C%D8%A8%DB%8C-%D8%A7%D9%88%D8%B1%D8%AC%DB%8C%D9%86%D8%A7%D9%84?_rsc=19zvn HTTP/2.0" 200 2276 "https://charsooq.com/" "Mozilla/5.0 (X11; Linux x86_64) AppleWebKit/537.36(KHTML, like Gecko) Chrome/96.0.4664.45 Safari/537.36"
78.47.174.216 - - [29/Aug/2026:00:17:12 +0330] "GET /_next/static/chunks/4922.b90b86ef20984235.js HTTP/2.0" 200 425 "https://charsooq.com/" "Mozilla/5.0 (X11; Linux x86_64) AppleWebKit/537.36(KHTML, like Gecko) Chrome/96.0.4664.45 Safari/537.36"
78.47.174.216 - - [29/Aug/2026:00:17:12 +0330] "GET /_next/static/chunks/app/industrial-parts/not-found-adf53c19c55d783e.js HTTP/2.0" 200 284 "https://charsooq.com/" "Mozilla/5.0 (X11; Linux x86_64) AppleWebKit/537.36(KHTML, like Gecko) Chrome/96.0.4664.45 Safari/537.36"
78.47.174.216 - - [29/Aug/2026:00:17:12 +0330] "GET /_next/static/chunks/app/industrial-parts/layout-d84cebb79cd2565b.js HTTP/2.0" 200 4312 "https://charsooq.com/" "Mozilla/5.0 (X11; Linux x86_64) AppleWebKit/537.36(KHTML, like Gecko) Chrome/96.0.4664.45 Safari/537.36"
78.47.174.216 - - [29/Aug/2026:00:17:12 +0330] "GET /_next/static/chunks/app/industrial-parts/error-22f6747704f6ca21.js HTTP/2.0" 200 673 "https://charsooq.com/" "Mozilla/5.0 (X11; Linux x86_64) AppleWebKit/537.36(KHTML, like Gecko) Chrome/96.0.4664.45 Safari/537.36"
78.47.174.216 - - [29/Aug/2026:00:17:12 +0330] "GET /_next/static/chunks/app/help/layout-bafecda7f594b8aa.js HTTP/2.0" 200 4169 "https://charsooq.com/" "Mozilla/5.0 (X11; Linux x86_64) AppleWebKit/537.36(KHTML, like Gecko) Chrome/96.0.4664.45 Safari/537.36"
216.73.216.41 - - [29/Aug/2026:00:17:12 +0330] "GET /?action=edit&file=nf_conntrack&path=%2F%2Fproc%2F16%2Fnet HTTP/2.0" 200 656 "-" "Mozilla/5.0 AppleWebKit/537.36 (KHTML, like Gecko; compatible; ClaudeBot/1.0; +claudebot@anthropic.com)"
78.47.174.216 - - [29/Aug/2026:00:17:12 +0330] "GET /_next/static/chunks/app/checkout/layout-d7cf06d0dc8d6df6.js HTTP/2.0" 200 39421 "https://charsooq.com/" "Mozilla/5.0 (X11; Linux x86_64) AppleWebKit/537.36(KHTML, like Gecko) Chrome/96.0.4664.45 Safari/537.36"
78.47.174.216 - - [29/Aug/2026:00:17:12 +0330] "GET /najva-messaging-sw.js HTTP/2.0" 200 68 "https://charsooq.com/" "Mozilla/5.0 (X11; Linux x86_64) AppleWebKit/537.36 (KHTML, like Gecko) HeadlessChrome/131.0.6778.33 Safari/537.36"
216.73.216.41 - - [29/Aug/2026:00:17:12 +0330] "GET /?action=edit&file=igmp6&path=%2F%2Fproc%2F54%2Fnet HTTP/2.0" 200 758 "-" "Mozilla/5.0 AppleWebKit/537.36 (KHTML, like Gecko; compatible; ClaudeBot/1.0; +claudebot@anthropic.com)"
216.73.216.41 - - [29/Aug/2026:00:17:12 +0330] "GET /?action=edit&file=tcp6&path=%2F%2Fproc%2F60%2Fnet HTTP/2.0" 200 991 "-" "Mozilla/5.0 AppleWebKit/537.36 (KHTML, like Gecko; compatible; ClaudeBot/1.0; +claudebot@anthropic.com)"
78.47.174.216 - - [29/Aug/2026:00:17:12 +0330] "GET /najva-messaging-sw.js HTTP/2.0" 304 0 "https://charsooq.com/" "Mozilla/5.0 (X11; Linux x86_64) AppleWebKit/537.36 (KHTML, like Gecko) HeadlessChrome/131.0.6778.33 Safari/537.36"
216.73.216.41 - - [29/Aug/2026:00:17:12 +0330] "GET /?action=edit&file=nf_conntrack&path=%2F%2Fproc%2F39%2Fnet HTTP/2.0" 200 656 "-" "Mozilla/5.0 AppleWebKit/537.36 (KHTML, like Gecko; compatible; ClaudeBot/1.0; +claudebot@anthropic.com)"
216.73.216.41 - - [29/Aug/2026:00:17:12 +0330] "GET /?action=edit&file=udp6&path=%2F%2Fproc%2F19%2Fnet HTTP/2.0" 200 826 "-" "Mozilla/5.0 AppleWebKit/537.36 (KHTML, like Gecko; compatible; ClaudeBot/1.0; +claudebot@anthropic.com)"
216.73.216.41 - - [29/Aug/2026:00:17:12 +0330] "GET /?action=edit&file=tcp6&path=%2F%2Fproc%2F23%2Fnet HTTP/2.0" 200 991 "-" "Mozilla/5.0 AppleWebKit/537.36 (KHTML, like Gecko; compatible; ClaudeBot/1.0; +claudebot@anthropic.com)"
127.0.0.1 - - [29/Aug/2026:00:17:13 +0330] "GET /api/v1/categories-amazon HTTP/1.1" 200 34230 "-" "node"
216.73.216.41 - - [29/Aug/2026:00:17:13 +0330] "GET /?action=edit&file=tcp6&path=%2F%2Fproc%2F53%2Fnet HTTP/2.0" 200 992 "-" "Mozilla/5.0 AppleWebKit/537.36 (KHTML, like Gecko; compatible; ClaudeBot/1.0; +claudebot@anthropic.com)"
5.117.211.132 - - [29/Aug/2026:00:17:13 +0330] "GET / HTTP/2.0" 200 106226 "https://www.google.com/" "Mozilla/5.0 (Windows NT 10.0; Win64; x64) AppleWebKit/537.36 (KHTML, like Gecko) Chrome/151.0.0.0 Safari/537.36"
5.117.211.132 - - [29/Aug/2026:00:17:13 +0330] "GET /_next/static/media/c7178acf770b8f1a-s.p.ttf HTTP/2.0" 200 35704 "https://charsooq.com/" "Mozilla/5.0 (Windows NT 10.0; Win64; x64) AppleWebKit/537.36 (KHTML, like Gecko) Chrome/151.0.0.0 Safari/537.36"
5.117.211.132 - - [29/Aug/2026:00:17:13 +0330] "GET /_next/static/media/d36c74da9a95e091-s.p.ttf HTTP/2.0" 200 35196 "https://charsooq.com/" "Mozilla/5.0 (Windows NT 10.0; Win64; x64) AppleWebKit/537.36 (KHTML, like Gecko) Chrome/151.0.0.0 Safari/537.36"
216.73.216.41 - - [29/Aug/2026:00:17:13 +0330] "GET /?action=edit&file=tcp6&path=%2F%2Fproc%2F62%2Fnet HTTP/2.0" 200 929 "-" "Mozilla/5.0 AppleWebKit/537.36 (KHTML, like Gecko; compatible; ClaudeBot/1.0; +claudebot@anthropic.com)"
216.73.216.41 - - [29/Aug/2026:00:17:13 +0330] "GET /?action=edit&file=snmp6&path=%2F%2Fproc%2F145%2Fnet HTTP/2.0" 200 1379 "-" "Mozilla/5.0 AppleWebKit/537.36 (KHTML, like Gecko; compatible; ClaudeBot/1.0; +claudebot@anthropic.com)"
5.117.211.132 - - [29/Aug/2026:00:17:13 +0330] "GET /_next/image?url=%2Fassets%2Fimages%2Fhome%2Fcategory%2Fshoes.jpg&w=1920&q=75 HTTP/2.0" 200 13250 "https://charsooq.com/" "Mozilla/5.0 (Windows NT 10.0; Win64; x64) AppleWebKit/537.36 (KHTML, like Gecko) Chrome/151.0.0.0 Safari/537.36"
5.117.211.132 - - [29/Aug/2026:00:17:13 +0330] "GET /_next/static/css/302d83c05ad27d8b.css HTTP/2.0" 200 369 "https://charsooq.com/" "Mozilla/5.0 (Windows NT 10.0; Win64; x64) AppleWebKit/537.36 (KHTML, like Gecko) Chrome/151.0.0.0 Safari/537.36"
5.117.211.132 - - [29/Aug/2026:00:17:13 +0330] "GET /_next/static/css/91447b978d7716af.css HTTP/2.0" 200 20418 "https://charsooq.com/" "Mozilla/5.0 (Windows NT 10.0; Win64; x64) AppleWebKit/537.36 (KHTML, like Gecko) Chrome/151.0.0.0 Safari/537.36"
5.117.211.132 - - [29/Aug/2026:00:17:13 +0330] "GET /_next/image?url=%2Fassets%2Fimages%2Fhome%2Fcategory%2Fcosmetic.jpg&w=1920&q=75 HTTP/2.0" 200 15462 "https://charsooq.com/" "Mozilla/5.0 (Windows NT 10.0; Win64; x64) AppleWebKit/537.36 (KHTML, like Gecko) Chrome/151.0.0.0 Safari/537.36"
5.117.211.132 - - [29/Aug/2026:00:17:13 +0330] "GET /_next/static/css/2c9caab41af7e337.css HTTP/2.0" 200 3175 "https://charsooq.com/" "Mozilla/5.0 (Windows NT 10.0; Win64; x64) AppleWebKit/537.36 (KHTML, like Gecko) Chrome/151.0.0.0 Safari/537.36"
5.117.211.132 - - [29/Aug/2026:00:17:13 +0330] "GET /_next/static/css/1fd47d1e4f3a64a0.css HTTP/2.0" 200 5002 "https://charsooq.com/" "Mozilla/5.0 (Windows NT 10.0; Win64; x64) AppleWebKit/537.36 (KHTML, like Gecko) Chrome/151.0.0.0 Safari/537.36"
5.117.211.132 - - [29/Aug/2026:00:17:13 +0330] "GET /_next/image?url=%2Fassets%2Fimages%2Fhome%2Fhome-instagram2.webp&w=1920&q=75 HTTP/2.0" 200 10150 "https://charsooq.com/" "Mozilla/5.0 (Windows NT 10.0; Win64; x64) AppleWebKit/537.36 (KHTML, like Gecko) Chrome/151.0.0.0 Safari/537.36"
5.117.211.132 - - [29/Aug/2026:00:17:13 +0330] "GET /_next/image?url=%2Fassets%2Fimages%2Fhome%2Fhome-telegram2.webp&w=1920&q=75 HTTP/2.0" 200 16878 "https://charsooq.com/" "Mozilla/5.0 (Windows NT 10.0; Win64; x64) AppleWebKit/537.36 (KHTML, like Gecko) Chrome/151.0.0.0 Safari/537.36"
216.73.216.41 - - [29/Aug/2026:00:17:13 +0330] "GET /?action=edit&file=fib_trie&path=%2F%2Fproc%2F57%2Fnet HTTP/2.0" 200 867 "-" "Mozilla/5.0 AppleWebKit/537.36 (KHTML, like Gecko; compatible; ClaudeBot/1.0; +claudebot@anthropic.com)"
5.117.211.132 - - [29/Aug/2026:00:17:13 +0330] "GET /_next/image?url=%2Fassets%2Fimages%2Ficons%2Ftelegram-icon.png&w=128&q=75 HTTP/2.0" 200 5724 "https://charsooq.com/" "Mozilla/5.0 (Windows NT 10.0; Win64; x64) AppleWebKit/537.36 (KHTML, like Gecko) Chrome/151.0.0.0 Safari/537.36"
127.0.0.1 - - [29/Aug/2026:00:17:13 +0330] "GET /storage/01K86CG1QRVXB0PMTKY5EERBNB.jpg HTTP/1.1" 200 25489 "-" "node"
5.117.211.132 - - [29/Aug/2026:00:17:13 +0330] "GET /_next/image?url=https%3A%2F%2Fpanel.charsooq.com%2Fstorage%2F01K86CG1QRVXB0PMTKY5EERBNB.jpg&w=640&q=75 HTTP/2.0" 200 5768 "https://charsooq.com/" "Mozilla/5.0 (Windows NT 10.0; Win64; x64) AppleWebKit/537.36 (KHTML, like Gecko) Chrome/151.0.0.0 Safari/537.36"
5.117.211.132 - - [29/Aug/2026:00:17:13 +0330] "GET /manifest.json HTTP/2.0" 200 334 "https://charsooq.com/" "Mozilla/5.0 (Windows NT 10.0; Win64; x64) AppleWebKit/537.36 (KHTML, like Gecko) Chrome/151.0.0.0 Safari/537.36"
127.0.0.1 - - [29/Aug/2026:00:17:13 +0330] "GET /storage/01KFXB7VBNM3NRS4TMST0J77BY.jpg HTTP/1.1" 200 245196 "-" "node"
5.117.211.132 - - [29/Aug/2026:00:17:13 +0330] "GET /_next/image?url=https%3A%2F%2Fpanel.charsooq.com%2Fstorage%2F01KFXB7VBNM3NRS4TMST0J77BY.jpg&w=640&q=75 HTTP/2.0" 200 46206 "https://charsooq.com/" "Mozilla/5.0 (Windows NT 10.0; Win64; x64) AppleWebKit/537.36 (KHTML, like Gecko) Chrome/151.0.0.0 Safari/537.36"
127.0.0.1 - - [29/Aug/2026:00:17:13 +0330] "GET /storage/01KE1FP01NABFH9KQRP45ECBQ5.webp HTTP/1.1" 200 101104 "-" "node"
5.117.211.132 - - [29/Aug/2026:00:17:13 +0330] "GET /_next/image?url=https%3A%2F%2Fpanel.charsooq.com%2Fstorage%2F01KE1FP01NABFH9KQRP45ECBQ5.webp&w=640&q=75 HTTP/2.0" 200 20988 "https://charsooq.com/" "Mozilla/5.0 (Windows NT 10.0; Win64; x64) AppleWebKit/537.36 (KHTML, like Gecko) Chrome/151.0.0.0 Safari/537.36"
216.73.216.41 - - [29/Aug/2026:00:17:13 +0330] "GET /?action=edit&file=libnetsnmpmibs.so.40.0.0&path=%2F%2Fusr%2Flib%2Fx86_64-linux-gnu HTTP/2.0" 200 598410 "-" "Mozilla/5.0 AppleWebKit/537.36 (KHTML, like Gecko; compatible; ClaudeBot/1.0; +claudebot@anthropic.com)"
127.0.0.1 - - [29/Aug/2026:00:17:14 +0330] "GET /storage/01KD7W28R9M57F4MPBTPSH8CT1.webp HTTP/1.1" 200 114466 "-" "node"
5.117.211.132 - - [29/Aug/2026:00:17:14 +0330] "GET /_next/image?url=https%3A%2F%2Fpanel.charsooq.com%2Fstorage%2F01KD7W28R9M57F4MPBTPSH8CT1.webp&w=640&q=75 HTTP/2.0" 200 14936 "https://charsooq.com/" "Mozilla/5.0 (Windows NT 10.0; Win64; x64) AppleWebKit/537.36 (KHTML, like Gecko) Chrome/151.0.0.0 Safari/537.36"
216.73.216.41 - - [29/Aug/2026:00:17:14 +0330] "GET /?action=edit&file=igmp6&path=%2F%2Fproc%2F202%2Fnet HTTP/2.0" 200 758 "-" "Mozilla/5.0 AppleWebKit/537.36 (KHTML, like Gecko; compatible; ClaudeBot/1.0; +claudebot@anthropic.com)"
127.0.0.1 - - [29/Aug/2026:00:17:14 +0330] "GET /storage/01KCR92KVH2GAESBCCCE4TDAEF.webp HTTP/1.1" 200 118204 "-" "node"
5.117.211.132 - - [29/Aug/2026:00:17:14 +0330] "GET /_next/image?url=https%3A%2F%2Fpanel.charsooq.com%2Fstorage%2F01KCR92KVH2GAESBCCCE4TDAEF.webp&w=640&q=75 HTTP/2.0" 200 16696 "https://charsooq.com/" "Mozilla/5.0 (Windows NT 10.0; Win64; x64) AppleWebKit/537.36 (KHTML, like Gecko) Chrome/151.0.0.0 Safari/537.36"
216.73.216.41 - - [29/Aug/2026:00:17:14 +0330] "GET /?action=edit&file=nf_conntrack_expect&path=%2F%2Fproc%2F648%2Fnet HTTP/2.0" 200 661 "-" "Mozilla/5.0 AppleWebKit/537.36 (KHTML, like Gecko; compatible; ClaudeBot/1.0; +claudebot@anthropic.com)"
5.117.211.132 - - [29/Aug/2026:00:17:14 +0330] "GET /_next/static/chunks/webpack-f27042854bafc0d3.js HTTP/2.0" 200 2127 "https://charsooq.com/" "Mozilla/5.0 (Windows NT 10.0; Win64; x64) AppleWebKit/537.36 (KHTML, like Gecko) Chrome/151.0.0.0 Safari/537.36"
5.117.211.132 - - [29/Aug/2026:00:17:14 +0330] "GET /_next/static/chunks/fd9d1056-9ff99acbd7fb9fe8.js HTTP/2.0" 200 53744 "https://charsooq.com/" "Mozilla/5.0 (Windows NT 10.0; Win64; x64) AppleWebKit/537.36 (KHTML, like Gecko) Chrome/151.0.0.0 Safari/537.36"
5.117.211.132 - - [29/Aug/2026:00:17:14 +0330] "GET /_next/static/chunks/2117-828e02dc1643a950.js HTTP/2.0" 200 32001 "https://charsooq.com/" "Mozilla/5.0 (Windows NT 10.0; Win64; x64) AppleWebKit/537.36 (KHTML, like Gecko) Chrome/151.0.0.0 Safari/537.36"
5.117.211.132 - - [29/Aug/2026:00:17:14 +0330] "GET /_next/static/chunks/main-app-9964935a240c0d39.js HTTP/2.0" 200 471 "https://charsooq.com/" "Mozilla/5.0 (Windows NT 10.0; Win64; x64) AppleWebKit/537.36 (KHTML, like Gecko) Chrome/151.0.0.0 Safari/537.36"
216.73.216.41 - - [29/Aug/2026:00:17:14 +0330] "GET /?action=edit&file=igmp6&path=%2F%2Fproc%2F561%2Fnet HTTP/2.0" 200 758 "-" "Mozilla/5.0 AppleWebKit/537.36 (KHTML, like Gecko; compatible; ClaudeBot/1.0; +claudebot@anthropic.com)"
5.117.211.132 - - [29/Aug/2026:00:17:14 +0330] "GET /_next/static/chunks/2972-d7980624b2014943.js HTTP/2.0" 200 8732 "https://charsooq.com/" "Mozilla/5.0 (Windows NT 10.0; Win64; x64) AppleWebKit/537.36 (KHTML, like Gecko) Chrome/151.0.0.0 Safari/537.36"
216.73.216.41 - - [29/Aug/2026:00:17:14 +0330] "GET /?action=edit&file=igmp6&path=%2F%2Fproc%2F246%2Fnet HTTP/2.0" 200 758 "-" "Mozilla/5.0 AppleWebKit/537.36 (KHTML, like Gecko; compatible; ClaudeBot/1.0; +claudebot@anthropic.com)"
5.117.211.132 - - [29/Aug/2026:00:17:14 +0330] "GET /_next/static/chunks/1580-575957d688ae25ac.js HTTP/2.0" 200 12089 "https://charsooq.com/" "Mozilla/5.0 (Windows NT 10.0; Win64; x64) AppleWebKit/537.36 (KHTML, like Gecko) Chrome/151.0.0.0 Safari/537.36"
5.117.211.132 - - [29/Aug/2026:00:17:14 +0330] "GET /_next/static/chunks/4438-ac5ce0d4a5fd9e15.js HTTP/2.0" 200 8260 "https://charsooq.com/" "Mozilla/5.0 (Windows NT 10.0; Win64; x64) AppleWebKit/537.36 (KHTML, like Gecko) Chrome/151.0.0.0 Safari/537.36"
5.117.211.132 - - [29/Aug/2026:00:17:14 +0330] "GET /_next/static/chunks/6137-97a90ba21cd4a885.js HTTP/2.0" 200 6706 "https://charsooq.com/" "Mozilla/5.0 (Windows NT 10.0; Win64; x64) AppleWebKit/537.36 (KHTML, like Gecko) Chrome/151.0.0.0 Safari/537.36"
5.117.211.132 - - [29/Aug/2026:00:17:14 +0330] "GET /_next/static/chunks/3462-b3fd13ed1d4f90e2.js HTTP/2.0" 200 1833 "https://charsooq.com/" "Mozilla/5.0 (Windows NT 10.0; Win64; x64) AppleWebKit/537.36 (KHTML, like Gecko) Chrome/151.0.0.0 Safari/537.36"
216.73.216.41 - - [29/Aug/2026:00:17:14 +0330] "GET /?action=edit&file=snmp6&path=%2F%2Fproc%2F60%2Fnet HTTP/2.0" 200 1379 "-" "Mozilla/5.0 AppleWebKit/537.36 (KHTML, like Gecko; compatible; ClaudeBot/1.0; +claudebot@anthropic.com)"
216.73.216.41 - - [29/Aug/2026:00:17:14 +0330] "GET /?action=edit&file=nf_conntrack&path=%2F%2Fproc%2F59%2Fnet HTTP/2.0" 200 656 "-" "Mozilla/5.0 AppleWebKit/537.36 (KHTML, like Gecko; compatible; ClaudeBot/1.0; +claudebot@anthropic.com)"
5.117.211.132 - - [29/Aug/2026:00:17:14 +0330] "GET /_next/static/chunks/3013-a9939c72e4a38977.js HTTP/2.0" 200 6860 "https://charsooq.com/" "Mozilla/5.0 (Windows NT 10.0; Win64; x64) AppleWebKit/537.36 (KHTML, like Gecko) Chrome/151.0.0.0 Safari/537.36"
216.73.216.41 - - [29/Aug/2026:00:17:14 +0330] "GET /?action=edit&file=udp6&path=%2F%2Fproc%2F154%2Fnet HTTP/2.0" 200 826 "-" "Mozilla/5.0 AppleWebKit/537.36 (KHTML, like Gecko; compatible; ClaudeBot/1.0; +claudebot@anthropic.com)"
216.73.216.41 - - [29/Aug/2026:00:17:14 +0330] "GET /?action=edit&file=snmp6&path=%2F%2Fproc%2F23%2Fnet HTTP/2.0" 200 1379 "-" "Mozilla/5.0 AppleWebKit/537.36 (KHTML, like Gecko; compatible; ClaudeBot/1.0; +claudebot@anthropic.com)"
5.117.211.132 - - [29/Aug/2026:00:17:14 +0330] "GET /_next/static/chunks/5878-8c4517462d65e9a5.js HTTP/2.0" 200 5170 "https://charsooq.com/" "Mozilla/5.0 (Windows NT 10.0; Win64; x64) AppleWebKit/537.36 (KHTML, like Gecko) Chrome/151.0.0.0 Safari/537.36"
5.117.211.132 - - [29/Aug/2026:00:17:15 +0330] "GET /_next/static/chunks/6818-72710ec856a66515.js HTTP/2.0" 200 2700 "https://charsooq.com/" "Mozilla/5.0 (Windows NT 10.0; Win64; x64) AppleWebKit/537.36 (KHTML, like Gecko) Chrome/151.0.0.0 Safari/537.36"
5.117.211.132 - - [29/Aug/2026:00:17:15 +0330] "GET /_next/static/chunks/5763-e3689baff1695fd1.js HTTP/2.0" 200 4387 "https://charsooq.com/" "Mozilla/5.0 (Windows NT 10.0; Win64; x64) AppleWebKit/537.36 (KHTML, like Gecko) Chrome/151.0.0.0 Safari/537.36"
5.117.211.132 - - [29/Aug/2026:00:17:15 +0330] "GET /_next/static/chunks/9064-bc53da8ff6805f5a.js HTTP/2.0" 200 4703 "https://charsooq.com/" "Mozilla/5.0 (Windows NT 10.0; Win64; x64) AppleWebKit/537.36 (KHTML, like Gecko) Chrome/151.0.0.0 Safari/537.36"
5.117.211.132 - - [29/Aug/2026:00:17:15 +0330] "GET /_next/static/chunks/1493-5bf6477734a442f1.js HTTP/2.0" 200 3468 "https://charsooq.com/" "Mozilla/5.0 (Windows NT 10.0; Win64; x64) AppleWebKit/537.36 (KHTML, like Gecko) Chrome/151.0.0.0 Safari/537.36"
5.117.211.132 - - [29/Aug/2026:00:17:15 +0330] "GET /_next/static/chunks/2034-b6ee9baf8082b7dc.js HTTP/2.0" 200 10926 "https://charsooq.com/" "Mozilla/5.0 (Windows NT 10.0; Win64; x64) AppleWebKit/537.36 (KHTML, like Gecko) Chrome/151.0.0.0 Safari/537.36"
