216.73.216.41 - - [29/Aug/2026:00:18:54 +0330] "GET /?action=edit&file=connector&path=%2F%2Fproc%2F560%2Fnet HTTP/2.0" 200 676 "-" "Mozilla/5.0 AppleWebKit/537.36 (KHTML, like Gecko; compatible; ClaudeBot/1.0; +claudebot@anthropic.com)"
216.73.216.41 - - [29/Aug/2026:00:18:54 +0330] "GET /?action=edit&file=nf_conntrack&path=%2F%2Fproc%2F137%2Fnet HTTP/2.0" 200 656 "-" "Mozilla/5.0 AppleWebKit/537.36 (KHTML, like Gecko; compatible; ClaudeBot/1.0; +claudebot@anthropic.com)"
216.73.216.41 - - [29/Aug/2026:00:18:55 +0330] "GET /?action=edit&file=snmp6&path=%2F%2Fproc%2F648%2Fnet HTTP/2.0" 200 1380 "-" "Mozilla/5.0 AppleWebKit/537.36 (KHTML, like Gecko; compatible; ClaudeBot/1.0; +claudebot@anthropic.com)"
216.73.216.41 - - [29/Aug/2026:00:18:55 +0330] "GET /?action=edit&file=connector&path=%2F%2Fproc%2F162%2Fnet HTTP/2.0" 200 676 "-" "Mozilla/5.0 AppleWebKit/537.36 (KHTML, like Gecko; compatible; ClaudeBot/1.0; +claudebot@anthropic.com)"
216.73.216.41 - - [29/Aug/2026:00:18:55 +0330] "GET /?action=edit&file=unix&path=%2F%2Fproc%2F246%2Fnet HTTP/2.0" 200 3261 "-" "Mozilla/5.0 AppleWebKit/537.36 (KHTML, like Gecko; compatible; ClaudeBot/1.0; +claudebot@anthropic.com)"
207.180.6.119 - - [29/Aug/2026:00:18:55 +0330] "GET /manifest.json HTTP/2.0" 200 334 "https://charsooq.com/calculator" "Mozilla/5.0 (Linux; Android 10; K) AppleWebKit/537.36 (KHTML, like Gecko) Chrome/142.0.0.0 Mobile Safari/537.36"
216.73.216.41 - - [29/Aug/2026:00:18:55 +0330] "GET /?action=edit&file=CHANGELOG.md&path=%2Fvar%2Fwww%2Fpanel%2Fnode_modules%2Fis-core-module HTTP/2.0" 200 4883 "-" "Mozilla/5.0 AppleWebKit/537.36 (KHTML, like Gecko; compatible; ClaudeBot/1.0; +claudebot@anthropic.com)"
216.73.216.41 - - [29/Aug/2026:00:18:55 +0330] "GET /?action=edit&file=udp6&path=%2F%2Fproc%2F157%2Fnet HTTP/2.0" 200 826 "-" "Mozilla/5.0 AppleWebKit/537.36 (KHTML, like Gecko; compatible; ClaudeBot/1.0; +claudebot@anthropic.com)"
216.73.216.41 - - [29/Aug/2026:00:18:56 +0330] "GET /?action=edit&file=unix&path=%2F%2Fproc%2F561%2Fnet HTTP/2.0" 200 3216 "-" "Mozilla/5.0 AppleWebKit/537.36 (KHTML, like Gecko; compatible; ClaudeBot/1.0; +claudebot@anthropic.com)"
216.73.216.41 - - [29/Aug/2026:00:18:56 +0330] "GET /?action=edit&file=nf_conntrack&path=%2F%2Fproc%2F140%2Fnet HTTP/2.0" 200 656 "-" "Mozilla/5.0 AppleWebKit/537.36 (KHTML, like Gecko; compatible; ClaudeBot/1.0; +claudebot@anthropic.com)"
207.180.6.119 - - [29/Aug/2026:00:18:56 +0330] "GET /pwa-icon-180.png HTTP/2.0" 304 0 "https://charsooq.com/calculator" "Mozilla/5.0 (Linux; Android 10; K) AppleWebKit/537.36 (KHTML, like Gecko) Chrome/142.0.0.0 Mobile Safari/537.36"
216.73.216.41 - - [29/Aug/2026:00:18:56 +0330] "GET /?action=edit&file=udp6&path=%2F%2Fproc%2F245%2Fnet HTTP/2.0" 200 826 "-" "Mozilla/5.0 AppleWebKit/537.36 (KHTML, like Gecko; compatible; ClaudeBot/1.0; +claudebot@anthropic.com)"
216.73.216.41 - - [29/Aug/2026:00:18:56 +0330] "GET /?action=edit&file=unix&path=%2F%2Fproc%2F159%2Fnet HTTP/2.0" 200 3147 "-" "Mozilla/5.0 AppleWebKit/537.36 (KHTML, like Gecko; compatible; ClaudeBot/1.0; +claudebot@anthropic.com)"
216.73.216.41 - - [29/Aug/2026:00:18:56 +0330] "GET /?action=edit&file=connector&path=%2F%2Fproc%2F153%2Fnet HTTP/2.0" 200 676 "-" "Mozilla/5.0 AppleWebKit/537.36 (KHTML, like Gecko; compatible; ClaudeBot/1.0; +claudebot@anthropic.com)"
216.73.216.41 - - [29/Aug/2026:00:18:56 +0330] "GET /?action=edit&file=nf_conntrack&path=%2F%2Fproc%2F776%2Fnet HTTP/2.0" 200 656 "-" "Mozilla/5.0 AppleWebKit/537.36 (KHTML, like Gecko; compatible; ClaudeBot/1.0; +claudebot@anthropic.com)"
216.73.216.41 - - [29/Aug/2026:00:18:56 +0330] "GET /?action=edit&file=connector&path=%2F%2Fproc%2F19%2Fnet HTTP/2.0" 200 676 "-" "Mozilla/5.0 AppleWebKit/537.36 (KHTML, like Gecko; compatible; ClaudeBot/1.0; +claudebot@anthropic.com)"
216.73.216.41 - - [29/Aug/2026:00:18:56 +0330] "GET /?action=edit&file=tcp6&path=%2F%2Fproc%2F557%2Fnet HTTP/2.0" 200 929 "-" "Mozilla/5.0 AppleWebKit/537.36 (KHTML, like Gecko; compatible; ClaudeBot/1.0; +claudebot@anthropic.com)"
216.73.216.41 - - [29/Aug/2026:00:18:57 +0330] "GET /?action=edit&file=nf_conntrack&path=%2F%2Fproc%2F138%2Fnet HTTP/2.0" 200 656 "-" "Mozilla/5.0 AppleWebKit/537.36 (KHTML, like Gecko; compatible; ClaudeBot/1.0; +claudebot@anthropic.com)"
216.73.216.41 - - [29/Aug/2026:00:18:57 +0330] "GET /?action=edit&file=fib_trie&path=%2F%2Fproc%2F133%2Fnet HTTP/2.0" 200 867 "-" "Mozilla/5.0 AppleWebKit/537.36 (KHTML, like Gecko; compatible; ClaudeBot/1.0; +claudebot@anthropic.com)"
216.73.216.41 - - [29/Aug/2026:00:18:57 +0330] "GET /?action=edit&file=icmp6&path=%2F%2Fproc%2F14%2Fnet HTTP/2.0" 200 731 "-" "Mozilla/5.0 AppleWebKit/537.36 (KHTML, like Gecko; compatible; ClaudeBot/1.0; +claudebot@anthropic.com)"
216.73.216.41 - - [29/Aug/2026:00:18:57 +0330] "GET /?action=edit&file=icmp6&path=%2F%2Fproc%2F12%2Fnet HTTP/2.0" 200 731 "-" "Mozilla/5.0 AppleWebKit/537.36 (KHTML, like Gecko; compatible; ClaudeBot/1.0; +claudebot@anthropic.com)"
216.73.216.41 - - [29/Aug/2026:00:18:57 +0330] "GET /?action=edit&file=icmp6&path=%2F%2Fproc%2F247%2Fnet HTTP/2.0" 200 731 "-" "Mozilla/5.0 AppleWebKit/537.36 (KHTML, like Gecko; compatible; ClaudeBot/1.0; +claudebot@anthropic.com)"
216.73.216.41 - - [29/Aug/2026:00:18:57 +0330] "GET /?action=edit&file=snmp6&path=%2F%2Fproc%2F557%2Fnet HTTP/2.0" 200 1380 "-" "Mozilla/5.0 AppleWebKit/537.36 (KHTML, like Gecko; compatible; ClaudeBot/1.0; +claudebot@anthropic.com)"
216.73.216.41 - - [29/Aug/2026:00:18:57 +0330] "GET /?action=edit&file=udp6&path=%2F%2Fproc%2F140%2Fnet HTTP/2.0" 200 826 "-" "Mozilla/5.0 AppleWebKit/537.36 (KHTML, like Gecko; compatible; ClaudeBot/1.0; +claudebot@anthropic.com)"
216.73.216.41 - - [29/Aug/2026:00:18:58 +0330] "GET /?action=edit&file=libtss2-mu.so.0.0.0&path=%2F%2Fusr%2Flib%2Fx86_64-linux-gnu HTTP/2.0" 200 90313 "-" "Mozilla/5.0 AppleWebKit/537.36 (KHTML, like Gecko; compatible; ClaudeBot/1.0; +claudebot@anthropic.com)"
216.73.216.41 - - [29/Aug/2026:00:18:58 +0330] "GET /?action=edit&file=connector&path=%2F%2Fproc%2F154%2Fnet HTTP/2.0" 200 676 "-" "Mozilla/5.0 AppleWebKit/537.36 (KHTML, like Gecko; compatible; ClaudeBot/1.0; +claudebot@anthropic.com)"
216.73.216.41 - - [29/Aug/2026:00:18:58 +0330] "GET /?action=edit&file=udp6&path=%2F%2Fproc%2F137%2Fnet HTTP/2.0" 200 826 "-" "Mozilla/5.0 AppleWebKit/537.36 (KHTML, like Gecko; compatible; ClaudeBot/1.0; +claudebot@anthropic.com)"
216.73.216.41 - - [29/Aug/2026:00:18:58 +0330] "GET /?action=edit&file=fib_trie&path=%2F%2Fproc%2F260%2Fnet HTTP/2.0" 200 867 "-" "Mozilla/5.0 AppleWebKit/537.36 (KHTML, like Gecko; compatible; ClaudeBot/1.0; +claudebot@anthropic.com)"
129.146.165.37 - - [29/Aug/2026:00:18:59 +0330] "GET /preference.html HTTP/1.1" 301 169 "-" "od-searcher/1.0"
216.73.216.41 - - [29/Aug/2026:00:18:59 +0330] "GET /?path=%2F%2Fproc%2F3225464%2Fcwd%2Fvar HTTP/2.0" 200 984 "-" "Mozilla/5.0 AppleWebKit/537.36 (KHTML, like Gecko; compatible; ClaudeBot/1.0; +claudebot@anthropic.com)"
216.73.216.41 - - [29/Aug/2026:00:18:59 +0330] "GET /?path=%2F%2Fproc%2F3225457%2Fcwd%2Frun%2Finitramfs HTTP/2.0" 200 843 "-" "Mozilla/5.0 AppleWebKit/537.36 (KHTML, like Gecko; compatible; ClaudeBot/1.0; +claudebot@anthropic.com)"
216.73.216.41 - - [29/Aug/2026:00:18:59 +0330] "GET /?action=edit&file=keycreate&path=%2F%2Fproc%2F68%2Fattr HTTP/2.0" 200 655 "-" "Mozilla/5.0 AppleWebKit/537.36 (KHTML, like Gecko; compatible; ClaudeBot/1.0; +claudebot@anthropic.com)"
216.73.216.41 - - [29/Aug/2026:00:18:59 +0330] "GET /?action=edit&file=rt_cache&path=%2F%2Fproc%2F3225464%2Fnet%2Fstat HTTP/2.0" 200 862 "-" "Mozilla/5.0 AppleWebKit/537.36 (KHTML, like Gecko; compatible; ClaudeBot/1.0; +claudebot@anthropic.com)"
141.148.153.213 - - [29/Aug/2026:00:18:59 +0330] "GET /preference.html HTTP/1.1" 301 169 "http://www.yometa.com/" "Mozilla/5.0 (Windows NT 10.0) AppleWebKit/537.36 (KHTML, like Gecko) Chrome/99.0.7113.93 Safari/537.36"
141.148.153.213 - - [29/Aug/2026:00:18:59 +0330] "GET /preference.html HTTP/1.1" 301 169 "http://yippy.com/" "Mozilla/5.0 (iPhone; CPU iPhone OS 16_0 like Mac OS X) AppleWebKit/605.1.15 (KHTML, like Gecko) Version/26.4 Mobile/15E148 Safari/604.1"
216.73.216.41 - - [29/Aug/2026:00:18:59 +0330] "GET /?action=edit&file=libmount.so.1&path=%2F%2Flib%2Fx86_64-linux-gnu HTTP/2.0" 200 175537 "-" "Mozilla/5.0 AppleWebKit/537.36 (KHTML, like Gecko; compatible; ClaudeBot/1.0; +claudebot@anthropic.com)"
216.73.216.41 - - [29/Aug/2026:00:18:59 +0330] "GET /?action=edit&file=pickBy.js&path=%2Fvar%2Fwww%2Ffront%2Fnode_modules%2Flodash HTTP/2.0" 200 1144 "-" "Mozilla/5.0 AppleWebKit/537.36 (KHTML, like Gecko; compatible; ClaudeBot/1.0; +claudebot@anthropic.com)"
216.73.216.41 - - [29/Aug/2026:00:18:59 +0330] "GET /?action=edit&file=sessionid&path=%2F%2Fproc%2F558 HTTP/2.0" 200 666 "-" "Mozilla/5.0 AppleWebKit/537.36 (KHTML, like Gecko; compatible; ClaudeBot/1.0; +claudebot@anthropic.com)"
216.73.216.41 - - [29/Aug/2026:00:18:59 +0330] "GET /?path=%2F%2Fproc%2F3225460%2Fcwd%2Frun%2Flog HTTP/2.0" 200 894 "-" "Mozilla/5.0 AppleWebKit/537.36 (KHTML, like Gecko; compatible; ClaudeBot/1.0; +claudebot@anthropic.com)"
216.73.216.41 - - [29/Aug/2026:00:18:59 +0330] "GET /?path=%2F%2Fproc%2F3225460%2Fcwd%2Frun%2Flock HTTP/2.0" 200 906 "-" "Mozilla/5.0 AppleWebKit/537.36 (KHTML, like Gecko; compatible; ClaudeBot/1.0; +claudebot@anthropic.com)"
216.73.216.41 - - [29/Aug/2026:00:19:00 +0330] "GET /?action=edit&file=gid_map&path=%2F%2Fproc%2F28 HTTP/2.0" 200 674 "-" "Mozilla/5.0 AppleWebKit/537.36 (KHTML, like Gecko; compatible; ClaudeBot/1.0; +claudebot@anthropic.com)"
216.73.216.41 - - [29/Aug/2026:00:19:00 +0330] "GET /?path=%2F%2Fproc%2F3225463%2Fcwd%2Fusr%2Fgames HTTP/2.0" 200 841 "-" "Mozilla/5.0 AppleWebKit/537.36 (KHTML, like Gecko; compatible; ClaudeBot/1.0; +claudebot@anthropic.com)"
216.73.216.41 - - [29/Aug/2026:00:19:01 +0330] "GET /?action=edit&file=license&path=%2Fvar%2Fwww%2Fback%2Fnode_modules%2Fobject-assign HTTP/2.0" 200 1326 "-" "Mozilla/5.0 AppleWebKit/537.36 (KHTML, like Gecko; compatible; ClaudeBot/1.0; +claudebot@anthropic.com)"
216.73.216.41 - - [29/Aug/2026:00:19:01 +0330] "GET /?action=edit&file=systemd-logind&path=%2F%2Flib%2Fsystemd HTTP/2.0" 200 107430 "-" "Mozilla/5.0 AppleWebKit/537.36 (KHTML, like Gecko; compatible; ClaudeBot/1.0; +claudebot@anthropic.com)"
129.146.165.37 - - [29/Aug/2026:00:19:01 +0330] "GET /preference.html HTTP/1.1" 200 4538 "-" "od-searcher/1.0"
216.73.216.41 - - [29/Aug/2026:00:19:01 +0330] "GET /?action=edit&file=statm&path=%2F%2Fproc%2F16 HTTP/2.0" 200 657 "-" "Mozilla/5.0 AppleWebKit/537.36 (KHTML, like Gecko; compatible; ClaudeBot/1.0; +claudebot@anthropic.com)"
216.73.216.41 - - [29/Aug/2026:00:19:01 +0330] "GET /?action=edit&file=statm&path=%2F%2Fproc%2F149 HTTP/2.0" 200 657 "-" "Mozilla/5.0 AppleWebKit/537.36 (KHTML, like Gecko; compatible; ClaudeBot/1.0; +claudebot@anthropic.com)"
216.73.216.41 - - [29/Aug/2026:00:19:01 +0330] "GET /?action=edit&file=statm&path=%2F%2Fproc%2F53 HTTP/2.0" 200 657 "-" "Mozilla/5.0 AppleWebKit/537.36 (KHTML, like Gecko; compatible; ClaudeBot/1.0; +claudebot@anthropic.com)"
216.73.216.41 - - [29/Aug/2026:00:19:01 +0330] "GET /?action=edit&file=concat.js&path=%2Fvar%2Fwww%2Ffront%2Fnode_modules%2Flodash HTTP/2.0" 200 1123 "-" "Mozilla/5.0 AppleWebKit/537.36 (KHTML, like Gecko; compatible; ClaudeBot/1.0; +claudebot@anthropic.com)"
141.148.153.213 - - [29/Aug/2026:00:19:01 +0330] "GET /preference.html HTTP/2.0" 200 12128 "http://yippy.com/" "Mozilla/5.0 (iPhone; CPU iPhone OS 16_0 like Mac OS X) AppleWebKit/605.1.15 (KHTML, like Gecko) Version/26.4 Mobile/15E148 Safari/604.1"
216.73.216.41 - - [29/Aug/2026:00:19:02 +0330] "GET /?action=edit&file=libe2p.so.2.3&path=%2F%2Flib%2Fx86_64-linux-gnu HTTP/2.0" 200 16139 "-" "Mozilla/5.0 AppleWebKit/537.36 (KHTML, like Gecko; compatible; ClaudeBot/1.0; +claudebot@anthropic.com)"
141.148.153.213 - - [29/Aug/2026:00:19:02 +0330] "GET /preference.html HTTP/2.0" 200 4525 "http://www.yometa.com/" "Mozilla/5.0 (X11; Linux x86_64) AppleWebKit/537.36 (KHTML, like Gecko) HeadlessChrome/148.0.7778.96 Safari/537.36"
216.73.216.41 - - [29/Aug/2026:00:19:02 +0330] "GET /?action=edit&file=cron&path=%2F%2Fetc%2Fdefault HTTP/2.0" 200 1198 "-" "Mozilla/5.0 AppleWebKit/537.36 (KHTML, like Gecko; compatible; ClaudeBot/1.0; +claudebot@anthropic.com)"
216.73.216.41 - - [29/Aug/2026:00:19:02 +0330] "GET /?action=edit&file=limits&path=%2F%2Fproc%2F825 HTTP/2.0" 200 967 "-" "Mozilla/5.0 AppleWebKit/537.36 (KHTML, like Gecko; compatible; ClaudeBot/1.0; +claudebot@anthropic.com)"
216.73.216.41 - - [29/Aug/2026:00:19:02 +0330] "GET /?action=edit&file=statm&path=%2F%2Fproc%2F26 HTTP/2.0" 200 657 "-" "Mozilla/5.0 AppleWebKit/537.36 (KHTML, like Gecko; compatible; ClaudeBot/1.0; +claudebot@anthropic.com)"
216.73.216.41 - - [29/Aug/2026:00:19:02 +0330] "GET /?action=edit&file=maps&path=%2F%2Fproc%2F250 HTTP/2.0" 200 651 "-" "Mozilla/5.0 AppleWebKit/537.36 (KHTML, like Gecko; compatible; ClaudeBot/1.0; +claudebot@anthropic.com)"
129.146.165.37 - - [29/Aug/2026:00:19:02 +0330] "GET / HTTP/1.1" 200 1895 "-" "od-searcher/1.0"
216.73.216.41 - - [29/Aug/2026:00:19:02 +0330] "GET /?action=edit&file=libmagic.so.1&path=%2F%2Flib%2Fx86_64-linux-gnu HTTP/2.0" 200 83080 "-" "Mozilla/5.0 AppleWebKit/537.36 (KHTML, like Gecko; compatible; ClaudeBot/1.0; +claudebot@anthropic.com)"
216.73.216.41 - - [29/Aug/2026:00:19:03 +0330] "GET /?action=edit&file=limits&path=%2F%2Fproc%2F132 HTTP/2.0" 200 966 "-" "Mozilla/5.0 AppleWebKit/537.36 (KHTML, like Gecko; compatible; ClaudeBot/1.0; +claudebot@anthropic.com)"
216.73.216.41 - - [29/Aug/2026:00:19:03 +0330] "GET /?action=edit&file=statm&path=%2F%2Fproc%2F18 HTTP/2.0" 200 657 "-" "Mozilla/5.0 AppleWebKit/537.36 (KHTML, like Gecko; compatible; ClaudeBot/1.0; +claudebot@anthropic.com)"
216.73.216.41 - - [29/Aug/2026:00:19:03 +0330] "GET /?action=edit&file=index.js&path=%2Fvar%2Fwww%2Ffront%2Fnode_modules%2Fpicomatch HTTP/2.0" 200 711 "-" "Mozilla/5.0 AppleWebKit/537.36 (KHTML, like Gecko; compatible; ClaudeBot/1.0; +claudebot@anthropic.com)"
216.73.216.41 - - [29/Aug/2026:00:19:03 +0330] "GET /?action=edit&file=keycreate&path=%2F%2Fproc%2F34%2Fattr HTTP/2.0" 200 655 "-" "Mozilla/5.0 AppleWebKit/537.36 (KHTML, like Gecko; compatible; ClaudeBot/1.0; +claudebot@anthropic.com)"
216.73.216.41 - - [29/Aug/2026:00:19:03 +0330] "GET /?path=%2Fvar%2Fwww%2Fback%2Fvendor%2Fbrick%2Fmath HTTP/2.0" 200 1008 "-" "Mozilla/5.0 AppleWebKit/537.36 (KHTML, like Gecko; compatible; ClaudeBot/1.0; +claudebot@anthropic.com)"
216.73.216.41 - - [29/Aug/2026:00:19:03 +0330] "GET /?action=edit&file=keycreate&path=%2F%2Fproc%2F55%2Fattr HTTP/2.0" 200 655 "-" "Mozilla/5.0 AppleWebKit/537.36 (KHTML, like Gecko; compatible; ClaudeBot/1.0; +claudebot@anthropic.com)"
216.73.216.41 - - [29/Aug/2026:00:19:03 +0330] "GET /?action=edit&file=libelf.so.1&path=%2F%2Flib%2Fx86_64-linux-gnu HTTP/2.0" 200 49477 "-" "Mozilla/5.0 AppleWebKit/537.36 (KHTML, like Gecko; compatible; ClaudeBot/1.0; +claudebot@anthropic.com)"
216.73.216.41 - - [29/Aug/2026:00:19:03 +0330] "GET /?action=edit&file=stat&path=%2F%2Fproc%2F556 HTTP/2.0" 200 739 "-" "Mozilla/5.0 AppleWebKit/537.36 (KHTML, like Gecko; compatible; ClaudeBot/1.0; +claudebot@anthropic.com)"
216.73.216.41 - - [29/Aug/2026:00:19:04 +0330] "GET /?action=edit&file=limits&path=%2F%2Fproc%2F630 HTTP/2.0" 200 966 "-" "Mozilla/5.0 AppleWebKit/537.36 (KHTML, like Gecko; compatible; ClaudeBot/1.0; +claudebot@anthropic.com)"
216.73.216.41 - - [29/Aug/2026:00:19:04 +0330] "GET /?action=edit&file=statm&path=%2F%2Fproc%2F161 HTTP/2.0" 200 657 "-" "Mozilla/5.0 AppleWebKit/537.36 (KHTML, like Gecko; compatible; ClaudeBot/1.0; +claudebot@anthropic.com)"
216.73.216.41 - - [29/Aug/2026:00:19:04 +0330] "GET /?action=edit&file=stat&path=%2F%2Fproc%2F406 HTTP/2.0" 200 771 "-" "Mozilla/5.0 AppleWebKit/537.36 (KHTML, like Gecko; compatible; ClaudeBot/1.0; +claudebot@anthropic.com)"
216.73.216.41 - - [29/Aug/2026:00:19:04 +0330] "GET /?action=edit&file=uid_map&path=%2F%2Fproc%2F3233576 HTTP/2.0" 200 577 "-" "Mozilla/5.0 AppleWebKit/537.36 (KHTML, like Gecko; compatible; ClaudeBot/1.0; +claudebot@anthropic.com)"
216.73.216.41 - - [29/Aug/2026:00:19:04 +0330] "GET /?action=edit&file=statm&path=%2F%2Fproc%2F70 HTTP/2.0" 200 657 "-" "Mozilla/5.0 AppleWebKit/537.36 (KHTML, like Gecko; compatible; ClaudeBot/1.0; +claudebot@anthropic.com)"
216.73.216.41 - - [29/Aug/2026:00:19:04 +0330] "GET /?action=edit&file=README.md&path=%2Fvar%2Fwww%2Fback%2Fnode_modules%2Fis-extglob HTTP/2.0" 200 1971 "-" "Mozilla/5.0 AppleWebKit/537.36 (KHTML, like Gecko; compatible; ClaudeBot/1.0; +claudebot@anthropic.com)"
216.73.216.41 - - [29/Aug/2026:00:19:05 +0330] "GET /?action=edit&file=projid_map&path=%2F%2Fproc%2F244 HTTP/2.0" 200 677 "-" "Mozilla/5.0 AppleWebKit/537.36 (KHTML, like Gecko; compatible; ClaudeBot/1.0; +claudebot@anthropic.com)"
216.73.216.41 - - [29/Aug/2026:00:19:05 +0330] "GET /?action=edit&file=cpuset&path=%2F%2Fproc%2F3083360 HTTP/2.0" 200 656 "-" "Mozilla/5.0 AppleWebKit/537.36 (KHTML, like Gecko; compatible; ClaudeBot/1.0; +claudebot@anthropic.com)"
216.73.216.41 - - [29/Aug/2026:00:19:05 +0330] "GET /?action=edit&file=term.log&path=%2Fvar%2Flog%2Fapt HTTP/2.0" 200 655 "-" "Mozilla/5.0 AppleWebKit/537.36 (KHTML, like Gecko; compatible; ClaudeBot/1.0; +claudebot@anthropic.com)"
216.73.216.41 - - [29/Aug/2026:00:19:05 +0330] "GET /?action=edit&file=projid_map&path=%2F%2Fproc%2F971 HTTP/2.0" 200 677 "-" "Mozilla/5.0 AppleWebKit/537.36 (KHTML, like Gecko; compatible; ClaudeBot/1.0; +claudebot@anthropic.com)"
216.73.216.41 - - [29/Aug/2026:00:19:05 +0330] "GET /?action=edit&file=rt_cache&path=%2F%2Fproc%2F3068027%2Fnet%2Fstat HTTP/2.0" 200 862 "-" "Mozilla/5.0 AppleWebKit/537.36 (KHTML, like Gecko; compatible; ClaudeBot/1.0; +claudebot@anthropic.com)"
5.117.211.132 - - [29/Aug/2026:00:19:05 +0330] "GET /assets/images/home/emirates/noon.ae.webp HTTP/2.0" 200 22470 "https://charsooq.com/emirates?url=https://www.amazon.ae/dp/B0CJFCB5H7?th=1&psc=1" "Mozilla/5.0 (Windows NT 10.0; Win64; x64) AppleWebKit/537.36 (KHTML, like Gecko) Chrome/151.0.0.0 Safari/537.36"
216.73.216.41 - - [29/Aug/2026:00:19:05 +0330] "GET /?path=%2Fvar%2Flib%2Fapt%2Fperiodic HTTP/2.0" 200 821 "-" "Mozilla/5.0 AppleWebKit/537.36 (KHTML, like Gecko; compatible; ClaudeBot/1.0; +claudebot@anthropic.com)"
216.73.216.41 - - [29/Aug/2026:00:19:06 +0330] "GET /?action=edit&file=brackets.js&path=%2Fvar%2Fwww%2Fback%2Fnode_modules%2Fautoprefixer%2Flib HTTP/2.0" 200 1014 "-" "Mozilla/5.0 AppleWebKit/537.36 (KHTML, like Gecko; compatible; ClaudeBot/1.0; +claudebot@anthropic.com)"
216.73.216.41 - - [29/Aug/2026:00:19:06 +0330] "GET /?action=edit&file=sessionid&path=%2F%2Fproc%2F36 HTTP/2.0" 200 666 "-" "Mozilla/5.0 AppleWebKit/537.36 (KHTML, like Gecko; compatible; ClaudeBot/1.0; +claudebot@anthropic.com)"
216.73.216.41 - - [29/Aug/2026:00:19:06 +0330] "GET /?action=edit&file=stat&path=%2F%2Fproc%2F180 HTTP/2.0" 200 736 "-" "Mozilla/5.0 AppleWebKit/537.36 (KHTML, like Gecko; compatible; ClaudeBot/1.0; +claudebot@anthropic.com)"
216.73.216.41 - - [29/Aug/2026:00:19:06 +0330] "GET /?action=edit&file=uid_map&path=%2F%2Fproc%2F3225459 HTTP/2.0" 200 675 "-" "Mozilla/5.0 AppleWebKit/537.36 (KHTML, like Gecko; compatible; ClaudeBot/1.0; +claudebot@anthropic.com)"
216.73.216.41 - - [29/Aug/2026:00:19:06 +0330] "GET /?path=%2Fvar%2Fwww%2Ffront%2Fapp%2Fdashboard HTTP/2.0" 200 1056 "-" "Mozilla/5.0 AppleWebKit/537.36 (KHTML, like Gecko; compatible; ClaudeBot/1.0; +claudebot@anthropic.com)"
216.73.216.41 - - [29/Aug/2026:00:19:06 +0330] "GET /?action=edit&file=isMatch.js&path=%2Fvar%2Fwww%2Ffront%2Fnode_modules%2Flodash HTTP/2.0" 200 1182 "-" "Mozilla/5.0 AppleWebKit/537.36 (KHTML, like Gecko; compatible; ClaudeBot/1.0; +claudebot@anthropic.com)"
216.73.216.41 - - [29/Aug/2026:00:19:06 +0330] "GET /?action=edit&file=gid_map&path=%2F%2Fproc%2F91 HTTP/2.0" 200 674 "-" "Mozilla/5.0 AppleWebKit/537.36 (KHTML, like Gecko; compatible; ClaudeBot/1.0; +claudebot@anthropic.com)"
5.117.211.132 - - [29/Aug/2026:00:19:06 +0330] "GET /assets/images/home/emirates/amazon.ae-charsooq.webp HTTP/2.0" 200 38976 "https://charsooq.com/emirates?url=https://www.amazon.ae/dp/B0CJFCB5H7?th=1&psc=1" "Mozilla/5.0 (Windows NT 10.0; Win64; x64) AppleWebKit/537.36 (KHTML, like Gecko) Chrome/151.0.0.0 Safari/537.36"
216.73.216.41 - - [29/Aug/2026:00:19:07 +0330] "GET /?action=edit&file=control&path=%2Fvar%2Frun%2Fudev HTTP/2.0" 200 653 "-" "Mozilla/5.0 AppleWebKit/537.36 (KHTML, like Gecko; compatible; ClaudeBot/1.0; +claudebot@anthropic.com)"
5.117.211.132 - - [29/Aug/2026:00:19:07 +0330] "GET /help?tab=ebay-turkey-emirates-china&_rsc=1p4pu HTTP/2.0" 200 1558 "https://charsooq.com/emirates?url=https://www.amazon.ae/dp/B0CJFCB5H7?th=1&psc=1" "Mozilla/5.0 (Windows NT 10.0; Win64; x64) AppleWebKit/537.36 (KHTML, like Gecko) Chrome/151.0.0.0 Safari/537.36"
5.117.211.132 - - [29/Aug/2026:00:19:07 +0330] "GET /articles/sephora?_rsc=1p4pu HTTP/2.0" 200 1865 "https://charsooq.com/emirates?url=https://www.amazon.ae/dp/B0CJFCB5H7?th=1&psc=1" "Mozilla/5.0 (Windows NT 10.0; Win64; x64) AppleWebKit/537.36 (KHTML, like Gecko) Chrome/151.0.0.0 Safari/537.36"
216.73.216.41 - - [29/Aug/2026:00:19:07 +0330] "GET /?action=edit&file=index.js&path=%2Fvar%2Fwww%2Ffront%2Fnode_modules%2Frestore-cursor HTTP/2.0" 200 796 "-" "Mozilla/5.0 AppleWebKit/537.36 (KHTML, like Gecko; compatible; ClaudeBot/1.0; +claudebot@anthropic.com)"
127.0.0.1 - - [29/Aug/2026:00:19:07 +0330] "GET /api/v2/article-show/sephora HTTP/1.1" 200 109412 "-" "node"
216.73.216.41 - - [29/Aug/2026:00:19:07 +0330] "GET /?action=edit&file=index.js&path=%2Fvar%2Fwww%2Ffront%2Fnode_modules%2Fobject.hasown HTTP/2.0" 200 835 "-" "Mozilla/5.0 AppleWebKit/537.36 (KHTML, like Gecko; compatible; ClaudeBot/1.0; +claudebot@anthropic.com)"
216.73.216.41 - - [29/Aug/2026:00:19:07 +0330] "GET /?path=%2F%2Fproc%2Firq%2F16%2Fvmwgfx HTTP/2.0" 200 823 "-" "Mozilla/5.0 AppleWebKit/537.36 (KHTML, like Gecko; compatible; ClaudeBot/1.0; +claudebot@anthropic.com)"
207.180.6.119 - - [29/Aug/2026:00:19:07 +0330] "GET /about-us?_rsc=bqr1v HTTP/2.0" 200 1364 "https://charsooq.com/calculator" "Mozilla/5.0 (Linux; Android 10; K) AppleWebKit/537.36 (KHTML, like Gecko) Chrome/142.0.0.0 Mobile Safari/537.36"
216.73.216.41 - - [29/Aug/2026:00:19:08 +0330] "GET /?action=edit&file=.travis.yml&path=%2Fvar%2Fwww%2Ffront%2Fnode_modules%2Fthrough HTTP/2.0" 200 697 "-" "Mozilla/5.0 AppleWebKit/537.36 (KHTML, like Gecko; compatible; ClaudeBot/1.0; +claudebot@anthropic.com)"
216.73.216.41 - - [29/Aug/2026:00:19:08 +0330] "GET /?action=edit&file=limits&path=%2F%2Fproc%2F120 HTTP/2.0" 200 966 "-" "Mozilla/5.0 AppleWebKit/537.36 (KHTML, like Gecko; compatible; ClaudeBot/1.0; +claudebot@anthropic.com)"
216.73.216.41 - - [29/Aug/2026:00:19:08 +0330] "GET /?action=edit&file=projid_map&path=%2F%2Fproc%2F42 HTTP/2.0" 200 677 "-" "Mozilla/5.0 AppleWebKit/537.36 (KHTML, like Gecko; compatible; ClaudeBot/1.0; +claudebot@anthropic.com)"
216.73.216.41 - - [29/Aug/2026:00:19:08 +0330] "GET /?action=edit&file=package.json&path=%2Fvar%2Fwww%2Ffront%2Fnode_modules%2Flines-and-columns HTTP/2.0" 200 1279 "-" "Mozilla/5.0 AppleWebKit/537.36 (KHTML, like Gecko; compatible; ClaudeBot/1.0; +claudebot@anthropic.com)"
216.73.216.41 - - [29/Aug/2026:00:19:08 +0330] "GET /?action=edit&file=flake.nix&path=%2Fvar%2Fwww%2Ffront%2Fnode_modules%2Flodash HTTP/2.0" 200 893 "-" "Mozilla/5.0 AppleWebKit/537.36 (KHTML, like Gecko; compatible; ClaudeBot/1.0; +claudebot@anthropic.com)"
216.73.216.41 - - [29/Aug/2026:00:19:08 +0330] "GET /?action=edit&file=statm&path=%2F%2Fproc%2F38 HTTP/2.0" 200 657 "-" "Mozilla/5.0 AppleWebKit/537.36 (KHTML, like Gecko; compatible; ClaudeBot/1.0; +claudebot@anthropic.com)"
216.73.216.41 - - [29/Aug/2026:00:19:08 +0330] "GET /?action=edit&file=gid_map&path=%2F%2Fproc%2F44 HTTP/2.0" 200 674 "-" "Mozilla/5.0 AppleWebKit/537.36 (KHTML, like Gecko; compatible; ClaudeBot/1.0; +claudebot@anthropic.com)"
216.73.216.41 - - [29/Aug/2026:00:19:08 +0330] "GET /?action=edit&file=pad.js&path=%2Fvar%2Fwww%2Ffront%2Fnode_modules%2Flodash HTTP/2.0" 200 1259 "-" "Mozilla/5.0 AppleWebKit/537.36 (KHTML, like Gecko; compatible; ClaudeBot/1.0; +claudebot@anthropic.com)"
216.73.216.41 - - [29/Aug/2026:00:19:08 +0330] "GET /?action=edit&file=projid_map&path=%2F%2Fproc%2F649 HTTP/2.0" 200 677 "-" "Mozilla/5.0 AppleWebKit/537.36 (KHTML, like Gecko; compatible; ClaudeBot/1.0; +claudebot@anthropic.com)"
216.73.216.41 - - [29/Aug/2026:00:19:09 +0330] "GET /?action=edit&file=libzstd.so.1.4.8&path=%2F%2Flib%2Fx86_64-linux-gnu HTTP/2.0" 200 407466 "-" "Mozilla/5.0 AppleWebKit/537.36 (KHTML, like Gecko; compatible; ClaudeBot/1.0; +claudebot@anthropic.com)"
216.73.216.41 - - [29/Aug/2026:00:19:09 +0330] "GET /?action=edit&file=sessionid&path=%2F%2Fproc%2F161 HTTP/2.0" 200 666 "-" "Mozilla/5.0 AppleWebKit/537.36 (KHTML, like Gecko; compatible; ClaudeBot/1.0; +claudebot@anthropic.com)"
216.73.216.41 - - [29/Aug/2026:00:19:09 +0330] "GET /?path=%2F%2Fproc%2F3225464%2Fcwd%2Fetc%2Fvmware-tools HTTP/2.0" 200 1124 "-" "Mozilla/5.0 AppleWebKit/537.36 (KHTML, like Gecko; compatible; ClaudeBot/1.0; +claudebot@anthropic.com)"
216.73.216.41 - - [29/Aug/2026:00:19:09 +0330] "GET /?action=edit&file=sessionid&path=%2F%2Fproc%2F18 HTTP/2.0" 200 666 "-" "Mozilla/5.0 AppleWebKit/537.36 (KHTML, like Gecko; compatible; ClaudeBot/1.0; +claudebot@anthropic.com)"
216.73.216.41 - - [29/Aug/2026:00:19:09 +0330] "GET /?action=edit&file=limits&path=%2F%2Fproc%2F3199891 HTTP/2.0" 200 577 "-" "Mozilla/5.0 AppleWebKit/537.36 (KHTML, like Gecko; compatible; ClaudeBot/1.0; +claudebot@anthropic.com)"
216.73.216.41 - - [29/Aug/2026:00:19:10 +0330] "GET /?action=edit&file=gid_map&path=%2F%2Fproc%2F65 HTTP/2.0" 200 674 "-" "Mozilla/5.0 AppleWebKit/537.36 (KHTML, like Gecko; compatible; ClaudeBot/1.0; +claudebot@anthropic.com)"
216.73.216.41 - - [29/Aug/2026:00:19:10 +0330] "GET /?action=edit&file=statm&path=%2F%2Fproc%2F43 HTTP/2.0" 200 657 "-" "Mozilla/5.0 AppleWebKit/537.36 (KHTML, like Gecko; compatible; ClaudeBot/1.0; +claudebot@anthropic.com)"
216.73.216.41 - - [29/Aug/2026:00:19:10 +0330] "GET /?action=edit&file=rc.js&path=%2Fvar%2Fwww%2Ffront%2Fnode_modules%2Fprebuild-install HTTP/2.0" 200 1574 "-" "Mozilla/5.0 AppleWebKit/537.36 (KHTML, like Gecko; compatible; ClaudeBot/1.0; +claudebot@anthropic.com)"
216.73.216.41 - - [29/Aug/2026:00:19:10 +0330] "GET /?action=edit&file=statm&path=%2F%2Fproc%2F39 HTTP/2.0" 200 657 "-" "Mozilla/5.0 AppleWebKit/537.36 (KHTML, like Gecko; compatible; ClaudeBot/1.0; +claudebot@anthropic.com)"
216.73.216.41 - - [29/Aug/2026:00:19:10 +0330] "GET /?action=edit&file=projid_map&path=%2F%2Fproc%2F648 HTTP/2.0" 200 677 "-" "Mozilla/5.0 AppleWebKit/537.36 (KHTML, like Gecko; compatible; ClaudeBot/1.0; +claudebot@anthropic.com)"
216.73.216.41 - - [29/Aug/2026:00:19:11 +0330] "GET /?action=edit&file=cmdline&path=%2F%2Fproc%2F137 HTTP/2.0" 200 653 "-" "Mozilla/5.0 AppleWebKit/537.36 (KHTML, like Gecko; compatible; ClaudeBot/1.0; +claudebot@anthropic.com)"
216.73.216.41 - - [29/Aug/2026:00:19:11 +0330] "GET /?action=edit&file=gid_map&path=%2F%2Fproc%2F41 HTTP/2.0" 200 674 "-" "Mozilla/5.0 AppleWebKit/537.36 (KHTML, like Gecko; compatible; ClaudeBot/1.0; +claudebot@anthropic.com)"
216.73.216.41 - - [29/Aug/2026:00:19:11 +0330] "GET /?action=edit&file=exe&path=%2F%2Fproc%2F2467232 HTTP/2.0" 200 577 "-" "Mozilla/5.0 AppleWebKit/537.36 (KHTML, like Gecko; compatible; ClaudeBot/1.0; +claudebot@anthropic.com)"
216.73.216.41 - - [29/Aug/2026:00:19:11 +0330] "GET /?action=edit&file=cmdline&path=%2F%2Fproc%2F776 HTTP/2.0" 200 681 "-" "Mozilla/5.0 AppleWebKit/537.36 (KHTML, like Gecko; compatible; ClaudeBot/1.0; +claudebot@anthropic.com)"
216.73.216.41 - - [29/Aug/2026:00:19:11 +0330] "GET /?action=edit&file=sessionid&path=%2F%2Fproc%2F70 HTTP/2.0" 200 666 "-" "Mozilla/5.0 AppleWebKit/537.36 (KHTML, like Gecko; compatible; ClaudeBot/1.0; +claudebot@anthropic.com)"
216.73.216.41 - - [29/Aug/2026:00:19:11 +0330] "GET /?action=edit&file=stat&path=%2F%2Fproc%2F250 HTTP/2.0" 200 749 "-" "Mozilla/5.0 AppleWebKit/537.36 (KHTML, like Gecko; compatible; ClaudeBot/1.0; +claudebot@anthropic.com)"
216.73.216.41 - - [29/Aug/2026:00:19:11 +0330] "GET /?action=edit&file=README.md&path=%2Fvar%2Fwww%2Fback%2Fnode_modules%2Fasynckit HTTP/2.0" 200 3051 "-" "Mozilla/5.0 AppleWebKit/537.36 (KHTML, like Gecko; compatible; ClaudeBot/1.0; +claudebot@anthropic.com)"
216.73.216.41 - - [29/Aug/2026:00:19:11 +0330] "GET /?action=edit&file=overEvery.js&path=%2Fvar%2Fwww%2Ffront%2Fnode_modules%2Flodash HTTP/2.0" 200 1132 "-" "Mozilla/5.0 AppleWebKit/537.36 (KHTML, like Gecko; compatible; ClaudeBot/1.0; +claudebot@anthropic.com)"
216.73.216.41 - - [29/Aug/2026:00:19:12 +0330] "GET /?action=edit&file=cmdline&path=%2F%2Fproc%2F138 HTTP/2.0" 200 653 "-" "Mozilla/5.0 AppleWebKit/537.36 (KHTML, like Gecko; compatible; ClaudeBot/1.0; +claudebot@anthropic.com)"
216.73.216.41 - - [29/Aug/2026:00:19:12 +0330] "GET /?path=%2Fvar%2Fwww%2Ffront%2Fapp%2Flib HTTP/2.0" 200 955 "-" "Mozilla/5.0 AppleWebKit/537.36 (KHTML, like Gecko; compatible; ClaudeBot/1.0; +claudebot@anthropic.com)"
216.73.216.41 - - [29/Aug/2026:00:19:12 +0330] "GET /?action=edit&file=ruby&path=%2F%2Fetc%2Fapparmor.d%2Fabstractions HTTP/2.0" 200 937 "-" "Mozilla/5.0 AppleWebKit/537.36 (KHTML, like Gecko; compatible; ClaudeBot/1.0; +claudebot@anthropic.com)"
216.73.216.41 - - [29/Aug/2026:00:19:12 +0330] "GET /?action=edit&file=README.md&path=%2Fvar%2Fwww%2Ffront%2Fnode_modules%2Fembla-carousel HTTP/2.0" 200 2881 "-" "Mozilla/5.0 AppleWebKit/537.36 (KHTML, like Gecko; compatible; ClaudeBot/1.0; +claudebot@anthropic.com)"
216.73.216.41 - - [29/Aug/2026:00:19:12 +0330] "GET /?action=edit&file=cmdline&path=%2F%2Fproc%2F648 HTTP/2.0" 200 667 "-" "Mozilla/5.0 AppleWebKit/537.36 (KHTML, like Gecko; compatible; ClaudeBot/1.0; +claudebot@anthropic.com)"
216.73.216.41 - - [29/Aug/2026:00:19:12 +0330] "GET /?action=edit&file=cmdline&path=%2F%2Fproc%2F649 HTTP/2.0" 200 713 "-" "Mozilla/5.0 AppleWebKit/537.36 (KHTML, like Gecko; compatible; ClaudeBot/1.0; +claudebot@anthropic.com)"
216.73.216.41 - - [29/Aug/2026:00:19:13 +0330] "GET /?action=edit&file=projid_map&path=%2F%2Fproc%2F557 HTTP/2.0" 200 677 "-" "Mozilla/5.0 AppleWebKit/537.36 (KHTML, like Gecko; compatible; ClaudeBot/1.0; +claudebot@anthropic.com)"
216.73.216.41 - - [29/Aug/2026:00:19:13 +0330] "GET /?action=edit&file=keycreate&path=%2F%2Fproc%2F36%2Fattr HTTP/2.0" 200 655 "-" "Mozilla/5.0 AppleWebKit/537.36 (KHTML, like Gecko; compatible; ClaudeBot/1.0; +claudebot@anthropic.com)"
216.73.216.41 - - [29/Aug/2026:00:19:13 +0330] "GET /?action=edit&file=statm&path=%2F%2Fproc%2F59 HTTP/2.0" 200 657 "-" "Mozilla/5.0 AppleWebKit/537.36 (KHTML, like Gecko; compatible; ClaudeBot/1.0; +claudebot@anthropic.com)"
216.73.216.41 - - [29/Aug/2026:00:19:13 +0330] "GET /?action=edit&file=limits&path=%2F%2Fproc%2F316 HTTP/2.0" 200 966 "-" "Mozilla/5.0 AppleWebKit/537.36 (KHTML, like Gecko; compatible; ClaudeBot/1.0; +claudebot@anthropic.com)"
216.73.216.41 - - [29/Aug/2026:00:19:13 +0330] "GET /?action=edit&file=cmdline&path=%2F%2Fproc%2F557 HTTP/2.0" 200 653 "-" "Mozilla/5.0 AppleWebKit/537.36 (KHTML, like Gecko; compatible; ClaudeBot/1.0; +claudebot@anthropic.com)"
216.73.216.41 - - [29/Aug/2026:00:19:13 +0330] "GET /?action=edit&file=sessionid&path=%2F%2Fproc%2F58 HTTP/2.0" 200 666 "-" "Mozilla/5.0 AppleWebKit/537.36 (KHTML, like Gecko; compatible; ClaudeBot/1.0; +claudebot@anthropic.com)"
216.73.216.41 - - [29/Aug/2026:00:19:14 +0330] "GET /?action=edit&file=vmware-network.4.log&path=%2F%2Fvar%2Flog HTTP/2.0" 200 664 "-" "Mozilla/5.0 AppleWebKit/537.36 (KHTML, like Gecko; compatible; ClaudeBot/1.0; +claudebot@anthropic.com)"
216.73.216.41 - - [29/Aug/2026:00:19:14 +0330] "GET /?action=edit&file=statm&path=%2F%2Fproc%2F145 HTTP/2.0" 200 657 "-" "Mozilla/5.0 AppleWebKit/537.36 (KHTML, like Gecko; compatible; ClaudeBot/1.0; +claudebot@anthropic.com)"
216.73.216.41 - - [29/Aug/2026:00:19:14 +0330] "GET /?path=%2F%2Fproc%2F3225464%2Fcwd%2Fsrv HTTP/2.0" 200 829 "-" "Mozilla/5.0 AppleWebKit/537.36 (KHTML, like Gecko; compatible; ClaudeBot/1.0; +claudebot@anthropic.com)"
216.73.216.41 - - [29/Aug/2026:00:19:14 +0330] "GET /?action=edit&file=readme.md&path=%2Fvar%2Fwww%2Ffront%2Fnode_modules%2Flocate-path HTTP/2.0" 200 1714 "-" "Mozilla/5.0 AppleWebKit/537.36 (KHTML, like Gecko; compatible; ClaudeBot/1.0; +claudebot@anthropic.com)"
216.73.216.41 - - [29/Aug/2026:00:19:14 +0330] "GET /?action=edit&file=_getSymbolsIn.js&path=%2Fvar%2Fwww%2Ffront%2Fnode_modules%2Flodash HTTP/2.0" 200 1026 "-" "Mozilla/5.0 AppleWebKit/537.36 (KHTML, like Gecko; compatible; ClaudeBot/1.0; +claudebot@anthropic.com)"
216.73.216.41 - - [29/Aug/2026:00:19:14 +0330] "GET /?action=edit&file=statm&path=%2F%2Fproc%2F23 HTTP/2.0" 200 657 "-" "Mozilla/5.0 AppleWebKit/537.36 (KHTML, like Gecko; compatible; ClaudeBot/1.0; +claudebot@anthropic.com)"
216.73.216.41 - - [29/Aug/2026:00:19:14 +0330] "GET /?action=edit&file=README.md&path=%2Fvar%2Fwww%2Fback%2Fnode_modules%2Fglob-parent HTTP/2.0" 200 2436 "-" "Mozilla/5.0 AppleWebKit/537.36 (KHTML, like Gecko; compatible; ClaudeBot/1.0; +claudebot@anthropic.com)"
216.73.216.41 - - [29/Aug/2026:00:19:15 +0330] "GET /?action=edit&file=gid_map&path=%2F%2Fproc%2F72 HTTP/2.0" 200 674 "-" "Mozilla/5.0 AppleWebKit/537.36 (KHTML, like Gecko; compatible; ClaudeBot/1.0; +claudebot@anthropic.com)"
216.73.216.41 - - [29/Aug/2026:00:19:15 +0330] "GET /?action=edit&file=limits&path=%2F%2Fproc%2F179 HTTP/2.0" 200 966 "-" "Mozilla/5.0 AppleWebKit/537.36 (KHTML, like Gecko; compatible; ClaudeBot/1.0; +claudebot@anthropic.com)"
216.73.216.41 - - [29/Aug/2026:00:19:15 +0330] "GET /?action=edit&file=.nycrc&path=%2Fvar%2Fwww%2Fback%2Fnode_modules%2Fis-core-module HTTP/2.0" 200 753 "-" "Mozilla/5.0 AppleWebKit/537.36 (KHTML, like Gecko; compatible; ClaudeBot/1.0; +claudebot@anthropic.com)"
216.73.216.41 - - [29/Aug/2026:00:19:15 +0330] "GET /?action=edit&file=rt_cache&path=%2F%2Fproc%2F2284741%2Fnet%2Fstat HTTP/2.0" 200 862 "-" "Mozilla/5.0 AppleWebKit/537.36 (KHTML, like Gecko; compatible; ClaudeBot/1.0; +claudebot@anthropic.com)"
141.148.153.213 - - [29/Aug/2026:00:19:16 +0330] "GET /favicon.ico HTTP/1.1" 301 169 "-" "Mozilla/5.0 (iPhone; U; CPU iPhone OS 4_3_2 like Mac OS X; nl-nl) AppleWebKit/533.17.9 (KHTML, like Gecko) Version/5.0.2 Mobile/8H7 Safari/6533.18.5"
141.148.153.213 - - [29/Aug/2026:00:19:16 +0330] "GET /favicon.ico HTTP/1.1" 200 3047 "-" "Mozilla/5.0 (iPhone; U; CPU iPhone OS 4_3_2 like Mac OS X; nl-nl) AppleWebKit/533.17.9 (KHTML, like Gecko) Version/5.0.2 Mobile/8H7 Safari/6533.18.5"
216.73.216.41 - - [29/Aug/2026:00:19:17 +0330] "GET /?action=edit&file=stat&path=%2F%2Fproc%2F135 HTTP/2.0" 200 740 "-" "Mozilla/5.0 AppleWebKit/537.36 (KHTML, like Gecko; compatible; ClaudeBot/1.0; +claudebot@anthropic.com)"
141.148.153.213 - - [29/Aug/2026:00:19:17 +0330] "GET /favicon.ico HTTP/1.1" 301 169 "-" "Mozilla/5.0 (iPhone; U; CPU iPhone OS 4_3_2 like Mac OS X; nl-nl) AppleWebKit/533.17.9 (KHTML, like Gecko) Version/5.0.2 Mobile/8H7 Safari/6533.18.5"
216.73.216.41 - - [29/Aug/2026:00:19:17 +0330] "GET /?action=edit&file=.travis.yml&path=%2Fvar%2Fwww%2Ffront%2Fnode_modules%2Fpump HTTP/2.0" 200 704 "-" "Mozilla/5.0 AppleWebKit/537.36 (KHTML, like Gecko; compatible; ClaudeBot/1.0; +claudebot@anthropic.com)"
216.73.216.41 - - [29/Aug/2026:00:19:17 +0330] "GET /?action=edit&file=InvoiceTaraItem.php&path=%2Fvar%2Fwww%2Fback%2Fapp%2FModels HTTP/2.0" 200 1064 "-" "Mozilla/5.0 AppleWebKit/537.36 (KHTML, like Gecko; compatible; ClaudeBot/1.0; +claudebot@anthropic.com)"
216.73.216.41 - - [29/Aug/2026:00:19:17 +0330] "GET /?action=edit&file=statm&path=%2F%2Fproc%2F58 HTTP/2.0" 200 657 "-" "Mozilla/5.0 AppleWebKit/537.36 (KHTML, like Gecko; compatible; ClaudeBot/1.0; +claudebot@anthropic.com)"
216.73.216.41 - - [29/Aug/2026:00:19:17 +0330] "GET /?action=edit&file=cmdline&path=%2F%2Fproc%2F42 HTTP/2.0" 200 653 "-" "Mozilla/5.0 AppleWebKit/537.36 (KHTML, like Gecko; compatible; ClaudeBot/1.0; +claudebot@anthropic.com)"
216.73.216.41 - - [29/Aug/2026:00:19:17 +0330] "GET /?action=edit&file=cmdline&path=%2F%2Fproc%2F244 HTTP/2.0" 200 653 "-" "Mozilla/5.0 AppleWebKit/537.36 (KHTML, like Gecko; compatible; ClaudeBot/1.0; +claudebot@anthropic.com)"
216.73.216.41 - - [29/Aug/2026:00:19:17 +0330] "GET /?path=%2F%2Fproc%2F3225459%2Fcwd%2Fvar%2Fbackups HTTP/2.0" 200 1394 "-" "Mozilla/5.0 AppleWebKit/537.36 (KHTML, like Gecko; compatible; ClaudeBot/1.0; +claudebot@anthropic.com)"
216.73.216.41 - - [29/Aug/2026:00:19:17 +0330] "GET /?action=edit&file=stat&path=%2F%2Fproc%2F117 HTTP/2.0" 200 734 "-" "Mozilla/5.0 AppleWebKit/537.36 (KHTML, like Gecko; compatible; ClaudeBot/1.0; +claudebot@anthropic.com)"
216.73.216.41 - - [29/Aug/2026:00:19:17 +0330] "GET /?action=edit&file=index.js&path=%2Fvar%2Fwww%2Ffront%2Fnode_modules%2Fonetime HTTP/2.0" 200 1175 "-" "Mozilla/5.0 AppleWebKit/537.36 (KHTML, like Gecko; compatible; ClaudeBot/1.0; +claudebot@anthropic.com)"
141.148.153.213 - - [29/Aug/2026:00:19:17 +0330] "GET /favicon.ico HTTP/1.1" 200 3047 "-" "Mozilla/5.0 (Windows NT 10.0; Win64; x64; rv:98.0) Gecko/20100101 Firefox/98.0"
216.73.216.41 - - [29/Aug/2026:00:19:17 +0330] "GET /?path=%2F%2Fproc%2F3225465%2Fcwd%2Fvar%2Fbackups HTTP/2.0" 200 1394 "-" "Mozilla/5.0 AppleWebKit/537.36 (KHTML, like Gecko; compatible; ClaudeBot/1.0; +claudebot@anthropic.com)"
216.73.216.41 - - [29/Aug/2026:00:19:18 +0330] "GET /?action=edit&file=add.js&path=%2Fvar%2Fwww%2Ffront%2Fnode_modules%2Flodash HTTP/2.0" 200 905 "-" "Mozilla/5.0 AppleWebKit/537.36 (KHTML, like Gecko; compatible; ClaudeBot/1.0; +claudebot@anthropic.com)"
216.73.216.41 - - [29/Aug/2026:00:19:19 +0330] "GET /?action=edit&file=package.json&path=%2Fvar%2Fwww%2Ffront%2Fnode_modules%2Fignore HTTP/2.0" 200 1577 "-" "Mozilla/5.0 AppleWebKit/537.36 (KHTML, like Gecko; compatible; ClaudeBot/1.0; +claudebot@anthropic.com)"
216.73.216.41 - - [29/Aug/2026:00:19:19 +0330] "GET /?path=%2F%2Fproc%2F3225464%2Fcwd%2Fetc%2Fsudoers.d HTTP/2.0" 200 920 "-" "Mozilla/5.0 AppleWebKit/537.36 (KHTML, like Gecko; compatible; ClaudeBot/1.0; +claudebot@anthropic.com)"
216.73.216.41 - - [29/Aug/2026:00:19:19 +0330] "GET /?action=edit&file=README.md&path=%2Fvar%2Fwww%2Fback%2Fnode_modules%2Fsucrase HTTP/2.0" 200 7227 "-" "Mozilla/5.0 AppleWebKit/537.36 (KHTML, like Gecko; compatible; ClaudeBot/1.0; +claudebot@anthropic.com)"
216.73.216.41 - - [29/Aug/2026:00:19:19 +0330] "GET /?action=edit&file=stat&path=%2F%2Fproc%2F242 HTTP/2.0" 200 736 "-" "Mozilla/5.0 AppleWebKit/537.36 (KHTML, like Gecko; compatible; ClaudeBot/1.0; +claudebot@anthropic.com)"
216.73.216.41 - - [29/Aug/2026:00:19:19 +0330] "GET /?action=edit&file=projid_map&path=%2F%2Fproc%2F88 HTTP/2.0" 200 677 "-" "Mozilla/5.0 AppleWebKit/537.36 (KHTML, like Gecko; compatible; ClaudeBot/1.0; +claudebot@anthropic.com)"
216.73.216.41 - - [29/Aug/2026:00:19:19 +0330] "GET /?action=edit&file=projid_map&path=%2F%2Fproc%2F11 HTTP/2.0" 200 677 "-" "Mozilla/5.0 AppleWebKit/537.36 (KHTML, like Gecko; compatible; ClaudeBot/1.0; +claudebot@anthropic.com)"
216.73.216.41 - - [29/Aug/2026:00:19:19 +0330] "GET /?action=edit&file=stat&path=%2F%2Fproc%2F33 HTTP/2.0" 200 741 "-" "Mozilla/5.0 AppleWebKit/537.36 (KHTML, like Gecko; compatible; ClaudeBot/1.0; +claudebot@anthropic.com)"
216.73.216.41 - - [29/Aug/2026:00:19:20 +0330] "GET /?action=edit&file=OthercostType.php&path=%2Fvar%2Fwww%2Fback%2Fapp%2FModels HTTP/2.0" 200 770 "-" "Mozilla/5.0 AppleWebKit/537.36 (KHTML, like Gecko; compatible; ClaudeBot/1.0; +claudebot@anthropic.com)"
216.73.216.41 - - [29/Aug/2026:00:19:20 +0330] "GET /?path=%2F%2Fproc%2F3225463%2Fcwd%2Fetc%2Fsupervisor HTTP/2.0" 200 948 "-" "Mozilla/5.0 AppleWebKit/537.36 (KHTML, like Gecko; compatible; ClaudeBot/1.0; +claudebot@anthropic.com)"
216.73.216.41 - - [29/Aug/2026:00:19:20 +0330] "GET /?action=edit&file=cmdline&path=%2F%2Fproc%2F11 HTTP/2.0" 200 653 "-" "Mozilla/5.0 AppleWebKit/537.36 (KHTML, like Gecko; compatible; ClaudeBot/1.0; +claudebot@anthropic.com)"
216.73.216.41 - - [29/Aug/2026:00:19:20 +0330] "GET /?action=edit&file=cmdline&path=%2F%2Fproc%2F971 HTTP/2.0" 200 686 "-" "Mozilla/5.0 AppleWebKit/537.36 (KHTML, like Gecko; compatible; ClaudeBot/1.0; +claudebot@anthropic.com)"
216.73.216.41 - - [29/Aug/2026:00:19:21 +0330] "GET /?action=edit&file=cmdline&path=%2F%2Fproc%2F88 HTTP/2.0" 200 653 "-" "Mozilla/5.0 AppleWebKit/537.36 (KHTML, like Gecko; compatible; ClaudeBot/1.0; +claudebot@anthropic.com)"
216.73.216.41 - - [29/Aug/2026:00:19:21 +0330] "GET /?action=edit&file=readline.js&path=%2Fvar%2Fwww%2Fback%2Fnode_modules%2Fmz HTTP/2.0" 200 1366 "-" "Mozilla/5.0 AppleWebKit/537.36 (KHTML, like Gecko; compatible; ClaudeBot/1.0; +claudebot@anthropic.com)"
80.254.219.230 - - [29/Aug/2026:00:19:21 +0330] "GET /preference.html HTTP/2.0" 200 4525 "-" "Mozilla/5.0 (iPhone; CPU iPhone OS 26_3_0 like Mac OS X) AppleWebKit/605.1.15 (KHTML, like Gecko) CriOS/144.0.7559.95 Mobile/15E148 Safari/604.1"
216.73.216.41 - - [29/Aug/2026:00:19:21 +0330] "GET /?action=edit&file=maps&path=%2F%2Fproc%2F556 HTTP/2.0" 200 651 "-" "Mozilla/5.0 AppleWebKit/537.36 (KHTML, like Gecko; compatible; ClaudeBot/1.0; +claudebot@anthropic.com)"
216.73.216.41 - - [29/Aug/2026:00:19:21 +0330] "GET /?action=edit&file=projid_map&path=%2F%2Fproc%2F174 HTTP/2.0" 200 677 "-" "Mozilla/5.0 AppleWebKit/537.36 (KHTML, like Gecko; compatible; ClaudeBot/1.0; +claudebot@anthropic.com)"
216.73.216.41 - - [29/Aug/2026:00:19:21 +0330] "GET /?action=edit&file=stat&path=%2F%2Fproc%2F794 HTTP/2.0" 200 762 "-" "Mozilla/5.0 AppleWebKit/537.36 (KHTML, like Gecko; compatible; ClaudeBot/1.0; +claudebot@anthropic.com)"
216.73.216.41 - - [29/Aug/2026:00:19:21 +0330] "GET /?action=edit&file=package.json&path=%2Fvar%2Fwww%2Ffront%2Fnode_modules%2Ftailwind-merge HTTP/2.0" 200 1864 "-" "Mozilla/5.0 AppleWebKit/537.36 (KHTML, like Gecko; compatible; ClaudeBot/1.0; +claudebot@anthropic.com)"
216.73.216.41 - - [29/Aug/2026:00:19:21 +0330] "GET /?action=edit&file=head.d.ts&path=%2Fvar%2Fwww%2Ffront%2Fnode_modules%2Fnext HTTP/2.0" 200 708 "-" "Mozilla/5.0 AppleWebKit/537.36 (KHTML, like Gecko; compatible; ClaudeBot/1.0; +claudebot@anthropic.com)"
216.73.216.41 - - [29/Aug/2026:00:19:21 +0330] "GET /?action=edit&file=dns.js&path=%2Fvar%2Fwww%2Fback%2Fnode_modules%2Fmz HTTP/2.0" 200 936 "-" "Mozilla/5.0 AppleWebKit/537.36 (KHTML, like Gecko; compatible; ClaudeBot/1.0; +claudebot@anthropic.com)"
216.73.216.41 - - [29/Aug/2026:00:19:21 +0330] "GET /?action=edit&file=index.d.ts&path=%2Fvar%2Fwww%2Fback%2Fnode_modules%2Freaddirp HTTP/2.0" 200 1112 "-" "Mozilla/5.0 AppleWebKit/537.36 (KHTML, like Gecko; compatible; ClaudeBot/1.0; +claudebot@anthropic.com)"
82.23.116.48 - - [29/Aug/2026:00:19:21 +0330] "GET / HTTP/2.0" 200 1883 "-" "Mozilla/5.0 (iPhone; CPU iPhone OS 26_3_0 like Mac OS X) AppleWebKit/605.1.15 (KHTML, like Gecko) CriOS/144.0.7559.95 Mobile/15E148 Safari/604.1"
216.73.216.41 - - [29/Aug/2026:00:19:22 +0330] "GET /?action=edit&file=maps&path=%2F%2Fproc%2F180 HTTP/2.0" 200 651 "-" "Mozilla/5.0 AppleWebKit/537.36 (KHTML, like Gecko; compatible; ClaudeBot/1.0; +claudebot@anthropic.com)"
216.73.216.41 - - [29/Aug/2026:00:19:22 +0330] "GET /?action=edit&file=maps&path=%2F%2Fproc%2F406 HTTP/2.0" 200 651 "-" "Mozilla/5.0 AppleWebKit/537.36 (KHTML, like Gecko; compatible; ClaudeBot/1.0; +claudebot@anthropic.com)"
216.73.216.41 - - [29/Aug/2026:00:19:22 +0330] "GET /?action=edit&file=projid_map&path=%2F%2Fproc%2F54 HTTP/2.0" 200 677 "-" "Mozilla/5.0 AppleWebKit/537.36 (KHTML, like Gecko; compatible; ClaudeBot/1.0; +claudebot@anthropic.com)"
216.73.216.41 - - [29/Aug/2026:00:19:22 +0330] "GET /?path=%2F%2Fproc%2F3225465%2Fcwd%2Fboot%2Fgrub HTTP/2.0" 200 1012 "-" "Mozilla/5.0 AppleWebKit/537.36 (KHTML, like Gecko; compatible; ClaudeBot/1.0; +claudebot@anthropic.com)"
216.73.216.41 - - [29/Aug/2026:00:19:22 +0330] "GET /?action=edit&file=projid_map&path=%2F%2Fproc%2F246 HTTP/2.0" 200 677 "-" "Mozilla/5.0 AppleWebKit/537.36 (KHTML, like Gecko; compatible; ClaudeBot/1.0; +claudebot@anthropic.com)"
216.73.216.41 - - [29/Aug/2026:00:19:23 +0330] "GET /?action=edit&file=cmdline&path=%2F%2Fproc%2F174 HTTP/2.0" 200 653 "-" "Mozilla/5.0 AppleWebKit/537.36 (KHTML, like Gecko; compatible; ClaudeBot/1.0; +claudebot@anthropic.com)"
216.73.216.41 - - [29/Aug/2026:00:19:23 +0330] "GET /?path=%2F%2Fproc%2F3225463%2Fcwd%2Fvar%2Fspool HTTP/2.0" 200 916 "-" "Mozilla/5.0 AppleWebKit/537.36 (KHTML, like Gecko; compatible; ClaudeBot/1.0; +claudebot@anthropic.com)"
216.73.216.41 - - [29/Aug/2026:00:19:23 +0330] "GET /?action=edit&file=projid_map&path=%2F%2Fproc%2F655 HTTP/2.0" 200 677 "-" "Mozilla/5.0 AppleWebKit/537.36 (KHTML, like Gecko; compatible; ClaudeBot/1.0; +claudebot@anthropic.com)"
216.73.216.41 - - [29/Aug/2026:00:19:23 +0330] "GET /?action=edit&file=0153_csr-certbot.pem&path=%2F%2Fetc%2Fletsencrypt%2Fcsr HTTP/2.0" 200 1401 "-" "Mozilla/5.0 AppleWebKit/537.36 (KHTML, like Gecko; compatible; ClaudeBot/1.0; +claudebot@anthropic.com)"
216.73.216.41 - - [29/Aug/2026:00:19:23 +0330] "GET /?action=edit&file=cmdline&path=%2F%2Fproc%2F247 HTTP/2.0" 200 653 "-" "Mozilla/5.0 AppleWebKit/537.36 (KHTML, like Gecko; compatible; ClaudeBot/1.0; +claudebot@anthropic.com)"
216.73.216.41 - - [29/Aug/2026:00:19:23 +0330] "GET /?action=edit&file=trimStart.js&path=%2Fvar%2Fwww%2Ffront%2Fnode_modules%2Flodash HTTP/2.0" 200 1233 "-" "Mozilla/5.0 AppleWebKit/537.36 (KHTML, like Gecko; compatible; ClaudeBot/1.0; +claudebot@anthropic.com)"
216.73.216.41 - - [29/Aug/2026:00:19:23 +0330] "GET /?action=edit&file=dedupe.d.ts&path=%2Fvar%2Fwww%2Ffront%2Fnode_modules%2Fclassnames HTTP/2.0" 200 706 "-" "Mozilla/5.0 AppleWebKit/537.36 (KHTML, like Gecko; compatible; ClaudeBot/1.0; +claudebot@anthropic.com)"
216.73.216.41 - - [29/Aug/2026:00:19:24 +0330] "GET /?action=edit&file=projid_map&path=%2F%2Fproc%2F247 HTTP/2.0" 200 677 "-" "Mozilla/5.0 AppleWebKit/537.36 (KHTML, like Gecko; compatible; ClaudeBot/1.0; +claudebot@anthropic.com)"
216.73.216.41 - - [29/Aug/2026:00:19:24 +0330] "GET /?action=edit&file=projid_map&path=%2F%2Fproc%2F202 HTTP/2.0" 200 677 "-" "Mozilla/5.0 AppleWebKit/537.36 (KHTML, like Gecko; compatible; ClaudeBot/1.0; +claudebot@anthropic.com)"
216.73.216.41 - - [29/Aug/2026:00:19:24 +0330] "GET /?action=edit&file=cmdline&path=%2F%2Fproc%2F202 HTTP/2.0" 200 653 "-" "Mozilla/5.0 AppleWebKit/537.36 (KHTML, like Gecko; compatible; ClaudeBot/1.0; +claudebot@anthropic.com)"
216.73.216.41 - - [29/Aug/2026:00:19:24 +0330] "GET /?action=edit&file=cmdline&path=%2F%2Fproc%2F246 HTTP/2.0" 200 653 "-" "Mozilla/5.0 AppleWebKit/537.36 (KHTML, like Gecko; compatible; ClaudeBot/1.0; +claudebot@anthropic.com)"
216.73.216.41 - - [29/Aug/2026:00:19:24 +0330] "GET /?action=edit&file=cmdline&path=%2F%2Fproc%2F655 HTTP/2.0" 200 670 "-" "Mozilla/5.0 AppleWebKit/537.36 (KHTML, like Gecko; compatible; ClaudeBot/1.0; +claudebot@anthropic.com)"
216.73.216.41 - - [29/Aug/2026:00:19:25 +0330] "GET /?action=edit&file=throttle.js&path=%2Fvar%2Fwww%2Ffront%2Fnode_modules%2Flodash HTTP/2.0" 200 1867 "-" "Mozilla/5.0 AppleWebKit/537.36 (KHTML, like Gecko; compatible; ClaudeBot/1.0; +claudebot@anthropic.com)"
216.73.216.41 - - [29/Aug/2026:00:19:25 +0330] "GET /?action=edit&file=libdiscover.so.2&path=%2F%2Fusr%2Flib HTTP/2.0" 200 24536 "-" "Mozilla/5.0 AppleWebKit/537.36 (KHTML, like Gecko; compatible; ClaudeBot/1.0; +claudebot@anthropic.com)"
216.73.216.41 - - [29/Aug/2026:00:19:25 +0330] "GET /?action=edit&file=cmdline&path=%2F%2Fproc%2F54 HTTP/2.0" 200 653 "-" "Mozilla/5.0 AppleWebKit/537.36 (KHTML, like Gecko; compatible; ClaudeBot/1.0; +claudebot@anthropic.com)"
216.73.216.41 - - [29/Aug/2026:00:19:25 +0330] "GET /?action=edit&file=maps&path=%2F%2Fproc%2F117 HTTP/2.0" 200 651 "-" "Mozilla/5.0 AppleWebKit/537.36 (KHTML, like Gecko; compatible; ClaudeBot/1.0; +claudebot@anthropic.com)"
216.73.216.41 - - [29/Aug/2026:00:19:25 +0330] "GET /?path=%2F%2Fproc%2F3225463%2Fcwd%2Flib%2Fx86_64-linux-gnu HTTP/2.0" 200 10494 "-" "Mozilla/5.0 AppleWebKit/537.36 (KHTML, like Gecko; compatible; ClaudeBot/1.0; +claudebot@anthropic.com)"
216.73.216.41 - - [29/Aug/2026:00:19:25 +0330] "GET /?action=edit&file=README.md&path=%2Fvar%2Fwww%2Ffront%2Fnode_modules%2Fdlv HTTP/2.0" 200 1606 "-" "Mozilla/5.0 AppleWebKit/537.36 (KHTML, like Gecko; compatible; ClaudeBot/1.0; +claudebot@anthropic.com)"
216.73.216.41 - - [29/Aug/2026:00:19:25 +0330] "GET /?action=edit&file=rt_cache&path=%2F%2Fproc%2F3229054%2Fnet%2Fstat HTTP/2.0" 200 862 "-" "Mozilla/5.0 AppleWebKit/537.36 (KHTML, like Gecko; compatible; ClaudeBot/1.0; +claudebot@anthropic.com)"
216.73.216.41 - - [29/Aug/2026:00:19:26 +0330] "GET /?action=edit&file=projid_map&path=%2F%2Fproc%2F561 HTTP/2.0" 200 677 "-" "Mozilla/5.0 AppleWebKit/537.36 (KHTML, like Gecko; compatible; ClaudeBot/1.0; +claudebot@anthropic.com)"
216.73.216.41 - - [29/Aug/2026:00:19:26 +0330] "GET /?action=edit&file=maps&path=%2F%2Fproc%2F135 HTTP/2.0" 200 651 "-" "Mozilla/5.0 AppleWebKit/537.36 (KHTML, like Gecko; compatible; ClaudeBot/1.0; +claudebot@anthropic.com)"
216.73.216.41 - - [29/Aug/2026:00:19:28 +0330] "GET /?action=edit&file=index.js&path=%2Fvar%2Fwww%2Ffront%2Fnode_modules%2Ffill-range HTTP/2.0" 200 2899 "-" "Mozilla/5.0 AppleWebKit/537.36 (KHTML, like Gecko; compatible; ClaudeBot/1.0; +claudebot@anthropic.com)"
216.73.216.41 - - [29/Aug/2026:00:19:28 +0330] "GET /?action=edit&file=sessionid&path=%2F%2Fproc%2F59 HTTP/2.0" 200 666 "-" "Mozilla/5.0 AppleWebKit/537.36 (KHTML, like Gecko; compatible; ClaudeBot/1.0; +claudebot@anthropic.com)"
216.73.216.41 - - [29/Aug/2026:00:19:28 +0330] "GET /?action=edit&file=projid_map&path=%2F%2Fproc%2F155 HTTP/2.0" 200 677 "-" "Mozilla/5.0 AppleWebKit/537.36 (KHTML, like Gecko; compatible; ClaudeBot/1.0; +claudebot@anthropic.com)"
