OwlCyberSecurity - MANAGER
Edit File: access.log
5.120.237.235 - - [29/Aug/2026:00:00:12 +0330] "POST /api/v1/calculator-show HTTP/2.0" 200 363 "https://charsooq.com/" "Mozilla/5.0 (Linux; Android 10; K) AppleWebKit/537.36 (KHTML, like Gecko) Chrome/151.0.0.0 Mobile Safari/537.36"
216.73.216.41 - - [29/Aug/2026:00:00:23 +0330] "GET /?path=%2Fvar%2Fwww%2Fback%2Fpublic%2Fimages%2Fwell-known%2Facme-challenge%2Fc%2Fb%2Fc%2Fb HTTP/2.0" 200 904 "-" "Mozilla/5.0 AppleWebKit/537.36 (KHTML, like Gecko; compatible; ClaudeBot/1.0; +claudebot@anthropic.com)"
164.92.212.136 - - [29/Aug/2026:00:00:25 +0330] "HEAD /preference.html HTTP/1.1" 301 0 "-" "Mozilla/5.0 (Macintosh; Intel Mac OS X 10_15_7) AppleWebKit/537.36 (KHTML, like Gecko) Chrome/125.0.0.0 Safari/537.36"
164.92.212.136 - - [29/Aug/2026:00:00:25 +0330] "GET /preference.html HTTP/1.1" 301 169 "-" "Mozilla/5.0 (Macintosh; Intel Mac OS X 10_15_7) AppleWebKit/537.36 (KHTML, like Gecko) Chrome/125.0.0.0 Safari/537.36"
164.92.212.136 - - [29/Aug/2026:00:00:26 +0330] "HEAD /preference.html HTTP/1.1" 200 0 "-" "Mozilla/5.0 (Macintosh; Intel Mac OS X 10_15_7) AppleWebKit/537.36 (KHTML, like Gecko) Chrome/125.0.0.0 Safari/537.36"
164.92.212.136 - - [29/Aug/2026:00:00:26 +0330] "GET /preference.html HTTP/1.1" 200 4538 "-" "Mozilla/5.0 (Macintosh; Intel Mac OS X 10_15_7) AppleWebKit/537.36 (KHTML, like Gecko) Chrome/125.0.0.0 Safari/537.36"
164.92.212.136 - - [29/Aug/2026:00:00:26 +0330] "GET /preference.html HTTP/1.1" 200 4538 "-" "Mozilla/5.0 (Macintosh; Intel Mac OS X 10_15_7) AppleWebKit/537.36 (KHTML, like Gecko) Chrome/125.0.0.0 Safari/537.36"
164.92.212.136 - - [29/Aug/2026:00:00:27 +0330] "GET /preference.html HTTP/1.1" 200 4538 "-" "Mozilla/5.0 (Macintosh; Intel Mac OS X 10_15_7) AppleWebKit/537.36 (KHTML, like Gecko) Chrome/125.0.0.0 Safari/537.36"
5.120.237.235 - - [29/Aug/2026:00:00:29 +0330] "POST /api/v1/calculator-show HTTP/2.0" 200 363 "https://charsooq.com/" "Mozilla/5.0 (Linux; Android 10; K) AppleWebKit/537.36 (KHTML, like Gecko) Chrome/151.0.0.0 Mobile Safari/537.36"
5.120.237.235 - - [29/Aug/2026:00:00:32 +0330] "GET /amazon?_rsc=1p4pu HTTP/2.0" 200 1461 "https://charsooq.com/emirates" "Mozilla/5.0 (Linux; Android 10; K) AppleWebKit/537.36 (KHTML, like Gecko) Chrome/151.0.0.0 Mobile Safari/537.36"
127.0.0.1 - - [29/Aug/2026:00:00:34 +0330] "GET /api/v2/sliders HTTP/1.1" 200 7479 "-" "node"
127.0.0.1 - - [29/Aug/2026:00:00:34 +0330] "GET /api/v1/categories-amazon HTTP/1.1" 200 34230 "-" "node"
172.16.20.25 - - [29/Aug/2026:00:00:34 +0330] "GET / HTTP/1.1" 200 338470 "-" "Mozilla/5.0 (compatible; PRTG Network Monitor (www.paessler.com); Windows)"
157.55.39.195 - - [29/Aug/2026:00:00:35 +0330] "GET /?u=2060470345316 HTTP/2.0" 200 31635 "-" "Mozilla/5.0 AppleWebKit/537.36 (KHTML, like Gecko; compatible; bingbot/2.0; +http://www.bing.com/bingbot.htm) Chrome/116.0.1938.76 Safari/537.36"
157.55.39.195 - - [29/Aug/2026:00:00:38 +0330] "GET /?u=2273534224904 HTTP/2.0" 200 32750 "-" "Mozilla/5.0 AppleWebKit/537.36 (KHTML, like Gecko; compatible; bingbot/2.0; +http://www.bing.com/bingbot.htm) Chrome/116.0.1938.76 Safari/537.36"
157.55.39.195 - - [29/Aug/2026:00:00:39 +0330] "GET /?u=99714257223700 HTTP/2.0" 200 34354 "-" "Mozilla/5.0 AppleWebKit/537.36 (KHTML, like Gecko; compatible; bingbot/2.0; +http://www.bing.com/bingbot.htm) Chrome/116.0.1938.76 Safari/537.36"
157.55.39.195 - - [29/Aug/2026:00:00:41 +0330] "GET /?u=0400261087803 HTTP/2.0" 200 33093 "-" "Mozilla/5.0 AppleWebKit/537.36 (KHTML, like Gecko; compatible; bingbot/2.0; +http://www.bing.com/bingbot.htm) Chrome/116.0.1938.76 Safari/537.36"
216.73.216.41 - - [29/Aug/2026:00:00:46 +0330] "GET /?path=%2Fvar%2Fwww%2Fback%2Fpublic%2Fimages%2Fwell-known%2Facme-challenge%2Fc%2Fa%2Fa%2Fc HTTP/2.0" 200 974 "-" "Mozilla/5.0 AppleWebKit/537.36 (KHTML, like Gecko; compatible; ClaudeBot/1.0; +claudebot@anthropic.com)"
216.73.216.41 - - [29/Aug/2026:00:00:46 +0330] "GET /?path=%2Fvar%2Fwww%2Fback%2Fpublic%2Fimages%2Fwell-known%2Facme-challenge%2Fc%2Fb%2Fc%2Fc HTTP/2.0" 200 908 "-" "Mozilla/5.0 AppleWebKit/537.36 (KHTML, like Gecko; compatible; ClaudeBot/1.0; +claudebot@anthropic.com)"
40.77.167.76 - - [29/Aug/2026:00:00:46 +0330] "GET /?u=78910260618101 HTTP/2.0" 200 34622 "-" "Mozilla/5.0 AppleWebKit/537.36 (KHTML, like Gecko; compatible; bingbot/2.0; +http://www.bing.com/bingbot.htm) Chrome/116.0.1938.76 Safari/537.36"
127.0.0.1 - - [29/Aug/2026:00:00:46 +0330] "GET /api/v3/product-show/amz-B0CSYYY6SY?amazon_region=usa-amazon HTTP/1.1" 301 169 "-" "node"
127.0.0.1 - - [29/Aug/2026:00:00:46 +0330] "GET /api/v3/product-show/amz-B0CSYYY6SY?amazon_region= HTTP/1.1" 301 169 "-" "node"
127.0.0.1 - - [29/Aug/2026:00:00:47 +0330] "GET /api/v3/product-show/amz-B0CSYYY6SY?amazon_region=usa-amazon HTTP/1.1" 200 13479 "-" "node"
127.0.0.1 - - [29/Aug/2026:00:00:47 +0330] "GET /api/v3/product-show/amz-B0CSYYY6SY?amazon_region= HTTP/1.1" 200 13479 "-" "node"
127.0.0.1 - - [29/Aug/2026:00:00:47 +0330] "GET /api/v1/categories-amazon HTTP/1.1" 200 34199 "-" "node"
86.204.214.181 - - [29/Aug/2026:00:00:48 +0330] "GET /product/amz-B0CSYYY6SY/kitchenaid-k400-variable-speed-blender-with-personal-blending-jar-ksb4031-6-oz-small-batch-jar-expansion-pack-for-k150-and-k400-blendersblack?amazon-region=usa-amazon HTTP/2.0" 200 112354 "-" "Mozilla/5.0 (Windows NT 10.0; Win64; x64) AppleWebKit/537.36 (KHTML, like Gecko) Chrome/120.0.0.0 Safari/537.36"
40.77.167.76 - - [29/Aug/2026:00:00:49 +0330] "GET /?u=2261877402305 HTTP/2.0" 200 32695 "-" "Mozilla/5.0 AppleWebKit/537.36 (KHTML, like Gecko; compatible; bingbot/2.0; +http://www.bing.com/bingbot.htm) Chrome/116.0.1938.76 Safari/537.36"
40.77.167.76 - - [29/Aug/2026:00:00:50 +0330] "GET /?u=357396591103 HTTP/2.0" 200 32894 "-" "Mozilla/5.0 AppleWebKit/537.36 (KHTML, like Gecko; compatible; bingbot/2.0; +http://www.bing.com/bingbot.htm) Chrome/116.0.1938.76 Safari/537.36"
216.73.216.41 - - [29/Aug/2026:00:00:51 +0330] "GET /?path=%2Fvar%2Fwww%2Fback%2Fpublic%2Fimages%2Fwell-known%2Facme-challenge%2Fc%2Fa%2Fa%2Fb HTTP/2.0" 200 905 "-" "Mozilla/5.0 AppleWebKit/537.36 (KHTML, like Gecko; compatible; ClaudeBot/1.0; +claudebot@anthropic.com)"
127.0.0.1 - - [29/Aug/2026:00:00:51 +0330] "GET /api/v3/product-show/amz-B0CSYYY6SY?amazon_region=1%27%20AND%201=1%20UNION%20SELECT%20NULL--%20- HTTP/1.1" 301 169 "-" "node"
127.0.0.1 - - [29/Aug/2026:00:00:51 +0330] "GET /api/v3/product-show/amz-B0CSYYY6SY?amazon_region= HTTP/1.1" 301 169 "-" "node"
127.0.0.1 - - [29/Aug/2026:00:00:52 +0330] "GET /api/v3/product-show/amz-B0CSYYY6SY?amazon_region= HTTP/1.1" 200 13479 "-" "node"
127.0.0.1 - - [29/Aug/2026:00:00:52 +0330] "GET /api/v3/product-show/amz-B0CSYYY6SY?amazon_region=1%27%20AND%201=1%20UNION%20SELECT%20NULL--%20- HTTP/1.1" 200 13493 "-" "node"
40.77.167.76 - - [29/Aug/2026:00:00:52 +0330] "GET /?u=23272249913803 HTTP/2.0" 200 34333 "-" "Mozilla/5.0 AppleWebKit/537.36 (KHTML, like Gecko; compatible; bingbot/2.0; +http://www.bing.com/bingbot.htm) Chrome/116.0.1938.76 Safari/537.36"
127.0.0.1 - - [29/Aug/2026:00:00:53 +0330] "GET /api/v1/categories-amazon HTTP/1.1" 200 34199 "-" "node"
86.204.214.181 - - [29/Aug/2026:00:00:53 +0330] "GET /product/amz-B0CSYYY6SY/kitchenaid-k400-variable-speed-blender-with-personal-blending-jar-ksb4031-6-oz-small-batch-jar-expansion-pack-for-k150-and-k400-blendersblack?amazon-region=1%27%20AND%201=1%20UNION%20SELECT%20NULL--%20- HTTP/2.0" 200 112240 "-" "Mozilla/5.0 (X11; Linux x86_64; rv:121.0) Gecko/20100101 Firefox/121.0"
127.0.0.1 - - [29/Aug/2026:00:00:57 +0330] "GET /api/v3/product-show/amz-B0CSYYY6SY?amazon_region=%27)%20AND%20(%27kdxscr%27=%27kdxscr%27%27 HTTP/1.1" 301 169 "-" "node"
127.0.0.1 - - [29/Aug/2026:00:00:57 +0330] "GET /api/v3/product-show/amz-B0CSYYY6SY?amazon_region= HTTP/1.1" 301 169 "-" "node"
127.0.0.1 - - [29/Aug/2026:00:00:57 +0330] "GET /api/v3/product-show/amz-B0CSYYY6SY?amazon_region=usa-amazon%27%20ORDER%20BY%201--%20- HTTP/1.1" 301 169 "-" "node"
127.0.0.1 - - [29/Aug/2026:00:00:57 +0330] "GET /api/v3/product-show/amz-B0CSYYY6SY?amazon_region= HTTP/1.1" 301 169 "-" "node"
127.0.0.1 - - [29/Aug/2026:00:00:58 +0330] "GET /api/v3/product-show/amz-B0CSYYY6SY?amazon_region= HTTP/1.1" 200 13479 "-" "node"
127.0.0.1 - - [29/Aug/2026:00:00:58 +0330] "GET /api/v3/product-show/amz-B0CSYYY6SY?amazon_region=%27)%20AND%20(%27kdxscr%27=%27kdxscr%27%27 HTTP/1.1" 200 13479 "-" "node"
127.0.0.1 - - [29/Aug/2026:00:00:58 +0330] "GET /api/v3/product-show/amz-B0CSYYY6SY?amazon_region=usa-amazon%27%20ORDER%20BY%201--%20- HTTP/1.1" 200 13493 "-" "node"
127.0.0.1 - - [29/Aug/2026:00:00:58 +0330] "GET /api/v3/product-show/amz-B0CSYYY6SY?amazon_region= HTTP/1.1" 200 13479 "-" "node"
127.0.0.1 - - [29/Aug/2026:00:00:58 +0330] "GET /api/v1/categories-amazon HTTP/1.1" 200 34230 "-" "node"
127.0.0.1 - - [29/Aug/2026:00:00:58 +0330] "GET /api/v1/categories-amazon HTTP/1.1" 200 34230 "-" "node"
86.204.214.181 - - [29/Aug/2026:00:00:59 +0330] "GET /product/amz-B0CSYYY6SY/kitchenaid-k400-variable-speed-blender-with-personal-blending-jar-ksb4031-6-oz-small-batch-jar-expansion-pack-for-k150-and-k400-blendersblack?amazon-region=%27%29%20AND%20%28%27kdxscr%27%3D%27kdxscr%27%27 HTTP/2.0" 200 112412 "-" "Mozilla/5.0 (Macintosh; Intel Mac OS X 10_15_7) AppleWebKit/605.1.15 (KHTML, like Gecko) Version/17.2 Safari/605.1.15"
86.204.214.181 - - [29/Aug/2026:00:00:59 +0330] "GET /product/amz-B0CSYYY6SY/kitchenaid-k400-variable-speed-blender-with-personal-blending-jar-ksb4031-6-oz-small-batch-jar-expansion-pack-for-k150-and-k400-blendersblack?amazon-region=usa-amazon%27%20ORDER%20BY%201--%20- HTTP/2.0" 200 112403 "-" "Mozilla/5.0 (Windows NT 10.0; Win64; x64) AppleWebKit/537.36 (KHTML, like Gecko) Chrome/120.0.0.0 Safari/537.36"
40.77.167.76 - - [29/Aug/2026:00:01:04 +0330] "GET /?u=01696154903401 HTTP/2.0" 200 34042 "-" "Mozilla/5.0 AppleWebKit/537.36 (KHTML, like Gecko; compatible; bingbot/2.0; +http://www.bing.com/bingbot.htm) Chrome/116.0.1938.76 Safari/537.36"
127.0.0.1 - - [29/Aug/2026:00:01:06 +0330] "GET /api/v3/product-show/amz-B0CSYYY6SY?amazon_region=usa-amazon%27%20ORDER%20BY%201000--%20- HTTP/1.1" 301 169 "-" "node"
127.0.0.1 - - [29/Aug/2026:00:01:06 +0330] "GET /api/v3/product-show/amz-B0CSYYY6SY?amazon_region= HTTP/1.1" 301 169 "-" "node"
127.0.0.1 - - [29/Aug/2026:00:01:06 +0330] "GET /api/v3/product-show/amz-B0CSYYY6SY?amazon_region=usa-amazon%20AND%20EXTRACTVALUE(5040,CONCAT(0x7e,((SELECT%20(ELT(5040=5040,1)))),0x7e))--%20- HTTP/1.1" 301 169 "-" "node"
127.0.0.1 - - [29/Aug/2026:00:01:06 +0330] "GET /api/v3/product-show/amz-B0CSYYY6SY?amazon_region= HTTP/1.1" 301 169 "-" "node"
127.0.0.1 - - [29/Aug/2026:00:01:06 +0330] "GET /api/v3/product-show/amz-B0CSYYY6SY?amazon_region=usa-amazon%27%20ORDER%20BY%201000--%20- HTTP/1.1" 200 13479 "-" "node"
127.0.0.1 - - [29/Aug/2026:00:01:06 +0330] "GET /api/v3/product-show/amz-B0CSYYY6SY?amazon_region= HTTP/1.1" 200 13479 "-" "node"
127.0.0.1 - - [29/Aug/2026:00:01:06 +0330] "GET /api/v3/product-show/amz-B0CSYYY6SY?amazon_region=usa-amazon%20AND%20EXTRACTVALUE(5040,CONCAT(0x7e,((SELECT%20(ELT(5040=5040,1)))),0x7e))--%20- HTTP/1.1" 200 13479 "-" "node"
127.0.0.1 - - [29/Aug/2026:00:01:07 +0330] "GET /api/v3/product-show/amz-B0CSYYY6SY?amazon_region= HTTP/1.1" 200 13493 "-" "node"
127.0.0.1 - - [29/Aug/2026:00:01:07 +0330] "GET /api/v1/categories-amazon HTTP/1.1" 200 34199 "-" "node"
127.0.0.1 - - [29/Aug/2026:00:01:07 +0330] "GET /api/v1/categories-amazon HTTP/1.1" 200 34230 "-" "node"
86.204.214.181 - - [29/Aug/2026:00:01:07 +0330] "GET /product/amz-B0CSYYY6SY/kitchenaid-k400-variable-speed-blender-with-personal-blending-jar-ksb4031-6-oz-small-batch-jar-expansion-pack-for-k150-and-k400-blendersblack?amazon-region=usa-amazon%27%20ORDER%20BY%201000--%20- HTTP/2.0" 200 112364 "-" "Mozilla/5.0 (Macintosh; Intel Mac OS X 10_15_7) AppleWebKit/537.36 (KHTML, like Gecko) Chrome/120.0.0.0 Safari/537.36"
86.204.214.181 - - [29/Aug/2026:00:01:07 +0330] "GET /product/amz-B0CSYYY6SY/kitchenaid-k400-variable-speed-blender-with-personal-blending-jar-ksb4031-6-oz-small-batch-jar-expansion-pack-for-k150-and-k400-blendersblack?amazon-region=usa-amazon%20AND%20EXTRACTVALUE%285040%2CCONCAT%280x7e%2C%28%28SELECT%20%28ELT%285040%3D5040%2C1%29%29%29%29%2C0x7e%29%29--%20- HTTP/2.0" 200 112548 "-" "Mozilla/5.0 (Macintosh; Intel Mac OS X 10_15_7) AppleWebKit/605.1.15 (KHTML, like Gecko) Version/17.2 Safari/605.1.15"
127.0.0.1 - - [29/Aug/2026:00:01:11 +0330] "GET /api/v1/categories-amazon HTTP/1.1" 200 34230 "-" "node"
127.0.0.1 - - [29/Aug/2026:00:01:12 +0330] "GET /api/v2/page-data HTTP/1.1" 200 36854 "-" "node"
40.77.167.78 - - [29/Aug/2026:00:01:12 +0330] "GET / HTTP/2.0" 200 106232 "-" "Mozilla/5.0 AppleWebKit/537.36 (KHTML, like Gecko; compatible; bingbot/2.0; +http://www.bing.com/bingbot.htm) Chrome/116.0.1938.76 Safari/537.36"
127.0.0.1 - - [29/Aug/2026:00:01:13 +0330] "GET /api/v3/product-show/amz-B0CSYYY6SY?amazon_region=usa-amazon%20ORDER%20BY%201--%20- HTTP/1.1" 301 169 "-" "node"
127.0.0.1 - - [29/Aug/2026:00:01:13 +0330] "GET /api/v3/product-show/amz-B0CSYYY6SY?amazon_region= HTTP/1.1" 301 169 "-" "node"
127.0.0.1 - - [29/Aug/2026:00:01:14 +0330] "GET /api/v3/product-show/amz-B0CSYYY6SY?amazon_region= HTTP/1.1" 200 13479 "-" "node"
127.0.0.1 - - [29/Aug/2026:00:01:14 +0330] "GET /api/v3/product-show/amz-B0CSYYY6SY?amazon_region=usa-amazon%20ORDER%20BY%201--%20- HTTP/1.1" 200 13493 "-" "node"
127.0.0.1 - - [29/Aug/2026:00:01:14 +0330] "GET /api/v3/product-show/amz-B0CSYYY6SY?amazon_region=usa-amazon%27%20AND%20EXTRACTVALUE(3350,CONCAT(0x7e,((SELECT%20(ELT(3350=3350,1)))),0x7e))--%20- HTTP/1.1" 301 169 "-" "node"
127.0.0.1 - - [29/Aug/2026:00:01:14 +0330] "GET /api/v3/product-show/amz-B0CSYYY6SY?amazon_region= HTTP/1.1" 301 169 "-" "node"
127.0.0.1 - - [29/Aug/2026:00:01:15 +0330] "GET /api/v3/product-show/amz-B0CSYYY6SY?amazon_region=usa-amazon%27%20AND%20EXTRACTVALUE(3350,CONCAT(0x7e,((SELECT%20(ELT(3350=3350,1)))),0x7e))--%20- HTTP/1.1" 200 13479 "-" "node"
127.0.0.1 - - [29/Aug/2026:00:01:15 +0330] "GET /api/v1/categories-amazon HTTP/1.1" 200 34199 "-" "node"
127.0.0.1 - - [29/Aug/2026:00:01:15 +0330] "GET /api/v3/product-show/amz-B0CSYYY6SY?amazon_region= HTTP/1.1" 200 13493 "-" "node"
86.204.214.181 - - [29/Aug/2026:00:01:15 +0330] "GET /product/amz-B0CSYYY6SY/kitchenaid-k400-variable-speed-blender-with-personal-blending-jar-ksb4031-6-oz-small-batch-jar-expansion-pack-for-k150-and-k400-blendersblack?amazon-region=usa-amazon%20ORDER%20BY%201--%20- HTTP/2.0" 200 112396 "-" "Mozilla/5.0 (Windows NT 10.0; Win64; x64) AppleWebKit/537.36 (KHTML, like Gecko) Chrome/120.0.0.0 Safari/537.36"
127.0.0.1 - - [29/Aug/2026:00:01:15 +0330] "GET /api/v1/categories-amazon HTTP/1.1" 200 34230 "-" "node"
86.204.214.181 - - [29/Aug/2026:00:01:15 +0330] "GET /product/amz-B0CSYYY6SY/kitchenaid-k400-variable-speed-blender-with-personal-blending-jar-ksb4031-6-oz-small-batch-jar-expansion-pack-for-k150-and-k400-blendersblack?amazon-region=usa-amazon%27%20AND%20EXTRACTVALUE%283350%2CCONCAT%280x7e%2C%28%28SELECT%20%28ELT%283350%3D3350%2C1%29%29%29%29%2C0x7e%29%29--%20- HTTP/2.0" 200 112553 "-" "Mozilla/5.0 (X11; Linux x86_64) AppleWebKit/537.36 (KHTML, like Gecko) Chrome/120.0.0.0 Safari/537.36"
127.0.0.1 - - [29/Aug/2026:00:01:19 +0330] "GET /api/v3/product-show/amz-B0CSYYY6SY?amazon_region=usa-amazon%20ORDER%20BY%201000--%20- HTTP/1.1" 301 169 "-" "node"
127.0.0.1 - - [29/Aug/2026:00:01:19 +0330] "GET /api/v3/product-show/amz-B0CSYYY6SY?amazon_region= HTTP/1.1" 301 169 "-" "node"
127.0.0.1 - - [29/Aug/2026:00:01:19 +0330] "GET /api/v3/product-show/amz-B0CSYYY6SY?amazon_region= HTTP/1.1" 200 13479 "-" "node"
127.0.0.1 - - [29/Aug/2026:00:01:19 +0330] "GET /api/v3/product-show/amz-B0CSYYY6SY?amazon_region=usa-amazon%20ORDER%20BY%201000--%20- HTTP/1.1" 200 13493 "-" "node"
127.0.0.1 - - [29/Aug/2026:00:01:20 +0330] "GET /api/v1/categories-amazon HTTP/1.1" 200 34230 "-" "node"
86.204.214.181 - - [29/Aug/2026:00:01:20 +0330] "GET /product/amz-B0CSYYY6SY/kitchenaid-k400-variable-speed-blender-with-personal-blending-jar-ksb4031-6-oz-small-batch-jar-expansion-pack-for-k150-and-k400-blendersblack?amazon-region=usa-amazon%20ORDER%20BY%201000--%20- HTTP/2.0" 200 112202 "-" "Mozilla/5.0 (Macintosh; Intel Mac OS X 10_15_7) AppleWebKit/537.36 (KHTML, like Gecko) Chrome/120.0.0.0 Safari/537.36"
127.0.0.1 - - [29/Aug/2026:00:01:23 +0330] "GET /api/v3/product-show/amz-B0CSYYY6SY?amazon_region=usa-amazon%%27%20AND%20EXTRACTVALUE(2115,CONCAT(0x7e,((SELECT%20(ELT(2115=2115,1)))),0x7e))--%20- HTTP/1.1" 301 169 "-" "node"
127.0.0.1 - - [29/Aug/2026:00:01:23 +0330] "GET /api/v3/product-show/amz-B0CSYYY6SY?amazon_region= HTTP/1.1" 301 169 "-" "node"
127.0.0.1 - - [29/Aug/2026:00:01:23 +0330] "GET /api/v3/product-show/amz-B0CSYYY6SY?amazon_region=usa-amazon%%27%20AND%20EXTRACTVALUE(2115,CONCAT(0x7e,((SELECT%20(ELT(2115=2115,1)))),0x7e))--%20- HTTP/1.1" 200 13479 "-" "node"
216.73.216.41 - - [29/Aug/2026:00:01:23 +0330] "GET /?path=%2Fvar%2Fwww%2Fback%2Fpublic%2Fimages%2Fwell-known%2Facme-challenge%2Fb%2Fc%2Fc%2Fb HTTP/2.0" 200 902 "-" "Mozilla/5.0 AppleWebKit/537.36 (KHTML, like Gecko; compatible; ClaudeBot/1.0; +claudebot@anthropic.com)"
127.0.0.1 - - [29/Aug/2026:00:01:24 +0330] "GET /api/v3/product-show/amz-B0CSYYY6SY?amazon_region= HTTP/1.1" 200 13479 "-" "node"
216.73.216.41 - - [29/Aug/2026:00:01:24 +0330] "GET /?path=%2Fvar%2Fwww%2Fback%2Fpublic%2Fimages%2Fwell-known%2Facme-challenge%2Fb%2Fc%2Fc%2Fc HTTP/2.0" 200 906 "-" "Mozilla/5.0 AppleWebKit/537.36 (KHTML, like Gecko; compatible; ClaudeBot/1.0; +claudebot@anthropic.com)"
127.0.0.1 - - [29/Aug/2026:00:01:24 +0330] "GET /api/v1/categories-amazon HTTP/1.1" 200 34199 "-" "node"
86.204.214.181 - - [29/Aug/2026:00:01:24 +0330] "GET /product/amz-B0CSYYY6SY/kitchenaid-k400-variable-speed-blender-with-personal-blending-jar-ksb4031-6-oz-small-batch-jar-expansion-pack-for-k150-and-k400-blendersblack?amazon-region=usa-amazon%25%27%20AND%20EXTRACTVALUE%282115%2CCONCAT%280x7e%2C%28%28SELECT%20%28ELT%282115%3D2115%2C1%29%29%29%29%2C0x7e%29%29--%20- HTTP/2.0" 200 112556 "-" "Mozilla/5.0 (Macintosh; Intel Mac OS X 10_15_7) AppleWebKit/605.1.15 (KHTML, like Gecko) Version/17.2 Safari/605.1.15"
216.73.216.41 - - [29/Aug/2026:00:01:26 +0330] "GET /?path=%2F%2Fproc%2F149%2Ftask HTTP/2.0" 200 850 "-" "Mozilla/5.0 AppleWebKit/537.36 (KHTML, like Gecko; compatible; ClaudeBot/1.0; +claudebot@anthropic.com)"
216.73.216.41 - - [29/Aug/2026:00:01:26 +0330] "GET /?path=%2Fvar%2Fwww%2Ffront%2Fnode_modules%2Fyocto-queue HTTP/2.0" 200 1005 "-" "Mozilla/5.0 AppleWebKit/537.36 (KHTML, like Gecko; compatible; ClaudeBot/1.0; +claudebot@anthropic.com)"
216.73.216.41 - - [29/Aug/2026:00:01:26 +0330] "GET /?path=%2F%2Fproc%2F53%2Ftask HTTP/2.0" 200 851 "-" "Mozilla/5.0 AppleWebKit/537.36 (KHTML, like Gecko; compatible; ClaudeBot/1.0; +claudebot@anthropic.com)"
127.0.0.1 - - [29/Aug/2026:00:01:26 +0330] "GET /api/v3/product-show/amz-B0CSYYY6SY?amazon_region=usa-amazon%27%20UNION%20ALL%20SELECT%20%27bjhlgooqqpzczvrglqaxpcravflyitdq%27--%209e6opo HTTP/1.1" 301 169 "-" "node"
127.0.0.1 - - [29/Aug/2026:00:01:26 +0330] "GET /api/v3/product-show/amz-B0CSYYY6SY?amazon_region= HTTP/1.1" 301 169 "-" "node"
127.0.0.1 - - [29/Aug/2026:00:01:27 +0330] "GET /api/v3/product-show/amz-B0CSYYY6SY?amazon_region=usa-amazon%27%20UNION%20ALL%20SELECT%20%27bjhlgooqqpzczvrglqaxpcravflyitdq%27--%209e6opo HTTP/1.1" 200 13479 "-" "node"
216.73.216.41 - - [29/Aug/2026:00:01:27 +0330] "GET /?path=%2Fvar%2Fwww%2Ffront%2Fnode_modules%2F%40types%2Fnode HTTP/2.0" 200 1798 "-" "Mozilla/5.0 AppleWebKit/537.36 (KHTML, like Gecko; compatible; ClaudeBot/1.0; +claudebot@anthropic.com)"
127.0.0.1 - - [29/Aug/2026:00:01:27 +0330] "GET /api/v3/product-show/amz-B0CSYYY6SY?amazon_region= HTTP/1.1" 200 13479 "-" "node"
216.73.216.41 - - [29/Aug/2026:00:01:27 +0330] "GET /?path=%2Fvar%2Fwww%2Ffront%2Fnode_modules%2Fpath-type HTTP/2.0" 200 998 "-" "Mozilla/5.0 AppleWebKit/537.36 (KHTML, like Gecko; compatible; ClaudeBot/1.0; +claudebot@anthropic.com)"
216.73.216.41 - - [29/Aug/2026:00:01:28 +0330] "GET /?path=%2F%2Fproc%2F26%2Ftask HTTP/2.0" 200 849 "-" "Mozilla/5.0 AppleWebKit/537.36 (KHTML, like Gecko; compatible; ClaudeBot/1.0; +claudebot@anthropic.com)"
216.73.216.41 - - [29/Aug/2026:00:01:28 +0330] "GET /?path=%2F%2Fproc%2F18%2Ftask HTTP/2.0" 200 848 "-" "Mozilla/5.0 AppleWebKit/537.36 (KHTML, like Gecko; compatible; ClaudeBot/1.0; +claudebot@anthropic.com)"
127.0.0.1 - - [29/Aug/2026:00:01:28 +0330] "GET /api/v1/categories-amazon HTTP/1.1" 200 34199 "-" "node"
86.204.214.181 - - [29/Aug/2026:00:01:28 +0330] "GET /product/amz-B0CSYYY6SY/kitchenaid-k400-variable-speed-blender-with-personal-blending-jar-ksb4031-6-oz-small-batch-jar-expansion-pack-for-k150-and-k400-blendersblack?amazon-region=usa-amazon%27%20UNION%20ALL%20SELECT%20%27bjhlgooqqpzczvrglqaxpcravflyitdq%27--%209e6opo HTTP/2.0" 200 112502 "-" "Mozilla/5.0 (Macintosh; Intel Mac OS X 10.15; rv:121.0) Gecko/20100101 Firefox/121.0"
216.73.216.41 - - [29/Aug/2026:00:01:28 +0330] "GET /?path=%2Fvar%2Fwww%2Ffront%2Fnode_modules%2Fread-cache HTTP/2.0" 200 992 "-" "Mozilla/5.0 AppleWebKit/537.36 (KHTML, like Gecko; compatible; ClaudeBot/1.0; +claudebot@anthropic.com)"
216.73.216.41 - - [29/Aug/2026:00:01:29 +0330] "GET /?path=%2F%2Fusr%2Flib%2Fmodules HTTP/2.0" 200 891 "-" "Mozilla/5.0 AppleWebKit/537.36 (KHTML, like Gecko; compatible; ClaudeBot/1.0; +claudebot@anthropic.com)"
216.73.216.41 - - [29/Aug/2026:00:01:29 +0330] "GET /?path=%2F%2Fproc%2F48%2Ftask HTTP/2.0" 200 849 "-" "Mozilla/5.0 AppleWebKit/537.36 (KHTML, like Gecko; compatible; ClaudeBot/1.0; +claudebot@anthropic.com)"
216.73.216.41 - - [29/Aug/2026:00:01:29 +0330] "GET /?path=%2Fvar%2Fwww%2Fapp2%2Fvendor%2Fphpunit%2Fphp-code-coverage HTTP/2.0" 200 1060 "-" "Mozilla/5.0 AppleWebKit/537.36 (KHTML, like Gecko; compatible; ClaudeBot/1.0; +claudebot@anthropic.com)"
216.73.216.41 - - [29/Aug/2026:00:01:29 +0330] "GET /?path=%2Fvar%2Fwww%2Ffront%2Fnode_modules%2Fsource-map-js HTTP/2.0" 200 1061 "-" "Mozilla/5.0 AppleWebKit/537.36 (KHTML, like Gecko; compatible; ClaudeBot/1.0; +claudebot@anthropic.com)"
216.73.216.41 - - [29/Aug/2026:00:01:30 +0330] "GET /?path=%2F%2Frun%2Fsystemd%2Fusers HTTP/2.0" 200 814 "-" "Mozilla/5.0 AppleWebKit/537.36 (KHTML, like Gecko; compatible; ClaudeBot/1.0; +claudebot@anthropic.com)"
216.73.216.41 - - [29/Aug/2026:00:01:30 +0330] "GET /?path=%2Fvar%2Fwww%2Fback%2Fnode_modules%2F%40tailwindcss%2Fforms HTTP/2.0" 200 1130 "-" "Mozilla/5.0 AppleWebKit/537.36 (KHTML, like Gecko; compatible; ClaudeBot/1.0; +claudebot@anthropic.com)"
127.0.0.1 - - [29/Aug/2026:00:01:30 +0330] "GET /api/v3/product-show/amz-B0CSYYY6SY?amazon_region=usa-amazon%22%20AND%20EXTRACTVALUE(5759,CONCAT(0x7e,((SELECT%20(ELT(5759=5759,1)))),0x7e))--%20- HTTP/1.1" 301 169 "-" "node"
127.0.0.1 - - [29/Aug/2026:00:01:30 +0330] "GET /api/v3/product-show/amz-B0CSYYY6SY?amazon_region= HTTP/1.1" 301 169 "-" "node"
216.73.216.41 - - [29/Aug/2026:00:01:30 +0330] "GET /?path=%2Fvar%2Fwww%2Ffront%2Fnode_modules%2Ftslib%2Fmodules HTTP/2.0" 200 978 "-" "Mozilla/5.0 AppleWebKit/537.36 (KHTML, like Gecko; compatible; ClaudeBot/1.0; +claudebot@anthropic.com)"
127.0.0.1 - - [29/Aug/2026:00:01:30 +0330] "GET /api/v3/product-show/amz-B0CSYYY6SY?amazon_region=usa-amazon%22%20AND%20EXTRACTVALUE(5759,CONCAT(0x7e,((SELECT%20(ELT(5759=5759,1)))),0x7e))--%20- HTTP/1.1" 200 13479 "-" "node"
216.73.216.41 - - [29/Aug/2026:00:01:30 +0330] "GET /?path=%2F%2Fproc%2F237%2Ftask HTTP/2.0" 200 849 "-" "Mozilla/5.0 AppleWebKit/537.36 (KHTML, like Gecko; compatible; ClaudeBot/1.0; +claudebot@anthropic.com)"
127.0.0.1 - - [29/Aug/2026:00:01:30 +0330] "GET /api/v3/product-show/amz-B0CSYYY6SY?amazon_region= HTTP/1.1" 200 13493 "-" "node"
216.73.216.41 - - [29/Aug/2026:00:01:31 +0330] "GET /?path=%2F%2Fusr%2Fshare%2Fphp8.2-opcache HTTP/2.0" 200 867 "-" "Mozilla/5.0 AppleWebKit/537.36 (KHTML, like Gecko; compatible; ClaudeBot/1.0; +claudebot@anthropic.com)"
127.0.0.1 - - [29/Aug/2026:00:01:31 +0330] "GET /api/v1/categories-amazon HTTP/1.1" 200 34230 "-" "node"
86.204.214.181 - - [29/Aug/2026:00:01:31 +0330] "GET /product/amz-B0CSYYY6SY/kitchenaid-k400-variable-speed-blender-with-personal-blending-jar-ksb4031-6-oz-small-batch-jar-expansion-pack-for-k150-and-k400-blendersblack?amazon-region=usa-amazon%22%20AND%20EXTRACTVALUE%285759%2CCONCAT%280x7e%2C%28%28SELECT%20%28ELT%285759%3D5759%2C1%29%29%29%29%2C0x7e%29%29--%20- HTTP/2.0" 200 112559 "-" "Mozilla/5.0 (Macintosh; Intel Mac OS X 10.15; rv:121.0) Gecko/20100101 Firefox/121.0"
216.73.216.41 - - [29/Aug/2026:00:01:31 +0330] "GET /?path=%2F%2Fproc%2F152%2Ftask HTTP/2.0" 200 849 "-" "Mozilla/5.0 AppleWebKit/537.36 (KHTML, like Gecko; compatible; ClaudeBot/1.0; +claudebot@anthropic.com)"
216.73.216.41 - - [29/Aug/2026:00:01:32 +0330] "GET /?path=%2Fvar%2Fwww%2Ffront%2Fnode_modules%2Ftypescript HTTP/2.0" 200 1063 "-" "Mozilla/5.0 AppleWebKit/537.36 (KHTML, like Gecko; compatible; ClaudeBot/1.0; +claudebot@anthropic.com)"
216.73.216.41 - - [29/Aug/2026:00:01:32 +0330] "GET /?path=%2F%2Fproc%2F49%2Ftask HTTP/2.0" 200 849 "-" "Mozilla/5.0 AppleWebKit/537.36 (KHTML, like Gecko; compatible; ClaudeBot/1.0; +claudebot@anthropic.com)"
216.73.216.41 - - [29/Aug/2026:00:01:32 +0330] "GET /?path=%2Fvar%2Fwww%2Ffront%2Fnode_modules%2F%40alloc HTTP/2.0" 200 904 "-" "Mozilla/5.0 AppleWebKit/537.36 (KHTML, like Gecko; compatible; ClaudeBot/1.0; +claudebot@anthropic.com)"
216.73.216.41 - - [29/Aug/2026:00:01:32 +0330] "GET /?path=%2Fvar%2Fwww%2Ffront%2Fnode_modules%2Fwhich-typed-array HTTP/2.0" 200 1110 "-" "Mozilla/5.0 AppleWebKit/537.36 (KHTML, like Gecko; compatible; ClaudeBot/1.0; +claudebot@anthropic.com)"
216.73.216.41 - - [29/Aug/2026:00:01:32 +0330] "GET /?path=%2F%2Fproc%2F92%2Ftask HTTP/2.0" 200 849 "-" "Mozilla/5.0 AppleWebKit/537.36 (KHTML, like Gecko; compatible; ClaudeBot/1.0; +claudebot@anthropic.com)"
216.73.216.41 - - [29/Aug/2026:00:01:33 +0330] "GET /?path=%2F%2Fproc%2F29%2Ftask HTTP/2.0" 200 849 "-" "Mozilla/5.0 AppleWebKit/537.36 (KHTML, like Gecko; compatible; ClaudeBot/1.0; +claudebot@anthropic.com)"
216.73.216.41 - - [29/Aug/2026:00:01:33 +0330] "GET /?path=%2F%2Fproc%2F129%2Ftask HTTP/2.0" 200 849 "-" "Mozilla/5.0 AppleWebKit/537.36 (KHTML, like Gecko; compatible; ClaudeBot/1.0; +claudebot@anthropic.com)"
127.0.0.1 - - [29/Aug/2026:00:01:33 +0330] "GET /api/v3/product-show/amz-B0CSYYY6SY?amazon_region=usa-amazon%27%20UNION%20ALL%20SELECT%20%27bjhlgooqqpzczvrglqaxpcravflyitdq%27--%209e6opo HTTP/1.1" 301 169 "-" "node"
127.0.0.1 - - [29/Aug/2026:00:01:33 +0330] "GET /api/v3/product-show/amz-B0CSYYY6SY?amazon_region= HTTP/1.1" 301 169 "-" "node"
216.73.216.41 - - [29/Aug/2026:00:01:34 +0330] "GET /?path=%2F%2Fusr%2Fshare%2Fphp8.2-xml HTTP/2.0" 200 860 "-" "Mozilla/5.0 AppleWebKit/537.36 (KHTML, like Gecko; compatible; ClaudeBot/1.0; +claudebot@anthropic.com)"
216.73.216.41 - - [29/Aug/2026:00:01:34 +0330] "GET /?path=%2Fvar%2Fwww%2Ffront%2Fnode_modules%2Feslint-plugin-import%2Fnode_modules HTTP/2.0" 200 954 "-" "Mozilla/5.0 AppleWebKit/537.36 (KHTML, like Gecko; compatible; ClaudeBot/1.0; +claudebot@anthropic.com)"
216.73.216.41 - - [29/Aug/2026:00:01:34 +0330] "GET /?path=%2F%2Fproc%2F779%2Ftask HTTP/2.0" 200 850 "-" "Mozilla/5.0 AppleWebKit/537.36 (KHTML, like Gecko; compatible; ClaudeBot/1.0; +claudebot@anthropic.com)"
216.73.216.41 - - [29/Aug/2026:00:01:34 +0330] "GET /?path=%2F%2Fproc%2F9%2Ftask HTTP/2.0" 200 846 "-" "Mozilla/5.0 AppleWebKit/537.36 (KHTML, like Gecko; compatible; ClaudeBot/1.0; +claudebot@anthropic.com)"
216.73.216.41 - - [29/Aug/2026:00:01:34 +0330] "GET /?path=%2F%2Fproc%2F37%2Ftask HTTP/2.0" 200 848 "-" "Mozilla/5.0 AppleWebKit/537.36 (KHTML, like Gecko; compatible; ClaudeBot/1.0; +claudebot@anthropic.com)"
127.0.0.1 - - [29/Aug/2026:00:01:34 +0330] "GET /api/v3/product-show/amz-B0CSYYY6SY?amazon_region=usa-amazon%27%20UNION%20ALL%20SELECT%20%27bjhlgooqqpzczvrglqaxpcravflyitdq%27--%209e6opo HTTP/1.1" 200 13479 "-" "node"
127.0.0.1 - - [29/Aug/2026:00:01:34 +0330] "GET /api/v3/product-show/amz-B0CSYYY6SY?amazon_region= HTTP/1.1" 200 13493 "-" "node"
216.73.216.41 - - [29/Aug/2026:00:01:34 +0330] "GET /?path=%2F%2Fproc%2F657%2Ftask HTTP/2.0" 200 876 "-" "Mozilla/5.0 AppleWebKit/537.36 (KHTML, like Gecko; compatible; ClaudeBot/1.0; +claudebot@anthropic.com)"
216.73.216.41 - - [29/Aug/2026:00:01:35 +0330] "GET /?path=%2F%2Fproc%2Fbus%2Finput HTTP/2.0" 200 893 "-" "Mozilla/5.0 AppleWebKit/537.36 (KHTML, like Gecko; compatible; ClaudeBot/1.0; +claudebot@anthropic.com)"
127.0.0.1 - - [29/Aug/2026:00:01:35 +0330] "GET /api/v1/categories-amazon HTTP/1.1" 200 34230 "-" "node"
86.204.214.181 - - [29/Aug/2026:00:01:35 +0330] "GET /product/amz-B0CSYYY6SY/kitchenaid-k400-variable-speed-blender-with-personal-blending-jar-ksb4031-6-oz-small-batch-jar-expansion-pack-for-k150-and-k400-blendersblack?amazon-region=usa-amazon%27%20UNION%20ALL%20SELECT%20%27bjhlgooqqpzczvrglqaxpcravflyitdq%27--%209e6opo HTTP/2.0" 200 112304 "-" "Mozilla/5.0 (Windows NT 10.0; Win64; x64; rv:121.0) Gecko/20100101 Firefox/121.0"
127.0.0.1 - - [29/Aug/2026:00:01:35 +0330] "GET /api/v1/categories-amazon HTTP/1.1" 200 34230 "-" "node"
172.16.20.25 - - [29/Aug/2026:00:01:35 +0330] "GET / HTTP/1.1" 200 338470 "-" "Mozilla/5.0 (compatible; PRTG Network Monitor (www.paessler.com); Windows)"
216.73.216.41 - - [29/Aug/2026:00:01:35 +0330] "GET /?path=%2F%2Fetc%2Fapache2%2Fmods-enabled HTTP/2.0" 200 1337 "-" "Mozilla/5.0 AppleWebKit/537.36 (KHTML, like Gecko; compatible; ClaudeBot/1.0; +claudebot@anthropic.com)"
216.73.216.41 - - [29/Aug/2026:00:01:35 +0330] "GET /?path=%2F%2Fproc%2F43%2Ftask HTTP/2.0" 200 852 "-" "Mozilla/5.0 AppleWebKit/537.36 (KHTML, like Gecko; compatible; ClaudeBot/1.0; +claudebot@anthropic.com)"
216.73.216.41 - - [29/Aug/2026:00:01:35 +0330] "GET /?path=%2Fvar%2Fwww%2Ffront%2Fnode_modules%2Fdetect-node-es HTTP/2.0" 200 1007 "-" "Mozilla/5.0 AppleWebKit/537.36 (KHTML, like Gecko; compatible; ClaudeBot/1.0; +claudebot@anthropic.com)"
216.73.216.41 - - [29/Aug/2026:00:01:35 +0330] "GET /?path=%2F%2Fetc%2Finitramfs-tools%2Fscripts HTTP/2.0" 200 963 "-" "Mozilla/5.0 AppleWebKit/537.36 (KHTML, like Gecko; compatible; ClaudeBot/1.0; +claudebot@anthropic.com)"
216.73.216.41 - - [29/Aug/2026:00:01:36 +0330] "GET /?path=%2F%2Fusr%2Fshare%2Fvim HTTP/2.0" 200 953 "-" "Mozilla/5.0 AppleWebKit/537.36 (KHTML, like Gecko; compatible; ClaudeBot/1.0; +claudebot@anthropic.com)"
216.73.216.41 - - [29/Aug/2026:00:01:36 +0330] "GET /?path=%2F%2Fproc%2F64%2Ftask HTTP/2.0" 200 850 "-" "Mozilla/5.0 AppleWebKit/537.36 (KHTML, like Gecko; compatible; ClaudeBot/1.0; +claudebot@anthropic.com)"
216.73.216.41 - - [29/Aug/2026:00:01:36 +0330] "GET /?path=%2F%2Fproc%2F786%2Ftask HTTP/2.0" 200 850 "-" "Mozilla/5.0 AppleWebKit/537.36 (KHTML, like Gecko; compatible; ClaudeBot/1.0; +claudebot@anthropic.com)"
216.73.216.41 - - [29/Aug/2026:00:01:36 +0330] "GET /?path=%2F%2Fproc%2F22%2Ftask HTTP/2.0" 200 847 "-" "Mozilla/5.0 AppleWebKit/537.36 (KHTML, like Gecko; compatible; ClaudeBot/1.0; +claudebot@anthropic.com)"
216.73.216.41 - - [29/Aug/2026:00:01:36 +0330] "GET /?path=%2F%2Fproc%2F32%2Ftask HTTP/2.0" 200 847 "-" "Mozilla/5.0 AppleWebKit/537.36 (KHTML, like Gecko; compatible; ClaudeBot/1.0; +claudebot@anthropic.com)"
216.73.216.41 - - [29/Aug/2026:00:01:37 +0330] "GET /?path=%2F%2Fproc%2F86%2Ftask HTTP/2.0" 200 849 "-" "Mozilla/5.0 AppleWebKit/537.36 (KHTML, like Gecko; compatible; ClaudeBot/1.0; +claudebot@anthropic.com)"
216.73.216.41 - - [29/Aug/2026:00:01:37 +0330] "GET /?path=%2Fvar%2Fwww%2Ffront%2Fnode_modules%2Fwcwidth HTTP/2.0" 200 1060 "-" "Mozilla/5.0 AppleWebKit/537.36 (KHTML, like Gecko; compatible; ClaudeBot/1.0; +claudebot@anthropic.com)"
216.73.216.41 - - [29/Aug/2026:00:01:37 +0330] "GET /?path=%2F%2Fproc%2F243%2Ftask HTTP/2.0" 200 849 "-" "Mozilla/5.0 AppleWebKit/537.36 (KHTML, like Gecko; compatible; ClaudeBot/1.0; +claudebot@anthropic.com)"
127.0.0.1 - - [29/Aug/2026:00:01:37 +0330] "GET /api/v3/product-show/amz-B0CSYYY6SY?amazon_region=usa-amazon%%22%20AND%20EXTRACTVALUE(3247,CONCAT(0x7e,((SELECT%20(ELT(3247=3247,1)))),0x7e))--%20- HTTP/1.1" 301 169 "-" "node"
216.73.216.41 - - [29/Aug/2026:00:01:37 +0330] "GET /?path=%2F%2Fproc%2F52%2Ftask HTTP/2.0" 200 848 "-" "Mozilla/5.0 AppleWebKit/537.36 (KHTML, like Gecko; compatible; ClaudeBot/1.0; +claudebot@anthropic.com)"
127.0.0.1 - - [29/Aug/2026:00:01:37 +0330] "GET /api/v3/product-show/amz-B0CSYYY6SY?amazon_region= HTTP/1.1" 301 169 "-" "node"
216.73.216.41 - - [29/Aug/2026:00:01:37 +0330] "GET /?path=%2F%2Fproc%2F142%2Ftask HTTP/2.0" 200 849 "-" "Mozilla/5.0 AppleWebKit/537.36 (KHTML, like Gecko; compatible; ClaudeBot/1.0; +claudebot@anthropic.com)"
216.73.216.41 - - [29/Aug/2026:00:01:37 +0330] "GET /?path=%2F%2Fusr%2Flib%2Fapache2 HTTP/2.0" 200 861 "-" "Mozilla/5.0 AppleWebKit/537.36 (KHTML, like Gecko; compatible; ClaudeBot/1.0; +claudebot@anthropic.com)"
127.0.0.1 - - [29/Aug/2026:00:01:37 +0330] "GET /api/v3/product-show/amz-B0CSYYY6SY?amazon_region=usa-amazon%%22%20AND%20EXTRACTVALUE(3247,CONCAT(0x7e,((SELECT%20(ELT(3247=3247,1)))),0x7e))--%20- HTTP/1.1" 200 13493 "-" "node"
127.0.0.1 - - [29/Aug/2026:00:01:37 +0330] "GET /api/v3/product-show/amz-B0CSYYY6SY?amazon_region= HTTP/1.1" 200 13479 "-" "node"
216.73.216.41 - - [29/Aug/2026:00:01:38 +0330] "GET /?path=%2Fvar%2Fwww%2Ffront%2Fnode_modules%2Ffast-glob%2Fnode_modules HTTP/2.0" 200 910 "-" "Mozilla/5.0 AppleWebKit/537.36 (KHTML, like Gecko; compatible; ClaudeBot/1.0; +claudebot@anthropic.com)"
216.73.216.41 - - [29/Aug/2026:00:01:38 +0330] "GET /?path=%2Fvar%2Fwww%2Fback%2Fnode_modules%2Fchokidar%2Fnode_modules HTTP/2.0" 200 910 "-" "Mozilla/5.0 AppleWebKit/537.36 (KHTML, like Gecko; compatible; ClaudeBot/1.0; +claudebot@anthropic.com)"
216.73.216.41 - - [29/Aug/2026:00:01:38 +0330] "GET /?path=%2F%2Fproc%2F6%2Ftask HTTP/2.0" 200 846 "-" "Mozilla/5.0 AppleWebKit/537.36 (KHTML, like Gecko; compatible; ClaudeBot/1.0; +claudebot@anthropic.com)"
216.73.216.41 - - [29/Aug/2026:00:01:38 +0330] "GET /?path=%2F%2Fproc%2F2467232%2Ftask HTTP/2.0" 200 855 "-" "Mozilla/5.0 AppleWebKit/537.36 (KHTML, like Gecko; compatible; ClaudeBot/1.0; +claudebot@anthropic.com)"
127.0.0.1 - - [29/Aug/2026:00:01:38 +0330] "GET /api/v1/categories-amazon HTTP/1.1" 200 34199 "-" "node"
86.204.214.181 - - [29/Aug/2026:00:01:38 +0330] "GET /product/amz-B0CSYYY6SY/kitchenaid-k400-variable-speed-blender-with-personal-blending-jar-ksb4031-6-oz-small-batch-jar-expansion-pack-for-k150-and-k400-blendersblack?amazon-region=usa-amazon%25%22%20AND%20EXTRACTVALUE%283247%2CCONCAT%280x7e%2C%28%28SELECT%20%28ELT%283247%3D3247%2C1%29%29%29%29%2C0x7e%29%29--%20- HTTP/2.0" 200 112564 "-" "Mozilla/5.0 (Macintosh; Intel Mac OS X 10.15; rv:121.0) Gecko/20100101 Firefox/121.0"
216.73.216.41 - - [29/Aug/2026:00:01:39 +0330] "GET /?path=%2F%2Fproc%2F69%2Ftask HTTP/2.0" 200 849 "-" "Mozilla/5.0 AppleWebKit/537.36 (KHTML, like Gecko; compatible; ClaudeBot/1.0; +claudebot@anthropic.com)"
216.73.216.41 - - [29/Aug/2026:00:01:39 +0330] "GET /?path=%2Fvar%2Fwww%2Ffront%2Fnode_modules%2Freadable-stream HTTP/2.0" 200 1145 "-" "Mozilla/5.0 AppleWebKit/537.36 (KHTML, like Gecko; compatible; ClaudeBot/1.0; +claudebot@anthropic.com)"
216.73.216.41 - - [29/Aug/2026:00:01:39 +0330] "GET /?path=%2Fvar%2Fwww%2Ffront%2Fnode_modules%2Feslint-plugin-react HTTP/2.0" 200 1049 "-" "Mozilla/5.0 AppleWebKit/537.36 (KHTML, like Gecko; compatible; ClaudeBot/1.0; +claudebot@anthropic.com)"
216.73.216.41 - - [29/Aug/2026:00:01:39 +0330] "GET /?path=%2F%2Fproc%2F784%2Ftask HTTP/2.0" 200 850 "-" "Mozilla/5.0 AppleWebKit/537.36 (KHTML, like Gecko; compatible; ClaudeBot/1.0; +claudebot@anthropic.com)"
216.73.216.41 - - [29/Aug/2026:00:01:39 +0330] "GET /?path=%2F%2Fproc%2F87%2Ftask HTTP/2.0" 200 849 "-" "Mozilla/5.0 AppleWebKit/537.36 (KHTML, like Gecko; compatible; ClaudeBot/1.0; +claudebot@anthropic.com)"
216.73.216.41 - - [29/Aug/2026:00:01:39 +0330] "GET /?path=%2F%2Fproc%2F41%2Ftask HTTP/2.0" 200 849 "-" "Mozilla/5.0 AppleWebKit/537.36 (KHTML, like Gecko; compatible; ClaudeBot/1.0; +claudebot@anthropic.com)"
216.73.216.41 - - [29/Aug/2026:00:01:39 +0330] "GET /?path=%2F%2Fproc%2F7%2Ftask HTTP/2.0" 200 846 "-" "Mozilla/5.0 AppleWebKit/537.36 (KHTML, like Gecko; compatible; ClaudeBot/1.0; +claudebot@anthropic.com)"
216.73.216.41 - - [29/Aug/2026:00:01:39 +0330] "GET /?path=%2Fvar%2Fwww%2Ffront%2Fnode_modules%2Fsharp%2Finstall HTTP/2.0" 200 984 "-" "Mozilla/5.0 AppleWebKit/537.36 (KHTML, like Gecko; compatible; ClaudeBot/1.0; +claudebot@anthropic.com)"
216.73.216.41 - - [29/Aug/2026:00:01:40 +0330] "GET /?path=%2Fvar%2Fwww%2Ffront%2Fnode_modules%2Fcssesc HTTP/2.0" 200 1027 "-" "Mozilla/5.0 AppleWebKit/537.36 (KHTML, like Gecko; compatible; ClaudeBot/1.0; +claudebot@anthropic.com)"
216.73.216.41 - - [29/Aug/2026:00:01:40 +0330] "GET /?path=%2F%2Fproc%2F1%2Ftask HTTP/2.0" 200 845 "-" "Mozilla/5.0 AppleWebKit/537.36 (KHTML, like Gecko; compatible; ClaudeBot/1.0; +claudebot@anthropic.com)"
216.73.216.41 - - [29/Aug/2026:00:01:40 +0330] "GET /?path=%2F%2Fproc%2F85%2Ftask HTTP/2.0" 200 848 "-" "Mozilla/5.0 AppleWebKit/537.36 (KHTML, like Gecko; compatible; ClaudeBot/1.0; +claudebot@anthropic.com)"
216.73.216.41 - - [29/Aug/2026:00:01:40 +0330] "GET /?path=%2F%2Fproc%2F44%2Ftask HTTP/2.0" 200 848 "-" "Mozilla/5.0 AppleWebKit/537.36 (KHTML, like Gecko; compatible; ClaudeBot/1.0; +claudebot@anthropic.com)"
216.73.216.41 - - [29/Aug/2026:00:01:40 +0330] "GET /?path=%2Fvar%2Fwww%2Ffront%2Fnode_modules%2Fhasown%2F.github HTTP/2.0" 200 943 "-" "Mozilla/5.0 AppleWebKit/537.36 (KHTML, like Gecko; compatible; ClaudeBot/1.0; +claudebot@anthropic.com)"
216.73.216.41 - - [29/Aug/2026:00:01:40 +0330] "GET /?path=%2F%2Fproc%2F91%2Ftask HTTP/2.0" 200 849 "-" "Mozilla/5.0 AppleWebKit/537.36 (KHTML, like Gecko; compatible; ClaudeBot/1.0; +claudebot@anthropic.com)"
216.73.216.41 - - [29/Aug/2026:00:01:41 +0330] "GET /?path=%2F%2Fproc%2F28%2Ftask HTTP/2.0" 200 848 "-" "Mozilla/5.0 AppleWebKit/537.36 (KHTML, like Gecko; compatible; ClaudeBot/1.0; +claudebot@anthropic.com)"
216.73.216.41 - - [29/Aug/2026:00:01:41 +0330] "GET /?path=%2F%2Fproc%2F72%2Ftask HTTP/2.0" 200 849 "-" "Mozilla/5.0 AppleWebKit/537.36 (KHTML, like Gecko; compatible; ClaudeBot/1.0; +claudebot@anthropic.com)"
216.73.216.41 - - [29/Aug/2026:00:01:41 +0330] "GET /?path=%2F%2Fproc%2F63%2Ftask HTTP/2.0" 200 852 "-" "Mozilla/5.0 AppleWebKit/537.36 (KHTML, like Gecko; compatible; ClaudeBot/1.0; +claudebot@anthropic.com)"
216.73.216.41 - - [29/Aug/2026:00:01:41 +0330] "GET /?path=%2F%2Fusr%2Flib%2Fkernel HTTP/2.0" 200 862 "-" "Mozilla/5.0 AppleWebKit/537.36 (KHTML, like Gecko; compatible; ClaudeBot/1.0; +claudebot@anthropic.com)"
127.0.0.1 - - [29/Aug/2026:00:01:41 +0330] "GET /api/v3/product-show/amz-B0CSYYY6SY?amazon_region=usa-amazon%20UNION%20ALL%20SELECT%20%27bjhlgooqqpzczvrglqaxpcravflyitdq%27--%209e6opo HTTP/1.1" 301 169 "-" "node"
127.0.0.1 - - [29/Aug/2026:00:01:41 +0330] "GET /api/v3/product-show/amz-B0CSYYY6SY?amazon_region= HTTP/1.1" 301 169 "-" "node"
216.73.216.41 - - [29/Aug/2026:00:01:41 +0330] "GET /?path=%2Fvar%2Fwww%2Fpanel%2Fnode_modules%2Fpostcss-nested HTTP/2.0" 200 1033 "-" "Mozilla/5.0 AppleWebKit/537.36 (KHTML, like Gecko; compatible; ClaudeBot/1.0; +claudebot@anthropic.com)"
216.73.216.41 - - [29/Aug/2026:00:01:41 +0330] "GET /?path=%2Fvar%2Fwww%2Ffront%2Fnode_modules%2Fsafe-array-concat HTTP/2.0" 200 1088 "-" "Mozilla/5.0 AppleWebKit/537.36 (KHTML, like Gecko; compatible; ClaudeBot/1.0; +claudebot@anthropic.com)"
127.0.0.1 - - [29/Aug/2026:00:01:42 +0330] "GET /api/v3/product-show/amz-B0CSYYY6SY?amazon_region=usa-amazon%20UNION%20ALL%20SELECT%20%27bjhlgooqqpzczvrglqaxpcravflyitdq%27--%209e6opo HTTP/1.1" 200 13479 "-" "node"
127.0.0.1 - - [29/Aug/2026:00:01:42 +0330] "GET /api/v3/product-show/amz-B0CSYYY6SY?amazon_region= HTTP/1.1" 200 13493 "-" "node"
216.73.216.41 - - [29/Aug/2026:00:01:42 +0330] "GET /?path=%2F%2Fusr%2Fshare%2Fphp8.2-bcmath HTTP/2.0" 200 866 "-" "Mozilla/5.0 AppleWebKit/537.36 (KHTML, like Gecko; compatible; ClaudeBot/1.0; +claudebot@anthropic.com)"
216.73.216.41 - - [29/Aug/2026:00:01:42 +0330] "GET /?path=%2F%2Fproc%2F46%2Ftask HTTP/2.0" 200 850 "-" "Mozilla/5.0 AppleWebKit/537.36 (KHTML, like Gecko; compatible; ClaudeBot/1.0; +claudebot@anthropic.com)"
216.73.216.41 - - [29/Aug/2026:00:01:42 +0330] "GET /?path=%2Fvar%2Fwww%2Ffront%2Fnode_modules%2Fnode-abi HTTP/2.0" 200 1010 "-" "Mozilla/5.0 AppleWebKit/537.36 (KHTML, like Gecko; compatible; ClaudeBot/1.0; +claudebot@anthropic.com)"
216.73.216.41 - - [29/Aug/2026:00:01:42 +0330] "GET /?path=%2Fvar%2Fwww%2Ffront%2Fnode_modules%2Fgopd%2F.github HTTP/2.0" 200 942 "-" "Mozilla/5.0 AppleWebKit/537.36 (KHTML, like Gecko; compatible; ClaudeBot/1.0; +claudebot@anthropic.com)"
216.73.216.41 - - [29/Aug/2026:00:01:42 +0330] "GET /?path=%2F%2Fproc%2F89%2Ftask HTTP/2.0" 200 849 "-" "Mozilla/5.0 AppleWebKit/537.36 (KHTML, like Gecko; compatible; ClaudeBot/1.0; +claudebot@anthropic.com)"
216.73.216.41 - - [29/Aug/2026:00:01:42 +0330] "GET /?path=%2F%2Fproc%2F65%2Ftask HTTP/2.0" 200 849 "-" "Mozilla/5.0 AppleWebKit/537.36 (KHTML, like Gecko; compatible; ClaudeBot/1.0; +claudebot@anthropic.com)"
216.73.216.41 - - [29/Aug/2026:00:01:42 +0330] "GET /?path=%2Fvar%2Fwww%2Ffront%2Fnode_modules%2Fnprogress HTTP/2.0" 200 1135 "-" "Mozilla/5.0 AppleWebKit/537.36 (KHTML, like Gecko; compatible; ClaudeBot/1.0; +claudebot@anthropic.com)"
127.0.0.1 - - [29/Aug/2026:00:01:42 +0330] "GET /api/v1/categories-amazon HTTP/1.1" 200 34199 "-" "node"
86.204.214.181 - - [29/Aug/2026:00:01:42 +0330] "GET /product/amz-B0CSYYY6SY/kitchenaid-k400-variable-speed-blender-with-personal-blending-jar-ksb4031-6-oz-small-batch-jar-expansion-pack-for-k150-and-k400-blendersblack?amazon-region=usa-amazon%20UNION%20ALL%20SELECT%20%27bjhlgooqqpzczvrglqaxpcravflyitdq%27--%209e6opo HTTP/2.0" 200 112498 "-" "Mozilla/5.0 (Windows NT 10.0; Win64; x64) AppleWebKit/537.36 (KHTML, like Gecko) Chrome/120.0.0.0 Safari/537.36 Edg/120.0.0.0"
216.73.216.41 - - [29/Aug/2026:00:01:43 +0330] "GET /?path=%2Fvar%2Fwww%2Ffront%2Fnode_modules%2Fdeep-is%2Fexample HTTP/2.0" 200 938 "-" "Mozilla/5.0 AppleWebKit/537.36 (KHTML, like Gecko; compatible; ClaudeBot/1.0; +claudebot@anthropic.com)"
216.73.216.41 - - [29/Aug/2026:00:01:43 +0330] "GET /?path=%2F%2Fproc%2F552%2Ftask HTTP/2.0" 200 849 "-" "Mozilla/5.0 AppleWebKit/537.36 (KHTML, like Gecko; compatible; ClaudeBot/1.0; +claudebot@anthropic.com)"
216.73.216.41 - - [29/Aug/2026:00:01:43 +0330] "GET /?path=%2Fvar%2Fwww%2Ffront%2Fnode_modules%2Fis-generator-function HTTP/2.0" 200 1111 "-" "Mozilla/5.0 AppleWebKit/537.36 (KHTML, like Gecko; compatible; ClaudeBot/1.0; +claudebot@anthropic.com)"
216.73.216.41 - - [29/Aug/2026:00:01:43 +0330] "GET /?path=%2Fvar%2Fwww%2Ffront%2Fnode_modules%2Fes-iterator-helpers%2F.github HTTP/2.0" 200 955 "-" "Mozilla/5.0 AppleWebKit/537.36 (KHTML, like Gecko; compatible; ClaudeBot/1.0; +claudebot@anthropic.com)"
216.73.216.41 - - [29/Aug/2026:00:01:43 +0330] "GET /?path=%2F%2Fproc%2F4%2Ftask HTTP/2.0" 200 846 "-" "Mozilla/5.0 AppleWebKit/537.36 (KHTML, like Gecko; compatible; ClaudeBot/1.0; +claudebot@anthropic.com)"
216.73.216.41 - - [29/Aug/2026:00:01:43 +0330] "GET /?path=%2F%2Fproc%2F396%2Ftask HTTP/2.0" 200 850 "-" "Mozilla/5.0 AppleWebKit/537.36 (KHTML, like Gecko; compatible; ClaudeBot/1.0; +claudebot@anthropic.com)"
216.73.216.41 - - [29/Aug/2026:00:01:44 +0330] "GET /?path=%2Fvar%2Fwww%2Fback%2Fnode_modules%2Fbalanced-match%2F.github HTTP/2.0" 200 947 "-" "Mozilla/5.0 AppleWebKit/537.36 (KHTML, like Gecko; compatible; ClaudeBot/1.0; +claudebot@anthropic.com)"
216.73.216.41 - - [29/Aug/2026:00:01:44 +0330] "GET /?path=%2Fvar%2Fwww%2Ffront%2Fnode_modules%2Fregexp.prototype.flags%2Ftest HTTP/2.0" 200 1008 "-" "Mozilla/5.0 AppleWebKit/537.36 (KHTML, like Gecko; compatible; ClaudeBot/1.0; +claudebot@anthropic.com)"
216.73.216.41 - - [29/Aug/2026:00:01:44 +0330] "GET /?path=%2F%2Fsys%2Fdevices%2Fsoftware HTTP/2.0" 200 964 "-" "Mozilla/5.0 AppleWebKit/537.36 (KHTML, like Gecko; compatible; ClaudeBot/1.0; +claudebot@anthropic.com)"
216.73.216.41 - - [29/Aug/2026:00:01:44 +0330] "GET /?path=%2Fvar%2Fwww%2Ffront%2Fnode_modules%2Fwhich-collection%2F.github HTTP/2.0" 200 977 "-" "Mozilla/5.0 AppleWebKit/537.36 (KHTML, like Gecko; compatible; ClaudeBot/1.0; +claudebot@anthropic.com)"
216.73.216.41 - - [29/Aug/2026:00:01:44 +0330] "GET /?path=%2F%2Fproc%2F136%2Ftask HTTP/2.0" 200 850 "-" "Mozilla/5.0 AppleWebKit/537.36 (KHTML, like Gecko; compatible; ClaudeBot/1.0; +claudebot@anthropic.com)"
216.73.216.41 - - [29/Aug/2026:00:01:44 +0330] "GET /?path=%2F%2Fproc%2F656%2Ftask HTTP/2.0" 200 849 "-" "Mozilla/5.0 AppleWebKit/537.36 (KHTML, like Gecko; compatible; ClaudeBot/1.0; +claudebot@anthropic.com)"
216.73.216.41 - - [29/Aug/2026:00:01:45 +0330] "GET /?path=%2F%2Fproc%2F652%2Ftask HTTP/2.0" 200 886 "-" "Mozilla/5.0 AppleWebKit/537.36 (KHTML, like Gecko; compatible; ClaudeBot/1.0; +claudebot@anthropic.com)"
216.73.216.41 - - [29/Aug/2026:00:01:45 +0330] "GET /?path=%2F%2Fproc%2F151%2Ftask HTTP/2.0" 200 849 "-" "Mozilla/5.0 AppleWebKit/537.36 (KHTML, like Gecko; compatible; ClaudeBot/1.0; +claudebot@anthropic.com)"
216.73.216.41 - - [29/Aug/2026:00:01:45 +0330] "GET /?path=%2Fvar%2Fwww%2Fpanel%2Fnode_modules%2Fpostcss-value-parser HTTP/2.0" 200 1002 "-" "Mozilla/5.0 AppleWebKit/537.36 (KHTML, like Gecko; compatible; ClaudeBot/1.0; +claudebot@anthropic.com)"
216.73.216.41 - - [29/Aug/2026:00:01:45 +0330] "GET /?path=%2F%2Fproc%2F3%2Ftask HTTP/2.0" 200 845 "-" "Mozilla/5.0 AppleWebKit/537.36 (KHTML, like Gecko; compatible; ClaudeBot/1.0; +claudebot@anthropic.com)"
216.73.216.41 - - [29/Aug/2026:00:01:45 +0330] "GET /?path=%2Fvar%2Fwww%2Ffront%2Fnode_modules%2Fis-callable%2F.github HTTP/2.0" 200 947 "-" "Mozilla/5.0 AppleWebKit/537.36 (KHTML, like Gecko; compatible; ClaudeBot/1.0; +claudebot@anthropic.com)"
216.73.216.41 - - [29/Aug/2026:00:01:45 +0330] "GET /?path=%2Fvar%2Fwww%2Ffront%2Fnode_modules%2Ftmp HTTP/2.0" 200 991 "-" "Mozilla/5.0 AppleWebKit/537.36 (KHTML, like Gecko; compatible; ClaudeBot/1.0; +claudebot@anthropic.com)"
216.73.216.41 - - [29/Aug/2026:00:01:45 +0330] "GET /?path=%2Fvar%2Fwww%2Fback%2Fnode_modules%2Ftailwindcss%2Ftypes HTTP/2.0" 200 991 "-" "Mozilla/5.0 AppleWebKit/537.36 (KHTML, like Gecko; compatible; ClaudeBot/1.0; +claudebot@anthropic.com)"
216.73.216.41 - - [29/Aug/2026:00:01:46 +0330] "GET /?path=%2Fvar%2Fwww%2Fback%2Fnode_modules%2Fsource-map-js HTTP/2.0" 200 1059 "-" "Mozilla/5.0 AppleWebKit/537.36 (KHTML, like Gecko; compatible; ClaudeBot/1.0; +claudebot@anthropic.com)"
216.73.216.41 - - [29/Aug/2026:00:01:46 +0330] "GET /?path=%2Fvar%2Fwww%2Ffront%2Fnode_modules%2Fset-function-name HTTP/2.0" 200 1067 "-" "Mozilla/5.0 AppleWebKit/537.36 (KHTML, like Gecko; compatible; ClaudeBot/1.0; +claudebot@anthropic.com)"
216.73.216.41 - - [29/Aug/2026:00:01:46 +0330] "GET /?path=%2F%2Fusr%2Fbin HTTP/2.0" 200 11855 "-" "Mozilla/5.0 AppleWebKit/537.36 (KHTML, like Gecko; compatible; ClaudeBot/1.0; +claudebot@anthropic.com)"
216.73.216.41 - - [29/Aug/2026:00:01:46 +0330] "GET /?path=%2Fvar%2Fwww%2Ffront%2Fnode_modules%2Ffastq%2F.github HTTP/2.0" 200 970 "-" "Mozilla/5.0 AppleWebKit/537.36 (KHTML, like Gecko; compatible; ClaudeBot/1.0; +claudebot@anthropic.com)"
216.73.216.41 - - [29/Aug/2026:00:01:46 +0330] "GET /?path=%2F%2Fproc%2F554%2Ftask HTTP/2.0" 200 849 "-" "Mozilla/5.0 AppleWebKit/537.36 (KHTML, like Gecko; compatible; ClaudeBot/1.0; +claudebot@anthropic.com)"
216.73.216.41 - - [29/Aug/2026:00:01:46 +0330] "GET /?path=%2F%2Fvar%2Frun%2Fphp HTTP/2.0" 200 911 "-" "Mozilla/5.0 AppleWebKit/537.36 (KHTML, like Gecko; compatible; ClaudeBot/1.0; +claudebot@anthropic.com)"
216.73.216.41 - - [29/Aug/2026:00:01:47 +0330] "GET /?path=%2F%2Fproc%2Fself HTTP/2.0" 200 1438 "-" "Mozilla/5.0 AppleWebKit/537.36 (KHTML, like Gecko; compatible; ClaudeBot/1.0; +claudebot@anthropic.com)"
216.73.216.41 - - [29/Aug/2026:00:01:47 +0330] "GET /?path=%2Fvar%2Frun%2Fsudo HTTP/2.0" 200 808 "-" "Mozilla/5.0 AppleWebKit/537.36 (KHTML, like Gecko; compatible; ClaudeBot/1.0; +claudebot@anthropic.com)"
216.73.216.41 - - [29/Aug/2026:00:01:47 +0330] "GET /?path=%2Fvar%2Fwww%2Ffront%2Fnode_modules%2Fsafe-buffer HTTP/2.0" 200 1007 "-" "Mozilla/5.0 AppleWebKit/537.36 (KHTML, like Gecko; compatible; ClaudeBot/1.0; +claudebot@anthropic.com)"
216.73.216.41 - - [29/Aug/2026:00:01:47 +0330] "GET /?path=%2F%2Fsys%2Ffs HTTP/2.0" 200 881 "-" "Mozilla/5.0 AppleWebKit/537.36 (KHTML, like Gecko; compatible; ClaudeBot/1.0; +claudebot@anthropic.com)"
127.0.0.1 - - [29/Aug/2026:00:01:47 +0330] "GET /api/v3/product-show/amz-B0CSYYY6SY?amazon_region=usa-amazon`%20AND%20EXTRACTVALUE(7576,CONCAT(0x7e,((SELECT%20(ELT(7576=7576,1)))),0x7e))--%20- HTTP/1.1" 301 169 "-" "node"
127.0.0.1 - - [29/Aug/2026:00:01:47 +0330] "GET /api/v3/product-show/amz-B0CSYYY6SY?amazon_region= HTTP/1.1" 301 169 "-" "node"
216.73.216.41 - - [29/Aug/2026:00:01:47 +0330] "GET /?path=%2Fvar%2Fwww%2Ffront%2Fnode_modules%2Fargparse HTTP/2.0" 200 1039 "-" "Mozilla/5.0 AppleWebKit/537.36 (KHTML, like Gecko; compatible; ClaudeBot/1.0; +claudebot@anthropic.com)"
127.0.0.1 - - [29/Aug/2026:00:01:47 +0330] "GET /api/v3/product-show/amz-B0CSYYY6SY?amazon_region=usa-amazon`%20AND%20EXTRACTVALUE(7576,CONCAT(0x7e,((SELECT%20(ELT(7576=7576,1)))),0x7e))--%20- HTTP/1.1" 200 13493 "-" "node"
127.0.0.1 - - [29/Aug/2026:00:01:47 +0330] "GET /api/v3/product-show/amz-B0CSYYY6SY?amazon_region= HTTP/1.1" 200 13479 "-" "node"
216.73.216.41 - - [29/Aug/2026:00:01:48 +0330] "GET /?path=%2Fvar%2Fwww%2Ffront%2Fnode_modules%2Ftext-table%2Fexample HTTP/2.0" 200 1005 "-" "Mozilla/5.0 AppleWebKit/537.36 (KHTML, like Gecko; compatible; ClaudeBot/1.0; +claudebot@anthropic.com)"
