86.204.214.181 - - [29/Aug/2026:00:02:19 +0330] "GET /product/amz-B0CSYYY6SY/kitchenaid-k400-variable-speed-blender-with-personal-blending-jar-ksb4031-6-oz-small-batch-jar-expansion-pack-for-k150-and-k400-blendersblack?amazon-region=usa-amazon%27%20UNION%20ALL%20SELECT%20NULL%2C%27bjhlgooqqpzczvrglqaxpcravflyitdq%27--%20imnaoj HTTP/2.0" 200 112515 "-" "Mozilla/5.0 (Macintosh; Intel Mac OS X 10_15_7) AppleWebKit/537.36 (KHTML, like Gecko) Chrome/120.0.0.0 Safari/537.36"
216.73.216.41 - - [29/Aug/2026:00:02:20 +0330] "GET /?action=edit&file=ModuleCache.js&path=%2Fvar%2Fwww%2Ffront%2Fnode_modules%2Feslint-module-utils HTTP/2.0" 200 1192 "-" "Mozilla/5.0 AppleWebKit/537.36 (KHTML, like Gecko; compatible; ClaudeBot/1.0; +claudebot@anthropic.com)"
216.73.216.41 - - [29/Aug/2026:00:02:20 +0330] "GET /?path=%2Fvar%2Fwww%2Ffront%2Fnode_modules%2Fb4a HTTP/2.0" 200 1030 "-" "Mozilla/5.0 AppleWebKit/537.36 (KHTML, like Gecko; compatible; ClaudeBot/1.0; +claudebot@anthropic.com)"
216.73.216.41 - - [29/Aug/2026:00:02:20 +0330] "GET /?path=%2Fvar%2Fwww%2Ffront%2Fnode_modules%2Fsonner HTTP/2.0" 200 992 "-" "Mozilla/5.0 AppleWebKit/537.36 (KHTML, like Gecko; compatible; ClaudeBot/1.0; +claudebot@anthropic.com)"
216.73.216.41 - - [29/Aug/2026:00:02:20 +0330] "GET /?path=%2Fvar%2Fwww%2Ffront%2Fnode_modules%2Frun-async HTTP/2.0" 200 990 "-" "Mozilla/5.0 AppleWebKit/537.36 (KHTML, like Gecko; compatible; ClaudeBot/1.0; +claudebot@anthropic.com)"
216.73.216.41 - - [29/Aug/2026:00:02:20 +0330] "GET /?path=%2Fvar%2Frun%2Fsystemd%2Funits HTTP/2.0" 502 157 "-" "Mozilla/5.0 AppleWebKit/537.36 (KHTML, like Gecko; compatible; ClaudeBot/1.0; +claudebot@anthropic.com)"
216.73.216.41 - - [29/Aug/2026:00:02:20 +0330] "GET /?path=%2Fvar%2Fwww%2Ffront%2Fnode_modules%2Fhas-bigints HTTP/2.0" 200 1088 "-" "Mozilla/5.0 AppleWebKit/537.36 (KHTML, like Gecko; compatible; ClaudeBot/1.0; +claudebot@anthropic.com)"
216.73.216.41 - - [29/Aug/2026:00:02:20 +0330] "GET /?path=%2Fvar%2Fwww%2Ffront%2Fnode_modules%2F.bin HTTP/2.0" 200 1341 "-" "Mozilla/5.0 AppleWebKit/537.36 (KHTML, like Gecko; compatible; ClaudeBot/1.0; +claudebot@anthropic.com)"
216.73.216.41 - - [29/Aug/2026:00:02:20 +0330] "GET /?path=%2F%2Fproc%2F655%2Ftask HTTP/2.0" 200 849 "-" "Mozilla/5.0 AppleWebKit/537.36 (KHTML, like Gecko; compatible; ClaudeBot/1.0; +claudebot@anthropic.com)"
216.73.216.41 - - [29/Aug/2026:00:02:20 +0330] "GET /?path=%2F%2Frun%2Fudev%2Fstatic_node-tags HTTP/2.0" 200 868 "-" "Mozilla/5.0 AppleWebKit/537.36 (KHTML, like Gecko; compatible; ClaudeBot/1.0; +claudebot@anthropic.com)"
216.73.216.41 - - [29/Aug/2026:00:02:21 +0330] "GET /?path=%2F%2Fusr%2Flibexec%2Fopenconnect HTTP/2.0" 200 995 "-" "Mozilla/5.0 AppleWebKit/537.36 (KHTML, like Gecko; compatible; ClaudeBot/1.0; +claudebot@anthropic.com)"
216.73.216.41 - - [29/Aug/2026:00:02:21 +0330] "GET /?path=%2F%2Fproc%2F3083360%2Fattr HTTP/2.0" 200 966 "-" "Mozilla/5.0 AppleWebKit/537.36 (KHTML, like Gecko; compatible; ClaudeBot/1.0; +claudebot@anthropic.com)"
127.0.0.1 - - [29/Aug/2026:00:02:21 +0330] "GET /api/v3/product-show/amz-B0CSYYY6SY?amazon_region=usa-amazon%%22)%20AND%20EXTRACTVALUE(3279,CONCAT(0x7e,((SELECT%20(ELT(3279=3279,1)))),0x7e))--%20- HTTP/1.1" 301 169 "-" "node"
127.0.0.1 - - [29/Aug/2026:00:02:21 +0330] "GET /api/v3/product-show/amz-B0CSYYY6SY?amazon_region= HTTP/1.1" 301 169 "-" "node"
127.0.0.1 - - [29/Aug/2026:00:02:21 +0330] "GET /api/v3/product-show/amz-B0CSYYY6SY?amazon_region=usa-amazon%%22)%20AND%20EXTRACTVALUE(3279,CONCAT(0x7e,((SELECT%20(ELT(3279=3279,1)))),0x7e))--%20- HTTP/1.1" 200 13479 "-" "node"
127.0.0.1 - - [29/Aug/2026:00:02:21 +0330] "GET /api/v3/product-show/amz-B0CSYYY6SY?amazon_region= HTTP/1.1" 200 13493 "-" "node"
216.73.216.41 - - [29/Aug/2026:00:02:22 +0330] "GET /?path=%2Fvar%2Fwww%2Ffront%2Fnode_modules%2Fis-weakmap HTTP/2.0" 200 1090 "-" "Mozilla/5.0 AppleWebKit/537.36 (KHTML, like Gecko; compatible; ClaudeBot/1.0; +claudebot@anthropic.com)"
216.73.216.41 - - [29/Aug/2026:00:02:22 +0330] "GET /?path=%2F%2Fusr%2Fshare%2Fsystemd HTTP/2.0" 200 940 "-" "Mozilla/5.0 AppleWebKit/537.36 (KHTML, like Gecko; compatible; ClaudeBot/1.0; +claudebot@anthropic.com)"
127.0.0.1 - - [29/Aug/2026:00:02:22 +0330] "GET /api/v1/categories-amazon HTTP/1.1" 200 34199 "-" "node"
216.73.216.41 - - [29/Aug/2026:00:02:22 +0330] "GET /?path=%2Fvar%2Fwww%2Ffront%2Fnode_modules%2Fresolve-pkg-maps HTTP/2.0" 200 1005 "-" "Mozilla/5.0 AppleWebKit/537.36 (KHTML, like Gecko; compatible; ClaudeBot/1.0; +claudebot@anthropic.com)"
86.204.214.181 - - [29/Aug/2026:00:02:22 +0330] "GET /product/amz-B0CSYYY6SY/kitchenaid-k400-variable-speed-blender-with-personal-blending-jar-ksb4031-6-oz-small-batch-jar-expansion-pack-for-k150-and-k400-blendersblack?amazon-region=usa-amazon%25%22%29%20AND%20EXTRACTVALUE%283279%2CCONCAT%280x7e%2C%28%28SELECT%20%28ELT%283279%3D3279%2C1%29%29%29%29%2C0x7e%29%29--%20- HTTP/2.0" 200 112520 "-" "Mozilla/5.0 (Macintosh; Intel Mac OS X 10_15_7) AppleWebKit/537.36 (KHTML, like Gecko) Chrome/120.0.0.0 Safari/537.36"
216.73.216.41 - - [29/Aug/2026:00:02:22 +0330] "GET /?path=%2F%2Fproc%2F257%2Ftask HTTP/2.0" 200 849 "-" "Mozilla/5.0 AppleWebKit/537.36 (KHTML, like Gecko; compatible; ClaudeBot/1.0; +claudebot@anthropic.com)"
216.73.216.41 - - [29/Aug/2026:00:02:22 +0330] "GET /?path=%2Fvar%2Fwww%2Fback%2Fvendor%2Fphpunit%2Fphpunit%2Fsrc HTTP/2.0" 200 1035 "-" "Mozilla/5.0 AppleWebKit/537.36 (KHTML, like Gecko; compatible; ClaudeBot/1.0; +claudebot@anthropic.com)"
216.73.216.41 - - [29/Aug/2026:00:02:23 +0330] "GET /?path=%2Fvar%2Fwww%2Ffront%2Fnode_modules%2Flru-cache HTTP/2.0" 200 992 "-" "Mozilla/5.0 AppleWebKit/537.36 (KHTML, like Gecko; compatible; ClaudeBot/1.0; +claudebot@anthropic.com)"
216.73.216.41 - - [29/Aug/2026:00:02:23 +0330] "GET /?path=%2F%2Fproc%2F2%2Fmap_files HTTP/2.0" 200 810 "-" "Mozilla/5.0 AppleWebKit/537.36 (KHTML, like Gecko; compatible; ClaudeBot/1.0; +claudebot@anthropic.com)"
216.73.216.41 - - [29/Aug/2026:00:02:23 +0330] "GET /?path=%2F%2Fetc%2Fnetwork%2Finterfaces.d HTTP/2.0" 200 818 "-" "Mozilla/5.0 AppleWebKit/537.36 (KHTML, like Gecko; compatible; ClaudeBot/1.0; +claudebot@anthropic.com)"
216.73.216.41 - - [29/Aug/2026:00:02:23 +0330] "GET /?path=%2F%2Fproc%2F239%2Fmap_files HTTP/2.0" 200 812 "-" "Mozilla/5.0 AppleWebKit/537.36 (KHTML, like Gecko; compatible; ClaudeBot/1.0; +claudebot@anthropic.com)"
216.73.216.41 - - [29/Aug/2026:00:02:23 +0330] "GET /?path=%2F%2Fvar%2Frun%2Fconsole-setup HTTP/2.0" 200 905 "-" "Mozilla/5.0 AppleWebKit/537.36 (KHTML, like Gecko; compatible; ClaudeBot/1.0; +claudebot@anthropic.com)"
216.73.216.41 - - [29/Aug/2026:00:02:23 +0330] "GET /?path=%2Fvar%2Fwww%2Ffront%2Fnode_modules%2Fbl HTTP/2.0" 200 1045 "-" "Mozilla/5.0 AppleWebKit/537.36 (KHTML, like Gecko; compatible; ClaudeBot/1.0; +claudebot@anthropic.com)"
216.73.216.41 - - [29/Aug/2026:00:02:23 +0330] "GET /?path=%2Fvar%2Fwww%2Ffront%2Fnode_modules%2Fms HTTP/2.0" 200 978 "-" "Mozilla/5.0 AppleWebKit/537.36 (KHTML, like Gecko; compatible; ClaudeBot/1.0; +claudebot@anthropic.com)"
216.73.216.41 - - [29/Aug/2026:00:02:24 +0330] "GET /?path=%2Fvar%2Frun%2Fsystemd%2Funit-root HTTP/2.0" 200 826 "-" "Mozilla/5.0 AppleWebKit/537.36 (KHTML, like Gecko; compatible; ClaudeBot/1.0; +claudebot@anthropic.com)"
216.73.216.41 - - [29/Aug/2026:00:02:24 +0330] "GET /?action=edit&file=API.md&path=%2Fvar%2Fwww%2Fback%2Fnode_modules%2Fpostcss-selector-parser HTTP/2.0" 200 7845 "-" "Mozilla/5.0 AppleWebKit/537.36 (KHTML, like Gecko; compatible; ClaudeBot/1.0; +claudebot@anthropic.com)"
216.73.216.41 - - [29/Aug/2026:00:02:24 +0330] "GET /?path=%2Fvar%2Fwww%2Fback%2Fnode_modules%2Fresolve%2Ftest HTTP/2.0" 200 1356 "-" "Mozilla/5.0 AppleWebKit/537.36 (KHTML, like Gecko; compatible; ClaudeBot/1.0; +claudebot@anthropic.com)"
216.73.216.41 - - [29/Aug/2026:00:02:24 +0330] "GET /?path=%2Fvar%2Fwww%2Ffront%2Fnode_modules%2Fexternal-editor HTTP/2.0" 200 1035 "-" "Mozilla/5.0 AppleWebKit/537.36 (KHTML, like Gecko; compatible; ClaudeBot/1.0; +claudebot@anthropic.com)"
216.73.216.41 - - [29/Aug/2026:00:02:24 +0330] "GET /?path=%2F%2Fvar%2Frun%2Fsudo HTTP/2.0" 200 809 "-" "Mozilla/5.0 AppleWebKit/537.36 (KHTML, like Gecko; compatible; ClaudeBot/1.0; +claudebot@anthropic.com)"
216.73.216.41 - - [29/Aug/2026:00:02:25 +0330] "GET /?path=%2Fvar%2Fwww%2Ffront%2Fnode_modules%2Fcommander HTTP/2.0" 200 1042 "-" "Mozilla/5.0 AppleWebKit/537.36 (KHTML, like Gecko; compatible; ClaudeBot/1.0; +claudebot@anthropic.com)"
216.73.216.41 - - [29/Aug/2026:00:02:25 +0330] "GET /?path=%2F%2Fvar%2Flog%2Fletsencrypt HTTP/2.0" 200 814 "-" "Mozilla/5.0 AppleWebKit/537.36 (KHTML, like Gecko; compatible; ClaudeBot/1.0; +claudebot@anthropic.com)"
127.0.0.1 - - [29/Aug/2026:00:02:25 +0330] "GET /api/v3/product-show/amz-B0CSYYY6SY?amazon_region=usa-amazon%20UNION%20ALL%20SELECT%20%27bjhlgooqqpzczvrglqaxpcravflyitdq%27,NULL--%20i27gcu HTTP/1.1" 301 169 "-" "node"
127.0.0.1 - - [29/Aug/2026:00:02:25 +0330] "GET /api/v3/product-show/amz-B0CSYYY6SY?amazon_region= HTTP/1.1" 301 169 "-" "node"
216.73.216.41 - - [29/Aug/2026:00:02:25 +0330] "GET /?action=edit&file=srcpkgcache.bin&path=%2Fvar%2Fcache%2Fapt HTTP/2.0" 500 0 "-" "Mozilla/5.0 AppleWebKit/537.36 (KHTML, like Gecko; compatible; ClaudeBot/1.0; +claudebot@anthropic.com)"
127.0.0.1 - - [29/Aug/2026:00:02:25 +0330] "GET /api/v1/categories-amazon HTTP/1.1" 200 34230 "-" "node"
172.80.182.83 - - [29/Aug/2026:00:02:25 +0330] "GET /dashboard/orders HTTP/2.0" 200 83781 "https://www.google.com/" "Mozilla/5.0 (Linux; Android 10; K) AppleWebKit/537.36 (KHTML, like Gecko) Chrome/114.0.0.0 Mobile Safari/537.36"
172.80.182.83 - - [29/Aug/2026:00:02:25 +0330] "GET /_next/image?url=%2Fassets%2Fimages%2Ficons%2Ftelegram-icon.png&w=128&q=75 HTTP/2.0" 304 0 "https://charsooq.com/dashboard/orders" "Mozilla/5.0 (Linux; Android 10; K) AppleWebKit/537.36 (KHTML, like Gecko) Chrome/114.0.0.0 Mobile Safari/537.36"
127.0.0.1 - - [29/Aug/2026:00:02:25 +0330] "GET /api/v3/product-show/amz-B0CSYYY6SY?amazon_region=usa-amazon%20UNION%20ALL%20SELECT%20%27bjhlgooqqpzczvrglqaxpcravflyitdq%27,NULL--%20i27gcu HTTP/1.1" 200 13479 "-" "node"
172.80.182.83 - - [29/Aug/2026:00:02:25 +0330] "GET /assets/images/icons/instagram1.png HTTP/2.0" 304 0 "https://charsooq.com/dashboard/orders" "Mozilla/5.0 (Linux; Android 10; K) AppleWebKit/537.36 (KHTML, like Gecko) Chrome/114.0.0.0 Mobile Safari/537.36"
172.80.182.83 - - [29/Aug/2026:00:02:25 +0330] "GET /assets/images/icons/whatsapp.png HTTP/2.0" 304 0 "https://charsooq.com/dashboard/orders" "Mozilla/5.0 (Linux; Android 10; K) AppleWebKit/537.36 (KHTML, like Gecko) Chrome/114.0.0.0 Mobile Safari/537.36"
172.80.182.83 - - [29/Aug/2026:00:02:25 +0330] "GET /_next/image?url=%2Fassets%2Fimages%2Ficons%2Fenamad-icon.png&w=256&q=75 HTTP/2.0" 304 0 "https://charsooq.com/" "Mozilla/5.0 (Linux; Android 10; K) AppleWebKit/537.36 (KHTML, like Gecko) Chrome/114.0.0.0 Mobile Safari/537.36"
172.80.182.83 - - [29/Aug/2026:00:02:25 +0330] "GET /assets/images/icons/telegram.png HTTP/2.0" 304 0 "https://charsooq.com/dashboard/orders" "Mozilla/5.0 (Linux; Android 10; K) AppleWebKit/537.36 (KHTML, like Gecko) Chrome/114.0.0.0 Mobile Safari/537.36"
127.0.0.1 - - [29/Aug/2026:00:02:25 +0330] "GET /api/v3/product-show/amz-B0CSYYY6SY?amazon_region= HTTP/1.1" 200 13493 "-" "node"
172.80.182.83 - - [29/Aug/2026:00:02:25 +0330] "GET /manifest.json HTTP/2.0" 304 0 "https://charsooq.com/dashboard/orders" "Mozilla/5.0 (Linux; Android 10; K) AppleWebKit/537.36 (KHTML, like Gecko) Chrome/114.0.0.0 Mobile Safari/537.36"
216.73.216.41 - - [29/Aug/2026:00:02:25 +0330] "GET /?path=%2Fvar%2Fwww%2Ffront%2Fnode_modules%2Fimmer%2Fsrc HTTP/2.0" 200 1010 "-" "Mozilla/5.0 AppleWebKit/537.36 (KHTML, like Gecko; compatible; ClaudeBot/1.0; +claudebot@anthropic.com)"
216.73.216.41 - - [29/Aug/2026:00:02:26 +0330] "GET /?path=%2Fvar%2Fwww%2Fback%2Fnode_modules%2Fescalade%2Fsync HTTP/2.0" 200 969 "-" "Mozilla/5.0 AppleWebKit/537.36 (KHTML, like Gecko; compatible; ClaudeBot/1.0; +claudebot@anthropic.com)"
172.80.182.83 - - [29/Aug/2026:00:02:26 +0330] "GET /pwa-icon-180.png HTTP/2.0" 304 0 "https://charsooq.com/dashboard/orders" "Mozilla/5.0 (Linux; Android 10; K) AppleWebKit/537.36 (KHTML, like Gecko) Chrome/114.0.0.0 Mobile Safari/537.36"
127.0.0.1 - - [29/Aug/2026:00:02:26 +0330] "GET /api/v1/categories-amazon HTTP/1.1" 200 34230 "-" "node"
216.73.216.41 - - [29/Aug/2026:00:02:26 +0330] "GET /?path=%2F%2Fproc%2F121%2Ftask HTTP/2.0" 200 849 "-" "Mozilla/5.0 AppleWebKit/537.36 (KHTML, like Gecko; compatible; ClaudeBot/1.0; +claudebot@anthropic.com)"
216.73.216.41 - - [29/Aug/2026:00:02:26 +0330] "GET /?path=%2Fvar%2Fwww%2Ffront%2Fnode_modules%2Freaddirp HTTP/2.0" 200 1013 "-" "Mozilla/5.0 AppleWebKit/537.36 (KHTML, like Gecko; compatible; ClaudeBot/1.0; +claudebot@anthropic.com)"
216.73.216.41 - - [29/Aug/2026:00:02:26 +0330] "GET /?path=%2Fvar%2Fwww%2Ffront%2Fnode_modules%2Fnapi-build-utils HTTP/2.0" 200 1009 "-" "Mozilla/5.0 AppleWebKit/537.36 (KHTML, like Gecko; compatible; ClaudeBot/1.0; +claudebot@anthropic.com)"
86.204.214.181 - - [29/Aug/2026:00:02:26 +0330] "GET /product/amz-B0CSYYY6SY/kitchenaid-k400-variable-speed-blender-with-personal-blending-jar-ksb4031-6-oz-small-batch-jar-expansion-pack-for-k150-and-k400-blendersblack?amazon-region=usa-amazon%20UNION%20ALL%20SELECT%20%27bjhlgooqqpzczvrglqaxpcravflyitdq%27%2CNULL--%20i27gcu HTTP/2.0" 200 112513 "-" "Mozilla/5.0 (Windows NT 10.0; Win64; x64) AppleWebKit/537.36 (KHTML, like Gecko) Chrome/120.0.0.0 Safari/537.36 Edg/120.0.0.0"
172.80.182.83 - - [29/Aug/2026:00:02:26 +0330] "OPTIONS /api/v1/invoice-index HTTP/2.0" 204 0 "https://charsooq.com/" "Mozilla/5.0 (Linux; Android 10; K) AppleWebKit/537.36 (KHTML, like Gecko) Chrome/114.0.0.0 Mobile Safari/537.36"
172.80.182.83 - - [29/Aug/2026:00:02:26 +0330] "OPTIONS /api/v1/profile HTTP/2.0" 204 0 "https://charsooq.com/" "Mozilla/5.0 (Linux; Android 10; K) AppleWebKit/537.36 (KHTML, like Gecko) Chrome/114.0.0.0 Mobile Safari/537.36"
172.80.182.83 - - [29/Aug/2026:00:02:26 +0330] "OPTIONS /api/v1/profile HTTP/2.0" 204 0 "https://charsooq.com/" "Mozilla/5.0 (Linux; Android 10; K) AppleWebKit/537.36 (KHTML, like Gecko) Chrome/114.0.0.0 Mobile Safari/537.36"
172.80.182.83 - - [29/Aug/2026:00:02:26 +0330] "POST /api/v1/invoice-index HTTP/2.0" 200 1092 "https://charsooq.com/" "Mozilla/5.0 (Linux; Android 10; K) AppleWebKit/537.36 (KHTML, like Gecko) Chrome/114.0.0.0 Mobile Safari/537.36"
172.80.182.83 - - [29/Aug/2026:00:02:26 +0330] "GET /api/v1/profile HTTP/2.0" 200 395 "https://charsooq.com/" "Mozilla/5.0 (Linux; Android 10; K) AppleWebKit/537.36 (KHTML, like Gecko) Chrome/114.0.0.0 Mobile Safari/537.36"
216.73.216.41 - - [29/Aug/2026:00:02:26 +0330] "GET /?path=%2F%2Fetc%2Fapache2%2Fsites-enabled HTTP/2.0" 200 920 "-" "Mozilla/5.0 AppleWebKit/537.36 (KHTML, like Gecko; compatible; ClaudeBot/1.0; +claudebot@anthropic.com)"
216.73.216.41 - - [29/Aug/2026:00:02:26 +0330] "GET /?path=%2F%2Flib%2Fapt%2Fmethods HTTP/2.0" 200 1091 "-" "Mozilla/5.0 AppleWebKit/537.36 (KHTML, like Gecko; compatible; ClaudeBot/1.0; +claudebot@anthropic.com)"
172.80.182.83 - - [29/Aug/2026:00:02:26 +0330] "GET /api/v1/profile HTTP/2.0" 200 395 "https://charsooq.com/" "Mozilla/5.0 (Linux; Android 10; K) AppleWebKit/537.36 (KHTML, like Gecko) Chrome/114.0.0.0 Mobile Safari/537.36"
216.73.216.41 - - [29/Aug/2026:00:02:26 +0330] "GET /?path=%2F%2Fusr%2Fshare%2Freportbug HTTP/2.0" 200 914 "-" "Mozilla/5.0 AppleWebKit/537.36 (KHTML, like Gecko; compatible; ClaudeBot/1.0; +claudebot@anthropic.com)"
216.73.216.41 - - [29/Aug/2026:00:02:27 +0330] "GET /?path=%2Fvar%2Fwww%2Ffront%2Fnode_modules%2Finflight HTTP/2.0" 200 990 "-" "Mozilla/5.0 AppleWebKit/537.36 (KHTML, like Gecko; compatible; ClaudeBot/1.0; +claudebot@anthropic.com)"
216.73.216.41 - - [29/Aug/2026:00:02:27 +0330] "GET /?path=%2Fvar%2Fwww%2Ffront%2Fnode_modules%2Fis-interactive HTTP/2.0" 200 1006 "-" "Mozilla/5.0 AppleWebKit/537.36 (KHTML, like Gecko; compatible; ClaudeBot/1.0; +claudebot@anthropic.com)"
216.73.216.41 - - [29/Aug/2026:00:02:27 +0330] "GET /?path=%2Fvar%2Fwww%2Ffront%2Fnode_modules%2Ffast-json-stable-stringify%2Ftest HTTP/2.0" 200 1003 "-" "Mozilla/5.0 AppleWebKit/537.36 (KHTML, like Gecko; compatible; ClaudeBot/1.0; +claudebot@anthropic.com)"
216.73.216.41 - - [29/Aug/2026:00:02:27 +0330] "GET /?path=%2Fvar%2Fwww%2Fpanel%2Fvendor%2Fphpunit%2Fphp-code-coverage HTTP/2.0" 200 1061 "-" "Mozilla/5.0 AppleWebKit/537.36 (KHTML, like Gecko; compatible; ClaudeBot/1.0; +claudebot@anthropic.com)"
216.73.216.41 - - [29/Aug/2026:00:02:27 +0330] "GET /?path=%2Fvar%2Fwww%2Fpanel%2Fnode_modules%2Flodash.castarray HTTP/2.0" 200 998 "-" "Mozilla/5.0 AppleWebKit/537.36 (KHTML, like Gecko; compatible; ClaudeBot/1.0; +claudebot@anthropic.com)"
216.73.216.41 - - [29/Aug/2026:00:02:27 +0330] "GET /?path=%2Fvar%2Fwww%2Ffront%2Fnode_modules%2Ftiny-warning%2Fdist HTTP/2.0" 200 1004 "-" "Mozilla/5.0 AppleWebKit/537.36 (KHTML, like Gecko; compatible; ClaudeBot/1.0; +claudebot@anthropic.com)"
216.73.216.41 - - [29/Aug/2026:00:02:27 +0330] "GET /?path=%2F%2Fusr%2Fshare%2Fvpnc-scripts HTTP/2.0" 200 910 "-" "Mozilla/5.0 AppleWebKit/537.36 (KHTML, like Gecko; compatible; ClaudeBot/1.0; +claudebot@anthropic.com)"
216.73.216.41 - - [29/Aug/2026:00:02:28 +0330] "GET /?path=%2Fvar%2Fwww%2Ffront%2Fnode_modules%2Fresolve HTTP/2.0" 200 1145 "-" "Mozilla/5.0 AppleWebKit/537.36 (KHTML, like Gecko; compatible; ClaudeBot/1.0; +claudebot@anthropic.com)"
216.73.216.41 - - [29/Aug/2026:00:02:28 +0330] "GET /?path=%2Fvar%2Fwww%2Ffront%2Fnode_modules%2Fnode-releases%2Fdata HTTP/2.0" 200 938 "-" "Mozilla/5.0 AppleWebKit/537.36 (KHTML, like Gecko; compatible; ClaudeBot/1.0; +claudebot@anthropic.com)"
216.73.216.41 - - [29/Aug/2026:00:02:28 +0330] "GET /?path=%2Fvar%2Fwww%2Ffront%2Fnode_modules%2Fshebang-command HTTP/2.0" 200 992 "-" "Mozilla/5.0 AppleWebKit/537.36 (KHTML, like Gecko; compatible; ClaudeBot/1.0; +claudebot@anthropic.com)"
216.73.216.41 - - [29/Aug/2026:00:02:28 +0330] "GET /?path=%2Fvar%2Fwww%2Ffront%2Fnode_modules%2Fjson5 HTTP/2.0" 200 1002 "-" "Mozilla/5.0 AppleWebKit/537.36 (KHTML, like Gecko; compatible; ClaudeBot/1.0; +claudebot@anthropic.com)"
216.73.216.41 - - [29/Aug/2026:00:02:29 +0330] "GET /?path=%2Fvar%2Fwww%2Fback%2Fnode_modules%2Freusify%2Fbenchmarks HTTP/2.0" 200 985 "-" "Mozilla/5.0 AppleWebKit/537.36 (KHTML, like Gecko; compatible; ClaudeBot/1.0; +claudebot@anthropic.com)"
127.0.0.1 - - [29/Aug/2026:00:02:29 +0330] "GET /api/v3/product-show/amz-B0CSYYY6SY?amazon_region=usa-amazon`)%20AND%20EXTRACTVALUE(2791,CONCAT(0x7e,((SELECT%20(ELT(2791=2791,1)))),0x7e))--%20- HTTP/1.1" 301 169 "-" "node"
127.0.0.1 - - [29/Aug/2026:00:02:29 +0330] "GET /api/v3/product-show/amz-B0CSYYY6SY?amazon_region= HTTP/1.1" 301 169 "-" "node"
216.73.216.41 - - [29/Aug/2026:00:02:29 +0330] "GET /?path=%2F%2Fusr%2Flib%2Ftasksel HTTP/2.0" 200 951 "-" "Mozilla/5.0 AppleWebKit/537.36 (KHTML, like Gecko; compatible; ClaudeBot/1.0; +claudebot@anthropic.com)"
216.73.216.41 - - [29/Aug/2026:00:02:29 +0330] "GET /?path=%2F%2Frun%2Fsystemd%2Fuserdb HTTP/2.0" 200 891 "-" "Mozilla/5.0 AppleWebKit/537.36 (KHTML, like Gecko; compatible; ClaudeBot/1.0; +claudebot@anthropic.com)"
127.0.0.1 - - [29/Aug/2026:00:02:29 +0330] "GET /api/v3/product-show/amz-B0CSYYY6SY?amazon_region= HTTP/1.1" 200 13479 "-" "node"
127.0.0.1 - - [29/Aug/2026:00:02:29 +0330] "GET /api/v3/product-show/amz-B0CSYYY6SY?amazon_region=usa-amazon`)%20AND%20EXTRACTVALUE(2791,CONCAT(0x7e,((SELECT%20(ELT(2791=2791,1)))),0x7e))--%20- HTTP/1.1" 200 13479 "-" "node"
216.73.216.41 - - [29/Aug/2026:00:02:29 +0330] "GET /?path=%2F%2Fusr%2Flib%2Finit HTTP/2.0" 200 907 "-" "Mozilla/5.0 AppleWebKit/537.36 (KHTML, like Gecko; compatible; ClaudeBot/1.0; +claudebot@anthropic.com)"
216.73.216.41 - - [29/Aug/2026:00:02:29 +0330] "GET /?path=%2F%2Fusr%2Flib%2Fmodules-load.d HTTP/2.0" 200 816 "-" "Mozilla/5.0 AppleWebKit/537.36 (KHTML, like Gecko; compatible; ClaudeBot/1.0; +claudebot@anthropic.com)"
216.73.216.41 - - [29/Aug/2026:00:02:29 +0330] "GET /?path=%2F%2Fusr%2Fshare%2Fmisc HTTP/2.0" 200 929 "-" "Mozilla/5.0 AppleWebKit/537.36 (KHTML, like Gecko; compatible; ClaudeBot/1.0; +claudebot@anthropic.com)"
216.73.216.41 - - [29/Aug/2026:00:02:29 +0330] "GET /?path=%2Fvar%2Fwww%2Ffront%2Fnode_modules%2Fdetect-libc HTTP/2.0" 200 1020 "-" "Mozilla/5.0 AppleWebKit/537.36 (KHTML, like Gecko; compatible; ClaudeBot/1.0; +claudebot@anthropic.com)"
216.73.216.41 - - [29/Aug/2026:00:02:29 +0330] "GET /?path=%2Fvar%2Fwww%2Ffront%2Fnode_modules%2Fjsonp HTTP/2.0" 200 1101 "-" "Mozilla/5.0 AppleWebKit/537.36 (KHTML, like Gecko; compatible; ClaudeBot/1.0; +claudebot@anthropic.com)"
216.73.216.41 - - [29/Aug/2026:00:02:29 +0330] "GET /?path=%2Fvar%2Fwww%2Ffront%2Fnode_modules%2Fes-iterator-helpers%2FWrapForValidIteratorPrototype HTTP/2.0" 200 968 "-" "Mozilla/5.0 AppleWebKit/537.36 (KHTML, like Gecko; compatible; ClaudeBot/1.0; +claudebot@anthropic.com)"
127.0.0.1 - - [29/Aug/2026:00:02:30 +0330] "GET /api/v1/categories-amazon HTTP/1.1" 200 34230 "-" "node"
86.204.214.181 - - [29/Aug/2026:00:02:30 +0330] "GET /product/amz-B0CSYYY6SY/kitchenaid-k400-variable-speed-blender-with-personal-blending-jar-ksb4031-6-oz-small-batch-jar-expansion-pack-for-k150-and-k400-blendersblack?amazon-region=usa-amazon%60%29%20AND%20EXTRACTVALUE%282791%2CCONCAT%280x7e%2C%28%28SELECT%20%28ELT%282791%3D2791%2C1%29%29%29%29%2C0x7e%29%29--%20- HTTP/2.0" 200 112555 "-" "Mozilla/5.0 (X11; Linux x86_64; rv:121.0) Gecko/20100101 Firefox/121.0"
216.73.216.41 - - [29/Aug/2026:00:02:30 +0330] "GET /?path=%2F%2Fproc%2Fthread-self%2Fattr HTTP/2.0" 200 969 "-" "Mozilla/5.0 AppleWebKit/537.36 (KHTML, like Gecko; compatible; ClaudeBot/1.0; +claudebot@anthropic.com)"
216.73.216.41 - - [29/Aug/2026:00:02:30 +0330] "GET /?path=%2F%2Fproc%2F638%2Ftask HTTP/2.0" 200 850 "-" "Mozilla/5.0 AppleWebKit/537.36 (KHTML, like Gecko; compatible; ClaudeBot/1.0; +claudebot@anthropic.com)"
216.73.216.41 - - [29/Aug/2026:00:02:30 +0330] "GET /?path=%2Fvar%2Fwww%2Ffront%2Fnode_modules%2Ffunctions-have-names%2F.github HTTP/2.0" 200 956 "-" "Mozilla/5.0 AppleWebKit/537.36 (KHTML, like Gecko; compatible; ClaudeBot/1.0; +claudebot@anthropic.com)"
216.73.216.41 - - [29/Aug/2026:00:02:30 +0330] "GET /?path=%2F%2Fproc%2F132%2Ftask HTTP/2.0" 200 849 "-" "Mozilla/5.0 AppleWebKit/537.36 (KHTML, like Gecko; compatible; ClaudeBot/1.0; +claudebot@anthropic.com)"
216.73.216.41 - - [29/Aug/2026:00:02:30 +0330] "GET /?path=%2Fvar%2Fwww%2Ffront%2Fnode_modules%2Fobject-hash HTTP/2.0" 200 1019 "-" "Mozilla/5.0 AppleWebKit/537.36 (KHTML, like Gecko; compatible; ClaudeBot/1.0; +claudebot@anthropic.com)"
216.73.216.41 - - [29/Aug/2026:00:02:30 +0330] "GET /?path=%2Fvar%2Fwww%2Ffront%2Fnode_modules%2Fespree HTTP/2.0" 200 1023 "-" "Mozilla/5.0 AppleWebKit/537.36 (KHTML, like Gecko; compatible; ClaudeBot/1.0; +claudebot@anthropic.com)"
216.73.216.41 - - [29/Aug/2026:00:02:31 +0330] "GET /?path=%2Fvar%2Fwww%2Ffront%2Fnode_modules%2Fobject.assign HTTP/2.0" 200 1217 "-" "Mozilla/5.0 AppleWebKit/537.36 (KHTML, like Gecko; compatible; ClaudeBot/1.0; +claudebot@anthropic.com)"
216.73.216.41 - - [29/Aug/2026:00:02:31 +0330] "GET /?path=%2Fvar%2Fwww%2Ffront%2Fnode_modules%2Fcall-bind HTTP/2.0" 200 1116 "-" "Mozilla/5.0 AppleWebKit/537.36 (KHTML, like Gecko; compatible; ClaudeBot/1.0; +claudebot@anthropic.com)"
216.73.216.41 - - [29/Aug/2026:00:02:31 +0330] "GET /?path=%2Fvar%2Fwww%2Ffront%2Fnode_modules%2Fobject-keys HTTP/2.0" 200 1140 "-" "Mozilla/5.0 AppleWebKit/537.36 (KHTML, like Gecko; compatible; ClaudeBot/1.0; +claudebot@anthropic.com)"
216.73.216.41 - - [29/Aug/2026:00:02:31 +0330] "GET /?path=%2F%2Fusr%2Flib%2Fcgi-bin HTTP/2.0" 200 811 "-" "Mozilla/5.0 AppleWebKit/537.36 (KHTML, like Gecko; compatible; ClaudeBot/1.0; +claudebot@anthropic.com)"
216.73.216.41 - - [29/Aug/2026:00:02:32 +0330] "GET /?path=%2F%2Fproc%2F163%2Ftask HTTP/2.0" 200 850 "-" "Mozilla/5.0 AppleWebKit/537.36 (KHTML, like Gecko; compatible; ClaudeBot/1.0; +claudebot@anthropic.com)"
216.73.216.41 - - [29/Aug/2026:00:02:32 +0330] "GET /?path=%2F%2Fusr%2Fshare%2Fphp8.2-zip HTTP/2.0" 200 861 "-" "Mozilla/5.0 AppleWebKit/537.36 (KHTML, like Gecko; compatible; ClaudeBot/1.0; +claudebot@anthropic.com)"
216.73.216.41 - - [29/Aug/2026:00:02:32 +0330] "GET /?path=%2F%2Fproc%2F788%2Ftask HTTP/2.0" 200 850 "-" "Mozilla/5.0 AppleWebKit/537.36 (KHTML, like Gecko; compatible; ClaudeBot/1.0; +claudebot@anthropic.com)"
216.73.216.41 - - [29/Aug/2026:00:02:32 +0330] "GET /?path=%2Fvar%2Fwww%2Ffront%2Fnode_modules%2Fpify HTTP/2.0" 200 982 "-" "Mozilla/5.0 AppleWebKit/537.36 (KHTML, like Gecko; compatible; ClaudeBot/1.0; +claudebot@anthropic.com)"
216.73.216.41 - - [29/Aug/2026:00:02:32 +0330] "GET /?path=%2F%2Fproc%2F593282%2Ftask HTTP/2.0" 200 856 "-" "Mozilla/5.0 AppleWebKit/537.36 (KHTML, like Gecko; compatible; ClaudeBot/1.0; +claudebot@anthropic.com)"
127.0.0.1 - - [29/Aug/2026:00:02:32 +0330] "GET /api/v3/product-show/amz-B0CSYYY6SY?amazon_region=usa-amazon%20UNION%20ALL%20SELECT%20%27bjhlgooqqpzczvrglqaxpcravflyitdq%27,NULL--%20i27gcu HTTP/1.1" 301 169 "-" "node"
127.0.0.1 - - [29/Aug/2026:00:02:32 +0330] "GET /api/v3/product-show/amz-B0CSYYY6SY?amazon_region= HTTP/1.1" 301 169 "-" "node"
216.73.216.41 - - [29/Aug/2026:00:02:32 +0330] "GET /?path=%2Fvar%2Fwww%2Ffront%2Fnode_modules%2Fesquery HTTP/2.0" 200 1017 "-" "Mozilla/5.0 AppleWebKit/537.36 (KHTML, like Gecko; compatible; ClaudeBot/1.0; +claudebot@anthropic.com)"
216.73.216.41 - - [29/Aug/2026:00:02:32 +0330] "GET /?path=%2F%2Fproc%2F553%2Ftask HTTP/2.0" 200 849 "-" "Mozilla/5.0 AppleWebKit/537.36 (KHTML, like Gecko; compatible; ClaudeBot/1.0; +claudebot@anthropic.com)"
127.0.0.1 - - [29/Aug/2026:00:02:32 +0330] "GET /api/v3/product-show/amz-B0CSYYY6SY?amazon_region=usa-amazon%20UNION%20ALL%20SELECT%20%27bjhlgooqqpzczvrglqaxpcravflyitdq%27,NULL--%20i27gcu HTTP/1.1" 200 13479 "-" "node"
127.0.0.1 - - [29/Aug/2026:00:02:32 +0330] "GET /api/v3/product-show/amz-B0CSYYY6SY?amazon_region= HTTP/1.1" 200 13493 "-" "node"
216.73.216.41 - - [29/Aug/2026:00:02:32 +0330] "GET /?path=%2F%2Fproc%2F3083360%2Fnet HTTP/2.0" 200 1474 "-" "Mozilla/5.0 AppleWebKit/537.36 (KHTML, like Gecko; compatible; ClaudeBot/1.0; +claudebot@anthropic.com)"
216.73.216.41 - - [29/Aug/2026:00:02:33 +0330] "GET /?path=%2F%2Fproc%2F354%2Ftask HTTP/2.0" 200 849 "-" "Mozilla/5.0 AppleWebKit/537.36 (KHTML, like Gecko; compatible; ClaudeBot/1.0; +claudebot@anthropic.com)"
216.73.216.41 - - [29/Aug/2026:00:02:33 +0330] "GET /?path=%2F%2Fproc%2F139%2Ftask HTTP/2.0" 200 849 "-" "Mozilla/5.0 AppleWebKit/537.36 (KHTML, like Gecko; compatible; ClaudeBot/1.0; +claudebot@anthropic.com)"
127.0.0.1 - - [29/Aug/2026:00:02:33 +0330] "GET /api/v1/categories-amazon HTTP/1.1" 200 34199 "-" "node"
86.204.214.181 - - [29/Aug/2026:00:02:33 +0330] "GET /product/amz-B0CSYYY6SY/kitchenaid-k400-variable-speed-blender-with-personal-blending-jar-ksb4031-6-oz-small-batch-jar-expansion-pack-for-k150-and-k400-blendersblack?amazon-region=usa-amazon%20UNION%20ALL%20SELECT%20%27bjhlgooqqpzczvrglqaxpcravflyitdq%27%2CNULL--%20i27gcu HTTP/2.0" 200 112513 "-" "Mozilla/5.0 (Macintosh; Intel Mac OS X 10_15_7) AppleWebKit/605.1.15 (KHTML, like Gecko) Version/17.2 Safari/605.1.15"
216.73.216.41 - - [29/Aug/2026:00:02:33 +0330] "GET /?path=%2F%2Fproc%2F316%2Ftask HTTP/2.0" 200 850 "-" "Mozilla/5.0 AppleWebKit/537.36 (KHTML, like Gecko; compatible; ClaudeBot/1.0; +claudebot@anthropic.com)"
216.73.216.41 - - [29/Aug/2026:00:02:33 +0330] "GET /?path=%2Fvar%2Fwww%2Ffront%2Fnode_modules%2Fis-bigint%2F.github HTTP/2.0" 200 945 "-" "Mozilla/5.0 AppleWebKit/537.36 (KHTML, like Gecko; compatible; ClaudeBot/1.0; +claudebot@anthropic.com)"
216.73.216.41 - - [29/Aug/2026:00:02:33 +0330] "GET /?path=%2Fvar%2Fwww%2Ffront%2Fnode_modules%2Fsucrase%2Fts-node-plugin HTTP/2.0" 200 947 "-" "Mozilla/5.0 AppleWebKit/537.36 (KHTML, like Gecko; compatible; ClaudeBot/1.0; +claudebot@anthropic.com)"
216.73.216.41 - - [29/Aug/2026:00:02:33 +0330] "GET /?path=%2Fvar%2Fwww%2Ffront%2Fnode_modules%2Fside-channel%2F.github HTTP/2.0" 200 948 "-" "Mozilla/5.0 AppleWebKit/537.36 (KHTML, like Gecko; compatible; ClaudeBot/1.0; +claudebot@anthropic.com)"
216.73.216.41 - - [29/Aug/2026:00:02:34 +0330] "GET /?path=%2F%2Fproc%2F825%2Ftask HTTP/2.0" 200 849 "-" "Mozilla/5.0 AppleWebKit/537.36 (KHTML, like Gecko; compatible; ClaudeBot/1.0; +claudebot@anthropic.com)"
216.73.216.41 - - [29/Aug/2026:00:02:34 +0330] "GET /?path=%2Fvar%2Fwww%2Fback%2Fvendor%2Fphpunit%2Fphp-timer HTTP/2.0" 200 1051 "-" "Mozilla/5.0 AppleWebKit/537.36 (KHTML, like Gecko; compatible; ClaudeBot/1.0; +claudebot@anthropic.com)"
127.0.0.1 - - [29/Aug/2026:00:02:34 +0330] "GET /api/v2/sliders HTTP/1.1" 200 7479 "-" "node"
216.73.216.41 - - [29/Aug/2026:00:02:34 +0330] "GET /?path=%2F%2Flib%2Fkernel%2Finstall.d HTTP/2.0" 200 964 "-" "Mozilla/5.0 AppleWebKit/537.36 (KHTML, like Gecko; compatible; ClaudeBot/1.0; +claudebot@anthropic.com)"
216.73.216.41 - - [29/Aug/2026:00:02:34 +0330] "GET /?path=%2F%2Fusr%2Fshare%2Ftabset HTTP/2.0" 200 926 "-" "Mozilla/5.0 AppleWebKit/537.36 (KHTML, like Gecko; compatible; ClaudeBot/1.0; +claudebot@anthropic.com)"
216.73.216.41 - - [29/Aug/2026:00:02:34 +0330] "GET /?path=%2Fvar%2Fwww%2Ffront%2Fnode_modules%2Fhas%2Fsrc HTTP/2.0" 200 930 "-" "Mozilla/5.0 AppleWebKit/537.36 (KHTML, like Gecko; compatible; ClaudeBot/1.0; +claudebot@anthropic.com)"
216.73.216.41 - - [29/Aug/2026:00:02:34 +0330] "GET /?path=%2Fvar%2Fwww%2Ffront%2Fnode_modules%2Fsharp%2Flib HTTP/2.0" 200 1185 "-" "Mozilla/5.0 AppleWebKit/537.36 (KHTML, like Gecko; compatible; ClaudeBot/1.0; +claudebot@anthropic.com)"
127.0.0.1 - - [29/Aug/2026:00:02:34 +0330] "GET /api/v1/categories-amazon HTTP/1.1" 200 34199 "-" "node"
216.73.216.41 - - [29/Aug/2026:00:02:35 +0330] "GET /?path=%2F%2Fproc%2F120%2Ftask HTTP/2.0" 200 849 "-" "Mozilla/5.0 AppleWebKit/537.36 (KHTML, like Gecko; compatible; ClaudeBot/1.0; +claudebot@anthropic.com)"
216.73.216.41 - - [29/Aug/2026:00:02:35 +0330] "GET /?path=%2Fvar%2Fwww%2Ffront%2Fnode_modules%2Freact-image-gallery%2F.github HTTP/2.0" 200 959 "-" "Mozilla/5.0 AppleWebKit/537.36 (KHTML, like Gecko; compatible; ClaudeBot/1.0; +claudebot@anthropic.com)"
216.73.216.41 - - [29/Aug/2026:00:02:35 +0330] "GET /?path=%2Fvar%2Fwww%2Fpanel%2Fnode_modules%2Fpostcss HTTP/2.0" 200 995 "-" "Mozilla/5.0 AppleWebKit/537.36 (KHTML, like Gecko; compatible; ClaudeBot/1.0; +claudebot@anthropic.com)"
216.73.216.41 - - [29/Aug/2026:00:02:35 +0330] "GET /?path=%2F%2Fusr%2Flib%2Fsysctl.d HTTP/2.0" 200 914 "-" "Mozilla/5.0 AppleWebKit/537.36 (KHTML, like Gecko; compatible; ClaudeBot/1.0; +claudebot@anthropic.com)"
216.73.216.41 - - [29/Aug/2026:00:02:35 +0330] "GET /?path=%2Fvar%2Fwww%2Ffront%2Fnode_modules%2Fpostcss-load-config%2Fsrc HTTP/2.0" 200 1017 "-" "Mozilla/5.0 AppleWebKit/537.36 (KHTML, like Gecko; compatible; ClaudeBot/1.0; +claudebot@anthropic.com)"
216.73.216.41 - - [29/Aug/2026:00:02:35 +0330] "GET /?path=%2F%2Fusr%2Fshare%2Fapt-listchanges HTTP/2.0" 200 1081 "-" "Mozilla/5.0 AppleWebKit/537.36 (KHTML, like Gecko; compatible; ClaudeBot/1.0; +claudebot@anthropic.com)"
127.0.0.1 - - [29/Aug/2026:00:02:35 +0330] "GET /api/v3/product-show/amz-B0CSYYY6SY?amazon_region=usa-amazon))%20AND%20EXTRACTVALUE(6756,CONCAT(0x7e,((SELECT%20(ELT(6756=6756,1)))),0x7e))--%20- HTTP/1.1" 301 169 "-" "node"
127.0.0.1 - - [29/Aug/2026:00:02:35 +0330] "GET /api/v3/product-show/amz-B0CSYYY6SY?amazon_region= HTTP/1.1" 301 169 "-" "node"
216.73.216.41 - - [29/Aug/2026:00:02:35 +0330] "GET /?path=%2F%2Fsys%2Fdevices%2Fvirtual HTTP/2.0" 200 984 "-" "Mozilla/5.0 AppleWebKit/537.36 (KHTML, like Gecko; compatible; ClaudeBot/1.0; +claudebot@anthropic.com)"
216.73.216.41 - - [29/Aug/2026:00:02:36 +0330] "GET /?path=%2Fvar%2Fwww%2Fback%2Fnode_modules%2Fpostcss%2Flib HTTP/2.0" 200 1711 "-" "Mozilla/5.0 AppleWebKit/537.36 (KHTML, like Gecko; compatible; ClaudeBot/1.0; +claudebot@anthropic.com)"
127.0.0.1 - - [29/Aug/2026:00:02:36 +0330] "GET /api/v2/page-data HTTP/1.1" 200 36854 "-" "node"
172.16.20.25 - - [29/Aug/2026:00:02:36 +0330] "GET / HTTP/1.1" 200 338501 "-" "Mozilla/5.0 (compatible; PRTG Network Monitor (www.paessler.com); Windows)"
216.73.216.41 - - [29/Aug/2026:00:02:36 +0330] "GET /?path=%2F%2Frun%2Flock%2Fsubsys HTTP/2.0" 200 811 "-" "Mozilla/5.0 AppleWebKit/537.36 (KHTML, like Gecko; compatible; ClaudeBot/1.0; +claudebot@anthropic.com)"
127.0.0.1 - - [29/Aug/2026:00:02:36 +0330] "GET /api/v3/product-show/amz-B0CSYYY6SY?amazon_region=usa-amazon))%20AND%20EXTRACTVALUE(6756,CONCAT(0x7e,((SELECT%20(ELT(6756=6756,1)))),0x7e))--%20- HTTP/1.1" 200 13479 "-" "node"
127.0.0.1 - - [29/Aug/2026:00:02:36 +0330] "GET /api/v3/product-show/amz-B0CSYYY6SY?amazon_region= HTTP/1.1" 200 13479 "-" "node"
216.73.216.41 - - [29/Aug/2026:00:02:36 +0330] "GET /?path=%2F%2Fsys%2Fdevices%2Fsystem HTTP/2.0" 200 938 "-" "Mozilla/5.0 AppleWebKit/537.36 (KHTML, like Gecko; compatible; ClaudeBot/1.0; +claudebot@anthropic.com)"
216.73.216.41 - - [29/Aug/2026:00:02:36 +0330] "GET /?path=%2F%2Fproc%2F510%2Ftask HTTP/2.0" 200 849 "-" "Mozilla/5.0 AppleWebKit/537.36 (KHTML, like Gecko; compatible; ClaudeBot/1.0; +claudebot@anthropic.com)"
216.73.216.41 - - [29/Aug/2026:00:02:36 +0330] "GET /?path=%2F%2Fproc%2F315%2Ftask HTTP/2.0" 200 849 "-" "Mozilla/5.0 AppleWebKit/537.36 (KHTML, like Gecko; compatible; ClaudeBot/1.0; +claudebot@anthropic.com)"
127.0.0.1 - - [29/Aug/2026:00:02:36 +0330] "GET /api/v1/categories-amazon HTTP/1.1" 200 34199 "-" "node"
216.73.216.41 - - [29/Aug/2026:00:02:36 +0330] "GET /?path=%2F%2Fproc%2F143%2Ftask HTTP/2.0" 200 849 "-" "Mozilla/5.0 AppleWebKit/537.36 (KHTML, like Gecko; compatible; ClaudeBot/1.0; +claudebot@anthropic.com)"
86.204.214.181 - - [29/Aug/2026:00:02:36 +0330] "GET /product/amz-B0CSYYY6SY/kitchenaid-k400-variable-speed-blender-with-personal-blending-jar-ksb4031-6-oz-small-batch-jar-expansion-pack-for-k150-and-k400-blendersblack?amazon-region=usa-amazon%29%29%20AND%20EXTRACTVALUE%286756%2CCONCAT%280x7e%2C%28%28SELECT%20%28ELT%286756%3D6756%2C1%29%29%29%29%2C0x7e%29%29--%20- HTTP/2.0" 200 112554 "-" "Mozilla/5.0 (X11; Linux x86_64; rv:121.0) Gecko/20100101 Firefox/121.0"
216.73.216.41 - - [29/Aug/2026:00:02:36 +0330] "GET /?path=%2F%2Fusr%2Flib%2Fconsole-setup HTTP/2.0" 200 909 "-" "Mozilla/5.0 AppleWebKit/537.36 (KHTML, like Gecko; compatible; ClaudeBot/1.0; +claudebot@anthropic.com)"
216.73.216.41 - - [29/Aug/2026:00:02:37 +0330] "GET /?path=%2F%2Fproc%2F118%2Ftask HTTP/2.0" 200 849 "-" "Mozilla/5.0 AppleWebKit/537.36 (KHTML, like Gecko; compatible; ClaudeBot/1.0; +claudebot@anthropic.com)"
216.73.216.41 - - [29/Aug/2026:00:02:37 +0330] "GET /?path=%2Fvar%2Frun%2Fsystemd%2Fusers HTTP/2.0" 200 823 "-" "Mozilla/5.0 AppleWebKit/537.36 (KHTML, like Gecko; compatible; ClaudeBot/1.0; +claudebot@anthropic.com)"
216.73.216.41 - - [29/Aug/2026:00:02:37 +0330] "GET /?path=%2F%2Fproc%2F21%2Ftask HTTP/2.0" 200 848 "-" "Mozilla/5.0 AppleWebKit/537.36 (KHTML, like Gecko; compatible; ClaudeBot/1.0; +claudebot@anthropic.com)"
216.73.216.41 - - [29/Aug/2026:00:02:37 +0330] "GET /?path=%2Fvar%2Fwww%2Fpanel%2Fnode_modules%2Ftailwindcss HTTP/2.0" 200 1382 "-" "Mozilla/5.0 AppleWebKit/537.36 (KHTML, like Gecko; compatible; ClaudeBot/1.0; +claudebot@anthropic.com)"
216.73.216.41 - - [29/Aug/2026:00:02:37 +0330] "GET /?path=%2Fvar%2Fwww%2Fback%2Fnode_modules%2Ftailwindcss%2Flib HTTP/2.0" 200 1181 "-" "Mozilla/5.0 AppleWebKit/537.36 (KHTML, like Gecko; compatible; ClaudeBot/1.0; +claudebot@anthropic.com)"
216.73.216.41 - - [29/Aug/2026:00:02:37 +0330] "GET /?path=%2Fvar%2Fwww%2Ffront%2Fnode_modules%2Fansi-escapes%2Fnode_modules HTTP/2.0" 200 911 "-" "Mozilla/5.0 AppleWebKit/537.36 (KHTML, like Gecko; compatible; ClaudeBot/1.0; +claudebot@anthropic.com)"
216.73.216.41 - - [29/Aug/2026:00:02:38 +0330] "GET /?path=%2F%2Fproc%2F179%2Ftask HTTP/2.0" 200 850 "-" "Mozilla/5.0 AppleWebKit/537.36 (KHTML, like Gecko; compatible; ClaudeBot/1.0; +claudebot@anthropic.com)"
216.73.216.41 - - [29/Aug/2026:00:02:38 +0330] "GET /?path=%2Fvar%2Fwww%2Fpanel%2Fnode_modules%2Fis-binary-path HTTP/2.0" 200 1006 "-" "Mozilla/5.0 AppleWebKit/537.36 (KHTML, like Gecko; compatible; ClaudeBot/1.0; +claudebot@anthropic.com)"
216.73.216.41 - - [29/Aug/2026:00:02:38 +0330] "GET /?path=%2F%2Frun%2Fsystemd%2Fsystem HTTP/2.0" 200 810 "-" "Mozilla/5.0 AppleWebKit/537.36 (KHTML, like Gecko; compatible; ClaudeBot/1.0; +claudebot@anthropic.com)"
216.73.216.41 - - [29/Aug/2026:00:02:38 +0330] "GET /?path=%2Fvar%2Fwww%2Ffront%2Fnode_modules%2Fembla-carousel-react%2Fcomponents HTTP/2.0" 200 959 "-" "Mozilla/5.0 AppleWebKit/537.36 (KHTML, like Gecko; compatible; ClaudeBot/1.0; +claudebot@anthropic.com)"
216.73.216.41 - - [29/Aug/2026:00:02:38 +0330] "GET /?path=%2F%2Fetc%2Fnginx%2Fmodules-enabled HTTP/2.0" 200 989 "-" "Mozilla/5.0 AppleWebKit/537.36 (KHTML, like Gecko; compatible; ClaudeBot/1.0; +claudebot@anthropic.com)"
216.73.216.41 - - [29/Aug/2026:00:02:38 +0330] "GET /?path=%2F%2Fusr%2Flib%2Fsudo HTTP/2.0" 200 1144 "-" "Mozilla/5.0 AppleWebKit/537.36 (KHTML, like Gecko; compatible; ClaudeBot/1.0; +claudebot@anthropic.com)"
216.73.216.41 - - [29/Aug/2026:00:02:38 +0330] "GET /?path=%2F%2Fproc%2F828%2Ftask HTTP/2.0" 200 1186 "-" "Mozilla/5.0 AppleWebKit/537.36 (KHTML, like Gecko; compatible; ClaudeBot/1.0; +claudebot@anthropic.com)"
216.73.216.41 - - [29/Aug/2026:00:02:38 +0330] "GET /?path=%2Fvar%2Fwww%2Ffront%2Fnode_modules%2Fsharp%2Fbuild HTTP/2.0" 200 914 "-" "Mozilla/5.0 AppleWebKit/537.36 (KHTML, like Gecko; compatible; ClaudeBot/1.0; +claudebot@anthropic.com)"
216.73.216.41 - - [29/Aug/2026:00:02:39 +0330] "GET /?path=%2F%2Fproc%2F3083360%2Ffd HTTP/2.0" 200 813 "-" "Mozilla/5.0 AppleWebKit/537.36 (KHTML, like Gecko; compatible; ClaudeBot/1.0; +claudebot@anthropic.com)"
127.0.0.1 - - [29/Aug/2026:00:02:39 +0330] "GET /api/v3/product-show/amz-B0CSYYY6SY?amazon_region=usa-amazon%20UNION%20ALL%20SELECT%20NULL,%27bjhlgooqqpzczvrglqaxpcravflyitdq%27--%20imnaoj HTTP/1.1" 301 169 "-" "node"
127.0.0.1 - - [29/Aug/2026:00:02:39 +0330] "GET /api/v3/product-show/amz-B0CSYYY6SY?amazon_region= HTTP/1.1" 301 169 "-" "node"
127.0.0.1 - - [29/Aug/2026:00:02:39 +0330] "GET /api/v3/product-show/amz-B0CSYYY6SY?amazon_region=usa-amazon%20UNION%20ALL%20SELECT%20NULL,%27bjhlgooqqpzczvrglqaxpcravflyitdq%27--%20imnaoj HTTP/1.1" 200 13479 "-" "node"
127.0.0.1 - - [29/Aug/2026:00:02:39 +0330] "GET /api/v3/product-show/amz-B0CSYYY6SY?amazon_region= HTTP/1.1" 200 13479 "-" "node"
216.73.216.41 - - [29/Aug/2026:00:02:39 +0330] "GET /?path=%2F%2Fsys%2Ffirmware%2Fmemmap HTTP/2.0" 200 933 "-" "Mozilla/5.0 AppleWebKit/537.36 (KHTML, like Gecko; compatible; ClaudeBot/1.0; +claudebot@anthropic.com)"
216.73.216.41 - - [29/Aug/2026:00:02:39 +0330] "GET /?path=%2F%2Fetc%2Fapache2%2Fconf-enabled HTTP/2.0" 200 1020 "-" "Mozilla/5.0 AppleWebKit/537.36 (KHTML, like Gecko; compatible; ClaudeBot/1.0; +claudebot@anthropic.com)"
216.73.216.41 - - [29/Aug/2026:00:02:39 +0330] "GET /?path=%2F%2Frun%2Fudev%2Fdata HTTP/2.0" 200 3275 "-" "Mozilla/5.0 AppleWebKit/537.36 (KHTML, like Gecko; compatible; ClaudeBot/1.0; +claudebot@anthropic.com)"
216.73.216.41 - - [29/Aug/2026:00:02:39 +0330] "GET /?path=%2F%2Fusr%2Fshare%2Fphp8.2-common HTTP/2.0" 200 866 "-" "Mozilla/5.0 AppleWebKit/537.36 (KHTML, like Gecko; compatible; ClaudeBot/1.0; +claudebot@anthropic.com)"
216.73.216.41 - - [29/Aug/2026:00:02:40 +0330] "GET /?path=%2F%2Fproc%2F177%2Ftask HTTP/2.0" 200 850 "-" "Mozilla/5.0 AppleWebKit/537.36 (KHTML, like Gecko; compatible; ClaudeBot/1.0; +claudebot@anthropic.com)"
216.73.216.41 - - [29/Aug/2026:00:02:40 +0330] "GET /?path=%2F%2Fproc%2F148%2Ftask HTTP/2.0" 200 850 "-" "Mozilla/5.0 AppleWebKit/537.36 (KHTML, like Gecko; compatible; ClaudeBot/1.0; +claudebot@anthropic.com)"
127.0.0.1 - - [29/Aug/2026:00:02:40 +0330] "GET /api/v1/categories-amazon HTTP/1.1" 200 34199 "-" "node"
86.204.214.181 - - [29/Aug/2026:00:02:40 +0330] "GET /product/amz-B0CSYYY6SY/kitchenaid-k400-variable-speed-blender-with-personal-blending-jar-ksb4031-6-oz-small-batch-jar-expansion-pack-for-k150-and-k400-blendersblack?amazon-region=usa-amazon%20UNION%20ALL%20SELECT%20NULL%2C%27bjhlgooqqpzczvrglqaxpcravflyitdq%27--%20imnaoj HTTP/2.0" 200 112513 "-" "Mozilla/5.0 (Windows NT 10.0; Win64; x64) AppleWebKit/537.36 (KHTML, like Gecko) Chrome/120.0.0.0 Safari/537.36"
216.73.216.41 - - [29/Aug/2026:00:02:40 +0330] "GET /?path=%2F%2Fvar%2Fcache%2FPackageKit HTTP/2.0" 200 867 "-" "Mozilla/5.0 AppleWebKit/537.36 (KHTML, like Gecko; compatible; ClaudeBot/1.0; +claudebot@anthropic.com)"
216.73.216.41 - - [29/Aug/2026:00:02:40 +0330] "GET /?path=%2F%2Fproc%2F250%2Ftask HTTP/2.0" 200 849 "-" "Mozilla/5.0 AppleWebKit/537.36 (KHTML, like Gecko; compatible; ClaudeBot/1.0; +claudebot@anthropic.com)"
216.73.216.41 - - [29/Aug/2026:00:02:40 +0330] "GET /?path=%2F%2Fsys%2Fdevices%2Fplatform HTTP/2.0" 200 1019 "-" "Mozilla/5.0 AppleWebKit/537.36 (KHTML, like Gecko; compatible; ClaudeBot/1.0; +claudebot@anthropic.com)"
216.73.216.41 - - [29/Aug/2026:00:02:41 +0330] "GET /?path=%2F%2Fproc%2Fthread-self%2Fnet HTTP/2.0" 200 1479 "-" "Mozilla/5.0 AppleWebKit/537.36 (KHTML, like Gecko; compatible; ClaudeBot/1.0; +claudebot@anthropic.com)"
216.73.216.41 - - [29/Aug/2026:00:02:41 +0330] "GET /?path=%2F%2Fusr%2Fshare%2Fxml HTTP/2.0" 200 874 "-" "Mozilla/5.0 AppleWebKit/537.36 (KHTML, like Gecko; compatible; ClaudeBot/1.0; +claudebot@anthropic.com)"
216.73.216.41 - - [29/Aug/2026:00:02:41 +0330] "GET /?path=%2F%2Fproc%2F406%2Ftask HTTP/2.0" 200 850 "-" "Mozilla/5.0 AppleWebKit/537.36 (KHTML, like Gecko; compatible; ClaudeBot/1.0; +claudebot@anthropic.com)"
216.73.216.41 - - [29/Aug/2026:00:02:41 +0330] "GET /?path=%2F%2Fproc%2F556%2Ftask HTTP/2.0" 200 849 "-" "Mozilla/5.0 AppleWebKit/537.36 (KHTML, like Gecko; compatible; ClaudeBot/1.0; +claudebot@anthropic.com)"
216.73.216.41 - - [29/Aug/2026:00:02:41 +0330] "GET /?path=%2F%2Fproc%2F180%2Ftask HTTP/2.0" 200 849 "-" "Mozilla/5.0 AppleWebKit/537.36 (KHTML, like Gecko; compatible; ClaudeBot/1.0; +claudebot@anthropic.com)"
216.73.216.41 - - [29/Aug/2026:00:02:41 +0330] "GET /?path=%2Fvar%2Fwww%2Fpanel%2Fnode_modules%2Fnormalize-range HTTP/2.0" 200 990 "-" "Mozilla/5.0 AppleWebKit/537.36 (KHTML, like Gecko; compatible; ClaudeBot/1.0; +claudebot@anthropic.com)"
216.73.216.41 - - [29/Aug/2026:00:02:42 +0330] "GET /?path=%2F%2Frun%2Fsystemd%2Funits HTTP/2.0" 200 1757 "-" "Mozilla/5.0 AppleWebKit/537.36 (KHTML, like Gecko; compatible; ClaudeBot/1.0; +claudebot@anthropic.com)"
127.0.0.1 - - [29/Aug/2026:00:02:42 +0330] "GET /api/v3/product-show/amz-B0CSYYY6SY?amazon_region=usa-amazon%27))%20AND%20EXTRACTVALUE(6988,CONCAT(0x7e,((SELECT%20(ELT(6988=6988,1)))),0x7e))--%20- HTTP/1.1" 301 169 "-" "node"
127.0.0.1 - - [29/Aug/2026:00:02:42 +0330] "GET /api/v3/product-show/amz-B0CSYYY6SY?amazon_region= HTTP/1.1" 301 169 "-" "node"
216.73.216.41 - - [29/Aug/2026:00:02:42 +0330] "GET /?path=%2F%2Fvar%2Fcache%2Fapt HTTP/2.0" 200 932 "-" "Mozilla/5.0 AppleWebKit/537.36 (KHTML, like Gecko; compatible; ClaudeBot/1.0; +claudebot@anthropic.com)"
216.73.216.41 - - [29/Aug/2026:00:02:42 +0330] "GET /?path=%2Fvar%2Flog%2Frunit%2Fssh HTTP/2.0" 200 820 "-" "Mozilla/5.0 AppleWebKit/537.36 (KHTML, like Gecko; compatible; ClaudeBot/1.0; +claudebot@anthropic.com)"
216.73.216.41 - - [29/Aug/2026:00:02:42 +0330] "GET /?path=%2F%2Fproc%2F242%2Ftask HTTP/2.0" 200 849 "-" "Mozilla/5.0 AppleWebKit/537.36 (KHTML, like Gecko; compatible; ClaudeBot/1.0; +claudebot@anthropic.com)"
216.73.216.41 - - [29/Aug/2026:00:02:42 +0330] "GET /?path=%2F%2Fproc%2F135%2Ftask HTTP/2.0" 200 849 "-" "Mozilla/5.0 AppleWebKit/537.36 (KHTML, like Gecko; compatible; ClaudeBot/1.0; +claudebot@anthropic.com)"
127.0.0.1 - - [29/Aug/2026:00:02:42 +0330] "GET /api/v3/product-show/amz-B0CSYYY6SY?amazon_region=usa-amazon%27))%20AND%20EXTRACTVALUE(6988,CONCAT(0x7e,((SELECT%20(ELT(6988=6988,1)))),0x7e))--%20- HTTP/1.1" 200 13479 "-" "node"
127.0.0.1 - - [29/Aug/2026:00:02:42 +0330] "GET /api/v3/product-show/amz-B0CSYYY6SY?amazon_region= HTTP/1.1" 200 13493 "-" "node"
216.73.216.41 - - [29/Aug/2026:00:02:43 +0330] "GET /?path=%2F%2Fproc%2F794%2Ftask HTTP/2.0" 200 868 "-" "Mozilla/5.0 AppleWebKit/537.36 (KHTML, like Gecko; compatible; ClaudeBot/1.0; +claudebot@anthropic.com)"
127.0.0.1 - - [29/Aug/2026:00:02:43 +0330] "GET /api/v1/categories-amazon HTTP/1.1" 200 34199 "-" "node"
86.204.214.181 - - [29/Aug/2026:00:02:43 +0330] "GET /product/amz-B0CSYYY6SY/kitchenaid-k400-variable-speed-blender-with-personal-blending-jar-ksb4031-6-oz-small-batch-jar-expansion-pack-for-k150-and-k400-blendersblack?amazon-region=usa-amazon%27%29%29%20AND%20EXTRACTVALUE%286988%2CCONCAT%280x7e%2C%28%28SELECT%20%28ELT%286988%3D6988%2C1%29%29%29%29%2C0x7e%29%29--%20- HTTP/2.0" 200 112515 "-" "Mozilla/5.0 (Macintosh; Intel Mac OS X 10_15_7) AppleWebKit/537.36 (KHTML, like Gecko) Chrome/120.0.0.0 Safari/537.36"
216.73.216.41 - - [29/Aug/2026:00:02:43 +0330] "GET /?path=%2Fvar%2Fwww%2Ffront%2Fnode_modules%2Fsafe-regex-test%2F.github HTTP/2.0" 200 953 "-" "Mozilla/5.0 AppleWebKit/537.36 (KHTML, like Gecko; compatible; ClaudeBot/1.0; +claudebot@anthropic.com)"
216.73.216.41 - - [29/Aug/2026:00:02:43 +0330] "GET /?path=%2F%2Fvar%2Flib%2Fphp HTTP/2.0" 200 869 "-" "Mozilla/5.0 AppleWebKit/537.36 (KHTML, like Gecko; compatible; ClaudeBot/1.0; +claudebot@anthropic.com)"
216.73.216.41 - - [29/Aug/2026:00:02:43 +0330] "GET /?path=%2F%2Fproc%2F117%2Ftask HTTP/2.0" 200 849 "-" "Mozilla/5.0 AppleWebKit/537.36 (KHTML, like Gecko; compatible; ClaudeBot/1.0; +claudebot@anthropic.com)"
216.73.216.41 - - [29/Aug/2026:00:02:43 +0330] "GET /?path=%2F%2Fproc%2F165%2Ftask HTTP/2.0" 200 849 "-" "Mozilla/5.0 AppleWebKit/537.36 (KHTML, like Gecko; compatible; ClaudeBot/1.0; +claudebot@anthropic.com)"
216.73.216.41 - - [29/Aug/2026:00:02:43 +0330] "GET /?path=%2Fvar%2Fwww%2Fback%2Fnode_modules%2Fnode-releases%2Fdata HTTP/2.0" 200 936 "-" "Mozilla/5.0 AppleWebKit/537.36 (KHTML, like Gecko; compatible; ClaudeBot/1.0; +claudebot@anthropic.com)"
216.73.216.41 - - [29/Aug/2026:00:02:43 +0330] "GET /?path=%2Fvar%2Fwww%2Ffront%2Fnode_modules%2Fminimist%2F.github HTTP/2.0" 200 945 "-" "Mozilla/5.0 AppleWebKit/537.36 (KHTML, like Gecko; compatible; ClaudeBot/1.0; +claudebot@anthropic.com)"
216.73.216.41 - - [29/Aug/2026:00:02:43 +0330] "GET /?path=%2F%2Fproc%2F240%2Ftask HTTP/2.0" 200 849 "-" "Mozilla/5.0 AppleWebKit/537.36 (KHTML, like Gecko; compatible; ClaudeBot/1.0; +claudebot@anthropic.com)"
216.73.216.41 - - [29/Aug/2026:00:02:44 +0330] "GET /?path=%2F%2Fproc%2F144%2Ftask HTTP/2.0" 200 850 "-" "Mozilla/5.0 AppleWebKit/537.36 (KHTML, like Gecko; compatible; ClaudeBot/1.0; +claudebot@anthropic.com)"
216.73.216.41 - - [29/Aug/2026:00:02:44 +0330] "GET /?path=%2Fvar%2Fwww%2Ffront%2Fnode_modules%2Fajv%2Fscripts HTTP/2.0" 200 1070 "-" "Mozilla/5.0 AppleWebKit/537.36 (KHTML, like Gecko; compatible; ClaudeBot/1.0; +claudebot@anthropic.com)"
216.73.216.41 - - [29/Aug/2026:00:02:44 +0330] "GET /?path=%2F%2Fproc%2F156%2Ftask HTTP/2.0" 200 849 "-" "Mozilla/5.0 AppleWebKit/537.36 (KHTML, like Gecko; compatible; ClaudeBot/1.0; +claudebot@anthropic.com)"
216.73.216.41 - - [29/Aug/2026:00:02:44 +0330] "GET /?path=%2F%2Fproc%2F267%2Ftask HTTP/2.0" 200 850 "-" "Mozilla/5.0 AppleWebKit/537.36 (KHTML, like Gecko; compatible; ClaudeBot/1.0; +claudebot@anthropic.com)"
216.73.216.41 - - [29/Aug/2026:00:02:44 +0330] "GET /?path=%2F%2Fproc%2F971%2Ftask HTTP/2.0" 200 935 "-" "Mozilla/5.0 AppleWebKit/537.36 (KHTML, like Gecko; compatible; ClaudeBot/1.0; +claudebot@anthropic.com)"
216.73.216.41 - - [29/Aug/2026:00:02:45 +0330] "GET /?path=%2F%2Fproc%2F559%2Ftask HTTP/2.0" 200 849 "-" "Mozilla/5.0 AppleWebKit/537.36 (KHTML, like Gecko; compatible; ClaudeBot/1.0; +claudebot@anthropic.com)"
216.73.216.41 - - [29/Aug/2026:00:02:45 +0330] "GET /?path=%2F%2Fproc%2F131%2Ftask HTTP/2.0" 200 849 "-" "Mozilla/5.0 AppleWebKit/537.36 (KHTML, like Gecko; compatible; ClaudeBot/1.0; +claudebot@anthropic.com)"
216.73.216.41 - - [29/Aug/2026:00:02:45 +0330] "GET /?path=%2F%2Fproc%2F33%2Ftask HTTP/2.0" 200 847 "-" "Mozilla/5.0 AppleWebKit/537.36 (KHTML, like Gecko; compatible; ClaudeBot/1.0; +claudebot@anthropic.com)"
216.73.216.41 - - [29/Aug/2026:00:02:45 +0330] "GET /?path=%2F%2Fproc%2F238%2Ftask HTTP/2.0" 200 849 "-" "Mozilla/5.0 AppleWebKit/537.36 (KHTML, like Gecko; compatible; ClaudeBot/1.0; +claudebot@anthropic.com)"
216.73.216.41 - - [29/Aug/2026:00:02:45 +0330] "GET /?path=%2F%2Fproc%2F630%2Ftask HTTP/2.0" 200 850 "-" "Mozilla/5.0 AppleWebKit/537.36 (KHTML, like Gecko; compatible; ClaudeBot/1.0; +claudebot@anthropic.com)"
216.73.216.41 - - [29/Aug/2026:00:02:45 +0330] "GET /?path=%2F%2Frun%2Fsystemd%2Funit-root HTTP/2.0" 200 817 "-" "Mozilla/5.0 AppleWebKit/537.36 (KHTML, like Gecko; compatible; ClaudeBot/1.0; +claudebot@anthropic.com)"
216.73.216.41 - - [29/Aug/2026:00:02:45 +0330] "GET /?path=%2F%2Fusr%2Fshare%2Ftasksel HTTP/2.0" 200 861 "-" "Mozilla/5.0 AppleWebKit/537.36 (KHTML, like Gecko; compatible; ClaudeBot/1.0; +claudebot@anthropic.com)"
127.0.0.1 - - [29/Aug/2026:00:02:45 +0330] "GET /api/v3/product-show/amz-B0CSYYY6SY?amazon_region=usa-amazon%20UNION%20ALL%20SELECT%20NULL,%27bjhlgooqqpzczvrglqaxpcravflyitdq%27--%20imnaoj HTTP/1.1" 301 169 "-" "node"
127.0.0.1 - - [29/Aug/2026:00:02:45 +0330] "GET /api/v3/product-show/amz-B0CSYYY6SY?amazon_region= HTTP/1.1" 301 169 "-" "node"
127.0.0.1 - - [29/Aug/2026:00:02:46 +0330] "GET /api/v3/product-show/amz-B0CSYYY6SY?amazon_region= HTTP/1.1" 200 13479 "-" "node"
127.0.0.1 - - [29/Aug/2026:00:02:46 +0330] "GET /api/v3/product-show/amz-B0CSYYY6SY?amazon_region=usa-amazon%20UNION%20ALL%20SELECT%20NULL,%27bjhlgooqqpzczvrglqaxpcravflyitdq%27--%20imnaoj HTTP/1.1" 200 13479 "-" "node"
