5.208.183.134 - - [29/Aug/2026:00:08:16 +0330] "GET /_next/image?url=%2Fassets%2Fimages%2Ficons%2Fenamad-icon.png&w=256&q=75 HTTP/2.0" 304 0 "https://charsooq.com/" "Mozilla/5.0 (Linux; Android 10; K) AppleWebKit/537.36 (KHTML, like Gecko) Chrome/151.0.0.0 Mobile Safari/537.36"
216.73.216.41 - - [29/Aug/2026:00:08:16 +0330] "GET /?action=edit&file=Lat7-Fixed13.psf.gz&path=%2F%2Fusr%2Fshare%2Fconsolefonts HTTP/2.0" 200 2980 "-" "Mozilla/5.0 AppleWebKit/537.36 (KHTML, like Gecko; compatible; ClaudeBot/1.0; +claudebot@anthropic.com)"
216.73.216.41 - - [29/Aug/2026:00:08:16 +0330] "GET /?action=edit&file=email.nanorc&path=%2F%2Fusr%2Fshare%2Fnano HTTP/2.0" 200 880 "-" "Mozilla/5.0 AppleWebKit/537.36 (KHTML, like Gecko; compatible; ClaudeBot/1.0; +claudebot@anthropic.com)"
5.208.183.134 - - [29/Aug/2026:00:08:16 +0330] "GET /manifest.json HTTP/2.0" 304 0 "https://charsooq.com/calculator" "Mozilla/5.0 (Linux; Android 10; K) AppleWebKit/537.36 (KHTML, like Gecko) Chrome/151.0.0.0 Mobile Safari/537.36"
216.73.216.41 - - [29/Aug/2026:00:08:16 +0330] "GET /?action=edit&file=tcl.nanorc&path=%2F%2Fusr%2Fshare%2Fnano HTTP/2.0" 200 1782 "-" "Mozilla/5.0 AppleWebKit/537.36 (KHTML, like Gecko; compatible; ClaudeBot/1.0; +claudebot@anthropic.com)"
216.73.216.41 - - [29/Aug/2026:00:08:16 +0330] "GET /?action=edit&file=Lat7-Fixed18.psf.gz&path=%2F%2Fusr%2Fshare%2Fconsolefonts HTTP/2.0" 200 3065 "-" "Mozilla/5.0 AppleWebKit/537.36 (KHTML, like Gecko; compatible; ClaudeBot/1.0; +claudebot@anthropic.com)"
5.208.183.134 - - [29/Aug/2026:00:08:16 +0330] "GET /pwa-icon-180.png HTTP/2.0" 304 0 "https://charsooq.com/calculator" "Mozilla/5.0 (Linux; Android 10; K) AppleWebKit/537.36 (KHTML, like Gecko) Chrome/151.0.0.0 Mobile Safari/537.36"
5.208.183.134 - - [29/Aug/2026:00:08:16 +0330] "GET /checkout?_rsc=bqr1v HTTP/2.0" 200 1690 "https://charsooq.com/calculator" "Mozilla/5.0 (Linux; Android 10; K) AppleWebKit/537.36 (KHTML, like Gecko) Chrome/151.0.0.0 Mobile Safari/537.36"
5.208.183.134 - - [29/Aug/2026:00:08:16 +0330] "GET /?_rsc=bqr1v HTTP/2.0" 200 13560 "https://charsooq.com/calculator" "Mozilla/5.0 (Linux; Android 10; K) AppleWebKit/537.36 (KHTML, like Gecko) Chrome/151.0.0.0 Mobile Safari/537.36"
5.208.183.134 - - [29/Aug/2026:00:08:16 +0330] "GET /api/v1/calculator-index HTTP/2.0" 200 1549 "https://charsooq.com/" "Mozilla/5.0 (Linux; Android 10; K) AppleWebKit/537.36 (KHTML, like Gecko) Chrome/151.0.0.0 Mobile Safari/537.36"
216.73.216.41 - - [29/Aug/2026:00:08:16 +0330] "GET /?action=edit&file=failed_suspend_noirq&path=%2F%2Fsys%2Fpower%2Fsuspend_stats HTTP/2.0" 200 665 "-" "Mozilla/5.0 AppleWebKit/537.36 (KHTML, like Gecko; compatible; ClaudeBot/1.0; +claudebot@anthropic.com)"
216.73.216.41 - - [29/Aug/2026:00:08:17 +0330] "GET /?action=edit&file=generic-icons&path=%2F%2Fusr%2Fshare%2Fmime HTTP/2.0" 200 4303 "-" "Mozilla/5.0 AppleWebKit/537.36 (KHTML, like Gecko; compatible; ClaudeBot/1.0; +claudebot@anthropic.com)"
216.73.216.41 - - [29/Aug/2026:00:08:17 +0330] "GET /?action=edit&file=Lat7-Fixed16.psf.gz&path=%2F%2Fusr%2Fshare%2Fconsolefonts HTTP/2.0" 200 2948 "-" "Mozilla/5.0 AppleWebKit/537.36 (KHTML, like Gecko; compatible; ClaudeBot/1.0; +claudebot@anthropic.com)"
216.73.216.41 - - [29/Aug/2026:00:08:17 +0330] "GET /?action=edit&file=CyrKoi-Fixed15.psf.gz&path=%2F%2Fusr%2Fshare%2Fconsolefonts HTTP/2.0" 200 3088 "-" "Mozilla/5.0 AppleWebKit/537.36 (KHTML, like Gecko; compatible; ClaudeBot/1.0; +claudebot@anthropic.com)"
216.73.216.41 - - [29/Aug/2026:00:08:17 +0330] "GET /?action=edit&file=CyrKoi-Fixed14.psf.gz&path=%2F%2Fusr%2Fshare%2Fconsolefonts HTTP/2.0" 200 3087 "-" "Mozilla/5.0 AppleWebKit/537.36 (KHTML, like Gecko; compatible; ClaudeBot/1.0; +claudebot@anthropic.com)"
216.73.216.41 - - [29/Aug/2026:00:08:17 +0330] "GET /?action=edit&file=help.sk.txt&path=%2F%2Fusr%2Fshare%2Fgnupg HTTP/2.0" 200 4448 "-" "Mozilla/5.0 AppleWebKit/537.36 (KHTML, like Gecko; compatible; ClaudeBot/1.0; +claudebot@anthropic.com)"
216.73.216.41 - - [29/Aug/2026:00:08:17 +0330] "GET /?action=edit&file=Greek-VGA14.psf.gz&path=%2F%2Fusr%2Fshare%2Fconsolefonts HTTP/2.0" 200 3104 "-" "Mozilla/5.0 AppleWebKit/537.36 (KHTML, like Gecko; compatible; ClaudeBot/1.0; +claudebot@anthropic.com)"
216.73.216.41 - - [29/Aug/2026:00:08:17 +0330] "GET /?action=edit&file=lvm2-pvscan%40.service&path=%2F%2Flib%2Fsystemd%2Fsystem HTTP/2.0" 200 863 "-" "Mozilla/5.0 AppleWebKit/537.36 (KHTML, like Gecko; compatible; ClaudeBot/1.0; +claudebot@anthropic.com)"
216.73.216.41 - - [29/Aug/2026:00:08:17 +0330] "GET /?action=edit&file=hybrid-sleep.target&path=%2F%2Flib%2Fsystemd%2Fsystem HTTP/2.0" 200 969 "-" "Mozilla/5.0 AppleWebKit/537.36 (KHTML, like Gecko; compatible; ClaudeBot/1.0; +claudebot@anthropic.com)"
216.73.216.41 - - [29/Aug/2026:00:08:18 +0330] "GET /?action=edit&file=icons&path=%2F%2Fusr%2Fshare%2Fmime HTTP/2.0" 200 651 "-" "Mozilla/5.0 AppleWebKit/537.36 (KHTML, like Gecko; compatible; ClaudeBot/1.0; +claudebot@anthropic.com)"
216.73.216.41 - - [29/Aug/2026:00:08:18 +0330] "GET /?action=edit&file=systemd-hybrid-sleep.service&path=%2F%2Flib%2Fsystemd%2Fsystem HTTP/2.0" 200 990 "-" "Mozilla/5.0 AppleWebKit/537.36 (KHTML, like Gecko; compatible; ClaudeBot/1.0; +claudebot@anthropic.com)"
216.73.216.41 - - [29/Aug/2026:00:08:18 +0330] "GET /?action=edit&file=20auto-upgrades-disabled&path=%2F%2Fusr%2Fshare%2Funattended-upgrades HTTP/2.0" 200 718 "-" "Mozilla/5.0 AppleWebKit/537.36 (KHTML, like Gecko; compatible; ClaudeBot/1.0; +claudebot@anthropic.com)"
216.73.216.41 - - [29/Aug/2026:00:08:18 +0330] "GET /?action=edit&file=CP1251.acm.gz&path=%2F%2Fusr%2Fshare%2Fconsoletrans HTTP/2.0" 200 1320 "-" "Mozilla/5.0 AppleWebKit/537.36 (KHTML, like Gecko; compatible; ClaudeBot/1.0; +claudebot@anthropic.com)"
216.73.216.41 - - [29/Aug/2026:00:08:19 +0330] "GET /?action=edit&file=CyrKoi-Fixed13.psf.gz&path=%2F%2Fusr%2Fshare%2Fconsolefonts HTTP/2.0" 200 3020 "-" "Mozilla/5.0 AppleWebKit/537.36 (KHTML, like Gecko; compatible; ClaudeBot/1.0; +claudebot@anthropic.com)"
216.73.216.41 - - [29/Aug/2026:00:08:19 +0330] "GET /?action=edit&file=CyrSlav-VGA14.psf.gz&path=%2F%2Fusr%2Fshare%2Fconsolefonts HTTP/2.0" 200 3006 "-" "Mozilla/5.0 AppleWebKit/537.36 (KHTML, like Gecko; compatible; ClaudeBot/1.0; +claudebot@anthropic.com)"
216.73.216.41 - - [29/Aug/2026:00:08:19 +0330] "GET /?action=edit&file=CyrKoi-Fixed18.psf.gz&path=%2F%2Fusr%2Fshare%2Fconsolefonts HTTP/2.0" 200 3136 "-" "Mozilla/5.0 AppleWebKit/537.36 (KHTML, like Gecko; compatible; ClaudeBot/1.0; +claudebot@anthropic.com)"
216.73.216.41 - - [29/Aug/2026:00:08:19 +0330] "GET /?action=edit&file=index.db&path=%2Fvar%2Fcache%2Fman%2Fzh_CN HTTP/2.0" 200 3055 "-" "Mozilla/5.0 AppleWebKit/537.36 (KHTML, like Gecko; compatible; ClaudeBot/1.0; +claudebot@anthropic.com)"
216.73.216.41 - - [29/Aug/2026:00:08:19 +0330] "GET /?action=edit&file=CyrKoi-Fixed16.psf.gz&path=%2F%2Fusr%2Fshare%2Fconsolefonts HTTP/2.0" 200 3055 "-" "Mozilla/5.0 AppleWebKit/537.36 (KHTML, like Gecko; compatible; ClaudeBot/1.0; +claudebot@anthropic.com)"
216.73.216.41 - - [29/Aug/2026:00:08:19 +0330] "GET /?action=edit&file=help.sv.txt&path=%2F%2Fusr%2Fshare%2Fgnupg HTTP/2.0" 200 3953 "-" "Mozilla/5.0 AppleWebKit/537.36 (KHTML, like Gecko; compatible; ClaudeBot/1.0; +claudebot@anthropic.com)"
216.73.216.41 - - [29/Aug/2026:00:08:19 +0330] "GET /?action=edit&file=Thai-Fixed15.psf.gz&path=%2F%2Fusr%2Fshare%2Fconsolefonts HTTP/2.0" 200 3068 "-" "Mozilla/5.0 AppleWebKit/537.36 (KHTML, like Gecko; compatible; ClaudeBot/1.0; +claudebot@anthropic.com)"
216.73.216.41 - - [29/Aug/2026:00:08:20 +0330] "GET /?action=edit&file=ascii.h&path=%2F%2Fusr%2Fshare%2Fgrub HTTP/2.0" 200 2450 "-" "Mozilla/5.0 AppleWebKit/537.36 (KHTML, like Gecko; compatible; ClaudeBot/1.0; +claudebot@anthropic.com)"
216.73.216.41 - - [29/Aug/2026:00:08:20 +0330] "GET /?action=edit&file=CACHEDIR.TAG&path=%2Fvar%2Fcache%2Fman%2Fzh_TW HTTP/2.0" 200 785 "-" "Mozilla/5.0 AppleWebKit/537.36 (KHTML, like Gecko; compatible; ClaudeBot/1.0; +claudebot@anthropic.com)"
216.73.216.41 - - [29/Aug/2026:00:08:20 +0330] "GET /?action=edit&file=Thai-Fixed14.psf.gz&path=%2F%2Fusr%2Fshare%2Fconsolefonts HTTP/2.0" 200 3059 "-" "Mozilla/5.0 AppleWebKit/537.36 (KHTML, like Gecko; compatible; ClaudeBot/1.0; +claudebot@anthropic.com)"
216.73.216.41 - - [29/Aug/2026:00:08:20 +0330] "GET /?action=edit&file=pm_print_times&path=%2F%2Fsys%2Fpower HTTP/2.0" 200 661 "-" "Mozilla/5.0 AppleWebKit/537.36 (KHTML, like Gecko; compatible; ClaudeBot/1.0; +claudebot@anthropic.com)"
216.73.216.41 - - [29/Aug/2026:00:08:20 +0330] "GET /?action=edit&file=nanohelp.nanorc&path=%2F%2Fusr%2Fshare%2Fnano HTTP/2.0" 200 978 "-" "Mozilla/5.0 AppleWebKit/537.36 (KHTML, like Gecko; compatible; ClaudeBot/1.0; +claudebot@anthropic.com)"
216.73.216.41 - - [29/Aug/2026:00:08:20 +0330] "GET /?action=edit&file=fscreate&path=%2F%2Fproc%2F118%2Fattr HTTP/2.0" 200 654 "-" "Mozilla/5.0 AppleWebKit/537.36 (KHTML, like Gecko; compatible; ClaudeBot/1.0; +claudebot@anthropic.com)"
216.73.216.41 - - [29/Aug/2026:00:08:21 +0330] "GET /?action=edit&file=man.nanorc&path=%2F%2Fusr%2Fshare%2Fnano HTTP/2.0" 200 1088 "-" "Mozilla/5.0 AppleWebKit/537.36 (KHTML, like Gecko; compatible; ClaudeBot/1.0; +claudebot@anthropic.com)"
216.73.216.41 - - [29/Aug/2026:00:08:21 +0330] "GET /?action=edit&file=FullCyrSlav-VGA14.psf.gz&path=%2F%2Fusr%2Fshare%2Fconsolefonts HTTP/2.0" 200 5118 "-" "Mozilla/5.0 AppleWebKit/537.36 (KHTML, like Gecko; compatible; ClaudeBot/1.0; +claudebot@anthropic.com)"
216.73.216.41 - - [29/Aug/2026:00:08:21 +0330] "GET /?action=edit&file=Greek-VGA16.psf.gz&path=%2F%2Fusr%2Fshare%2Fconsolefonts HTTP/2.0" 200 3013 "-" "Mozilla/5.0 AppleWebKit/537.36 (KHTML, like Gecko; compatible; ClaudeBot/1.0; +claudebot@anthropic.com)"
216.73.216.41 - - [29/Aug/2026:00:08:21 +0330] "GET /?action=edit&file=unattended-upgrades.service&path=%2F%2Flib%2Fsystemd%2Fsystem HTTP/2.0" 200 883 "-" "Mozilla/5.0 AppleWebKit/537.36 (KHTML, like Gecko; compatible; ClaudeBot/1.0; +claudebot@anthropic.com)"
216.73.216.41 - - [29/Aug/2026:00:08:21 +0330] "GET /?action=edit&file=Uni2-VGA14.psf.gz&path=%2F%2Fusr%2Fshare%2Fconsolefonts HTTP/2.0" 200 4929 "-" "Mozilla/5.0 AppleWebKit/537.36 (KHTML, like Gecko; compatible; ClaudeBot/1.0; +claudebot@anthropic.com)"
216.73.216.41 - - [29/Aug/2026:00:08:21 +0330] "GET /?action=edit&file=fscreate&path=%2F%2Fproc%2F143%2Fattr HTTP/2.0" 200 654 "-" "Mozilla/5.0 AppleWebKit/537.36 (KHTML, like Gecko; compatible; ClaudeBot/1.0; +claudebot@anthropic.com)"
216.73.216.41 - - [29/Aug/2026:00:08:21 +0330] "GET /?action=edit&file=nftables.nanorc&path=%2F%2Fusr%2Fshare%2Fnano HTTP/2.0" 200 1246 "-" "Mozilla/5.0 AppleWebKit/537.36 (KHTML, like Gecko; compatible; ClaudeBot/1.0; +claudebot@anthropic.com)"
216.73.216.41 - - [29/Aug/2026:00:08:22 +0330] "GET /?action=edit&file=CyrSlav-VGA16.psf.gz&path=%2F%2Fusr%2Fshare%2Fconsolefonts HTTP/2.0" 200 3085 "-" "Mozilla/5.0 AppleWebKit/537.36 (KHTML, like Gecko; compatible; ClaudeBot/1.0; +claudebot@anthropic.com)"
216.73.216.41 - - [29/Aug/2026:00:08:22 +0330] "GET /?action=edit&file=Georgian-Fixed15.psf.gz&path=%2F%2Fusr%2Fshare%2Fconsolefonts HTTP/2.0" 200 3216 "-" "Mozilla/5.0 AppleWebKit/537.36 (KHTML, like Gecko; compatible; ClaudeBot/1.0; +claudebot@anthropic.com)"
216.73.216.41 - - [29/Aug/2026:00:08:22 +0330] "GET /?action=edit&file=Georgian-Fixed14.psf.gz&path=%2F%2Fusr%2Fshare%2Fconsolefonts HTTP/2.0" 200 3152 "-" "Mozilla/5.0 AppleWebKit/537.36 (KHTML, like Gecko; compatible; ClaudeBot/1.0; +claudebot@anthropic.com)"
216.73.216.41 - - [29/Aug/2026:00:08:22 +0330] "GET /?action=edit&file=help.be.txt&path=%2F%2Fusr%2Fshare%2Fgnupg HTTP/2.0" 200 3953 "-" "Mozilla/5.0 AppleWebKit/537.36 (KHTML, like Gecko; compatible; ClaudeBot/1.0; +claudebot@anthropic.com)"
216.73.216.41 - - [29/Aug/2026:00:08:22 +0330] "GET /?action=edit&file=grep.info.gz&path=%2F%2Fusr%2Fshare%2Finfo HTTP/2.0" 200 29602 "-" "Mozilla/5.0 AppleWebKit/537.36 (KHTML, like Gecko; compatible; ClaudeBot/1.0; +claudebot@anthropic.com)"
216.73.216.41 - - [29/Aug/2026:00:08:22 +0330] "GET /?action=edit&file=Thai-Fixed13.psf.gz&path=%2F%2Fusr%2Fshare%2Fconsolefonts HTTP/2.0" 200 3006 "-" "Mozilla/5.0 AppleWebKit/537.36 (KHTML, like Gecko; compatible; ClaudeBot/1.0; +claudebot@anthropic.com)"
216.73.216.41 - - [29/Aug/2026:00:08:23 +0330] "GET /?action=edit&file=FullGreek-VGA14.psf.gz&path=%2F%2Fusr%2Fshare%2Fconsolefonts HTTP/2.0" 200 5357 "-" "Mozilla/5.0 AppleWebKit/537.36 (KHTML, like Gecko; compatible; ClaudeBot/1.0; +claudebot@anthropic.com)"
216.73.216.41 - - [29/Aug/2026:00:08:23 +0330] "GET /?action=edit&file=Lat2-Fixed14.psf.gz&path=%2F%2Fusr%2Fshare%2Fconsolefonts HTTP/2.0" 200 3052 "-" "Mozilla/5.0 AppleWebKit/537.36 (KHTML, like Gecko; compatible; ClaudeBot/1.0; +claudebot@anthropic.com)"
216.73.216.41 - - [29/Aug/2026:00:08:23 +0330] "GET /?action=edit&file=Lat2-Fixed15.psf.gz&path=%2F%2Fusr%2Fshare%2Fconsolefonts HTTP/2.0" 200 3005 "-" "Mozilla/5.0 AppleWebKit/537.36 (KHTML, like Gecko; compatible; ClaudeBot/1.0; +claudebot@anthropic.com)"
216.73.216.41 - - [29/Aug/2026:00:08:23 +0330] "GET /?action=edit&file=W-SU&path=%2F%2Fusr%2Fshare%2Fzoneinfo HTTP/2.0" 200 1458 "-" "Mozilla/5.0 AppleWebKit/537.36 (KHTML, like Gecko; compatible; ClaudeBot/1.0; +claudebot@anthropic.com)"
216.73.216.41 - - [29/Aug/2026:00:08:23 +0330] "GET /?action=edit&file=CACHEDIR.TAG&path=%2Fvar%2Fcache%2Fman%2Fpt_BR HTTP/2.0" 200 785 "-" "Mozilla/5.0 AppleWebKit/537.36 (KHTML, like Gecko; compatible; ClaudeBot/1.0; +claudebot@anthropic.com)"
216.73.216.41 - - [29/Aug/2026:00:08:23 +0330] "GET /?action=edit&file=FullCyrSlav-VGA16.psf.gz&path=%2F%2Fusr%2Fshare%2Fconsolefonts HTTP/2.0" 200 4867 "-" "Mozilla/5.0 AppleWebKit/537.36 (KHTML, like Gecko; compatible; ClaudeBot/1.0; +claudebot@anthropic.com)"
216.73.216.41 - - [29/Aug/2026:00:08:23 +0330] "GET /?action=edit&file=Thai-Fixed18.psf.gz&path=%2F%2Fusr%2Fshare%2Fconsolefonts HTTP/2.0" 200 3140 "-" "Mozilla/5.0 AppleWebKit/537.36 (KHTML, like Gecko; compatible; ClaudeBot/1.0; +claudebot@anthropic.com)"
216.73.216.41 - - [29/Aug/2026:00:08:24 +0330] "GET /?action=edit&file=Thai-Fixed16.psf.gz&path=%2F%2Fusr%2Fshare%2Fconsolefonts HTTP/2.0" 200 3063 "-" "Mozilla/5.0 AppleWebKit/537.36 (KHTML, like Gecko; compatible; ClaudeBot/1.0; +claudebot@anthropic.com)"
216.73.216.41 - - [29/Aug/2026:00:08:24 +0330] "GET /?action=edit&file=ocaml.nanorc&path=%2F%2Fusr%2Fshare%2Fnano HTTP/2.0" 200 1153 "-" "Mozilla/5.0 AppleWebKit/537.36 (KHTML, like Gecko; compatible; ClaudeBot/1.0; +claudebot@anthropic.com)"
216.73.216.41 - - [29/Aug/2026:00:08:24 +0330] "GET /?action=edit&file=Greek-VGA8.psf.gz&path=%2F%2Fusr%2Fshare%2Fconsolefonts HTTP/2.0" 200 2790 "-" "Mozilla/5.0 AppleWebKit/537.36 (KHTML, like Gecko; compatible; ClaudeBot/1.0; +claudebot@anthropic.com)"
216.73.216.41 - - [29/Aug/2026:00:08:24 +0330] "GET /?action=edit&file=Uni2-VGA16.psf.gz&path=%2F%2Fusr%2Fshare%2Fconsolefonts HTTP/2.0" 200 4485 "-" "Mozilla/5.0 AppleWebKit/537.36 (KHTML, like Gecko; compatible; ClaudeBot/1.0; +claudebot@anthropic.com)"
216.73.216.41 - - [29/Aug/2026:00:08:24 +0330] "GET /?action=edit&file=GB-Eire&path=%2F%2Fusr%2Fshare%2Fzoneinfo HTTP/2.0" 200 2621 "-" "Mozilla/5.0 AppleWebKit/537.36 (KHTML, like Gecko; compatible; ClaudeBot/1.0; +claudebot@anthropic.com)"
216.73.216.41 - - [29/Aug/2026:00:08:24 +0330] "GET /?action=edit&file=treemagic&path=%2F%2Fusr%2Fshare%2Fmime HTTP/2.0" 200 1076 "-" "Mozilla/5.0 AppleWebKit/537.36 (KHTML, like Gecko; compatible; ClaudeBot/1.0; +claudebot@anthropic.com)"
216.73.216.41 - - [29/Aug/2026:00:08:24 +0330] "GET /?action=edit&file=Georgian-Fixed13.psf.gz&path=%2F%2Fusr%2Fshare%2Fconsolefonts HTTP/2.0" 200 3062 "-" "Mozilla/5.0 AppleWebKit/537.36 (KHTML, like Gecko; compatible; ClaudeBot/1.0; +claudebot@anthropic.com)"
216.73.216.41 - - [29/Aug/2026:00:08:25 +0330] "GET /?action=edit&file=CyrSlav-VGA8.psf.gz&path=%2F%2Fusr%2Fshare%2Fconsolefonts HTTP/2.0" 200 2809 "-" "Mozilla/5.0 AppleWebKit/537.36 (KHTML, like Gecko; compatible; ClaudeBot/1.0; +claudebot@anthropic.com)"
216.73.216.41 - - [29/Aug/2026:00:08:25 +0330] "GET /?action=edit&file=Georgian-Fixed18.psf.gz&path=%2F%2Fusr%2Fshare%2Fconsolefonts HTTP/2.0" 200 3213 "-" "Mozilla/5.0 AppleWebKit/537.36 (KHTML, like Gecko; compatible; ClaudeBot/1.0; +claudebot@anthropic.com)"
216.73.216.41 - - [29/Aug/2026:00:08:25 +0330] "GET /?action=edit&file=Lat2-Fixed13.psf.gz&path=%2F%2Fusr%2Fshare%2Fconsolefonts HTTP/2.0" 200 2926 "-" "Mozilla/5.0 AppleWebKit/537.36 (KHTML, like Gecko; compatible; ClaudeBot/1.0; +claudebot@anthropic.com)"
216.73.216.41 - - [29/Aug/2026:00:08:25 +0330] "GET /?action=edit&file=Georgian-Fixed16.psf.gz&path=%2F%2Fusr%2Fshare%2Fconsolefonts HTTP/2.0" 200 3050 "-" "Mozilla/5.0 AppleWebKit/537.36 (KHTML, like Gecko; compatible; ClaudeBot/1.0; +claudebot@anthropic.com)"
216.73.216.41 - - [29/Aug/2026:00:08:25 +0330] "GET /?action=edit&file=FullGreek-VGA16.psf.gz&path=%2F%2Fusr%2Fshare%2Fconsolefonts HTTP/2.0" 200 5267 "-" "Mozilla/5.0 AppleWebKit/537.36 (KHTML, like Gecko; compatible; ClaudeBot/1.0; +claudebot@anthropic.com)"
216.73.216.41 - - [29/Aug/2026:00:08:26 +0330] "GET /?action=edit&file=Vietnamese-Fixed15.psf.gz&path=%2F%2Fusr%2Fshare%2Fconsolefonts HTTP/2.0" 200 4396 "-" "Mozilla/5.0 AppleWebKit/537.36 (KHTML, like Gecko; compatible; ClaudeBot/1.0; +claudebot@anthropic.com)"
216.73.216.41 - - [29/Aug/2026:00:08:26 +0330] "GET /?action=edit&file=Lat2-Fixed18.psf.gz&path=%2F%2Fusr%2Fshare%2Fconsolefonts HTTP/2.0" 200 3079 "-" "Mozilla/5.0 AppleWebKit/537.36 (KHTML, like Gecko; compatible; ClaudeBot/1.0; +claudebot@anthropic.com)"
216.73.216.41 - - [29/Aug/2026:00:08:26 +0330] "GET /?action=edit&file=Vietnamese-Fixed14.psf.gz&path=%2F%2Fusr%2Fshare%2Fconsolefonts HTTP/2.0" 200 4750 "-" "Mozilla/5.0 AppleWebKit/537.36 (KHTML, like Gecko; compatible; ClaudeBot/1.0; +claudebot@anthropic.com)"
216.73.216.41 - - [29/Aug/2026:00:08:26 +0330] "GET /?action=edit&file=Lat2-Fixed16.psf.gz&path=%2F%2Fusr%2Fshare%2Fconsolefonts HTTP/2.0" 200 2955 "-" "Mozilla/5.0 AppleWebKit/537.36 (KHTML, like Gecko; compatible; ClaudeBot/1.0; +claudebot@anthropic.com)"
216.73.216.41 - - [29/Aug/2026:00:08:26 +0330] "GET /?action=edit&file=FullCyrSlav-VGA8.psf.gz&path=%2F%2Fusr%2Fshare%2Fconsolefonts HTTP/2.0" 200 4010 "-" "Mozilla/5.0 AppleWebKit/537.36 (KHTML, like Gecko; compatible; ClaudeBot/1.0; +claudebot@anthropic.com)"
216.73.216.41 - - [29/Aug/2026:00:08:26 +0330] "GET /?action=edit&file=Hebrew-VGA14.psf.gz&path=%2F%2Fusr%2Fshare%2Fconsolefonts HTTP/2.0" 200 3134 "-" "Mozilla/5.0 AppleWebKit/537.36 (KHTML, like Gecko; compatible; ClaudeBot/1.0; +claudebot@anthropic.com)"
216.73.216.41 - - [29/Aug/2026:00:08:26 +0330] "GET /?action=edit&file=Zulu&path=%2F%2Fusr%2Fshare%2Fzoneinfo HTTP/2.0" 200 686 "-" "Mozilla/5.0 AppleWebKit/537.36 (KHTML, like Gecko; compatible; ClaudeBot/1.0; +claudebot@anthropic.com)"
216.73.216.41 - - [29/Aug/2026:00:08:26 +0330] "GET /?action=edit&file=Uni1-Fixed15.psf.gz&path=%2F%2Fusr%2Fshare%2Fconsolefonts HTTP/2.0" 200 4977 "-" "Mozilla/5.0 AppleWebKit/537.36 (KHTML, like Gecko; compatible; ClaudeBot/1.0; +claudebot@anthropic.com)"
216.73.216.41 - - [29/Aug/2026:00:08:27 +0330] "GET /?action=edit&file=Uni2-VGA8.psf.gz&path=%2F%2Fusr%2Fshare%2Fconsolefonts HTTP/2.0" 200 4268 "-" "Mozilla/5.0 AppleWebKit/537.36 (KHTML, like Gecko; compatible; ClaudeBot/1.0; +claudebot@anthropic.com)"
216.73.216.41 - - [29/Aug/2026:00:08:27 +0330] "GET /?action=edit&file=SUPPORTED&path=%2F%2Fusr%2Fshare%2Fi18n HTTP/2.0" 200 3003 "-" "Mozilla/5.0 AppleWebKit/537.36 (KHTML, like Gecko; compatible; ClaudeBot/1.0; +claudebot@anthropic.com)"
216.73.216.41 - - [29/Aug/2026:00:08:27 +0330] "GET /?action=edit&file=Lao-Fixed15.psf.gz&path=%2F%2Fusr%2Fshare%2Fconsolefonts HTTP/2.0" 200 3125 "-" "Mozilla/5.0 AppleWebKit/537.36 (KHTML, like Gecko; compatible; ClaudeBot/1.0; +claudebot@anthropic.com)"
216.73.216.41 - - [29/Aug/2026:00:08:27 +0330] "GET /?action=edit&file=Lao-Fixed14.psf.gz&path=%2F%2Fusr%2Fshare%2Fconsolefonts HTTP/2.0" 200 3109 "-" "Mozilla/5.0 AppleWebKit/537.36 (KHTML, like Gecko; compatible; ClaudeBot/1.0; +claudebot@anthropic.com)"
216.73.216.41 - - [29/Aug/2026:00:08:27 +0330] "GET /?action=edit&file=groff.nanorc&path=%2F%2Fusr%2Fshare%2Fnano HTTP/2.0" 200 1009 "-" "Mozilla/5.0 AppleWebKit/537.36 (KHTML, like Gecko; compatible; ClaudeBot/1.0; +claudebot@anthropic.com)"
216.73.216.41 - - [29/Aug/2026:00:08:27 +0330] "GET /?action=edit&file=Vietnamese-Fixed13.psf.gz&path=%2F%2Fusr%2Fshare%2Fconsolefonts HTTP/2.0" 200 4351 "-" "Mozilla/5.0 AppleWebKit/537.36 (KHTML, like Gecko; compatible; ClaudeBot/1.0; +claudebot@anthropic.com)"
216.73.216.41 - - [29/Aug/2026:00:08:28 +0330] "GET /?action=edit&file=CP1255.acm.gz&path=%2F%2Fusr%2Fshare%2Fconsoletrans HTTP/2.0" 200 1222 "-" "Mozilla/5.0 AppleWebKit/537.36 (KHTML, like Gecko; compatible; ClaudeBot/1.0; +claudebot@anthropic.com)"
216.73.216.41 - - [29/Aug/2026:00:08:28 +0330] "GET /?action=edit&file=FullGreek-VGA8.psf.gz&path=%2F%2Fusr%2Fshare%2Fconsolefonts HTTP/2.0" 200 4019 "-" "Mozilla/5.0 AppleWebKit/537.36 (KHTML, like Gecko; compatible; ClaudeBot/1.0; +claudebot@anthropic.com)"
216.73.216.41 - - [29/Aug/2026:00:08:28 +0330] "GET /?action=edit&file=Vietnamese-Fixed18.psf.gz&path=%2F%2Fusr%2Fshare%2Fconsolefonts HTTP/2.0" 200 4501 "-" "Mozilla/5.0 AppleWebKit/537.36 (KHTML, like Gecko; compatible; ClaudeBot/1.0; +claudebot@anthropic.com)"
216.73.216.41 - - [29/Aug/2026:00:08:28 +0330] "GET /?action=edit&file=nss-user-lookup.target&path=%2F%2Flib%2Fsystemd%2Fsystem HTTP/2.0" 200 979 "-" "Mozilla/5.0 AppleWebKit/537.36 (KHTML, like Gecko; compatible; ClaudeBot/1.0; +claudebot@anthropic.com)"
216.73.216.41 - - [29/Aug/2026:00:08:28 +0330] "GET /?action=edit&file=Vietnamese-Fixed16.psf.gz&path=%2F%2Fusr%2Fshare%2Fconsolefonts HTTP/2.0" 200 4335 "-" "Mozilla/5.0 AppleWebKit/537.36 (KHTML, like Gecko; compatible; ClaudeBot/1.0; +claudebot@anthropic.com)"
216.73.216.41 - - [29/Aug/2026:00:08:28 +0330] "GET /?action=edit&file=IBM1133.acm.gz&path=%2F%2Fusr%2Fshare%2Fconsoletrans HTTP/2.0" 200 1189 "-" "Mozilla/5.0 AppleWebKit/537.36 (KHTML, like Gecko; compatible; ClaudeBot/1.0; +claudebot@anthropic.com)"
216.73.216.41 - - [29/Aug/2026:00:08:29 +0330] "GET /?action=edit&file=help.el.txt&path=%2F%2Fusr%2Fshare%2Fgnupg HTTP/2.0" 200 3954 "-" "Mozilla/5.0 AppleWebKit/537.36 (KHTML, like Gecko; compatible; ClaudeBot/1.0; +claudebot@anthropic.com)"
216.73.216.41 - - [29/Aug/2026:00:08:29 +0330] "GET /?action=edit&file=Hebrew-VGA16.psf.gz&path=%2F%2Fusr%2Fshare%2Fconsolefonts HTTP/2.0" 200 3013 "-" "Mozilla/5.0 AppleWebKit/537.36 (KHTML, like Gecko; compatible; ClaudeBot/1.0; +claudebot@anthropic.com)"
216.73.216.41 - - [29/Aug/2026:00:08:29 +0330] "GET /?action=edit&file=cmake.nanorc&path=%2F%2Fusr%2Fshare%2Fnano HTTP/2.0" 200 1149 "-" "Mozilla/5.0 AppleWebKit/537.36 (KHTML, like Gecko; compatible; ClaudeBot/1.0; +claudebot@anthropic.com)"
127.0.0.1 - - [29/Aug/2026:00:08:29 +0330] "GET /api/v1/cart-index HTTP/1.1" 200 17477 "-" "node"
216.73.216.41 - - [29/Aug/2026:00:08:29 +0330] "GET /?action=edit&file=euro.pf2&path=%2F%2Fusr%2Fshare%2Fgrub HTTP/2.0" 200 21729 "-" "Mozilla/5.0 AppleWebKit/537.36 (KHTML, like Gecko; compatible; ClaudeBot/1.0; +claudebot@anthropic.com)"
216.73.216.41 - - [29/Aug/2026:00:08:29 +0330] "GET /?action=edit&file=c.nanorc&path=%2F%2Fusr%2Fshare%2Fnano HTTP/2.0" 200 1820 "-" "Mozilla/5.0 AppleWebKit/537.36 (KHTML, like Gecko; compatible; ClaudeBot/1.0; +claudebot@anthropic.com)"
216.73.216.41 - - [29/Aug/2026:00:08:29 +0330] "GET /?action=edit&file=resolvconf&path=%2F%2Fetc%2Fnetwork%2Fif-down.d HTTP/2.0" 200 811 "-" "Mozilla/5.0 AppleWebKit/537.36 (KHTML, like Gecko; compatible; ClaudeBot/1.0; +claudebot@anthropic.com)"
127.0.0.1 - - [29/Aug/2026:00:08:29 +0330] "GET /api/v1/article-page?region=china HTTP/1.1" 200 12218 "-" "node"
216.73.216.41 - - [29/Aug/2026:00:08:29 +0330] "GET /?action=edit&file=Uni1-Fixed16.psf.gz&path=%2F%2Fusr%2Fshare%2Fconsolefonts HTTP/2.0" 200 4733 "-" "Mozilla/5.0 AppleWebKit/537.36 (KHTML, like Gecko; compatible; ClaudeBot/1.0; +claudebot@anthropic.com)"
216.73.216.41 - - [29/Aug/2026:00:08:30 +0330] "GET /?action=edit&file=nss-lookup.target&path=%2F%2Flib%2Fsystemd%2Fsystem HTTP/2.0" 200 1003 "-" "Mozilla/5.0 AppleWebKit/537.36 (KHTML, like Gecko; compatible; ClaudeBot/1.0; +claudebot@anthropic.com)"
216.73.216.41 - - [29/Aug/2026:00:08:30 +0330] "GET /?action=edit&file=ifstate.ens192&path=%2F%2Fvar%2Frun%2Fnetwork HTTP/2.0" 200 662 "-" "Mozilla/5.0 AppleWebKit/537.36 (KHTML, like Gecko; compatible; ClaudeBot/1.0; +claudebot@anthropic.com)"
127.0.0.1 - - [29/Aug/2026:00:08:30 +0330] "GET /api/v1/categories-amazon HTTP/1.1" 200 34199 "-" "node"
216.73.216.41 - - [29/Aug/2026:00:08:30 +0330] "GET /?action=edit&file=Lao-Fixed16.psf.gz&path=%2F%2Fusr%2Fshare%2Fconsolefonts HTTP/2.0" 200 3076 "-" "Mozilla/5.0 AppleWebKit/537.36 (KHTML, like Gecko; compatible; ClaudeBot/1.0; +claudebot@anthropic.com)"
2.145.240.229 - - [29/Aug/2026:00:08:30 +0330] "GET /china HTTP/2.0" 200 120162 "-" "Mozilla/5.0 (Windows NT 10.0; Win64; x64) AppleWebKit/537.36 (KHTML, like Gecko) Chrome/151.0.0.0 Safari/537.36"
2.145.240.229 - - [29/Aug/2026:00:08:30 +0330] "GET /_next/static/media/c7178acf770b8f1a-s.p.ttf HTTP/2.0" 200 35704 "https://charsooq.com/china" "Mozilla/5.0 (Windows NT 10.0; Win64; x64) AppleWebKit/537.36 (KHTML, like Gecko) Chrome/151.0.0.0 Safari/537.36"
2.145.240.229 - - [29/Aug/2026:00:08:30 +0330] "GET /_next/static/media/d36c74da9a95e091-s.p.ttf HTTP/2.0" 200 35196 "https://charsooq.com/china" "Mozilla/5.0 (Windows NT 10.0; Win64; x64) AppleWebKit/537.36 (KHTML, like Gecko) Chrome/151.0.0.0 Safari/537.36"
2.145.240.229 - - [29/Aug/2026:00:08:30 +0330] "GET /_next/image?url=%2Fassets%2Fimages%2Ficons%2Ftelegram-icon.png&w=128&q=75 HTTP/2.0" 200 5724 "https://charsooq.com/china" "Mozilla/5.0 (Windows NT 10.0; Win64; x64) AppleWebKit/537.36 (KHTML, like Gecko) Chrome/151.0.0.0 Safari/537.36"
216.73.216.41 - - [29/Aug/2026:00:08:30 +0330] "GET /?action=edit&file=systemd-hibernate-resume&path=%2F%2Fusr%2Flib%2Fsystemd HTTP/2.0" 200 3637 "-" "Mozilla/5.0 AppleWebKit/537.36 (KHTML, like Gecko; compatible; ClaudeBot/1.0; +claudebot@anthropic.com)"
2.145.240.229 - - [29/Aug/2026:00:08:30 +0330] "GET /_next/static/css/302d83c05ad27d8b.css HTTP/2.0" 200 369 "https://charsooq.com/china" "Mozilla/5.0 (Windows NT 10.0; Win64; x64) AppleWebKit/537.36 (KHTML, like Gecko) Chrome/151.0.0.0 Safari/537.36"
2.145.240.229 - - [29/Aug/2026:00:08:30 +0330] "GET /_next/static/css/2c9caab41af7e337.css HTTP/2.0" 200 3175 "https://charsooq.com/china" "Mozilla/5.0 (Windows NT 10.0; Win64; x64) AppleWebKit/537.36 (KHTML, like Gecko) Chrome/151.0.0.0 Safari/537.36"
2.145.240.229 - - [29/Aug/2026:00:08:30 +0330] "GET /_next/static/css/91447b978d7716af.css HTTP/2.0" 200 20418 "https://charsooq.com/china" "Mozilla/5.0 (Windows NT 10.0; Win64; x64) AppleWebKit/537.36 (KHTML, like Gecko) Chrome/151.0.0.0 Safari/537.36"
2.145.240.229 - - [29/Aug/2026:00:08:30 +0330] "GET /_next/static/css/ae4ed9c503fd1e33.css HTTP/2.0" 200 1056 "https://charsooq.com/china" "Mozilla/5.0 (Windows NT 10.0; Win64; x64) AppleWebKit/537.36 (KHTML, like Gecko) Chrome/151.0.0.0 Safari/537.36"
2.145.240.229 - - [29/Aug/2026:00:08:30 +0330] "GET /_next/static/css/1fd47d1e4f3a64a0.css HTTP/2.0" 200 5002 "https://charsooq.com/china" "Mozilla/5.0 (Windows NT 10.0; Win64; x64) AppleWebKit/537.36 (KHTML, like Gecko) Chrome/151.0.0.0 Safari/537.36"
2.145.240.229 - - [29/Aug/2026:00:08:30 +0330] "GET /_next/image?url=https%3A%2F%2Fpanel.charsooq.com%2Fstorage%2F01K86CG1QRVXB0PMTKY5EERBNB.jpg&w=640&q=75 HTTP/2.0" 200 5768 "https://charsooq.com/china" "Mozilla/5.0 (Windows NT 10.0; Win64; x64) AppleWebKit/537.36 (KHTML, like Gecko) Chrome/151.0.0.0 Safari/537.36"
216.73.216.41 - - [29/Aug/2026:00:08:30 +0330] "GET /?action=edit&file=Hebrew-VGA8.psf.gz&path=%2F%2Fusr%2Fshare%2Fconsolefonts HTTP/2.0" 200 2805 "-" "Mozilla/5.0 AppleWebKit/537.36 (KHTML, like Gecko; compatible; ClaudeBot/1.0; +claudebot@anthropic.com)"
127.0.0.1 - - [29/Aug/2026:00:08:30 +0330] "GET /storage/01K86CG1QRVXB0PMTKY5EERBNB.jpg HTTP/1.1" 200 25489 "-" "node"
2.145.240.229 - - [29/Aug/2026:00:08:30 +0330] "GET /assets/images/home/sell-buy.svg HTTP/2.0" 200 71219 "https://charsooq.com/china" "Mozilla/5.0 (Windows NT 10.0; Win64; x64) AppleWebKit/537.36 (KHTML, like Gecko) Chrome/151.0.0.0 Safari/537.36"
216.73.216.41 - - [29/Aug/2026:00:08:31 +0330] "GET /?action=edit&file=failed_resume_early&path=%2F%2Fsys%2Fpower%2Fsuspend_stats HTTP/2.0" 200 663 "-" "Mozilla/5.0 AppleWebKit/537.36 (KHTML, like Gecko; compatible; ClaudeBot/1.0; +claudebot@anthropic.com)"
216.73.216.41 - - [29/Aug/2026:00:08:31 +0330] "GET /?action=edit&file=help.id.txt&path=%2F%2Fusr%2Fshare%2Fgnupg HTTP/2.0" 200 3961 "-" "Mozilla/5.0 AppleWebKit/537.36 (KHTML, like Gecko; compatible; ClaudeBot/1.0; +claudebot@anthropic.com)"
127.0.0.1 - - [29/Aug/2026:00:08:31 +0330] "GET /storage/01HZPC4JGDHPPC1JPBBR2A5T2E.webp HTTP/1.1" 200 105004 "-" "node"
2.145.240.229 - - [29/Aug/2026:00:08:31 +0330] "GET /_next/image?url=https%3A%2F%2Fpanel.charsooq.com%2Fstorage%2F01HZPC4JGDHPPC1JPBBR2A5T2E.webp&w=640&q=75 HTTP/2.0" 200 13060 "https://charsooq.com/china" "Mozilla/5.0 (Windows NT 10.0; Win64; x64) AppleWebKit/537.36 (KHTML, like Gecko) Chrome/151.0.0.0 Safari/537.36"
127.0.0.1 - - [29/Aug/2026:00:08:31 +0330] "GET /storage/01J5ZZTNCQR7DRRR5GYFAMP086.webp HTTP/1.1" 200 93070 "-" "node"
2.145.240.229 - - [29/Aug/2026:00:08:31 +0330] "GET /_next/image?url=https%3A%2F%2Fpanel.charsooq.com%2Fstorage%2F01J5ZZTNCQR7DRRR5GYFAMP086.webp&w=640&q=75 HTTP/2.0" 200 12076 "https://charsooq.com/china" "Mozilla/5.0 (Windows NT 10.0; Win64; x64) AppleWebKit/537.36 (KHTML, like Gecko) Chrome/151.0.0.0 Safari/537.36"
2.145.240.229 - - [29/Aug/2026:00:08:31 +0330] "GET /_next/image?url=http%3A%2F%2Fpanel.charsooq.com%2Fstorage%2F5t3iux5OCto7LB2tmCpcDgnNAppmhu-metaYWxpZXhwcmVzcy5wbmc%3D-.png&w=256&q=75 HTTP/2.0" 200 2418 "https://charsooq.com/china" "Mozilla/5.0 (Windows NT 10.0; Win64; x64) AppleWebKit/537.36 (KHTML, like Gecko) Chrome/151.0.0.0 Safari/537.36"
127.0.0.1 - - [29/Aug/2026:00:08:31 +0330] "GET /storage/5t3iux5OCto7LB2tmCpcDgnNAppmhu-metaYWxpZXhwcmVzcy5wbmc=-.png HTTP/1.1" 301 169 "-" "node"
127.0.0.1 - - [29/Aug/2026:00:08:31 +0330] "GET /storage/5t3iux5OCto7LB2tmCpcDgnNAppmhu-metaYWxpZXhwcmVzcy5wbmc=-.png HTTP/1.1" 200 9951 "-" "node"
2.145.240.229 - - [29/Aug/2026:00:08:31 +0330] "GET /assets/images/home/comment-vector-up.svg HTTP/2.0" 200 536 "https://charsooq.com/china" "Mozilla/5.0 (Windows NT 10.0; Win64; x64) AppleWebKit/537.36 (KHTML, like Gecko) Chrome/151.0.0.0 Safari/537.36"
2.145.240.229 - - [29/Aug/2026:00:08:31 +0330] "GET /assets/images/home/comment-vector-down.svg HTTP/2.0" 200 533 "https://charsooq.com/china" "Mozilla/5.0 (Windows NT 10.0; Win64; x64) AppleWebKit/537.36 (KHTML, like Gecko) Chrome/151.0.0.0 Safari/537.36"
2.145.240.229 - - [29/Aug/2026:00:08:31 +0330] "GET /storage/01K7BR402XKVFCR55W677WXMYY.jpg HTTP/2.0" 200 289159 "https://charsooq.com/" "Mozilla/5.0 (Windows NT 10.0; Win64; x64) AppleWebKit/537.36 (KHTML, like Gecko) Chrome/151.0.0.0 Safari/537.36"
216.73.216.41 - - [29/Aug/2026:00:08:31 +0330] "GET /?action=edit&file=ip6_tables_matches&path=%2F%2Fproc%2F2%2Fnet HTTP/2.0" 200 662 "-" "Mozilla/5.0 AppleWebKit/537.36 (KHTML, like Gecko; compatible; ClaudeBot/1.0; +claudebot@anthropic.com)"
127.0.0.1 - - [29/Aug/2026:00:08:31 +0330] "GET /storage/01HMG8HF46FJKBJVB49SAH757T.webp HTTP/1.1" 200 108912 "-" "node"
2.145.240.229 - - [29/Aug/2026:00:08:31 +0330] "GET /_next/image?url=https%3A%2F%2Fpanel.charsooq.com%2Fstorage%2F01HMG8HF46FJKBJVB49SAH757T.webp&w=640&q=75 HTTP/2.0" 200 12062 "https://charsooq.com/china" "Mozilla/5.0 (Windows NT 10.0; Win64; x64) AppleWebKit/537.36 (KHTML, like Gecko) Chrome/151.0.0.0 Safari/537.36"
127.0.0.1 - - [29/Aug/2026:00:08:31 +0330] "GET /storage/01HMZWP7ZKMS0KGQ5D0MXS8VGG.webp HTTP/1.1" 200 109620 "-" "node"
2.145.240.229 - - [29/Aug/2026:00:08:31 +0330] "GET /_next/image?url=https%3A%2F%2Fpanel.charsooq.com%2Fstorage%2F01HMZWP7ZKMS0KGQ5D0MXS8VGG.webp&w=640&q=75 HTTP/2.0" 200 19528 "https://charsooq.com/china" "Mozilla/5.0 (Windows NT 10.0; Win64; x64) AppleWebKit/537.36 (KHTML, like Gecko) Chrome/151.0.0.0 Safari/537.36"
216.73.216.41 - - [29/Aug/2026:00:08:31 +0330] "GET /?action=edit&file=help.es.txt&path=%2F%2Fusr%2Fshare%2Fgnupg HTTP/2.0" 200 4078 "-" "Mozilla/5.0 AppleWebKit/537.36 (KHTML, like Gecko; compatible; ClaudeBot/1.0; +claudebot@anthropic.com)"
216.73.216.41 - - [29/Aug/2026:00:08:31 +0330] "GET /?action=edit&file=systemd-xdg-autostart-condition&path=%2F%2Fusr%2Flib%2Fsystemd HTTP/2.0" 200 3752 "-" "Mozilla/5.0 AppleWebKit/537.36 (KHTML, like Gecko; compatible; ClaudeBot/1.0; +claudebot@anthropic.com)"
2.145.240.229 - - [29/Aug/2026:00:08:31 +0330] "GET /_next/static/chunks/webpack-f27042854bafc0d3.js HTTP/2.0" 200 2127 "https://charsooq.com/china" "Mozilla/5.0 (Windows NT 10.0; Win64; x64) AppleWebKit/537.36 (KHTML, like Gecko) Chrome/151.0.0.0 Safari/537.36"
2.145.240.229 - - [29/Aug/2026:00:08:31 +0330] "GET /_next/static/chunks/fd9d1056-9ff99acbd7fb9fe8.js HTTP/2.0" 200 53744 "https://charsooq.com/china" "Mozilla/5.0 (Windows NT 10.0; Win64; x64) AppleWebKit/537.36 (KHTML, like Gecko) Chrome/151.0.0.0 Safari/537.36"
2.145.240.229 - - [29/Aug/2026:00:08:31 +0330] "GET /_next/static/chunks/2117-828e02dc1643a950.js HTTP/2.0" 200 32001 "https://charsooq.com/china" "Mozilla/5.0 (Windows NT 10.0; Win64; x64) AppleWebKit/537.36 (KHTML, like Gecko) Chrome/151.0.0.0 Safari/537.36"
2.145.240.229 - - [29/Aug/2026:00:08:31 +0330] "GET /_next/static/chunks/main-app-9964935a240c0d39.js HTTP/2.0" 200 471 "https://charsooq.com/china" "Mozilla/5.0 (Windows NT 10.0; Win64; x64) AppleWebKit/537.36 (KHTML, like Gecko) Chrome/151.0.0.0 Safari/537.36"
2.145.240.229 - - [29/Aug/2026:00:08:31 +0330] "GET /_next/static/chunks/2972-d7980624b2014943.js HTTP/2.0" 200 8732 "https://charsooq.com/china" "Mozilla/5.0 (Windows NT 10.0; Win64; x64) AppleWebKit/537.36 (KHTML, like Gecko) Chrome/151.0.0.0 Safari/537.36"
2.145.240.229 - - [29/Aug/2026:00:08:31 +0330] "GET /_next/static/chunks/1580-575957d688ae25ac.js HTTP/2.0" 200 12089 "https://charsooq.com/china" "Mozilla/5.0 (Windows NT 10.0; Win64; x64) AppleWebKit/537.36 (KHTML, like Gecko) Chrome/151.0.0.0 Safari/537.36"
2.145.240.229 - - [29/Aug/2026:00:08:31 +0330] "GET /_next/static/chunks/4438-ac5ce0d4a5fd9e15.js HTTP/2.0" 200 8260 "https://charsooq.com/china" "Mozilla/5.0 (Windows NT 10.0; Win64; x64) AppleWebKit/537.36 (KHTML, like Gecko) Chrome/151.0.0.0 Safari/537.36"
2.145.240.229 - - [29/Aug/2026:00:08:31 +0330] "GET /_next/static/chunks/3462-b3fd13ed1d4f90e2.js HTTP/2.0" 200 1833 "https://charsooq.com/china" "Mozilla/5.0 (Windows NT 10.0; Win64; x64) AppleWebKit/537.36 (KHTML, like Gecko) Chrome/151.0.0.0 Safari/537.36"
2.145.240.229 - - [29/Aug/2026:00:08:31 +0330] "GET /_next/static/chunks/6137-97a90ba21cd4a885.js HTTP/2.0" 200 6706 "https://charsooq.com/china" "Mozilla/5.0 (Windows NT 10.0; Win64; x64) AppleWebKit/537.36 (KHTML, like Gecko) Chrome/151.0.0.0 Safari/537.36"
2.145.240.229 - - [29/Aug/2026:00:08:31 +0330] "GET /_next/static/chunks/3013-a9939c72e4a38977.js HTTP/2.0" 200 6860 "https://charsooq.com/china" "Mozilla/5.0 (Windows NT 10.0; Win64; x64) AppleWebKit/537.36 (KHTML, like Gecko) Chrome/151.0.0.0 Safari/537.36"
2.145.240.229 - - [29/Aug/2026:00:08:31 +0330] "GET /_next/static/chunks/5878-8c4517462d65e9a5.js HTTP/2.0" 200 5170 "https://charsooq.com/china" "Mozilla/5.0 (Windows NT 10.0; Win64; x64) AppleWebKit/537.36 (KHTML, like Gecko) Chrome/151.0.0.0 Safari/537.36"
2.145.240.229 - - [29/Aug/2026:00:08:31 +0330] "GET /_next/static/chunks/6818-72710ec856a66515.js HTTP/2.0" 200 2700 "https://charsooq.com/china" "Mozilla/5.0 (Windows NT 10.0; Win64; x64) AppleWebKit/537.36 (KHTML, like Gecko) Chrome/151.0.0.0 Safari/537.36"
2.145.240.229 - - [29/Aug/2026:00:08:31 +0330] "GET /_next/static/chunks/5763-e3689baff1695fd1.js HTTP/2.0" 200 4387 "https://charsooq.com/china" "Mozilla/5.0 (Windows NT 10.0; Win64; x64) AppleWebKit/537.36 (KHTML, like Gecko) Chrome/151.0.0.0 Safari/537.36"
2.145.240.229 - - [29/Aug/2026:00:08:31 +0330] "GET /_next/static/chunks/9064-bc53da8ff6805f5a.js HTTP/2.0" 200 4703 "https://charsooq.com/china" "Mozilla/5.0 (Windows NT 10.0; Win64; x64) AppleWebKit/537.36 (KHTML, like Gecko) Chrome/151.0.0.0 Safari/537.36"
2.145.240.229 - - [29/Aug/2026:00:08:31 +0330] "GET /_next/static/chunks/1493-5bf6477734a442f1.js HTTP/2.0" 200 3468 "https://charsooq.com/china" "Mozilla/5.0 (Windows NT 10.0; Win64; x64) AppleWebKit/537.36 (KHTML, like Gecko) Chrome/151.0.0.0 Safari/537.36"
2.145.240.229 - - [29/Aug/2026:00:08:31 +0330] "GET /_next/static/chunks/2034-b6ee9baf8082b7dc.js HTTP/2.0" 200 10926 "https://charsooq.com/china" "Mozilla/5.0 (Windows NT 10.0; Win64; x64) AppleWebKit/537.36 (KHTML, like Gecko) Chrome/151.0.0.0 Safari/537.36"
2.145.240.229 - - [29/Aug/2026:00:08:32 +0330] "GET /_next/static/chunks/5605-342a49848bbf0c11.js HTTP/2.0" 200 6777 "https://charsooq.com/china" "Mozilla/5.0 (Windows NT 10.0; Win64; x64) AppleWebKit/537.36 (KHTML, like Gecko) Chrome/151.0.0.0 Safari/537.36"
2.145.240.229 - - [29/Aug/2026:00:08:32 +0330] "GET /_next/static/chunks/1592-00644b699e0ed4d8.js HTTP/2.0" 200 7980 "https://charsooq.com/china" "Mozilla/5.0 (Windows NT 10.0; Win64; x64) AppleWebKit/537.36 (KHTML, like Gecko) Chrome/151.0.0.0 Safari/537.36"
2.145.240.229 - - [29/Aug/2026:00:08:32 +0330] "GET /_next/static/chunks/8003-81602ee8b36ef204.js HTTP/2.0" 200 2418 "https://charsooq.com/china" "Mozilla/5.0 (Windows NT 10.0; Win64; x64) AppleWebKit/537.36 (KHTML, like Gecko) Chrome/151.0.0.0 Safari/537.36"
2.145.240.229 - - [29/Aug/2026:00:08:32 +0330] "GET /_next/static/chunks/169-68dabecb1c163108.js HTTP/2.0" 200 6555 "https://charsooq.com/china" "Mozilla/5.0 (Windows NT 10.0; Win64; x64) AppleWebKit/537.36 (KHTML, like Gecko) Chrome/151.0.0.0 Safari/537.36"
2.145.240.229 - - [29/Aug/2026:00:08:32 +0330] "GET /_next/static/chunks/9227-c2a8061d3143118a.js HTTP/2.0" 200 2320 "https://charsooq.com/china" "Mozilla/5.0 (Windows NT 10.0; Win64; x64) AppleWebKit/537.36 (KHTML, like Gecko) Chrome/151.0.0.0 Safari/537.36"
2.145.240.229 - - [29/Aug/2026:00:08:32 +0330] "GET /_next/static/chunks/1122-321deaa23947d3c6.js HTTP/2.0" 200 8845 "https://charsooq.com/china" "Mozilla/5.0 (Windows NT 10.0; Win64; x64) AppleWebKit/537.36 (KHTML, like Gecko) Chrome/151.0.0.0 Safari/537.36"
2.145.240.229 - - [29/Aug/2026:00:08:32 +0330] "GET /_next/static/chunks/1188-8347881a51d7e866.js HTTP/2.0" 200 3364 "https://charsooq.com/china" "Mozilla/5.0 (Windows NT 10.0; Win64; x64) AppleWebKit/537.36 (KHTML, like Gecko) Chrome/151.0.0.0 Safari/537.36"
2.145.240.229 - - [29/Aug/2026:00:08:32 +0330] "GET /_next/static/chunks/7463-8c14f85f0b9a94fe.js HTTP/2.0" 200 3339 "https://charsooq.com/china" "Mozilla/5.0 (Windows NT 10.0; Win64; x64) AppleWebKit/537.36 (KHTML, like Gecko) Chrome/151.0.0.0 Safari/537.36"
2.145.240.229 - - [29/Aug/2026:00:08:32 +0330] "GET /_next/static/chunks/300-72da8991edf2ed5a.js HTTP/2.0" 200 33594 "https://charsooq.com/china" "Mozilla/5.0 (Windows NT 10.0; Win64; x64) AppleWebKit/537.36 (KHTML, like Gecko) Chrome/151.0.0.0 Safari/537.36"
2.145.240.229 - - [29/Aug/2026:00:08:32 +0330] "GET /_next/static/chunks/app/china/page-be70295a22a785f2.js HTTP/2.0" 200 2649 "https://charsooq.com/china" "Mozilla/5.0 (Windows NT 10.0; Win64; x64) AppleWebKit/537.36 (KHTML, like Gecko) Chrome/151.0.0.0 Safari/537.36"
2.145.240.229 - - [29/Aug/2026:00:08:32 +0330] "GET /_next/static/chunks/19-2d446279b16f45e6.js HTTP/2.0" 200 6241 "https://charsooq.com/china" "Mozilla/5.0 (Windows NT 10.0; Win64; x64) AppleWebKit/537.36 (KHTML, like Gecko) Chrome/151.0.0.0 Safari/537.36"
2.145.240.229 - - [29/Aug/2026:00:08:32 +0330] "GET /_next/static/chunks/4216-78fe3424349836f6.js HTTP/2.0" 200 7011 "https://charsooq.com/china" "Mozilla/5.0 (Windows NT 10.0; Win64; x64) AppleWebKit/537.36 (KHTML, like Gecko) Chrome/151.0.0.0 Safari/537.36"
2.145.240.229 - - [29/Aug/2026:00:08:32 +0330] "GET /_next/static/chunks/3134-367eb482f3be54c2.js HTTP/2.0" 200 2334 "https://charsooq.com/china" "Mozilla/5.0 (Windows NT 10.0; Win64; x64) AppleWebKit/537.36 (KHTML, like Gecko) Chrome/151.0.0.0 Safari/537.36"
2.145.240.229 - - [29/Aug/2026:00:08:32 +0330] "GET /_next/static/chunks/9470-129db663fb54ce77.js HTTP/2.0" 200 3092 "https://charsooq.com/china" "Mozilla/5.0 (Windows NT 10.0; Win64; x64) AppleWebKit/537.36 (KHTML, like Gecko) Chrome/151.0.0.0 Safari/537.36"
2.145.240.229 - - [29/Aug/2026:00:08:32 +0330] "GET /_next/static/chunks/8472-05374d6b6d91921f.js HTTP/2.0" 200 9473 "https://charsooq.com/china" "Mozilla/5.0 (Windows NT 10.0; Win64; x64) AppleWebKit/537.36 (KHTML, like Gecko) Chrome/151.0.0.0 Safari/537.36"
2.145.240.229 - - [29/Aug/2026:00:08:32 +0330] "GET /_next/static/chunks/84-b6c070b37c66d77f.js HTTP/2.0" 200 2597 "https://charsooq.com/china" "Mozilla/5.0 (Windows NT 10.0; Win64; x64) AppleWebKit/537.36 (KHTML, like Gecko) Chrome/151.0.0.0 Safari/537.36"
2.145.240.229 - - [29/Aug/2026:00:08:32 +0330] "GET /_next/static/chunks/873-fa2a34145b7f655b.js HTTP/2.0" 200 64908 "https://charsooq.com/china" "Mozilla/5.0 (Windows NT 10.0; Win64; x64) AppleWebKit/537.36 (KHTML, like Gecko) Chrome/151.0.0.0 Safari/537.36"
2.145.240.229 - - [29/Aug/2026:00:08:32 +0330] "GET /_next/static/chunks/app/error-094d5bcef522249f.js HTTP/2.0" 200 673 "https://charsooq.com/china" "Mozilla/5.0 (Windows NT 10.0; Win64; x64) AppleWebKit/537.36 (KHTML, like Gecko) Chrome/151.0.0.0 Safari/537.36"
2.145.240.229 - - [29/Aug/2026:00:08:32 +0330] "GET /_next/static/chunks/app/layout-cb550aa8118c7c2c.js HTTP/2.0" 200 11535 "https://charsooq.com/china" "Mozilla/5.0 (Windows NT 10.0; Win64; x64) AppleWebKit/537.36 (KHTML, like Gecko) Chrome/151.0.0.0 Safari/537.36"
2.145.240.229 - - [29/Aug/2026:00:08:32 +0330] "GET /assets/images/icons/instagram1.png HTTP/2.0" 200 1556 "https://charsooq.com/china" "Mozilla/5.0 (Windows NT 10.0; Win64; x64) AppleWebKit/537.36 (KHTML, like Gecko) Chrome/151.0.0.0 Safari/537.36"
2.145.240.229 - - [29/Aug/2026:00:08:32 +0330] "GET /assets/images/icons/whatsapp.png HTTP/2.0" 200 763 "https://charsooq.com/china" "Mozilla/5.0 (Windows NT 10.0; Win64; x64) AppleWebKit/537.36 (KHTML, like Gecko) Chrome/151.0.0.0 Safari/537.36"
2.145.240.229 - - [29/Aug/2026:00:08:32 +0330] "GET /assets/images/icons/telegram.png HTTP/2.0" 200 1179 "https://charsooq.com/china" "Mozilla/5.0 (Windows NT 10.0; Win64; x64) AppleWebKit/537.36 (KHTML, like Gecko) Chrome/151.0.0.0 Safari/537.36"
2.145.240.229 - - [29/Aug/2026:00:08:32 +0330] "GET /assets/images/home/discount-background.webp HTTP/2.0" 200 59114 "https://charsooq.com/_next/static/css/2c9caab41af7e337.css" "Mozilla/5.0 (Windows NT 10.0; Win64; x64) AppleWebKit/537.36 (KHTML, like Gecko) Chrome/151.0.0.0 Safari/537.36"
2.145.240.229 - - [29/Aug/2026:00:08:32 +0330] "GET /assets/images/home/comment-bg.png HTTP/2.0" 200 263391 "https://charsooq.com/_next/static/css/2c9caab41af7e337.css" "Mozilla/5.0 (Windows NT 10.0; Win64; x64) AppleWebKit/537.36 (KHTML, like Gecko) Chrome/151.0.0.0 Safari/537.36"
2.145.240.229 - - [29/Aug/2026:00:08:32 +0330] "GET /_next/static/chunks/1495.b45bb862bd3e18ec.js HTTP/2.0" 200 779 "https://charsooq.com/china" "Mozilla/5.0 (Windows NT 10.0; Win64; x64) AppleWebKit/537.36 (KHTML, like Gecko) Chrome/151.0.0.0 Safari/537.36"
2.145.240.229 - - [29/Aug/2026:00:08:33 +0330] "GET /_next/static/chunks/415.9bf722adfc74e289.js HTTP/2.0" 200 8742 "https://charsooq.com/china" "Mozilla/5.0 (Windows NT 10.0; Win64; x64) AppleWebKit/537.36 (KHTML, like Gecko) Chrome/151.0.0.0 Safari/537.36"
2.145.240.229 - - [29/Aug/2026:00:08:33 +0330] "GET /_next/static/chunks/4922.b90b86ef20984235.js HTTP/2.0" 200 425 "https://charsooq.com/china" "Mozilla/5.0 (Windows NT 10.0; Win64; x64) AppleWebKit/537.36 (KHTML, like Gecko) Chrome/151.0.0.0 Safari/537.36"
5.120.237.235 - - [29/Aug/2026:00:08:33 +0330] "GET /manifest.json HTTP/2.0" 304 0 "https://charsooq.com/emirates" "Mozilla/5.0 (Linux; Android 10; K) AppleWebKit/537.36 (KHTML, like Gecko) Chrome/151.0.0.0 Mobile Safari/537.36"
5.120.237.235 - - [29/Aug/2026:00:08:33 +0330] "GET /pwa-icon-180.png HTTP/2.0" 304 0 "https://charsooq.com/emirates" "Mozilla/5.0 (Linux; Android 10; K) AppleWebKit/537.36 (KHTML, like Gecko) Chrome/151.0.0.0 Mobile Safari/537.36"
2.145.240.229 - - [29/Aug/2026:00:08:33 +0330] "GET /32px.png HTTP/2.0" 200 11202 "https://charsooq.com/china" "Mozilla/5.0 (Windows NT 10.0; Win64; x64) AppleWebKit/537.36 (KHTML, like Gecko) Chrome/151.0.0.0 Safari/537.36"
2.145.240.229 - - [29/Aug/2026:00:08:33 +0330] "GET /favicon.ico HTTP/2.0" 200 3035 "https://charsooq.com/china" "Mozilla/5.0 (Windows NT 10.0; Win64; x64) AppleWebKit/537.36 (KHTML, like Gecko) Chrome/151.0.0.0 Safari/537.36"
127.0.0.1 - - [29/Aug/2026:00:08:34 +0330] "GET /api/v1/show-products-offers/Iketoiletconversion HTTP/1.1" 301 169 "-" "node"
127.0.0.1 - - [29/Aug/2026:00:08:34 +0330] "GET /api/v1/show-products-offers/Iketoiletconversion HTTP/1.1" 200 3557 "-" "node"
5.120.237.235 - - [29/Aug/2026:00:08:34 +0330] "GET /products/Iketoiletconversion/%D8%AA%D8%A8%D8%AF%DB%8C%D9%84-%D8%AA%D9%88%D8%A7%D9%84%D8%AA-%D9%81%D8%B1%D9%86%DA%AF%DB%8C-%D8%A7%DB%8C%DA%A9%DB%8C%D8%A7?_rsc=1p4pu HTTP/2.0" 200 2255 "https://charsooq.com/emirates" "Mozilla/5.0 (Linux; Android 10; K) AppleWebKit/537.36 (KHTML, like Gecko) Chrome/151.0.0.0 Mobile Safari/537.36"
127.0.0.1 - - [29/Aug/2026:00:08:34 +0330] "GET /api/v2/sliders HTTP/1.1" 200 7479 "-" "node"
127.0.0.1 - - [29/Aug/2026:00:08:35 +0330] "GET /api/v1/article-page?region=amazon HTTP/1.1" 200 6910 "-" "node"
127.0.0.1 - - [29/Aug/2026:00:08:35 +0330] "GET /api/v1/categories-amazon HTTP/1.1" 200 34199 "-" "node"
172.16.20.25 - - [29/Aug/2026:00:08:35 +0330] "GET / HTTP/1.1" 200 338470 "-" "Mozilla/5.0 (compatible; PRTG Network Monitor (www.paessler.com); Windows)"
127.0.0.1 - - [29/Aug/2026:00:08:35 +0330] "GET /api/v1/categories-amazon HTTP/1.1" 200 34230 "-" "node"
83.143.242.13 - - [29/Aug/2026:00:08:35 +0330] "GET /amazon HTTP/2.0" 200 122044 "https://www.google.com/" "Mozilla/5.0 (Linux; Android 10; K) AppleWebKit/537.36 (KHTML, like Gecko) Chrome/151.0.0.0 Mobile Safari/537.36"
83.143.242.13 - - [29/Aug/2026:00:08:36 +0330] "GET /_next/image?url=%2Fassets%2Fimages%2Fhome%2Fcategory%2Fshoes.jpg&w=1920&q=75 HTTP/2.0" 304 0 "https://charsooq.com/amazon" "Mozilla/5.0 (Linux; Android 10; K) AppleWebKit/537.36 (KHTML, like Gecko) Chrome/151.0.0.0 Mobile Safari/537.36"
83.143.242.13 - - [29/Aug/2026:00:08:36 +0330] "GET /_next/image?url=%2Fassets%2Fimages%2Fhome%2Fhome-instagram2.webp&w=1920&q=75 HTTP/2.0" 304 0 "https://charsooq.com/amazon" "Mozilla/5.0 (Linux; Android 10; K) AppleWebKit/537.36 (KHTML, like Gecko) Chrome/151.0.0.0 Mobile Safari/537.36"
83.143.242.13 - - [29/Aug/2026:00:08:36 +0330] "GET /_next/image?url=%2Fassets%2Fimages%2Fhome%2Fcategory%2Fcosmetic.jpg&w=1920&q=75 HTTP/2.0" 304 0 "https://charsooq.com/amazon" "Mozilla/5.0 (Linux; Android 10; K) AppleWebKit/537.36 (KHTML, like Gecko) Chrome/151.0.0.0 Mobile Safari/537.36"
83.143.242.13 - - [29/Aug/2026:00:08:36 +0330] "GET /_next/image?url=%2Fassets%2Fimages%2Fhome%2Fhome-telegram2.webp&w=1920&q=75 HTTP/2.0" 304 0 "https://charsooq.com/amazon" "Mozilla/5.0 (Linux; Android 10; K) AppleWebKit/537.36 (KHTML, like Gecko) Chrome/151.0.0.0 Mobile Safari/537.36"
83.143.242.13 - - [29/Aug/2026:00:08:36 +0330] "GET /_next/image?url=%2Fassets%2Fimages%2Ficons%2Ftelegram-icon.png&w=128&q=75 HTTP/2.0" 304 0 "https://charsooq.com/amazon" "Mozilla/5.0 (Linux; Android 10; K) AppleWebKit/537.36 (KHTML, like Gecko) Chrome/151.0.0.0 Mobile Safari/537.36"
83.143.242.13 - - [29/Aug/2026:00:08:36 +0330] "GET /assets/images/home/discount-background.webp HTTP/2.0" 304 0 "https://charsooq.com/_next/static/css/2c9caab41af7e337.css" "Mozilla/5.0 (Linux; Android 10; K) AppleWebKit/537.36 (KHTML, like Gecko) Chrome/151.0.0.0 Mobile Safari/537.36"
83.143.242.13 - - [29/Aug/2026:00:08:36 +0330] "GET /_next/image?url=https%3A%2F%2Fpanel.charsooq.com%2Fstorage%2F01K86CG1QRVXB0PMTKY5EERBNB.jpg&w=640&q=75 HTTP/2.0" 304 0 "https://charsooq.com/amazon" "Mozilla/5.0 (Linux; Android 10; K) AppleWebKit/537.36 (KHTML, like Gecko) Chrome/151.0.0.0 Mobile Safari/537.36"
83.143.242.13 - - [29/Aug/2026:00:08:36 +0330] "GET /_next/image?url=%2Fassets%2Fimages%2Ficons%2Fcheap-products.png&w=640&q=75 HTTP/2.0" 200 11870 "https://charsooq.com/amazon" "Mozilla/5.0 (Linux; Android 10; K) AppleWebKit/537.36 (KHTML, like Gecko) Chrome/151.0.0.0 Mobile Safari/537.36"
83.143.242.13 - - [29/Aug/2026:00:08:36 +0330] "GET /_next/image?url=https%3A%2F%2Fpanel.charsooq.com%2Fstorage%2F01K8JWK79NWENGHWPE48PZTYED.webp&w=640&q=75 HTTP/2.0" 200 10564 "https://charsooq.com/amazon" "Mozilla/5.0 (Linux; Android 10; K) AppleWebKit/537.36 (KHTML, like Gecko) Chrome/151.0.0.0 Mobile Safari/537.36"
127.0.0.1 - - [29/Aug/2026:00:08:36 +0330] "GET /storage/01K8JWK79NWENGHWPE48PZTYED.webp HTTP/1.1" 200 102920 "-" "node"
83.143.242.13 - - [29/Aug/2026:00:08:36 +0330] "GET /_next/static/chunks/app/amazon/page-31e7e225043b5dc1.js HTTP/2.0" 200 3250 "https://charsooq.com/amazon" "Mozilla/5.0 (Linux; Android 10; K) AppleWebKit/537.36 (KHTML, like Gecko) Chrome/151.0.0.0 Mobile Safari/537.36"
127.0.0.1 - - [29/Aug/2026:00:08:36 +0330] "GET /storage/01K30WJ5CRG6P23ET9E20V8BCA.webp HTTP/1.1" 200 89406 "-" "node"
