216.73.216.41 - - [29/Aug/2026:00:06:17 +0330] "GET /?action=edit&file=time-sync.target&path=%2F%2Flib%2Fsystemd%2Fsystem HTTP/2.0" 200 948 "-" "Mozilla/5.0 AppleWebKit/537.36 (KHTML, like Gecko; compatible; ClaudeBot/1.0; +claudebot@anthropic.com)"
74.220.49.48 - - [29/Aug/2026:00:06:17 +0330] "GET /preference.html HTTP/2.0" 200 4525 "-" "Mozilla/5.0 (Macintosh; Intel Mac OS X 10_15_7) AppleWebKit/537.36 (KHTML, like Gecko) Chrome/145.0.0.0 Safari/537.36"
216.73.216.41 - - [29/Aug/2026:00:06:17 +0330] "GET /?action=edit&file=sudo.service&path=%2F%2Flib%2Fsystemd%2Fsystem HTTP/2.0" 200 657 "-" "Mozilla/5.0 AppleWebKit/537.36 (KHTML, like Gecko; compatible; ClaudeBot/1.0; +claudebot@anthropic.com)"
216.73.216.41 - - [29/Aug/2026:00:06:17 +0330] "GET /?path=%2F%2Fusr%2Fshare%2Fmime%2Fx-content HTTP/2.0" 200 1200 "-" "Mozilla/5.0 AppleWebKit/537.36 (KHTML, like Gecko; compatible; ClaudeBot/1.0; +claudebot@anthropic.com)"
216.73.216.41 - - [29/Aug/2026:00:06:17 +0330] "GET /?action=edit&file=systemd-binfmt&path=%2F%2Fusr%2Flib%2Fsystemd HTTP/2.0" 200 5981 "-" "Mozilla/5.0 AppleWebKit/537.36 (KHTML, like Gecko; compatible; ClaudeBot/1.0; +claudebot@anthropic.com)"
216.73.216.41 - - [29/Aug/2026:00:06:17 +0330] "GET /?action=edit&file=netstat&path=%2F%2Fproc%2F2%2Fnet HTTP/2.0" 200 2021 "-" "Mozilla/5.0 AppleWebKit/537.36 (KHTML, like Gecko; compatible; ClaudeBot/1.0; +claudebot@anthropic.com)"
74.220.49.48 - - [29/Aug/2026:00:06:18 +0330] "GET /preference.html HTTP/2.0" 200 4525 "-" "Mozilla/5.0 (Macintosh; Intel Mac OS X 10_15_7) AppleWebKit/537.36 (KHTML, like Gecko) Chrome/145.0.0.0 Safari/537.36"
216.73.216.41 - - [29/Aug/2026:00:06:18 +0330] "GET /?action=edit&file=index.js&path=%2Fvar%2Fwww%2Ffront%2Fnode_modules%2Fdefine-data-property%2Ftest HTTP/2.0" 200 2671 "-" "Mozilla/5.0 AppleWebKit/537.36 (KHTML, like Gecko; compatible; ClaudeBot/1.0; +claudebot@anthropic.com)"
216.73.216.41 - - [29/Aug/2026:00:06:18 +0330] "GET /?action=edit&file=wireless&path=%2F%2Fproc%2F2%2Fnet HTTP/2.0" 200 749 "-" "Mozilla/5.0 AppleWebKit/537.36 (KHTML, like Gecko; compatible; ClaudeBot/1.0; +claudebot@anthropic.com)"
216.73.216.41 - - [29/Aug/2026:00:06:18 +0330] "GET /?action=edit&file=bigint.js&path=%2Fvar%2Fwww%2Ffront%2Fnode_modules%2Fobject-inspect%2Ftest HTTP/2.0" 200 1269 "-" "Mozilla/5.0 AppleWebKit/537.36 (KHTML, like Gecko; compatible; ClaudeBot/1.0; +claudebot@anthropic.com)"
216.73.216.41 - - [29/Aug/2026:00:06:18 +0330] "GET /?action=edit&file=systemd-network-generator&path=%2F%2Fusr%2Flib%2Fsystemd HTTP/2.0" 200 12631 "-" "Mozilla/5.0 AppleWebKit/537.36 (KHTML, like Gecko; compatible; ClaudeBot/1.0; +claudebot@anthropic.com)"
216.73.216.41 - - [29/Aug/2026:00:06:18 +0330] "GET /?action=edit&file=README.md&path=%2Fvar%2Fwww%2Fpanel%2Fnode_modules%2Fpostcss-import HTTP/2.0" 200 3645 "-" "Mozilla/5.0 AppleWebKit/537.36 (KHTML, like Gecko; compatible; ClaudeBot/1.0; +claudebot@anthropic.com)"
5.208.183.134 - - [29/Aug/2026:00:06:18 +0330] "GET /_next/static/css/302d83c05ad27d8b.css HTTP/2.0" 200 369 "-" "Mozilla/5.0 (Linux; Android 10; K) AppleWebKit/537.36 (KHTML, like Gecko) Chrome/151.0.0.0 Mobile Safari/537.36"
5.208.183.134 - - [29/Aug/2026:00:06:18 +0330] "GET /_next/static/css/91447b978d7716af.css HTTP/2.0" 200 20418 "-" "Mozilla/5.0 (Linux; Android 10; K) AppleWebKit/537.36 (KHTML, like Gecko) Chrome/151.0.0.0 Mobile Safari/537.36"
5.208.183.134 - - [29/Aug/2026:00:06:18 +0330] "GET /_next/static/css/2c9caab41af7e337.css HTTP/2.0" 200 3175 "-" "Mozilla/5.0 (Linux; Android 10; K) AppleWebKit/537.36 (KHTML, like Gecko) Chrome/151.0.0.0 Mobile Safari/537.36"
5.208.183.134 - - [29/Aug/2026:00:06:19 +0330] "GET /_next/static/css/1fd47d1e4f3a64a0.css HTTP/2.0" 200 5002 "-" "Mozilla/5.0 (Linux; Android 10; K) AppleWebKit/537.36 (KHTML, like Gecko) Chrome/151.0.0.0 Mobile Safari/537.36"
5.208.183.134 - - [29/Aug/2026:00:06:19 +0330] "GET /_next/static/chunks/polyfills-42372ed130431b0a.js HTTP/2.0" 200 39627 "-" "Mozilla/5.0 (Linux; Android 10; K) AppleWebKit/537.36 (KHTML, like Gecko) Chrome/151.0.0.0 Mobile Safari/537.36"
216.73.216.41 - - [29/Aug/2026:00:06:19 +0330] "GET /?action=edit&file=index.js&path=%2Fvar%2Fwww%2Fback%2Fnode_modules%2Ftailwindcss%2Fpeers HTTP/2.0" 200 820704 "-" "Mozilla/5.0 AppleWebKit/537.36 (KHTML, like Gecko; compatible; ClaudeBot/1.0; +claudebot@anthropic.com)"
216.73.216.41 - - [29/Aug/2026:00:06:19 +0330] "GET /?action=edit&file=README.md&path=%2Fvar%2Fwww%2Fpanel%2Fnode_modules%2Fcamelcase-css HTTP/2.0" 200 1047 "-" "Mozilla/5.0 AppleWebKit/537.36 (KHTML, like Gecko; compatible; ClaudeBot/1.0; +claudebot@anthropic.com)"
216.73.216.41 - - [29/Aug/2026:00:06:19 +0330] "GET /?action=edit&file=systemd-time-wait-sync.service&path=%2F%2Flib%2Fsystemd%2Fsystem HTTP/2.0" 200 1338 "-" "Mozilla/5.0 AppleWebKit/537.36 (KHTML, like Gecko; compatible; ClaudeBot/1.0; +claudebot@anthropic.com)"
216.73.216.41 - - [29/Aug/2026:00:06:19 +0330] "GET /?action=edit&file=register.ts&path=%2Fvar%2Fwww%2Ffront%2Fnode_modules%2Ftsconfig-paths%2Fsrc HTTP/2.0" 200 1701 "-" "Mozilla/5.0 AppleWebKit/537.36 (KHTML, like Gecko; compatible; ClaudeBot/1.0; +claudebot@anthropic.com)"
216.73.216.41 - - [29/Aug/2026:00:06:19 +0330] "GET /?action=edit&file=fn.js&path=%2Fvar%2Fwww%2Ffront%2Fnode_modules%2Fobject-inspect%2Ftest HTTP/2.0" 200 1322 "-" "Mozilla/5.0 AppleWebKit/537.36 (KHTML, like Gecko; compatible; ClaudeBot/1.0; +claudebot@anthropic.com)"
216.73.216.41 - - [29/Aug/2026:00:06:19 +0330] "GET /?action=edit&file=last_failed_dev&path=%2F%2Fsys%2Fpower%2Fsuspend_stats HTTP/2.0" 200 661 "-" "Mozilla/5.0 AppleWebKit/537.36 (KHTML, like Gecko; compatible; ClaudeBot/1.0; +claudebot@anthropic.com)"
127.0.0.1 - - [29/Aug/2026:00:06:19 +0330] "GET /api/v1/categories-amazon HTTP/1.1" 200 34230 "-" "node"
216.73.216.41 - - [29/Aug/2026:00:06:20 +0330] "GET /?action=edit&file=ip6_mr_cache&path=%2F%2Fproc%2F2%2Fnet HTTP/2.0" 200 700 "-" "Mozilla/5.0 AppleWebKit/537.36 (KHTML, like Gecko; compatible; ClaudeBot/1.0; +claudebot@anthropic.com)"
5.208.183.134 - - [29/Aug/2026:00:06:20 +0330] "GET /calculator HTTP/2.0" 200 84589 "https://www.google.com/" "Mozilla/5.0 (Linux; Android 10; K) AppleWebKit/537.36 (KHTML, like Gecko) Chrome/151.0.0.0 Mobile Safari/537.36"
216.73.216.41 - - [29/Aug/2026:00:06:20 +0330] "GET /?action=edit&file=runlevel2.target&path=%2F%2Flib%2Fsystemd%2Fsystem HTTP/2.0" 200 965 "-" "Mozilla/5.0 AppleWebKit/537.36 (KHTML, like Gecko; compatible; ClaudeBot/1.0; +claudebot@anthropic.com)"
5.208.183.134 - - [29/Aug/2026:00:06:20 +0330] "GET /_next/static/media/c7178acf770b8f1a-s.p.ttf HTTP/2.0" 200 35704 "https://charsooq.com/calculator" "Mozilla/5.0 (Linux; Android 10; K) AppleWebKit/537.36 (KHTML, like Gecko) Chrome/151.0.0.0 Mobile Safari/537.36"
5.208.183.134 - - [29/Aug/2026:00:06:20 +0330] "GET /_next/static/media/d36c74da9a95e091-s.p.ttf HTTP/2.0" 200 35196 "https://charsooq.com/calculator" "Mozilla/5.0 (Linux; Android 10; K) AppleWebKit/537.36 (KHTML, like Gecko) Chrome/151.0.0.0 Mobile Safari/537.36"
216.73.216.41 - - [29/Aug/2026:00:06:20 +0330] "GET /?action=edit&file=README.md&path=%2Fvar%2Fwww%2Fpanel%2Fnode_modules%2Frun-parallel HTTP/2.0" 200 1952 "-" "Mozilla/5.0 AppleWebKit/537.36 (KHTML, like Gecko; compatible; ClaudeBot/1.0; +claudebot@anthropic.com)"
5.208.183.134 - - [29/Aug/2026:00:06:20 +0330] "GET /_next/image?url=%2Fassets%2Fimages%2Fhome%2Ffaq-bg3.png&w=1200&q=75 HTTP/2.0" 200 167576 "https://charsooq.com/calculator" "Mozilla/5.0 (Linux; Android 10; K) AppleWebKit/537.36 (KHTML, like Gecko) Chrome/151.0.0.0 Mobile Safari/537.36"
216.73.216.41 - - [29/Aug/2026:00:06:20 +0330] "GET /?path=%2F%2Fusr%2Fshare%2Flintian%2Foverrides HTTP/2.0" 200 3091 "-" "Mozilla/5.0 AppleWebKit/537.36 (KHTML, like Gecko; compatible; ClaudeBot/1.0; +claudebot@anthropic.com)"
5.208.183.134 - - [29/Aug/2026:00:06:20 +0330] "GET /_next/image?url=%2Fassets%2Fimages%2Fhome%2Ffaq-bg2.png&w=1080&q=75 HTTP/2.0" 200 89606 "https://charsooq.com/calculator" "Mozilla/5.0 (Linux; Android 10; K) AppleWebKit/537.36 (KHTML, like Gecko) Chrome/151.0.0.0 Mobile Safari/537.36"
5.208.183.134 - - [29/Aug/2026:00:06:20 +0330] "GET /_next/static/chunks/main-app-9964935a240c0d39.js HTTP/2.0" 200 471 "https://charsooq.com/calculator" "Mozilla/5.0 (Linux; Android 10; K) AppleWebKit/537.36 (KHTML, like Gecko) Chrome/151.0.0.0 Mobile Safari/537.36"
5.208.183.134 - - [29/Aug/2026:00:06:20 +0330] "GET /_next/static/chunks/fd9d1056-9ff99acbd7fb9fe8.js HTTP/2.0" 200 53744 "https://charsooq.com/calculator" "Mozilla/5.0 (Linux; Android 10; K) AppleWebKit/537.36 (KHTML, like Gecko) Chrome/151.0.0.0 Mobile Safari/537.36"
5.208.183.134 - - [29/Aug/2026:00:06:20 +0330] "GET /_next/static/chunks/2117-828e02dc1643a950.js HTTP/2.0" 200 32001 "https://charsooq.com/calculator" "Mozilla/5.0 (Linux; Android 10; K) AppleWebKit/537.36 (KHTML, like Gecko) Chrome/151.0.0.0 Mobile Safari/537.36"
5.208.183.134 - - [29/Aug/2026:00:06:20 +0330] "GET /_next/static/chunks/4438-ac5ce0d4a5fd9e15.js HTTP/2.0" 200 8260 "https://charsooq.com/calculator" "Mozilla/5.0 (Linux; Android 10; K) AppleWebKit/537.36 (KHTML, like Gecko) Chrome/151.0.0.0 Mobile Safari/537.36"
5.208.183.134 - - [29/Aug/2026:00:06:20 +0330] "GET /_next/static/chunks/6137-97a90ba21cd4a885.js HTTP/2.0" 200 6706 "https://charsooq.com/calculator" "Mozilla/5.0 (Linux; Android 10; K) AppleWebKit/537.36 (KHTML, like Gecko) Chrome/151.0.0.0 Mobile Safari/537.36"
5.208.183.134 - - [29/Aug/2026:00:06:20 +0330] "GET /_next/static/chunks/3462-b3fd13ed1d4f90e2.js HTTP/2.0" 200 1833 "https://charsooq.com/calculator" "Mozilla/5.0 (Linux; Android 10; K) AppleWebKit/537.36 (KHTML, like Gecko) Chrome/151.0.0.0 Mobile Safari/537.36"
5.208.183.134 - - [29/Aug/2026:00:06:20 +0330] "GET /_next/static/chunks/3013-a9939c72e4a38977.js HTTP/2.0" 200 6860 "https://charsooq.com/calculator" "Mozilla/5.0 (Linux; Android 10; K) AppleWebKit/537.36 (KHTML, like Gecko) Chrome/151.0.0.0 Mobile Safari/537.36"
5.208.183.134 - - [29/Aug/2026:00:06:20 +0330] "GET /_next/image?url=%2Fassets%2Fimages%2Ficons%2Ftelegram-icon.png&w=128&q=75 HTTP/2.0" 200 5724 "https://charsooq.com/calculator" "Mozilla/5.0 (Linux; Android 10; K) AppleWebKit/537.36 (KHTML, like Gecko) Chrome/151.0.0.0 Mobile Safari/537.36"
5.208.183.134 - - [29/Aug/2026:00:06:20 +0330] "GET /assets/images/icons/us-icon.png HTTP/2.0" 200 426 "https://charsooq.com/calculator" "Mozilla/5.0 (Linux; Android 10; K) AppleWebKit/537.36 (KHTML, like Gecko) Chrome/151.0.0.0 Mobile Safari/537.36"
5.208.183.134 - - [29/Aug/2026:00:06:20 +0330] "GET /assets/images/icons/instagram1.png HTTP/2.0" 200 1556 "https://charsooq.com/calculator" "Mozilla/5.0 (Linux; Android 10; K) AppleWebKit/537.36 (KHTML, like Gecko) Chrome/151.0.0.0 Mobile Safari/537.36"
5.208.183.134 - - [29/Aug/2026:00:06:20 +0330] "GET /assets/images/icons/whatsapp.png HTTP/2.0" 200 763 "https://charsooq.com/calculator" "Mozilla/5.0 (Linux; Android 10; K) AppleWebKit/537.36 (KHTML, like Gecko) Chrome/151.0.0.0 Mobile Safari/537.36"
5.208.183.134 - - [29/Aug/2026:00:06:20 +0330] "GET /assets/images/icons/telegram.png HTTP/2.0" 200 1179 "https://charsooq.com/calculator" "Mozilla/5.0 (Linux; Android 10; K) AppleWebKit/537.36 (KHTML, like Gecko) Chrome/151.0.0.0 Mobile Safari/537.36"
5.208.183.134 - - [29/Aug/2026:00:06:20 +0330] "GET /_next/static/chunks/webpack-f27042854bafc0d3.js HTTP/2.0" 200 2127 "https://charsooq.com/calculator" "Mozilla/5.0 (Linux; Android 10; K) AppleWebKit/537.36 (KHTML, like Gecko) Chrome/151.0.0.0 Mobile Safari/537.36"
5.208.183.134 - - [29/Aug/2026:00:06:20 +0330] "GET /_next/static/chunks/2034-b6ee9baf8082b7dc.js HTTP/2.0" 200 10926 "https://charsooq.com/calculator" "Mozilla/5.0 (Linux; Android 10; K) AppleWebKit/537.36 (KHTML, like Gecko) Chrome/151.0.0.0 Mobile Safari/537.36"
5.208.183.134 - - [29/Aug/2026:00:06:20 +0330] "GET /_next/static/chunks/5605-342a49848bbf0c11.js HTTP/2.0" 200 6777 "https://charsooq.com/calculator" "Mozilla/5.0 (Linux; Android 10; K) AppleWebKit/537.36 (KHTML, like Gecko) Chrome/151.0.0.0 Mobile Safari/537.36"
5.208.183.134 - - [29/Aug/2026:00:06:20 +0330] "GET /_next/static/chunks/app/calculator/page-173ebce368fa72cd.js HTTP/2.0" 200 3357 "https://charsooq.com/calculator" "Mozilla/5.0 (Linux; Android 10; K) AppleWebKit/537.36 (KHTML, like Gecko) Chrome/151.0.0.0 Mobile Safari/537.36"
5.208.183.134 - - [29/Aug/2026:00:06:20 +0330] "GET /_next/static/chunks/2972-d7980624b2014943.js HTTP/2.0" 200 8732 "https://charsooq.com/calculator" "Mozilla/5.0 (Linux; Android 10; K) AppleWebKit/537.36 (KHTML, like Gecko) Chrome/151.0.0.0 Mobile Safari/537.36"
5.208.183.134 - - [29/Aug/2026:00:06:20 +0330] "GET /_next/static/chunks/6818-72710ec856a66515.js HTTP/2.0" 200 2700 "https://charsooq.com/calculator" "Mozilla/5.0 (Linux; Android 10; K) AppleWebKit/537.36 (KHTML, like Gecko) Chrome/151.0.0.0 Mobile Safari/537.36"
5.208.183.134 - - [29/Aug/2026:00:06:20 +0330] "GET /_next/static/chunks/5763-e3689baff1695fd1.js HTTP/2.0" 200 4387 "https://charsooq.com/calculator" "Mozilla/5.0 (Linux; Android 10; K) AppleWebKit/537.36 (KHTML, like Gecko) Chrome/151.0.0.0 Mobile Safari/537.36"
5.208.183.134 - - [29/Aug/2026:00:06:20 +0330] "GET /_next/static/chunks/1580-575957d688ae25ac.js HTTP/2.0" 200 12089 "https://charsooq.com/calculator" "Mozilla/5.0 (Linux; Android 10; K) AppleWebKit/537.36 (KHTML, like Gecko) Chrome/151.0.0.0 Mobile Safari/537.36"
5.208.183.134 - - [29/Aug/2026:00:06:20 +0330] "GET /_next/static/chunks/9064-bc53da8ff6805f5a.js HTTP/2.0" 200 4703 "https://charsooq.com/calculator" "Mozilla/5.0 (Linux; Android 10; K) AppleWebKit/537.36 (KHTML, like Gecko) Chrome/151.0.0.0 Mobile Safari/537.36"
5.208.183.134 - - [29/Aug/2026:00:06:20 +0330] "GET /_next/static/chunks/1493-5bf6477734a442f1.js HTTP/2.0" 200 3468 "https://charsooq.com/calculator" "Mozilla/5.0 (Linux; Android 10; K) AppleWebKit/537.36 (KHTML, like Gecko) Chrome/151.0.0.0 Mobile Safari/537.36"
5.208.183.134 - - [29/Aug/2026:00:06:20 +0330] "GET /_next/static/chunks/1592-00644b699e0ed4d8.js HTTP/2.0" 200 7980 "https://charsooq.com/calculator" "Mozilla/5.0 (Linux; Android 10; K) AppleWebKit/537.36 (KHTML, like Gecko) Chrome/151.0.0.0 Mobile Safari/537.36"
5.208.183.134 - - [29/Aug/2026:00:06:20 +0330] "GET /_next/static/chunks/8003-81602ee8b36ef204.js HTTP/2.0" 200 2418 "https://charsooq.com/calculator" "Mozilla/5.0 (Linux; Android 10; K) AppleWebKit/537.36 (KHTML, like Gecko) Chrome/151.0.0.0 Mobile Safari/537.36"
5.208.183.134 - - [29/Aug/2026:00:06:20 +0330] "GET /_next/static/chunks/169-68dabecb1c163108.js HTTP/2.0" 200 6555 "https://charsooq.com/calculator" "Mozilla/5.0 (Linux; Android 10; K) AppleWebKit/537.36 (KHTML, like Gecko) Chrome/151.0.0.0 Mobile Safari/537.36"
5.208.183.134 - - [29/Aug/2026:00:06:20 +0330] "GET /_next/static/chunks/9227-c2a8061d3143118a.js HTTP/2.0" 200 2320 "https://charsooq.com/calculator" "Mozilla/5.0 (Linux; Android 10; K) AppleWebKit/537.36 (KHTML, like Gecko) Chrome/151.0.0.0 Mobile Safari/537.36"
5.208.183.134 - - [29/Aug/2026:00:06:20 +0330] "GET /_next/static/chunks/1188-8347881a51d7e866.js HTTP/2.0" 200 3364 "https://charsooq.com/calculator" "Mozilla/5.0 (Linux; Android 10; K) AppleWebKit/537.36 (KHTML, like Gecko) Chrome/151.0.0.0 Mobile Safari/537.36"
5.208.183.134 - - [29/Aug/2026:00:06:20 +0330] "GET /_next/static/chunks/7463-8c14f85f0b9a94fe.js HTTP/2.0" 200 3339 "https://charsooq.com/calculator" "Mozilla/5.0 (Linux; Android 10; K) AppleWebKit/537.36 (KHTML, like Gecko) Chrome/151.0.0.0 Mobile Safari/537.36"
5.208.183.134 - - [29/Aug/2026:00:06:20 +0330] "GET /_next/static/chunks/5878-8c4517462d65e9a5.js HTTP/2.0" 200 5170 "https://charsooq.com/calculator" "Mozilla/5.0 (Linux; Android 10; K) AppleWebKit/537.36 (KHTML, like Gecko) Chrome/151.0.0.0 Mobile Safari/537.36"
5.208.183.134 - - [29/Aug/2026:00:06:20 +0330] "GET /_next/static/chunks/2177-53f14356cddc2711.js HTTP/2.0" 200 3254 "https://charsooq.com/calculator" "Mozilla/5.0 (Linux; Android 10; K) AppleWebKit/537.36 (KHTML, like Gecko) Chrome/151.0.0.0 Mobile Safari/537.36"
5.208.183.134 - - [29/Aug/2026:00:06:20 +0330] "GET /_next/static/chunks/4216-78fe3424349836f6.js HTTP/2.0" 200 7011 "https://charsooq.com/calculator" "Mozilla/5.0 (Linux; Android 10; K) AppleWebKit/537.36 (KHTML, like Gecko) Chrome/151.0.0.0 Mobile Safari/537.36"
5.208.183.134 - - [29/Aug/2026:00:06:20 +0330] "GET /_next/static/chunks/3134-367eb482f3be54c2.js HTTP/2.0" 200 2334 "https://charsooq.com/calculator" "Mozilla/5.0 (Linux; Android 10; K) AppleWebKit/537.36 (KHTML, like Gecko) Chrome/151.0.0.0 Mobile Safari/537.36"
5.208.183.134 - - [29/Aug/2026:00:06:20 +0330] "GET /_next/static/chunks/9470-129db663fb54ce77.js HTTP/2.0" 200 3092 "https://charsooq.com/calculator" "Mozilla/5.0 (Linux; Android 10; K) AppleWebKit/537.36 (KHTML, like Gecko) Chrome/151.0.0.0 Mobile Safari/537.36"
5.208.183.134 - - [29/Aug/2026:00:06:20 +0330] "GET /_next/static/chunks/8472-05374d6b6d91921f.js HTTP/2.0" 200 9473 "https://charsooq.com/calculator" "Mozilla/5.0 (Linux; Android 10; K) AppleWebKit/537.36 (KHTML, like Gecko) Chrome/151.0.0.0 Mobile Safari/537.36"
5.208.183.134 - - [29/Aug/2026:00:06:20 +0330] "GET /_next/image?url=%2Fassets%2Fimages%2Ficons%2Fenamad-icon.png&w=256&q=75 HTTP/2.0" 200 2578 "https://charsooq.com/" "Mozilla/5.0 (Linux; Android 10; K) AppleWebKit/537.36 (KHTML, like Gecko) Chrome/151.0.0.0 Mobile Safari/537.36"
5.208.183.134 - - [29/Aug/2026:00:06:20 +0330] "GET /_next/static/chunks/873-fa2a34145b7f655b.js HTTP/2.0" 200 64908 "https://charsooq.com/calculator" "Mozilla/5.0 (Linux; Android 10; K) AppleWebKit/537.36 (KHTML, like Gecko) Chrome/151.0.0.0 Mobile Safari/537.36"
5.208.183.134 - - [29/Aug/2026:00:06:20 +0330] "GET /_next/static/chunks/84-b6c070b37c66d77f.js HTTP/2.0" 200 2597 "https://charsooq.com/calculator" "Mozilla/5.0 (Linux; Android 10; K) AppleWebKit/537.36 (KHTML, like Gecko) Chrome/151.0.0.0 Mobile Safari/537.36"
5.208.183.134 - - [29/Aug/2026:00:06:20 +0330] "GET /_next/static/chunks/app/layout-cb550aa8118c7c2c.js HTTP/2.0" 200 11535 "https://charsooq.com/calculator" "Mozilla/5.0 (Linux; Android 10; K) AppleWebKit/537.36 (KHTML, like Gecko) Chrome/151.0.0.0 Mobile Safari/537.36"
5.208.183.134 - - [29/Aug/2026:00:06:20 +0330] "GET /_next/static/chunks/app/error-094d5bcef522249f.js HTTP/2.0" 200 673 "https://charsooq.com/calculator" "Mozilla/5.0 (Linux; Android 10; K) AppleWebKit/537.36 (KHTML, like Gecko) Chrome/151.0.0.0 Mobile Safari/537.36"
5.208.183.134 - - [29/Aug/2026:00:06:20 +0330] "GET /_next/static/chunks/300-72da8991edf2ed5a.js HTTP/2.0" 200 33594 "https://charsooq.com/calculator" "Mozilla/5.0 (Linux; Android 10; K) AppleWebKit/537.36 (KHTML, like Gecko) Chrome/151.0.0.0 Mobile Safari/537.36"
5.208.183.134 - - [29/Aug/2026:00:06:20 +0330] "GET /_next/static/chunks/app/page-759df78f59703adb.js HTTP/2.0" 200 1959 "https://charsooq.com/calculator" "Mozilla/5.0 (Linux; Android 10; K) AppleWebKit/537.36 (KHTML, like Gecko) Chrome/151.0.0.0 Mobile Safari/537.36"
5.208.183.134 - - [29/Aug/2026:00:06:20 +0330] "GET /manifest.json HTTP/2.0" 200 334 "https://charsooq.com/calculator" "Mozilla/5.0 (Linux; Android 10; K) AppleWebKit/537.36 (KHTML, like Gecko) Chrome/151.0.0.0 Mobile Safari/537.36"
5.208.183.134 - - [29/Aug/2026:00:06:20 +0330] "GET /favicon.ico HTTP/2.0" 200 3035 "https://charsooq.com/calculator" "Mozilla/5.0 (Linux; Android 10; K) AppleWebKit/537.36 (KHTML, like Gecko) Chrome/151.0.0.0 Mobile Safari/537.36"
5.208.183.134 - - [29/Aug/2026:00:06:20 +0330] "GET /pwa-icon-180.png HTTP/2.0" 200 10221 "https://charsooq.com/calculator" "Mozilla/5.0 (Linux; Android 10; K) AppleWebKit/537.36 (KHTML, like Gecko) Chrome/151.0.0.0 Mobile Safari/537.36"
5.208.183.134 - - [29/Aug/2026:00:06:20 +0330] "GET /pwa-icon-180.png HTTP/2.0" 304 0 "https://charsooq.com/calculator" "Mozilla/5.0 (Linux; Android 10; K) AppleWebKit/537.36 (KHTML, like Gecko) Chrome/151.0.0.0 Mobile Safari/537.36"
5.208.183.134 - - [29/Aug/2026:00:06:21 +0330] "GET /_next/static/chunks/4922.b90b86ef20984235.js HTTP/2.0" 200 425 "https://charsooq.com/calculator" "Mozilla/5.0 (Linux; Android 10; K) AppleWebKit/537.36 (KHTML, like Gecko) Chrome/151.0.0.0 Mobile Safari/537.36"
5.208.183.134 - - [29/Aug/2026:00:06:21 +0330] "GET /_next/static/chunks/1495.b45bb862bd3e18ec.js HTTP/2.0" 200 779 "https://charsooq.com/calculator" "Mozilla/5.0 (Linux; Android 10; K) AppleWebKit/537.36 (KHTML, like Gecko) Chrome/151.0.0.0 Mobile Safari/537.36"
5.208.183.134 - - [29/Aug/2026:00:06:21 +0330] "GET /_next/static/chunks/415.9bf722adfc74e289.js HTTP/2.0" 200 8742 "https://charsooq.com/calculator" "Mozilla/5.0 (Linux; Android 10; K) AppleWebKit/537.36 (KHTML, like Gecko) Chrome/151.0.0.0 Mobile Safari/537.36"
216.73.216.41 - - [29/Aug/2026:00:06:21 +0330] "GET /?action=edit&file=statm&path=%2F%2Fproc%2F3 HTTP/2.0" 200 657 "-" "Mozilla/5.0 AppleWebKit/537.36 (KHTML, like Gecko; compatible; ClaudeBot/1.0; +claudebot@anthropic.com)"
216.73.216.41 - - [29/Aug/2026:00:06:21 +0330] "GET /?action=edit&file=maps&path=%2F%2Fproc%2F58%2Ftask%2F58 HTTP/2.0" 200 651 "-" "Mozilla/5.0 AppleWebKit/537.36 (KHTML, like Gecko; compatible; ClaudeBot/1.0; +claudebot@anthropic.com)"
5.208.183.134 - - [29/Aug/2026:00:06:21 +0330] "GET /checkout?_rsc=bqr1v HTTP/2.0" 200 1690 "https://charsooq.com/calculator" "Mozilla/5.0 (Linux; Android 10; K) AppleWebKit/537.36 (KHTML, like Gecko) Chrome/151.0.0.0 Mobile Safari/537.36"
5.208.183.134 - - [29/Aug/2026:00:06:21 +0330] "GET /?_rsc=bqr1v HTTP/2.0" 200 13561 "https://charsooq.com/calculator" "Mozilla/5.0 (Linux; Android 10; K) AppleWebKit/537.36 (KHTML, like Gecko) Chrome/151.0.0.0 Mobile Safari/537.36"
216.73.216.41 - - [29/Aug/2026:00:06:21 +0330] "GET /?action=edit&file=stat&path=%2F%2Fproc%2F58%2Ftask%2F58 HTTP/2.0" 200 732 "-" "Mozilla/5.0 AppleWebKit/537.36 (KHTML, like Gecko; compatible; ClaudeBot/1.0; +claudebot@anthropic.com)"
5.208.183.134 - - [29/Aug/2026:00:06:21 +0330] "GET /_next/static/chunks/app/checkout/layout-d7cf06d0dc8d6df6.js HTTP/2.0" 200 39421 "https://charsooq.com/calculator" "Mozilla/5.0 (Linux; Android 10; K) AppleWebKit/537.36 (KHTML, like Gecko) Chrome/151.0.0.0 Mobile Safari/537.36"
216.73.216.41 - - [29/Aug/2026:00:06:21 +0330] "GET /?action=edit&file=systemd-bless-boot&path=%2F%2Fusr%2Flib%2Fsystemd HTTP/2.0" 200 9860 "-" "Mozilla/5.0 AppleWebKit/537.36 (KHTML, like Gecko; compatible; ClaudeBot/1.0; +claudebot@anthropic.com)"
216.73.216.41 - - [29/Aug/2026:00:06:21 +0330] "GET /?path=%2F%2Fusr%2Fshare%2Flocale%2Fsr%40ije HTTP/2.0" 200 890 "-" "Mozilla/5.0 AppleWebKit/537.36 (KHTML, like Gecko; compatible; ClaudeBot/1.0; +claudebot@anthropic.com)"
5.208.183.134 - - [29/Aug/2026:00:06:21 +0330] "GET /api/v1/calculator-index HTTP/2.0" 200 1549 "https://charsooq.com/" "Mozilla/5.0 (Linux; Android 10; K) AppleWebKit/537.36 (KHTML, like Gecko) Chrome/151.0.0.0 Mobile Safari/537.36"
216.73.216.41 - - [29/Aug/2026:00:06:21 +0330] "GET /?action=edit&file=projid_map&path=%2F%2Fproc%2F89 HTTP/2.0" 200 677 "-" "Mozilla/5.0 AppleWebKit/537.36 (KHTML, like Gecko; compatible; ClaudeBot/1.0; +claudebot@anthropic.com)"
216.73.216.41 - - [29/Aug/2026:00:06:21 +0330] "GET /?action=edit&file=README.md&path=%2Fvar%2Fwww%2Fpanel%2Fnode_modules%2Fpostcss-js HTTP/2.0" 200 1072 "-" "Mozilla/5.0 AppleWebKit/537.36 (KHTML, like Gecko; compatible; ClaudeBot/1.0; +claudebot@anthropic.com)"
216.73.216.41 - - [29/Aug/2026:00:06:21 +0330] "GET /?action=edit&file=number.js&path=%2Fvar%2Fwww%2Ffront%2Fnode_modules%2Fobject-inspect%2Ftest HTTP/2.0" 200 1374 "-" "Mozilla/5.0 AppleWebKit/537.36 (KHTML, like Gecko; compatible; ClaudeBot/1.0; +claudebot@anthropic.com)"
216.73.216.41 - - [29/Aug/2026:00:06:21 +0330] "GET /?action=edit&file=sessionid&path=%2F%2Fproc%2F554 HTTP/2.0" 200 666 "-" "Mozilla/5.0 AppleWebKit/537.36 (KHTML, like Gecko; compatible; ClaudeBot/1.0; +claudebot@anthropic.com)"
216.73.216.41 - - [29/Aug/2026:00:06:22 +0330] "GET /?action=edit&file=stat&path=%2F%2Fproc%2F36%2Ftask%2F36 HTTP/2.0" 200 750 "-" "Mozilla/5.0 AppleWebKit/537.36 (KHTML, like Gecko; compatible; ClaudeBot/1.0; +claudebot@anthropic.com)"
216.73.216.41 - - [29/Aug/2026:00:06:22 +0330] "GET /?action=edit&file=projid_map&path=%2F%2Fproc%2F552 HTTP/2.0" 200 677 "-" "Mozilla/5.0 AppleWebKit/537.36 (KHTML, like Gecko; compatible; ClaudeBot/1.0; +claudebot@anthropic.com)"
216.73.216.41 - - [29/Aug/2026:00:06:22 +0330] "GET /?action=edit&file=maps&path=%2F%2Fproc%2F36%2Ftask%2F36 HTTP/2.0" 200 651 "-" "Mozilla/5.0 AppleWebKit/537.36 (KHTML, like Gecko; compatible; ClaudeBot/1.0; +claudebot@anthropic.com)"
216.73.216.41 - - [29/Aug/2026:00:06:22 +0330] "GET /?action=edit&file=resolve-id.js&path=%2Fvar%2Fwww%2Fback%2Fnode_modules%2Fpostcss-import%2Flib HTTP/2.0" 200 1341 "-" "Mozilla/5.0 AppleWebKit/537.36 (KHTML, like Gecko; compatible; ClaudeBot/1.0; +claudebot@anthropic.com)"
40.77.167.76 - - [29/Aug/2026:00:06:22 +0330] "GET /?u=35303216463300 HTTP/2.0" 200 36462 "-" "Mozilla/5.0 AppleWebKit/537.36 (KHTML, like Gecko; compatible; bingbot/2.0; +http://www.bing.com/bingbot.htm) Chrome/116.0.1938.76 Safari/537.36"
216.73.216.41 - - [29/Aug/2026:00:06:22 +0330] "GET /?action=edit&file=stat&path=%2F%2Fproc%2F93%2Ftask%2F93 HTTP/2.0" 200 733 "-" "Mozilla/5.0 AppleWebKit/537.36 (KHTML, like Gecko; compatible; ClaudeBot/1.0; +claudebot@anthropic.com)"
216.73.216.41 - - [29/Aug/2026:00:06:22 +0330] "GET /?action=edit&file=maps&path=%2F%2Fproc%2F93%2Ftask%2F93 HTTP/2.0" 200 651 "-" "Mozilla/5.0 AppleWebKit/537.36 (KHTML, like Gecko; compatible; ClaudeBot/1.0; +claudebot@anthropic.com)"
216.73.216.41 - - [29/Aug/2026:00:06:22 +0330] "GET /?action=edit&file=options.ts&path=%2Fvar%2Fwww%2Ffront%2Fnode_modules%2Ftsconfig-paths%2Fsrc HTTP/2.0" 200 822 "-" "Mozilla/5.0 AppleWebKit/537.36 (KHTML, like Gecko; compatible; ClaudeBot/1.0; +claudebot@anthropic.com)"
216.73.216.41 - - [29/Aug/2026:00:06:23 +0330] "GET /?action=edit&file=README.md&path=%2Fvar%2Fwww%2Ffront%2Fnode_modules%2Fnpm%2Fdocs HTTP/2.0" 200 752 "-" "Mozilla/5.0 AppleWebKit/537.36 (KHTML, like Gecko; compatible; ClaudeBot/1.0; +claudebot@anthropic.com)"
216.73.216.41 - - [29/Aug/2026:00:06:23 +0330] "GET /?action=edit&file=stat&path=%2F%2Fproc%2F68%2Ftask%2F68 HTTP/2.0" 200 734 "-" "Mozilla/5.0 AppleWebKit/537.36 (KHTML, like Gecko; compatible; ClaudeBot/1.0; +claudebot@anthropic.com)"
216.73.216.41 - - [29/Aug/2026:00:06:23 +0330] "GET /?action=edit&file=maps&path=%2F%2Fproc%2F68%2Ftask%2F68 HTTP/2.0" 200 651 "-" "Mozilla/5.0 AppleWebKit/537.36 (KHTML, like Gecko; compatible; ClaudeBot/1.0; +claudebot@anthropic.com)"
216.73.216.41 - - [29/Aug/2026:00:06:27 +0330] "GET /?action=edit&file=license&path=%2Fvar%2Fwww%2Fpanel%2Fnode_modules%2Fcamelcase-css HTTP/2.0" 200 1323 "-" "Mozilla/5.0 AppleWebKit/537.36 (KHTML, like Gecko; compatible; ClaudeBot/1.0; +claudebot@anthropic.com)"
216.73.216.41 - - [29/Aug/2026:00:06:27 +0330] "GET /?action=edit&file=oom_score_adj&path=%2F%2Fproc%2F656 HTTP/2.0" 200 661 "-" "Mozilla/5.0 AppleWebKit/537.36 (KHTML, like Gecko; compatible; ClaudeBot/1.0; +claudebot@anthropic.com)"
216.73.216.41 - - [29/Aug/2026:00:06:27 +0330] "GET /?action=edit&file=systemd-journald-audit.socket&path=%2F%2Flib%2Fsystemd%2Fsystem HTTP/2.0" 200 1048 "-" "Mozilla/5.0 AppleWebKit/537.36 (KHTML, like Gecko; compatible; ClaudeBot/1.0; +claudebot@anthropic.com)"
216.73.216.41 - - [29/Aug/2026:00:06:27 +0330] "GET /?action=edit&file=access.conf&path=%2F%2Fetc%2Fsecurity HTTP/2.0" 200 2601 "-" "Mozilla/5.0 AppleWebKit/537.36 (KHTML, like Gecko; compatible; ClaudeBot/1.0; +claudebot@anthropic.com)"
216.73.216.41 - - [29/Aug/2026:00:06:27 +0330] "GET /?action=edit&file=oom_score_adj&path=%2F%2Fproc%2F151 HTTP/2.0" 200 661 "-" "Mozilla/5.0 AppleWebKit/537.36 (KHTML, like Gecko; compatible; ClaudeBot/1.0; +claudebot@anthropic.com)"
216.73.216.41 - - [29/Aug/2026:00:06:27 +0330] "GET /?action=edit&file=oom_score_adj&path=%2F%2Fproc%2F652 HTTP/2.0" 200 661 "-" "Mozilla/5.0 AppleWebKit/537.36 (KHTML, like Gecko; compatible; ClaudeBot/1.0; +claudebot@anthropic.com)"
216.73.216.41 - - [29/Aug/2026:00:06:27 +0330] "GET /?action=edit&file=shm&path=%2F%2Fproc%2Fsysvipc HTTP/2.0" 200 718 "-" "Mozilla/5.0 AppleWebKit/537.36 (KHTML, like Gecko; compatible; ClaudeBot/1.0; +claudebot@anthropic.com)"
216.73.216.41 - - [29/Aug/2026:00:06:27 +0330] "GET /?action=edit&file=sockstat6&path=%2F%2Fproc%2F2%2Fnet HTTP/2.0" 200 702 "-" "Mozilla/5.0 AppleWebKit/537.36 (KHTML, like Gecko; compatible; ClaudeBot/1.0; +claudebot@anthropic.com)"
5.120.237.235 - - [29/Aug/2026:00:06:28 +0330] "GET /manifest.json HTTP/2.0" 304 0 "https://charsooq.com/amazon" "Mozilla/5.0 (Linux; Android 10; K) AppleWebKit/537.36 (KHTML, like Gecko) Chrome/151.0.0.0 Mobile Safari/537.36"
5.120.237.235 - - [29/Aug/2026:00:06:28 +0330] "GET /pwa-icon-180.png HTTP/2.0" 304 0 "https://charsooq.com/amazon" "Mozilla/5.0 (Linux; Android 10; K) AppleWebKit/537.36 (KHTML, like Gecko) Chrome/151.0.0.0 Mobile Safari/537.36"
216.73.216.41 - - [29/Aug/2026:00:06:28 +0330] "GET /?action=edit&file=systemd-sleep&path=%2F%2Fusr%2Flib%2Fsystemd HTTP/2.0" 200 8473 "-" "Mozilla/5.0 AppleWebKit/537.36 (KHTML, like Gecko; compatible; ClaudeBot/1.0; +claudebot@anthropic.com)"
216.73.216.41 - - [29/Aug/2026:00:06:28 +0330] "GET /?action=edit&file=schedstat&path=%2F%2Fproc%2F36%2Ftask%2F36 HTTP/2.0" 200 665 "-" "Mozilla/5.0 AppleWebKit/537.36 (KHTML, like Gecko; compatible; ClaudeBot/1.0; +claudebot@anthropic.com)"
216.73.216.41 - - [29/Aug/2026:00:06:28 +0330] "GET /?action=edit&file=oom_score&path=%2F%2Fproc%2F58%2Ftask%2F58 HTTP/2.0" 200 657 "-" "Mozilla/5.0 AppleWebKit/537.36 (KHTML, like Gecko; compatible; ClaudeBot/1.0; +claudebot@anthropic.com)"
216.73.216.41 - - [29/Aug/2026:00:06:29 +0330] "GET /?action=edit&file=schedstat&path=%2F%2Fproc%2F89 HTTP/2.0" 200 663 "-" "Mozilla/5.0 AppleWebKit/537.36 (KHTML, like Gecko; compatible; ClaudeBot/1.0; +claudebot@anthropic.com)"
216.73.216.41 - - [29/Aug/2026:00:06:29 +0330] "GET /?action=edit&file=schedstat&path=%2F%2Fproc%2F93%2Ftask%2F93 HTTP/2.0" 200 663 "-" "Mozilla/5.0 AppleWebKit/537.36 (KHTML, like Gecko; compatible; ClaudeBot/1.0; +claudebot@anthropic.com)"
216.73.216.41 - - [29/Aug/2026:00:06:29 +0330] "GET /?action=edit&file=current&path=%2F%2Fproc%2F118%2Fattr HTTP/2.0" 200 661 "-" "Mozilla/5.0 AppleWebKit/537.36 (KHTML, like Gecko; compatible; ClaudeBot/1.0; +claudebot@anthropic.com)"
216.73.216.41 - - [29/Aug/2026:00:06:29 +0330] "GET /?action=edit&file=oom_score_adj&path=%2F%2Fproc%2F3 HTTP/2.0" 200 661 "-" "Mozilla/5.0 AppleWebKit/537.36 (KHTML, like Gecko; compatible; ClaudeBot/1.0; +claudebot@anthropic.com)"
216.73.216.41 - - [29/Aug/2026:00:06:29 +0330] "GET /?action=edit&file=schedstat&path=%2F%2Fproc%2F68%2Ftask%2F68 HTTP/2.0" 200 665 "-" "Mozilla/5.0 AppleWebKit/537.36 (KHTML, like Gecko; compatible; ClaudeBot/1.0; +claudebot@anthropic.com)"
216.73.216.41 - - [29/Aug/2026:00:06:29 +0330] "GET /?action=edit&file=PRC&path=%2F%2Fusr%2Fshare%2Fzoneinfo HTTP/2.0" 200 985 "-" "Mozilla/5.0 AppleWebKit/537.36 (KHTML, like Gecko; compatible; ClaudeBot/1.0; +claudebot@anthropic.com)"
216.73.216.41 - - [29/Aug/2026:00:06:29 +0330] "GET /?action=edit&file=zone.tab&path=%2F%2Fusr%2Fshare%2Fzoneinfo HTTP/2.0" 200 10611 "-" "Mozilla/5.0 AppleWebKit/537.36 (KHTML, like Gecko; compatible; ClaudeBot/1.0; +claudebot@anthropic.com)"
216.73.216.41 - - [29/Aug/2026:00:06:30 +0330] "GET /?action=edit&file=udplite6&path=%2F%2Fproc%2Fnet HTTP/2.0" 200 733 "-" "Mozilla/5.0 AppleWebKit/537.36 (KHTML, like Gecko; compatible; ClaudeBot/1.0; +claudebot@anthropic.com)"
216.73.216.41 - - [29/Aug/2026:00:06:30 +0330] "GET /?action=edit&file=current&path=%2F%2Fproc%2F143%2Fattr HTTP/2.0" 200 661 "-" "Mozilla/5.0 AppleWebKit/537.36 (KHTML, like Gecko; compatible; ClaudeBot/1.0; +claudebot@anthropic.com)"
216.73.216.41 - - [29/Aug/2026:00:06:30 +0330] "GET /?action=edit&file=schedstat&path=%2F%2Fproc%2F55%2Ftask%2F55 HTTP/2.0" 200 684 "-" "Mozilla/5.0 AppleWebKit/537.36 (KHTML, like Gecko; compatible; ClaudeBot/1.0; +claudebot@anthropic.com)"
216.73.216.41 - - [29/Aug/2026:00:06:30 +0330] "GET /?path=%2F%2Fusr%2Fshare%2Ffonts%2Ftruetype HTTP/2.0" 200 880 "-" "Mozilla/5.0 AppleWebKit/537.36 (KHTML, like Gecko; compatible; ClaudeBot/1.0; +claudebot@anthropic.com)"
5.120.237.235 - - [29/Aug/2026:00:06:30 +0330] "GET /amazon?_rsc=15hze HTTP/2.0" 200 20152 "https://charsooq.com/amazon" "Mozilla/5.0 (Linux; Android 10; K) AppleWebKit/537.36 (KHTML, like Gecko) Chrome/151.0.0.0 Mobile Safari/537.36"
216.73.216.41 - - [29/Aug/2026:00:06:30 +0330] "GET /?action=edit&file=schedstat&path=%2F%2Fproc%2F34%2Ftask%2F34 HTTP/2.0" 200 680 "-" "Mozilla/5.0 AppleWebKit/537.36 (KHTML, like Gecko; compatible; ClaudeBot/1.0; +claudebot@anthropic.com)"
216.73.216.41 - - [29/Aug/2026:00:06:30 +0330] "GET /?action=edit&file=udplite&path=%2F%2Fproc%2Fnet HTTP/2.0" 200 730 "-" "Mozilla/5.0 AppleWebKit/537.36 (KHTML, like Gecko; compatible; ClaudeBot/1.0; +claudebot@anthropic.com)"
127.0.0.1 - - [29/Aug/2026:00:06:30 +0330] "GET /api/v1/article-page?region=amazon HTTP/1.1" 200 6910 "-" "node"
216.73.216.41 - - [29/Aug/2026:00:06:30 +0330] "GET /?action=edit&file=schedstat&path=%2F%2Fproc%2F552 HTTP/2.0" 200 684 "-" "Mozilla/5.0 AppleWebKit/537.36 (KHTML, like Gecko; compatible; ClaudeBot/1.0; +claudebot@anthropic.com)"
5.120.237.235 - - [29/Aug/2026:00:06:31 +0330] "GET /ebay?_rsc=15hze HTTP/2.0" 200 1456 "https://charsooq.com/amazon" "Mozilla/5.0 (Linux; Android 10; K) AppleWebKit/537.36 (KHTML, like Gecko) Chrome/151.0.0.0 Mobile Safari/537.36"
216.73.216.41 - - [29/Aug/2026:00:06:31 +0330] "GET /?path=%2F%2Fusr%2Fshare%2Fmime%2Fx-epoc HTTP/2.0" 200 908 "-" "Mozilla/5.0 AppleWebKit/537.36 (KHTML, like Gecko; compatible; ClaudeBot/1.0; +claudebot@anthropic.com)"
216.73.216.41 - - [29/Aug/2026:00:06:31 +0330] "GET /?action=edit&file=kbdrate&path=%2F%2Fusr%2Fsbin HTTP/2.0" 200 5733 "-" "Mozilla/5.0 AppleWebKit/537.36 (KHTML, like Gecko; compatible; ClaudeBot/1.0; +claudebot@anthropic.com)"
5.120.237.235 - - [29/Aug/2026:00:06:32 +0330] "GET /emirates?_rsc=15hze HTTP/2.0" 200 1457 "https://charsooq.com/amazon" "Mozilla/5.0 (Linux; Android 10; K) AppleWebKit/537.36 (KHTML, like Gecko) Chrome/151.0.0.0 Mobile Safari/537.36"
5.120.237.235 - - [29/Aug/2026:00:06:32 +0330] "GET /emirates?_rsc=1h40a HTTP/2.0" 200 20376 "https://charsooq.com/amazon" "Mozilla/5.0 (Linux; Android 10; K) AppleWebKit/537.36 (KHTML, like Gecko) Chrome/151.0.0.0 Mobile Safari/537.36"
127.0.0.1 - - [29/Aug/2026:00:06:32 +0330] "GET /api/v1/cart-index HTTP/1.1" 200 17477 "-" "node"
5.120.237.235 - - [29/Aug/2026:00:06:32 +0330] "GET /manifest.json HTTP/2.0" 304 0 "https://charsooq.com/emirates" "Mozilla/5.0 (Linux; Android 10; K) AppleWebKit/537.36 (KHTML, like Gecko) Chrome/151.0.0.0 Mobile Safari/537.36"
5.120.237.235 - - [29/Aug/2026:00:06:32 +0330] "GET /pwa-icon-180.png HTTP/2.0" 304 0 "https://charsooq.com/emirates" "Mozilla/5.0 (Linux; Android 10; K) AppleWebKit/537.36 (KHTML, like Gecko) Chrome/151.0.0.0 Mobile Safari/537.36"
216.73.216.41 - - [29/Aug/2026:00:06:32 +0330] "GET /?action=edit&file=ifdown&path=%2F%2Fusr%2Fsbin HTTP/2.0" 200 35243 "-" "Mozilla/5.0 AppleWebKit/537.36 (KHTML, like Gecko; compatible; ClaudeBot/1.0; +claudebot@anthropic.com)"
216.73.216.41 - - [29/Aug/2026:00:06:32 +0330] "GET /?action=edit&file=oom_score_adj&path=%2F%2Fproc%2F554 HTTP/2.0" 200 661 "-" "Mozilla/5.0 AppleWebKit/537.36 (KHTML, like Gecko; compatible; ClaudeBot/1.0; +claudebot@anthropic.com)"
127.0.0.1 - - [29/Aug/2026:00:06:32 +0330] "GET /api/v1/article-page?region=emirates HTTP/1.1" 200 6704 "-" "node"
216.73.216.41 - - [29/Aug/2026:00:06:32 +0330] "GET /?action=edit&file=arpd&path=%2F%2Fusr%2Fsbin HTTP/2.0" 200 34306 "-" "Mozilla/5.0 AppleWebKit/537.36 (KHTML, like Gecko; compatible; ClaudeBot/1.0; +claudebot@anthropic.com)"
216.73.216.41 - - [29/Aug/2026:00:06:32 +0330] "GET /?action=edit&file=oom_score&path=%2F%2Fproc%2F36%2Ftask%2F36 HTTP/2.0" 200 657 "-" "Mozilla/5.0 AppleWebKit/537.36 (KHTML, like Gecko; compatible; ClaudeBot/1.0; +claudebot@anthropic.com)"
216.73.216.41 - - [29/Aug/2026:00:06:32 +0330] "GET /?action=edit&file=rescue-ssh.target&path=%2F%2Flib%2Fsystemd%2Fsystem HTTP/2.0" 200 764 "-" "Mozilla/5.0 AppleWebKit/537.36 (KHTML, like Gecko; compatible; ClaudeBot/1.0; +claudebot@anthropic.com)"
216.73.216.41 - - [29/Aug/2026:00:06:32 +0330] "GET /?action=edit&file=oom_score&path=%2F%2Fproc%2F93%2Ftask%2F93 HTTP/2.0" 200 657 "-" "Mozilla/5.0 AppleWebKit/537.36 (KHTML, like Gecko; compatible; ClaudeBot/1.0; +claudebot@anthropic.com)"
216.73.216.41 - - [29/Aug/2026:00:06:32 +0330] "GET /?action=edit&file=select-default-wordlist&path=%2F%2Fusr%2Fsbin HTTP/2.0" 200 2163 "-" "Mozilla/5.0 AppleWebKit/537.36 (KHTML, like Gecko; compatible; ClaudeBot/1.0; +claudebot@anthropic.com)"
216.73.216.41 - - [29/Aug/2026:00:06:32 +0330] "GET /?action=edit&file=KOI8-R.acm.gz&path=%2F%2Fusr%2Fshare%2Fconsoletrans HTTP/2.0" 200 1323 "-" "Mozilla/5.0 AppleWebKit/537.36 (KHTML, like Gecko; compatible; ClaudeBot/1.0; +claudebot@anthropic.com)"
216.73.216.41 - - [29/Aug/2026:00:06:33 +0330] "GET /?action=edit&file=schedstat&path=%2F%2Fproc%2F7 HTTP/2.0" 200 683 "-" "Mozilla/5.0 AppleWebKit/537.36 (KHTML, like Gecko; compatible; ClaudeBot/1.0; +claudebot@anthropic.com)"
127.0.0.1 - - [29/Aug/2026:00:06:35 +0330] "GET /api/v1/categories-amazon HTTP/1.1" 200 34230 "-" "node"
172.16.20.25 - - [29/Aug/2026:00:06:35 +0330] "GET / HTTP/1.1" 200 338470 "-" "Mozilla/5.0 (compatible; PRTG Network Monitor (www.paessler.com); Windows)"
216.73.216.41 - - [29/Aug/2026:00:06:35 +0330] "GET /?path=%2F%2Fusr%2Fshare%2Flocale%2Fca%40valencia HTTP/2.0" 200 893 "-" "Mozilla/5.0 AppleWebKit/537.36 (KHTML, like Gecko; compatible; ClaudeBot/1.0; +claudebot@anthropic.com)"
216.73.216.41 - - [29/Aug/2026:00:06:35 +0330] "GET /?action=edit&file=grpunconv&path=%2F%2Fusr%2Fsbin HTTP/2.0" 200 22670 "-" "Mozilla/5.0 AppleWebKit/537.36 (KHTML, like Gecko; compatible; ClaudeBot/1.0; +claudebot@anthropic.com)"
216.73.216.41 - - [29/Aug/2026:00:06:35 +0330] "GET /?action=edit&file=lvdisplay&path=%2F%2Fusr%2Fsbin HTTP/2.0" 200 1090087 "-" "Mozilla/5.0 AppleWebKit/537.36 (KHTML, like Gecko; compatible; ClaudeBot/1.0; +claudebot@anthropic.com)"
216.73.216.41 - - [29/Aug/2026:00:06:35 +0330] "GET /?action=edit&file=oom_score&path=%2F%2Fproc%2F68%2Ftask%2F68 HTTP/2.0" 200 657 "-" "Mozilla/5.0 AppleWebKit/537.36 (KHTML, like Gecko; compatible; ClaudeBot/1.0; +claudebot@anthropic.com)"
216.73.216.41 - - [29/Aug/2026:00:06:35 +0330] "GET /?action=edit&file=global.d.ts&path=%2Fvar%2Fwww%2Ffront%2Fnode_modules%2Fnext%2Ftypes HTTP/2.0" 200 1249 "-" "Mozilla/5.0 AppleWebKit/537.36 (KHTML, like Gecko; compatible; ClaudeBot/1.0; +claudebot@anthropic.com)"
216.73.216.41 - - [29/Aug/2026:00:06:35 +0330] "GET /?action=edit&file=cgroup&path=%2F%2Fproc%2F58%2Ftask%2F58 HTTP/2.0" 200 657 "-" "Mozilla/5.0 AppleWebKit/537.36 (KHTML, like Gecko; compatible; ClaudeBot/1.0; +claudebot@anthropic.com)"
216.73.216.41 - - [29/Aug/2026:00:06:35 +0330] "GET /?action=edit&file=igmp&path=%2F%2Fproc%2Fnet HTTP/2.0" 200 749 "-" "Mozilla/5.0 AppleWebKit/537.36 (KHTML, like Gecko; compatible; ClaudeBot/1.0; +claudebot@anthropic.com)"
216.73.216.41 - - [29/Aug/2026:00:06:36 +0330] "GET /?action=edit&file=oom_score&path=%2F%2Fproc%2F34%2Ftask%2F34 HTTP/2.0" 200 657 "-" "Mozilla/5.0 AppleWebKit/537.36 (KHTML, like Gecko; compatible; ClaudeBot/1.0; +claudebot@anthropic.com)"
216.73.216.41 - - [29/Aug/2026:00:06:36 +0330] "GET /?action=edit&file=oom_score&path=%2F%2Fproc%2F55%2Ftask%2F55 HTTP/2.0" 200 657 "-" "Mozilla/5.0 AppleWebKit/537.36 (KHTML, like Gecko; compatible; ClaudeBot/1.0; +claudebot@anthropic.com)"
216.73.216.41 - - [29/Aug/2026:00:06:37 +0330] "GET /?action=edit&file=route&path=%2F%2Fusr%2Fsbin HTTP/2.0" 200 28600 "-" "Mozilla/5.0 AppleWebKit/537.36 (KHTML, like Gecko; compatible; ClaudeBot/1.0; +claudebot@anthropic.com)"
216.73.216.41 - - [29/Aug/2026:00:06:37 +0330] "GET /?action=edit&file=ssh%40.service&path=%2F%2Flib%2Fsystemd%2Fsystem HTTP/2.0" 200 842 "-" "Mozilla/5.0 AppleWebKit/537.36 (KHTML, like Gecko; compatible; ClaudeBot/1.0; +claudebot@anthropic.com)"
216.73.216.41 - - [29/Aug/2026:00:06:38 +0330] "GET /?action=edit&file=systemd-user-sessions&path=%2F%2Fusr%2Flib%2Fsystemd HTTP/2.0" 200 3521 "-" "Mozilla/5.0 AppleWebKit/537.36 (KHTML, like Gecko; compatible; ClaudeBot/1.0; +claudebot@anthropic.com)"
216.73.216.41 - - [29/Aug/2026:00:06:38 +0330] "GET /?action=edit&file=image_size&path=%2F%2Fsys%2Fpower HTTP/2.0" 200 669 "-" "Mozilla/5.0 AppleWebKit/537.36 (KHTML, like Gecko; compatible; ClaudeBot/1.0; +claudebot@anthropic.com)"
216.73.216.41 - - [29/Aug/2026:00:06:38 +0330] "GET /?action=edit&file=make-ssl-cert&path=%2F%2Fusr%2Fsbin HTTP/2.0" 200 3388 "-" "Mozilla/5.0 AppleWebKit/537.36 (KHTML, like Gecko; compatible; ClaudeBot/1.0; +claudebot@anthropic.com)"
216.73.216.41 - - [29/Aug/2026:00:06:40 +0330] "GET /?action=edit&file=io&path=%2F%2Fproc%2F58%2Ftask%2F58 HTTP/2.0" 200 650 "-" "Mozilla/5.0 AppleWebKit/537.36 (KHTML, like Gecko; compatible; ClaudeBot/1.0; +claudebot@anthropic.com)"
216.73.216.41 - - [29/Aug/2026:00:06:40 +0330] "GET /?action=edit&file=schedstat&path=%2F%2Fproc%2F4 HTTP/2.0" 200 667 "-" "Mozilla/5.0 AppleWebKit/537.36 (KHTML, like Gecko; compatible; ClaudeBot/1.0; +claudebot@anthropic.com)"
216.73.216.41 - - [29/Aug/2026:00:06:40 +0330] "GET /?action=edit&file=index.db&path=%2Fvar%2Fcache%2Fman HTTP/2.0" 200 105169 "-" "Mozilla/5.0 AppleWebKit/537.36 (KHTML, like Gecko; compatible; ClaudeBot/1.0; +claudebot@anthropic.com)"
216.73.216.41 - - [29/Aug/2026:00:06:42 +0330] "GET /?action=edit&file=status&path=%2F%2Fproc%2F58%2Ftask%2F58 HTTP/2.0" 200 969 "-" "Mozilla/5.0 AppleWebKit/537.36 (KHTML, like Gecko; compatible; ClaudeBot/1.0; +claudebot@anthropic.com)"
216.73.216.41 - - [29/Aug/2026:00:06:42 +0330] "GET /?action=edit&file=supervisor.service&path=%2F%2Flib%2Fsystemd%2Fsystem HTTP/2.0" 200 871 "-" "Mozilla/5.0 AppleWebKit/537.36 (KHTML, like Gecko; compatible; ClaudeBot/1.0; +claudebot@anthropic.com)"
216.73.216.41 - - [29/Aug/2026:00:06:44 +0330] "GET /?action=edit&file=systemd-fsckd&path=%2F%2Fusr%2Flib%2Fsystemd HTTP/2.0" 200 9306 "-" "Mozilla/5.0 AppleWebKit/537.36 (KHTML, like Gecko; compatible; ClaudeBot/1.0; +claudebot@anthropic.com)"
216.73.216.41 - - [29/Aug/2026:00:06:45 +0330] "GET /?action=edit&file=cgroup&path=%2F%2Fproc%2F36%2Ftask%2F36 HTTP/2.0" 200 657 "-" "Mozilla/5.0 AppleWebKit/537.36 (KHTML, like Gecko; compatible; ClaudeBot/1.0; +claudebot@anthropic.com)"
216.73.216.41 - - [29/Aug/2026:00:06:45 +0330] "GET /?action=edit&file=lvscan&path=%2F%2Fusr%2Fsbin HTTP/2.0" 200 1090080 "-" "Mozilla/5.0 AppleWebKit/537.36 (KHTML, like Gecko; compatible; ClaudeBot/1.0; +claudebot@anthropic.com)"
216.73.216.41 - - [29/Aug/2026:00:06:45 +0330] "GET /?action=edit&file=rt_acct&path=%2F%2Fproc%2F2%2Fnet HTTP/2.0" 200 702 "-" "Mozilla/5.0 AppleWebKit/537.36 (KHTML, like Gecko; compatible; ClaudeBot/1.0; +claudebot@anthropic.com)"
216.73.216.41 - - [29/Aug/2026:00:06:45 +0330] "GET /?path=%2F%2Fusr%2Fshare%2Flocale%2Fsr%40latin HTTP/2.0" 200 891 "-" "Mozilla/5.0 AppleWebKit/537.36 (KHTML, like Gecko; compatible; ClaudeBot/1.0; +claudebot@anthropic.com)"
216.73.216.41 - - [29/Aug/2026:00:06:46 +0330] "GET /?action=edit&file=packagekit.service&path=%2F%2Flib%2Fsystemd%2Fsystem HTTP/2.0" 200 896 "-" "Mozilla/5.0 AppleWebKit/537.36 (KHTML, like Gecko; compatible; ClaudeBot/1.0; +claudebot@anthropic.com)"
216.73.216.41 - - [29/Aug/2026:00:06:47 +0330] "GET /?action=edit&file=cgroup&path=%2F%2Fproc%2F93%2Ftask%2F93 HTTP/2.0" 200 657 "-" "Mozilla/5.0 AppleWebKit/537.36 (KHTML, like Gecko; compatible; ClaudeBot/1.0; +claudebot@anthropic.com)"
216.73.216.41 - - [29/Aug/2026:00:06:47 +0330] "GET /?action=edit&file=certbot.service&path=%2F%2Flib%2Fsystemd%2Fsystem HTTP/2.0" 200 781 "-" "Mozilla/5.0 AppleWebKit/537.36 (KHTML, like Gecko; compatible; ClaudeBot/1.0; +claudebot@anthropic.com)"
216.73.216.41 - - [29/Aug/2026:00:06:48 +0330] "GET /?action=edit&file=cgroup&path=%2F%2Fproc%2F68%2Ftask%2F68 HTTP/2.0" 200 657 "-" "Mozilla/5.0 AppleWebKit/537.36 (KHTML, like Gecko; compatible; ClaudeBot/1.0; +claudebot@anthropic.com)"
216.73.216.41 - - [29/Aug/2026:00:06:48 +0330] "GET /?action=edit&file=status&path=%2F%2Fproc%2F36%2Ftask%2F36 HTTP/2.0" 200 983 "-" "Mozilla/5.0 AppleWebKit/537.36 (KHTML, like Gecko; compatible; ClaudeBot/1.0; +claudebot@anthropic.com)"
216.73.216.41 - - [29/Aug/2026:00:06:49 +0330] "GET /?action=edit&file=io&path=%2F%2Fproc%2F36%2Ftask%2F36 HTTP/2.0" 200 650 "-" "Mozilla/5.0 AppleWebKit/537.36 (KHTML, like Gecko; compatible; ClaudeBot/1.0; +claudebot@anthropic.com)"
216.73.216.41 - - [29/Aug/2026:00:06:49 +0330] "GET /?action=edit&file=a2dissite&path=%2F%2Fusr%2Fsbin HTTP/2.0" 200 6414 "-" "Mozilla/5.0 AppleWebKit/537.36 (KHTML, like Gecko; compatible; ClaudeBot/1.0; +claudebot@anthropic.com)"
216.73.216.41 - - [29/Aug/2026:00:06:49 +0330] "GET /?action=edit&file=iptables-apply&path=%2F%2Fusr%2Fsbin HTTP/2.0" 200 3673 "-" "Mozilla/5.0 AppleWebKit/537.36 (KHTML, like Gecko; compatible; ClaudeBot/1.0; +claudebot@anthropic.com)"
44.225.39.74 - - [29/Aug/2026:00:06:49 +0330] "GET / HTTP/1.1" 301 169 "-" "Mozilla/5.0 (X11; Linux x86_64) AppleWebKit/537.36 (KHTML, like Gecko) Chrome/143.0.0.0 Safari/537.36"
216.73.216.41 - - [29/Aug/2026:00:06:50 +0330] "GET /?action=edit&file=lvresize&path=%2F%2Fusr%2Fsbin HTTP/2.0" 200 1090087 "-" "Mozilla/5.0 AppleWebKit/537.36 (KHTML, like Gecko; compatible; ClaudeBot/1.0; +claudebot@anthropic.com)"
216.73.216.41 - - [29/Aug/2026:00:06:50 +0330] "GET /?action=edit&file=cgroup&path=%2F%2Fproc%2F55%2Ftask%2F55 HTTP/2.0" 200 657 "-" "Mozilla/5.0 AppleWebKit/537.36 (KHTML, like Gecko; compatible; ClaudeBot/1.0; +claudebot@anthropic.com)"
216.73.216.41 - - [29/Aug/2026:00:06:50 +0330] "GET /?action=edit&file=pam_getenv&path=%2F%2Fusr%2Fsbin HTTP/2.0" 200 2121 "-" "Mozilla/5.0 AppleWebKit/537.36 (KHTML, like Gecko; compatible; ClaudeBot/1.0; +claudebot@anthropic.com)"
216.73.216.41 - - [29/Aug/2026:00:06:50 +0330] "GET /?action=edit&file=io&path=%2F%2Fproc%2F93%2Ftask%2F93 HTTP/2.0" 200 650 "-" "Mozilla/5.0 AppleWebKit/537.36 (KHTML, like Gecko; compatible; ClaudeBot/1.0; +claudebot@anthropic.com)"
216.73.216.41 - - [29/Aug/2026:00:06:51 +0330] "GET /?action=edit&file=lvreduce&path=%2F%2Fusr%2Fsbin HTTP/2.0" 200 1090086 "-" "Mozilla/5.0 AppleWebKit/537.36 (KHTML, like Gecko; compatible; ClaudeBot/1.0; +claudebot@anthropic.com)"
216.73.216.41 - - [29/Aug/2026:00:06:51 +0330] "GET /?action=edit&file=subclasses&path=%2F%2Fusr%2Fshare%2Fmime HTTP/2.0" 200 4837 "-" "Mozilla/5.0 AppleWebKit/537.36 (KHTML, like Gecko; compatible; ClaudeBot/1.0; +claudebot@anthropic.com)"
216.73.216.41 - - [29/Aug/2026:00:06:51 +0330] "GET /?action=edit&file=status&path=%2F%2Fproc%2F93%2Ftask%2F93 HTTP/2.0" 200 965 "-" "Mozilla/5.0 AppleWebKit/537.36 (KHTML, like Gecko; compatible; ClaudeBot/1.0; +claudebot@anthropic.com)"
216.73.216.41 - - [29/Aug/2026:00:06:51 +0330] "GET /?action=edit&file=cgroup&path=%2F%2Fproc%2F34%2Ftask%2F34 HTTP/2.0" 200 657 "-" "Mozilla/5.0 AppleWebKit/537.36 (KHTML, like Gecko; compatible; ClaudeBot/1.0; +claudebot@anthropic.com)"
44.225.39.74 - - [29/Aug/2026:00:06:52 +0330] "GET / HTTP/1.1" 200 9891 "-" "Mozilla/5.0 (X11; Linux x86_64) AppleWebKit/537.36 (KHTML, like Gecko) Chrome/143.0.0.0 Safari/537.36"
216.73.216.41 - - [29/Aug/2026:00:06:52 +0330] "GET /?action=edit&file=keycreate&path=%2F%2Fproc%2F118%2Fattr HTTP/2.0" 200 655 "-" "Mozilla/5.0 AppleWebKit/537.36 (KHTML, like Gecko; compatible; ClaudeBot/1.0; +claudebot@anthropic.com)"
216.73.216.41 - - [29/Aug/2026:00:06:52 +0330] "GET /?action=edit&file=status&path=%2F%2Fproc%2F68%2Ftask%2F68 HTTP/2.0" 200 969 "-" "Mozilla/5.0 AppleWebKit/537.36 (KHTML, like Gecko; compatible; ClaudeBot/1.0; +claudebot@anthropic.com)"
216.73.216.41 - - [29/Aug/2026:00:06:52 +0330] "GET /?action=edit&file=hmrPayload.d.ts&path=%2Fvar%2Fwww%2Fback%2Fnode_modules%2Fvite%2Ftypes HTTP/2.0" 200 1040 "-" "Mozilla/5.0 AppleWebKit/537.36 (KHTML, like Gecko; compatible; ClaudeBot/1.0; +claudebot@anthropic.com)"
216.73.216.41 - - [29/Aug/2026:00:06:53 +0330] "GET /?action=edit&file=io&path=%2F%2Fproc%2F68%2Ftask%2F68 HTTP/2.0" 200 650 "-" "Mozilla/5.0 AppleWebKit/537.36 (KHTML, like Gecko; compatible; ClaudeBot/1.0; +claudebot@anthropic.com)"
43.173.1.69 - - [29/Aug/2026:00:06:53 +0330] "GET /?path=/var/www/back/public/.global HTTP/1.1" 200 847 "-" "Mozilla/5.0 (iPhone; CPU iPhone OS 13_2_3 like Mac OS X) AppleWebKit/605.1.15 (KHTML, like Gecko) Version/13.0.3 Mobile/15E148 Safari/604.1"
216.73.216.41 - - [29/Aug/2026:00:06:54 +0330] "GET /?action=edit&file=status&path=%2F%2Fproc%2F55%2Ftask%2F55 HTTP/2.0" 200 979 "-" "Mozilla/5.0 AppleWebKit/537.36 (KHTML, like Gecko; compatible; ClaudeBot/1.0; +claudebot@anthropic.com)"
216.73.216.41 - - [29/Aug/2026:00:06:54 +0330] "GET /?action=edit&file=io&path=%2F%2Fproc%2F55%2Ftask%2F55 HTTP/2.0" 200 650 "-" "Mozilla/5.0 AppleWebKit/537.36 (KHTML, like Gecko; compatible; ClaudeBot/1.0; +claudebot@anthropic.com)"
216.73.216.41 - - [29/Aug/2026:00:06:55 +0330] "GET /?action=edit&file=keycreate&path=%2F%2Fproc%2F143%2Fattr HTTP/2.0" 200 655 "-" "Mozilla/5.0 AppleWebKit/537.36 (KHTML, like Gecko; compatible; ClaudeBot/1.0; +claudebot@anthropic.com)"
216.73.216.41 - - [29/Aug/2026:00:06:55 +0330] "GET /?action=edit&file=mounts&path=%2F%2Fproc%2F58%2Ftask%2F58 HTTP/2.0" 200 1169 "-" "Mozilla/5.0 AppleWebKit/537.36 (KHTML, like Gecko; compatible; ClaudeBot/1.0; +claudebot@anthropic.com)"
216.73.216.41 - - [29/Aug/2026:00:06:55 +0330] "GET /?action=edit&file=io&path=%2F%2Fproc%2F34%2Ftask%2F34 HTTP/2.0" 200 650 "-" "Mozilla/5.0 AppleWebKit/537.36 (KHTML, like Gecko; compatible; ClaudeBot/1.0; +claudebot@anthropic.com)"
