216.73.216.41 - - [29/Aug/2026:00:21:13 +0330] "GET /?u=6540095803 HTTP/2.0" 200 1883 "-" "Mozilla/5.0 AppleWebKit/537.36 (KHTML, like Gecko; compatible; ClaudeBot/1.0; +claudebot@anthropic.com)"
216.73.216.41 - - [29/Aug/2026:00:21:13 +0330] "GET /?u=8599057500 HTTP/2.0" 200 1883 "-" "Mozilla/5.0 AppleWebKit/537.36 (KHTML, like Gecko; compatible; ClaudeBot/1.0; +claudebot@anthropic.com)"
216.73.216.41 - - [29/Aug/2026:00:21:13 +0330] "GET /?u=00801292302 HTTP/2.0" 200 1883 "-" "Mozilla/5.0 AppleWebKit/537.36 (KHTML, like Gecko; compatible; ClaudeBot/1.0; +claudebot@anthropic.com)"
216.73.216.41 - - [29/Aug/2026:00:21:13 +0330] "GET /?u=0671665100 HTTP/2.0" 200 1883 "-" "Mozilla/5.0 AppleWebKit/537.36 (KHTML, like Gecko; compatible; ClaudeBot/1.0; +claudebot@anthropic.com)"
216.73.216.41 - - [29/Aug/2026:00:21:13 +0330] "GET /?u=07488188009 HTTP/2.0" 200 1883 "-" "Mozilla/5.0 AppleWebKit/537.36 (KHTML, like Gecko; compatible; ClaudeBot/1.0; +claudebot@anthropic.com)"
216.73.216.41 - - [29/Aug/2026:00:21:13 +0330] "GET /?u=9586557300 HTTP/2.0" 200 1883 "-" "Mozilla/5.0 AppleWebKit/537.36 (KHTML, like Gecko; compatible; ClaudeBot/1.0; +claudebot@anthropic.com)"
216.73.216.41 - - [29/Aug/2026:00:21:13 +0330] "GET /?u=0821414201 HTTP/2.0" 200 1883 "-" "Mozilla/5.0 AppleWebKit/537.36 (KHTML, like Gecko; compatible; ClaudeBot/1.0; +claudebot@anthropic.com)"
216.73.216.41 - - [29/Aug/2026:00:21:13 +0330] "GET /?u=0722211801 HTTP/2.0" 200 1883 "-" "Mozilla/5.0 AppleWebKit/537.36 (KHTML, like Gecko; compatible; ClaudeBot/1.0; +claudebot@anthropic.com)"
127.0.0.1 - - [29/Aug/2026:00:21:14 +0330] "GET /api/v3/product-show/amz-B0C1X2NWV9?amazon_region=usa-amazon%27)%20AND%20EXTRACTVALUE(2303,CONCAT(0x7e,((SELECT%20(ELT(2303=2303,1)))),0x7e))--%20- HTTP/1.1" 301 169 "-" "node"
127.0.0.1 - - [29/Aug/2026:00:21:14 +0330] "GET /api/v3/product-show/amz-B0C1X2NWV9?amazon_region= HTTP/1.1" 301 169 "-" "node"
127.0.0.1 - - [29/Aug/2026:00:21:14 +0330] "GET /api/v3/product-show/amz-B0C1X2NWV9?amazon_region=usa-amazon%27)%20AND%20EXTRACTVALUE(2303,CONCAT(0x7e,((SELECT%20(ELT(2303=2303,1)))),0x7e))--%20- HTTP/1.1" 200 4675 "-" "node"
127.0.0.1 - - [29/Aug/2026:00:21:14 +0330] "GET /api/v3/product-show/amz-B0C1X2NWV9?amazon_region= HTTP/1.1" 200 4675 "-" "node"
127.0.0.1 - - [29/Aug/2026:00:21:14 +0330] "GET /api/v1/categories-amazon HTTP/1.1" 200 34230 "-" "node"
216.73.216.41 - - [29/Aug/2026:00:21:14 +0330] "GET /?u=06138376301 HTTP/2.0" 200 1883 "-" "Mozilla/5.0 AppleWebKit/537.36 (KHTML, like Gecko; compatible; ClaudeBot/1.0; +claudebot@anthropic.com)"
86.204.214.181 - - [29/Aug/2026:00:21:14 +0330] "GET /product/amz-B0C1X2NWV9/mens-cnc-machinist-dad-like-a-regular-dad-but-cooler-t-shirt?amazon-region=usa-amazon%27%29%20AND%20EXTRACTVALUE%282303%2CCONCAT%280x7e%2C%28%28SELECT%20%28ELT%282303%3D2303%2C1%29%29%29%29%2C0x7e%29%29--%20- HTTP/2.0" 200 104653 "-" "Mozilla/5.0 (Windows NT 10.0; Win64; x64) AppleWebKit/537.36 (KHTML, like Gecko) Chrome/120.0.0.0 Safari/537.36 Edg/120.0.0.0"
216.73.216.41 - - [29/Aug/2026:00:21:15 +0330] "GET /?u=3047124002 HTTP/2.0" 200 1883 "-" "Mozilla/5.0 AppleWebKit/537.36 (KHTML, like Gecko; compatible; ClaudeBot/1.0; +claudebot@anthropic.com)"
216.73.216.41 - - [29/Aug/2026:00:21:15 +0330] "GET /?u=3044088709 HTTP/2.0" 200 1883 "-" "Mozilla/5.0 AppleWebKit/537.36 (KHTML, like Gecko; compatible; ClaudeBot/1.0; +claudebot@anthropic.com)"
216.73.216.41 - - [29/Aug/2026:00:21:15 +0330] "GET /?u=170956600 HTTP/2.0" 200 1883 "-" "Mozilla/5.0 AppleWebKit/537.36 (KHTML, like Gecko; compatible; ClaudeBot/1.0; +claudebot@anthropic.com)"
216.73.216.41 - - [29/Aug/2026:00:21:15 +0330] "GET /?u=40969347801 HTTP/2.0" 200 1883 "-" "Mozilla/5.0 AppleWebKit/537.36 (KHTML, like Gecko; compatible; ClaudeBot/1.0; +claudebot@anthropic.com)"
216.73.216.41 - - [29/Aug/2026:00:21:15 +0330] "GET /?u=09341344700 HTTP/2.0" 200 1883 "-" "Mozilla/5.0 AppleWebKit/537.36 (KHTML, like Gecko; compatible; ClaudeBot/1.0; +claudebot@anthropic.com)"
216.73.216.41 - - [29/Aug/2026:00:21:15 +0330] "GET /?u=0934137400 HTTP/2.0" 200 1883 "-" "Mozilla/5.0 AppleWebKit/537.36 (KHTML, like Gecko; compatible; ClaudeBot/1.0; +claudebot@anthropic.com)"
216.73.216.41 - - [29/Aug/2026:00:21:15 +0330] "GET /?u=35289147801 HTTP/2.0" 200 1883 "-" "Mozilla/5.0 AppleWebKit/537.36 (KHTML, like Gecko; compatible; ClaudeBot/1.0; +claudebot@anthropic.com)"
216.73.216.41 - - [29/Aug/2026:00:21:16 +0330] "GET /?u=03201372900 HTTP/2.0" 200 1883 "-" "Mozilla/5.0 AppleWebKit/537.36 (KHTML, like Gecko; compatible; ClaudeBot/1.0; +claudebot@anthropic.com)"
216.73.216.41 - - [29/Aug/2026:00:21:16 +0330] "GET /?u=46499177804 HTTP/2.0" 200 1883 "-" "Mozilla/5.0 AppleWebKit/537.36 (KHTML, like Gecko; compatible; ClaudeBot/1.0; +claudebot@anthropic.com)"
216.73.216.41 - - [29/Aug/2026:00:21:16 +0330] "GET /?u=68705473600 HTTP/2.0" 200 1883 "-" "Mozilla/5.0 AppleWebKit/537.36 (KHTML, like Gecko; compatible; ClaudeBot/1.0; +claudebot@anthropic.com)"
216.73.216.41 - - [29/Aug/2026:00:21:16 +0330] "GET /?u=30878294802 HTTP/2.0" 200 1883 "-" "Mozilla/5.0 AppleWebKit/537.36 (KHTML, like Gecko; compatible; ClaudeBot/1.0; +claudebot@anthropic.com)"
216.73.216.41 - - [29/Aug/2026:00:21:16 +0330] "GET /?u=82192174405 HTTP/2.0" 200 1883 "-" "Mozilla/5.0 AppleWebKit/537.36 (KHTML, like Gecko; compatible; ClaudeBot/1.0; +claudebot@anthropic.com)"
216.73.216.41 - - [29/Aug/2026:00:21:16 +0330] "GET /?u=7087216200 HTTP/2.0" 200 1883 "-" "Mozilla/5.0 AppleWebKit/537.36 (KHTML, like Gecko; compatible; ClaudeBot/1.0; +claudebot@anthropic.com)"
127.0.0.1 - - [29/Aug/2026:00:21:16 +0330] "GET /api/v3/product-show/amz-B0C1X2NWV9?amazon_region=usa-amazon%27%20UNION%20ALL%20SELECT%20%27mdabrceyngqminfzjdpjgfqonirrdror%27,NULL--%20ttq1hr HTTP/1.1" 301 169 "-" "node"
127.0.0.1 - - [29/Aug/2026:00:21:16 +0330] "GET /api/v3/product-show/amz-B0C1X2NWV9?amazon_region= HTTP/1.1" 301 169 "-" "node"
216.73.216.41 - - [29/Aug/2026:00:21:16 +0330] "GET /?u=97981253201 HTTP/2.0" 200 1883 "-" "Mozilla/5.0 AppleWebKit/537.36 (KHTML, like Gecko; compatible; ClaudeBot/1.0; +claudebot@anthropic.com)"
127.0.0.1 - - [29/Aug/2026:00:21:17 +0330] "GET /api/v3/product-show/amz-B0C1X2NWV9?amazon_region=usa-amazon%27%20UNION%20ALL%20SELECT%20%27mdabrceyngqminfzjdpjgfqonirrdror%27,NULL--%20ttq1hr HTTP/1.1" 200 4675 "-" "node"
127.0.0.1 - - [29/Aug/2026:00:21:17 +0330] "GET /api/v3/product-show/amz-B0C1X2NWV9?amazon_region= HTTP/1.1" 200 4675 "-" "node"
216.73.216.41 - - [29/Aug/2026:00:21:17 +0330] "GET /?path=%2F%2Fproc%2F3225452%2Fcwd%2Fproc%2Fdynamic_debug HTTP/2.0" 200 912 "-" "Mozilla/5.0 AppleWebKit/537.36 (KHTML, like Gecko; compatible; ClaudeBot/1.0; +claudebot@anthropic.com)"
216.73.216.41 - - [29/Aug/2026:00:21:17 +0330] "GET /?u=02112158204 HTTP/2.0" 200 1883 "-" "Mozilla/5.0 AppleWebKit/537.36 (KHTML, like Gecko; compatible; ClaudeBot/1.0; +claudebot@anthropic.com)"
216.73.216.41 - - [29/Aug/2026:00:21:17 +0330] "GET /?u=97013424602 HTTP/2.0" 200 1883 "-" "Mozilla/5.0 AppleWebKit/537.36 (KHTML, like Gecko; compatible; ClaudeBot/1.0; +claudebot@anthropic.com)"
216.73.216.41 - - [29/Aug/2026:00:21:17 +0330] "GET /?u=02212365502 HTTP/2.0" 200 1883 "-" "Mozilla/5.0 AppleWebKit/537.36 (KHTML, like Gecko; compatible; ClaudeBot/1.0; +claudebot@anthropic.com)"
216.73.216.41 - - [29/Aug/2026:00:21:17 +0330] "GET /?u=08778480600 HTTP/2.0" 200 1883 "-" "Mozilla/5.0 AppleWebKit/537.36 (KHTML, like Gecko; compatible; ClaudeBot/1.0; +claudebot@anthropic.com)"
216.73.216.41 - - [29/Aug/2026:00:21:18 +0330] "GET /?u=74612425512 HTTP/2.0" 200 1883 "-" "Mozilla/5.0 AppleWebKit/537.36 (KHTML, like Gecko; compatible; ClaudeBot/1.0; +claudebot@anthropic.com)"
216.73.216.41 - - [29/Aug/2026:00:21:18 +0330] "GET /?u=14318497203 HTTP/2.0" 200 1883 "-" "Mozilla/5.0 AppleWebKit/537.36 (KHTML, like Gecko; compatible; ClaudeBot/1.0; +claudebot@anthropic.com)"
216.73.216.41 - - [29/Aug/2026:00:21:18 +0330] "GET /?u=05878239003 HTTP/2.0" 200 1883 "-" "Mozilla/5.0 AppleWebKit/537.36 (KHTML, like Gecko; compatible; ClaudeBot/1.0; +claudebot@anthropic.com)"
216.73.216.41 - - [29/Aug/2026:00:21:18 +0330] "GET /?u=3939955402 HTTP/2.0" 200 1883 "-" "Mozilla/5.0 AppleWebKit/537.36 (KHTML, like Gecko; compatible; ClaudeBot/1.0; +claudebot@anthropic.com)"
127.0.0.1 - - [29/Aug/2026:00:21:18 +0330] "GET /api/v1/categories-amazon HTTP/1.1" 200 34230 "-" "node"
86.204.214.181 - - [29/Aug/2026:00:21:18 +0330] "GET /product/amz-B0C1X2NWV9/mens-cnc-machinist-dad-like-a-regular-dad-but-cooler-t-shirt?amazon-region=usa-amazon%27%20UNION%20ALL%20SELECT%20%27mdabrceyngqminfzjdpjgfqonirrdror%27%2CNULL--%20ttq1hr HTTP/2.0" 200 104609 "-" "Mozilla/5.0 (Windows NT 10.0; Win64; x64; rv:121.0) Gecko/20100101 Firefox/121.0"
216.73.216.41 - - [29/Aug/2026:00:21:18 +0330] "GET /?u=00781413601 HTTP/2.0" 200 1883 "-" "Mozilla/5.0 AppleWebKit/537.36 (KHTML, like Gecko; compatible; ClaudeBot/1.0; +claudebot@anthropic.com)"
216.73.216.41 - - [29/Aug/2026:00:21:18 +0330] "GET /?u=18172302300 HTTP/2.0" 200 1883 "-" "Mozilla/5.0 AppleWebKit/537.36 (KHTML, like Gecko; compatible; ClaudeBot/1.0; +claudebot@anthropic.com)"
216.73.216.41 - - [29/Aug/2026:00:21:18 +0330] "GET /?u=7229186500 HTTP/2.0" 200 1883 "-" "Mozilla/5.0 AppleWebKit/537.36 (KHTML, like Gecko; compatible; ClaudeBot/1.0; +claudebot@anthropic.com)"
216.73.216.41 - - [29/Aug/2026:00:21:19 +0330] "GET /?u=91027292907 HTTP/2.0" 200 1883 "-" "Mozilla/5.0 AppleWebKit/537.36 (KHTML, like Gecko; compatible; ClaudeBot/1.0; +claudebot@anthropic.com)"
216.73.216.41 - - [29/Aug/2026:00:21:19 +0330] "GET /?u=89417352701 HTTP/2.0" 200 1883 "-" "Mozilla/5.0 AppleWebKit/537.36 (KHTML, like Gecko; compatible; ClaudeBot/1.0; +claudebot@anthropic.com)"
216.73.216.41 - - [29/Aug/2026:00:21:19 +0330] "GET /?u=09272277600 HTTP/2.0" 200 1883 "-" "Mozilla/5.0 AppleWebKit/537.36 (KHTML, like Gecko; compatible; ClaudeBot/1.0; +claudebot@anthropic.com)"
216.73.216.41 - - [29/Aug/2026:00:21:19 +0330] "GET /?u=1113129102 HTTP/2.0" 200 1883 "-" "Mozilla/5.0 AppleWebKit/537.36 (KHTML, like Gecko; compatible; ClaudeBot/1.0; +claudebot@anthropic.com)"
216.73.216.41 - - [29/Aug/2026:00:21:19 +0330] "GET /?u=19862237701 HTTP/2.0" 200 1883 "-" "Mozilla/5.0 AppleWebKit/537.36 (KHTML, like Gecko; compatible; ClaudeBot/1.0; +claudebot@anthropic.com)"
216.73.216.41 - - [29/Aug/2026:00:21:19 +0330] "GET /?u=723544500 HTTP/2.0" 200 1883 "-" "Mozilla/5.0 AppleWebKit/537.36 (KHTML, like Gecko; compatible; ClaudeBot/1.0; +claudebot@anthropic.com)"
127.0.0.1 - - [29/Aug/2026:00:21:20 +0330] "GET /api/v3/product-show/amz-B0C1X2NWV9?amazon_region=usa-amazon%%27)%20AND%20EXTRACTVALUE(5221,CONCAT(0x7e,((SELECT%20(ELT(5221=5221,1)))),0x7e))--%20- HTTP/1.1" 301 169 "-" "node"
127.0.0.1 - - [29/Aug/2026:00:21:20 +0330] "GET /api/v3/product-show/amz-B0C1X2NWV9?amazon_region= HTTP/1.1" 301 169 "-" "node"
216.73.216.41 - - [29/Aug/2026:00:21:20 +0330] "GET /?u=2910751605 HTTP/2.0" 200 1883 "-" "Mozilla/5.0 AppleWebKit/537.36 (KHTML, like Gecko; compatible; ClaudeBot/1.0; +claudebot@anthropic.com)"
216.73.216.41 - - [29/Aug/2026:00:21:20 +0330] "GET /?u=90120171400 HTTP/2.0" 200 1883 "-" "Mozilla/5.0 AppleWebKit/537.36 (KHTML, like Gecko; compatible; ClaudeBot/1.0; +claudebot@anthropic.com)"
127.0.0.1 - - [29/Aug/2026:00:21:20 +0330] "GET /api/v3/product-show/amz-B0C1X2NWV9?amazon_region= HTTP/1.1" 200 4675 "-" "node"
127.0.0.1 - - [29/Aug/2026:00:21:20 +0330] "GET /api/v3/product-show/amz-B0C1X2NWV9?amazon_region=usa-amazon%%27)%20AND%20EXTRACTVALUE(5221,CONCAT(0x7e,((SELECT%20(ELT(5221=5221,1)))),0x7e))--%20- HTTP/1.1" 200 4675 "-" "node"
216.73.216.41 - - [29/Aug/2026:00:21:20 +0330] "GET /?u=2074763700 HTTP/2.0" 200 1883 "-" "Mozilla/5.0 AppleWebKit/537.36 (KHTML, like Gecko; compatible; ClaudeBot/1.0; +claudebot@anthropic.com)"
216.73.216.41 - - [29/Aug/2026:00:21:20 +0330] "GET /?u=81029218401 HTTP/2.0" 200 1883 "-" "Mozilla/5.0 AppleWebKit/537.36 (KHTML, like Gecko; compatible; ClaudeBot/1.0; +claudebot@anthropic.com)"
216.73.216.41 - - [29/Aug/2026:00:21:20 +0330] "GET /?u=70870253302 HTTP/2.0" 200 1883 "-" "Mozilla/5.0 AppleWebKit/537.36 (KHTML, like Gecko; compatible; ClaudeBot/1.0; +claudebot@anthropic.com)"
216.73.216.41 - - [29/Aug/2026:00:21:20 +0330] "GET /?u=8104111401 HTTP/2.0" 200 1883 "-" "Mozilla/5.0 AppleWebKit/537.36 (KHTML, like Gecko; compatible; ClaudeBot/1.0; +claudebot@anthropic.com)"
216.73.216.41 - - [29/Aug/2026:00:21:20 +0330] "GET /?u=2762827602 HTTP/2.0" 200 1883 "-" "Mozilla/5.0 AppleWebKit/537.36 (KHTML, like Gecko; compatible; ClaudeBot/1.0; +claudebot@anthropic.com)"
127.0.0.1 - - [29/Aug/2026:00:21:21 +0330] "GET /api/v1/categories-amazon HTTP/1.1" 200 34230 "-" "node"
216.73.216.41 - - [29/Aug/2026:00:21:21 +0330] "GET /?u=39490476300 HTTP/2.0" 200 1883 "-" "Mozilla/5.0 AppleWebKit/537.36 (KHTML, like Gecko; compatible; ClaudeBot/1.0; +claudebot@anthropic.com)"
86.204.214.181 - - [29/Aug/2026:00:21:21 +0330] "GET /product/amz-B0C1X2NWV9/mens-cnc-machinist-dad-like-a-regular-dad-but-cooler-t-shirt?amazon-region=usa-amazon%25%27%29%20AND%20EXTRACTVALUE%285221%2CCONCAT%280x7e%2C%28%28SELECT%20%28ELT%285221%3D5221%2C1%29%29%29%29%2C0x7e%29%29--%20- HTTP/2.0" 200 104672 "-" "Mozilla/5.0 (X11; Linux x86_64; rv:121.0) Gecko/20100101 Firefox/121.0"
216.73.216.41 - - [29/Aug/2026:00:21:22 +0330] "GET /?u=91195103404 HTTP/2.0" 200 1883 "-" "Mozilla/5.0 AppleWebKit/537.36 (KHTML, like Gecko; compatible; ClaudeBot/1.0; +claudebot@anthropic.com)"
216.73.216.41 - - [29/Aug/2026:00:21:22 +0330] "GET /?u=78383188802 HTTP/2.0" 200 1883 "-" "Mozilla/5.0 AppleWebKit/537.36 (KHTML, like Gecko; compatible; ClaudeBot/1.0; +claudebot@anthropic.com)"
216.73.216.41 - - [29/Aug/2026:00:21:22 +0330] "GET /?u=79292374402 HTTP/2.0" 200 1883 "-" "Mozilla/5.0 AppleWebKit/537.36 (KHTML, like Gecko; compatible; ClaudeBot/1.0; +claudebot@anthropic.com)"
216.73.216.41 - - [29/Aug/2026:00:21:22 +0330] "GET /?u=40252255000 HTTP/2.0" 200 1883 "-" "Mozilla/5.0 AppleWebKit/537.36 (KHTML, like Gecko; compatible; ClaudeBot/1.0; +claudebot@anthropic.com)"
127.0.0.1 - - [29/Aug/2026:00:21:22 +0330] "GET /api/v3/product-show/amz-B0C1X2NWV9?amazon_region=usa-amazon%27%20UNION%20ALL%20SELECT%20%27mdabrceyngqminfzjdpjgfqonirrdror%27,NULL--%20ttq1hr HTTP/1.1" 301 169 "-" "node"
127.0.0.1 - - [29/Aug/2026:00:21:22 +0330] "GET /api/v3/product-show/amz-B0C1X2NWV9?amazon_region= HTTP/1.1" 301 169 "-" "node"
216.73.216.41 - - [29/Aug/2026:00:21:22 +0330] "GET /?u=79270467401 HTTP/2.0" 200 1883 "-" "Mozilla/5.0 AppleWebKit/537.36 (KHTML, like Gecko; compatible; ClaudeBot/1.0; +claudebot@anthropic.com)"
127.0.0.1 - - [29/Aug/2026:00:21:22 +0330] "GET /api/v3/product-show/amz-B0C1X2NWV9?amazon_region= HTTP/1.1" 200 4675 "-" "node"
127.0.0.1 - - [29/Aug/2026:00:21:22 +0330] "GET /api/v3/product-show/amz-B0C1X2NWV9?amazon_region=usa-amazon%27%20UNION%20ALL%20SELECT%20%27mdabrceyngqminfzjdpjgfqonirrdror%27,NULL--%20ttq1hr HTTP/1.1" 200 4675 "-" "node"
216.73.216.41 - - [29/Aug/2026:00:21:22 +0330] "GET /?u=7010516908 HTTP/2.0" 200 1883 "-" "Mozilla/5.0 AppleWebKit/537.36 (KHTML, like Gecko; compatible; ClaudeBot/1.0; +claudebot@anthropic.com)"
216.73.216.41 - - [29/Aug/2026:00:21:22 +0330] "GET /?u=48101151503 HTTP/2.0" 200 1883 "-" "Mozilla/5.0 AppleWebKit/537.36 (KHTML, like Gecko; compatible; ClaudeBot/1.0; +claudebot@anthropic.com)"
216.73.216.41 - - [29/Aug/2026:00:21:22 +0330] "GET /?u=18025451104 HTTP/2.0" 200 1883 "-" "Mozilla/5.0 AppleWebKit/537.36 (KHTML, like Gecko; compatible; ClaudeBot/1.0; +claudebot@anthropic.com)"
216.73.216.41 - - [29/Aug/2026:00:21:23 +0330] "GET /?u=05878229902 HTTP/2.0" 200 1883 "-" "Mozilla/5.0 AppleWebKit/537.36 (KHTML, like Gecko; compatible; ClaudeBot/1.0; +claudebot@anthropic.com)"
88.198.24.126 - - [29/Aug/2026:00:21:23 +0330] "GET /preference.html HTTP/1.1" 301 169 "-" "Mozilla/5.0 (X11; Linux x86_64) AppleWebKit/537.36 (KHTML, like Gecko) Chrome/97.0.4692.71 Safari/537.36"
127.0.0.1 - - [29/Aug/2026:00:21:23 +0330] "GET /api/v1/categories-amazon HTTP/1.1" 200 34230 "-" "node"
88.198.24.126 - - [29/Aug/2026:00:21:23 +0330] "GET /preference.html HTTP/1.1" 200 4538 "-" "Mozilla/5.0 (X11; Linux x86_64) AppleWebKit/537.36 (KHTML, like Gecko) Chrome/97.0.4692.71 Safari/537.36"
86.204.214.181 - - [29/Aug/2026:00:21:23 +0330] "GET /product/amz-B0C1X2NWV9/mens-cnc-machinist-dad-like-a-regular-dad-but-cooler-t-shirt?amazon-region=usa-amazon%27%20UNION%20ALL%20SELECT%20%27mdabrceyngqminfzjdpjgfqonirrdror%27%2CNULL--%20ttq1hr HTTP/2.0" 200 104621 "-" "Mozilla/5.0 (Windows NT 10.0; Win64; x64; rv:121.0) Gecko/20100101 Firefox/121.0"
216.73.216.41 - - [29/Aug/2026:00:21:23 +0330] "GET /?u=70178437104 HTTP/2.0" 200 1883 "-" "Mozilla/5.0 AppleWebKit/537.36 (KHTML, like Gecko; compatible; ClaudeBot/1.0; +claudebot@anthropic.com)"
216.73.216.41 - - [29/Aug/2026:00:21:24 +0330] "GET /?u=22548418206 HTTP/2.0" 200 1883 "-" "Mozilla/5.0 AppleWebKit/537.36 (KHTML, like Gecko; compatible; ClaudeBot/1.0; +claudebot@anthropic.com)"
216.73.216.41 - - [29/Aug/2026:00:21:24 +0330] "GET /?u=22181369602 HTTP/2.0" 200 1883 "-" "Mozilla/5.0 AppleWebKit/537.36 (KHTML, like Gecko; compatible; ClaudeBot/1.0; +claudebot@anthropic.com)"
216.73.216.41 - - [29/Aug/2026:00:21:24 +0330] "GET /?u=27739199510 HTTP/2.0" 200 1883 "-" "Mozilla/5.0 AppleWebKit/537.36 (KHTML, like Gecko; compatible; ClaudeBot/1.0; +claudebot@anthropic.com)"
216.73.216.41 - - [29/Aug/2026:00:21:24 +0330] "GET /?u=0121982000 HTTP/2.0" 200 1883 "-" "Mozilla/5.0 AppleWebKit/537.36 (KHTML, like Gecko; compatible; ClaudeBot/1.0; +claudebot@anthropic.com)"
216.73.216.41 - - [29/Aug/2026:00:21:24 +0330] "GET /?u=11519498300 HTTP/2.0" 200 1883 "-" "Mozilla/5.0 AppleWebKit/537.36 (KHTML, like Gecko; compatible; ClaudeBot/1.0; +claudebot@anthropic.com)"
216.73.216.41 - - [29/Aug/2026:00:21:24 +0330] "GET /?u=79042401212 HTTP/2.0" 200 1883 "-" "Mozilla/5.0 AppleWebKit/537.36 (KHTML, like Gecko; compatible; ClaudeBot/1.0; +claudebot@anthropic.com)"
216.73.216.41 - - [29/Aug/2026:00:21:24 +0330] "GET /?u=0160858000 HTTP/2.0" 200 1883 "-" "Mozilla/5.0 AppleWebKit/537.36 (KHTML, like Gecko; compatible; ClaudeBot/1.0; +claudebot@anthropic.com)"
216.73.216.41 - - [29/Aug/2026:00:21:24 +0330] "GET /?u=9822981711 HTTP/2.0" 200 1883 "-" "Mozilla/5.0 AppleWebKit/537.36 (KHTML, like Gecko; compatible; ClaudeBot/1.0; +claudebot@anthropic.com)"
216.73.216.41 - - [29/Aug/2026:00:21:24 +0330] "GET /?u=82779428401 HTTP/2.0" 200 1883 "-" "Mozilla/5.0 AppleWebKit/537.36 (KHTML, like Gecko; compatible; ClaudeBot/1.0; +claudebot@anthropic.com)"
216.73.216.41 - - [29/Aug/2026:00:21:25 +0330] "GET /?u=79972356006 HTTP/2.0" 200 1883 "-" "Mozilla/5.0 AppleWebKit/537.36 (KHTML, like Gecko; compatible; ClaudeBot/1.0; +claudebot@anthropic.com)"
127.0.0.1 - - [29/Aug/2026:00:21:25 +0330] "GET /api/v3/product-show/amz-B0C1X2NWV9?amazon_region=usa-amazon%22)%20AND%20EXTRACTVALUE(7442,CONCAT(0x7e,((SELECT%20(ELT(7442=7442,1)))),0x7e))--%20- HTTP/1.1" 301 169 "-" "node"
127.0.0.1 - - [29/Aug/2026:00:21:25 +0330] "GET /api/v3/product-show/amz-B0C1X2NWV9?amazon_region= HTTP/1.1" 301 169 "-" "node"
216.73.216.41 - - [29/Aug/2026:00:21:25 +0330] "GET /?u=6042984500 HTTP/2.0" 200 1883 "-" "Mozilla/5.0 AppleWebKit/537.36 (KHTML, like Gecko; compatible; ClaudeBot/1.0; +claudebot@anthropic.com)"
216.73.216.41 - - [29/Aug/2026:00:21:25 +0330] "GET /?u=87798305209 HTTP/2.0" 200 1883 "-" "Mozilla/5.0 AppleWebKit/537.36 (KHTML, like Gecko; compatible; ClaudeBot/1.0; +claudebot@anthropic.com)"
216.73.216.41 - - [29/Aug/2026:00:21:25 +0330] "GET /?u=1290044200 HTTP/2.0" 200 1883 "-" "Mozilla/5.0 AppleWebKit/537.36 (KHTML, like Gecko; compatible; ClaudeBot/1.0; +claudebot@anthropic.com)"
127.0.0.1 - - [29/Aug/2026:00:21:25 +0330] "GET /api/v3/product-show/amz-B0C1X2NWV9?amazon_region=usa-amazon%22)%20AND%20EXTRACTVALUE(7442,CONCAT(0x7e,((SELECT%20(ELT(7442=7442,1)))),0x7e))--%20- HTTP/1.1" 200 4675 "-" "node"
127.0.0.1 - - [29/Aug/2026:00:21:25 +0330] "GET /api/v3/product-show/amz-B0C1X2NWV9?amazon_region= HTTP/1.1" 200 4675 "-" "node"
216.73.216.41 - - [29/Aug/2026:00:21:25 +0330] "GET /?u=74806337600 HTTP/2.0" 200 1883 "-" "Mozilla/5.0 AppleWebKit/537.36 (KHTML, like Gecko; compatible; ClaudeBot/1.0; +claudebot@anthropic.com)"
216.73.216.41 - - [29/Aug/2026:00:21:26 +0330] "GET /?u=0121052403 HTTP/2.0" 200 1883 "-" "Mozilla/5.0 AppleWebKit/537.36 (KHTML, like Gecko; compatible; ClaudeBot/1.0; +claudebot@anthropic.com)"
216.73.216.41 - - [29/Aug/2026:00:21:26 +0330] "GET /?u=71001293202 HTTP/2.0" 200 1883 "-" "Mozilla/5.0 AppleWebKit/537.36 (KHTML, like Gecko; compatible; ClaudeBot/1.0; +claudebot@anthropic.com)"
216.73.216.41 - - [29/Aug/2026:00:21:26 +0330] "GET /?u=12182445501 HTTP/2.0" 200 1883 "-" "Mozilla/5.0 AppleWebKit/537.36 (KHTML, like Gecko; compatible; ClaudeBot/1.0; +claudebot@anthropic.com)"
216.73.216.41 - - [29/Aug/2026:00:21:26 +0330] "GET /?u=0644517206 HTTP/2.0" 200 1883 "-" "Mozilla/5.0 AppleWebKit/537.36 (KHTML, like Gecko; compatible; ClaudeBot/1.0; +claudebot@anthropic.com)"
216.73.216.41 - - [29/Aug/2026:00:21:26 +0330] "GET /?u=09292166115 HTTP/2.0" 200 1883 "-" "Mozilla/5.0 AppleWebKit/537.36 (KHTML, like Gecko; compatible; ClaudeBot/1.0; +claudebot@anthropic.com)"
127.0.0.1 - - [29/Aug/2026:00:21:26 +0330] "GET /api/v1/categories-amazon HTTP/1.1" 200 34230 "-" "node"
86.204.214.181 - - [29/Aug/2026:00:21:26 +0330] "GET /product/amz-B0C1X2NWV9/mens-cnc-machinist-dad-like-a-regular-dad-but-cooler-t-shirt?amazon-region=usa-amazon%22%29%20AND%20EXTRACTVALUE%287442%2CCONCAT%280x7e%2C%28%28SELECT%20%28ELT%287442%3D7442%2C1%29%29%29%29%2C0x7e%29%29--%20- HTTP/2.0" 200 104659 "-" "Mozilla/5.0 (Macintosh; Intel Mac OS X 10_15_7) AppleWebKit/537.36 (KHTML, like Gecko) Chrome/120.0.0.0 Safari/537.36"
216.73.216.41 - - [29/Aug/2026:00:21:27 +0330] "GET /?u=32253315201 HTTP/2.0" 200 1883 "-" "Mozilla/5.0 AppleWebKit/537.36 (KHTML, like Gecko; compatible; ClaudeBot/1.0; +claudebot@anthropic.com)"
216.73.216.41 - - [29/Aug/2026:00:21:27 +0330] "GET /?u=70124310900 HTTP/2.0" 200 1883 "-" "Mozilla/5.0 AppleWebKit/537.36 (KHTML, like Gecko; compatible; ClaudeBot/1.0; +claudebot@anthropic.com)"
216.73.216.41 - - [29/Aug/2026:00:21:27 +0330] "GET /?u=13836433600 HTTP/2.0" 200 1883 "-" "Mozilla/5.0 AppleWebKit/537.36 (KHTML, like Gecko; compatible; ClaudeBot/1.0; +claudebot@anthropic.com)"
216.73.216.41 - - [29/Aug/2026:00:21:27 +0330] "GET /?u=85128456101 HTTP/2.0" 200 1883 "-" "Mozilla/5.0 AppleWebKit/537.36 (KHTML, like Gecko; compatible; ClaudeBot/1.0; +claudebot@anthropic.com)"
216.73.216.41 - - [29/Aug/2026:00:21:27 +0330] "GET /?u=7398117400 HTTP/2.0" 200 1883 "-" "Mozilla/5.0 AppleWebKit/537.36 (KHTML, like Gecko; compatible; ClaudeBot/1.0; +claudebot@anthropic.com)"
216.73.216.41 - - [29/Aug/2026:00:21:27 +0330] "GET /?u=69780497000 HTTP/2.0" 200 1883 "-" "Mozilla/5.0 AppleWebKit/537.36 (KHTML, like Gecko; compatible; ClaudeBot/1.0; +claudebot@anthropic.com)"
216.73.216.41 - - [29/Aug/2026:00:21:27 +0330] "GET /?u=7311484901 HTTP/2.0" 200 1883 "-" "Mozilla/5.0 AppleWebKit/537.36 (KHTML, like Gecko; compatible; ClaudeBot/1.0; +claudebot@anthropic.com)"
216.73.216.41 - - [29/Aug/2026:00:21:28 +0330] "GET /?u=59090362804 HTTP/2.0" 200 1883 "-" "Mozilla/5.0 AppleWebKit/537.36 (KHTML, like Gecko; compatible; ClaudeBot/1.0; +claudebot@anthropic.com)"
157.55.39.9 - - [29/Aug/2026:00:21:28 +0330] "GET /?sitemap143.xml HTTP/2.0" 200 738989 "-" "Mozilla/5.0 AppleWebKit/537.36 (KHTML, like Gecko; compatible; bingbot/2.0; +http://www.bing.com/bingbot.htm) Chrome/116.0.1938.76 Safari/537.36"
127.0.0.1 - - [29/Aug/2026:00:21:28 +0330] "GET /api/v3/product-show/amz-B0C1X2NWV9?amazon_region=usa-amazon%27%20UNION%20ALL%20SELECT%20NULL,%27mdabrceyngqminfzjdpjgfqonirrdror%27--%20rvllc6 HTTP/1.1" 301 169 "-" "node"
127.0.0.1 - - [29/Aug/2026:00:21:28 +0330] "GET /api/v3/product-show/amz-B0C1X2NWV9?amazon_region= HTTP/1.1" 301 169 "-" "node"
216.73.216.41 - - [29/Aug/2026:00:21:28 +0330] "GET /?u=11088228401 HTTP/2.0" 200 1883 "-" "Mozilla/5.0 AppleWebKit/537.36 (KHTML, like Gecko; compatible; ClaudeBot/1.0; +claudebot@anthropic.com)"
216.73.216.41 - - [29/Aug/2026:00:21:28 +0330] "GET /?u=61015448100 HTTP/2.0" 200 1883 "-" "Mozilla/5.0 AppleWebKit/537.36 (KHTML, like Gecko; compatible; ClaudeBot/1.0; +claudebot@anthropic.com)"
127.0.0.1 - - [29/Aug/2026:00:21:28 +0330] "GET /api/v1/categories-amazon HTTP/1.1" 404 325 "-" "node"
127.0.0.1 - - [29/Aug/2026:00:21:28 +0330] "GET /api/v3/product-show/amz-B0C1X2NWV9?amazon_region=usa-amazon%27%20UNION%20ALL%20SELECT%20NULL,%27mdabrceyngqminfzjdpjgfqonirrdror%27--%20rvllc6 HTTP/1.1" 200 4675 "-" "node"
127.0.0.1 - - [29/Aug/2026:00:21:28 +0330] "GET /api/v3/product-show/amz-B0C1X2NWV9?amazon_region= HTTP/1.1" 200 4675 "-" "node"
86.204.214.181 - - [29/Aug/2026:00:21:28 +0330] "GET /product/amz-B0C1X2NWV9/mens-cnc-machinist-dad-like-a-regular-dad-but-cooler-t-shirt?amazon-region=usa-amazon%27%20UNION%20ALL%20SELECT%20NULL%2C%27mdabrceyngqminfzjdpjgfqonirrdror%27--%20rvllc6 HTTP/2.0" 200 99315 "-" "Mozilla/5.0 (Macintosh; Intel Mac OS X 10.15; rv:121.0) Gecko/20100101 Firefox/121.0"
216.73.216.41 - - [29/Aug/2026:00:21:28 +0330] "GET /?u=72220153106 HTTP/2.0" 200 1883 "-" "Mozilla/5.0 AppleWebKit/537.36 (KHTML, like Gecko; compatible; ClaudeBot/1.0; +claudebot@anthropic.com)"
216.73.216.41 - - [29/Aug/2026:00:21:28 +0330] "GET /?u=00052164403 HTTP/2.0" 200 1883 "-" "Mozilla/5.0 AppleWebKit/537.36 (KHTML, like Gecko; compatible; ClaudeBot/1.0; +claudebot@anthropic.com)"
216.73.216.41 - - [29/Aug/2026:00:21:28 +0330] "GET /?u=91059175601 HTTP/2.0" 200 1883 "-" "Mozilla/5.0 AppleWebKit/537.36 (KHTML, like Gecko; compatible; ClaudeBot/1.0; +claudebot@anthropic.com)"
216.73.216.41 - - [29/Aug/2026:00:21:28 +0330] "GET /?u=32989393202 HTTP/2.0" 200 1883 "-" "Mozilla/5.0 AppleWebKit/537.36 (KHTML, like Gecko; compatible; ClaudeBot/1.0; +claudebot@anthropic.com)"
216.73.216.41 - - [29/Aug/2026:00:21:29 +0330] "GET /?u=49809305502 HTTP/2.0" 200 1883 "-" "Mozilla/5.0 AppleWebKit/537.36 (KHTML, like Gecko; compatible; ClaudeBot/1.0; +claudebot@anthropic.com)"
216.73.216.41 - - [29/Aug/2026:00:21:29 +0330] "GET /?u=69022235801 HTTP/2.0" 200 1883 "-" "Mozilla/5.0 AppleWebKit/537.36 (KHTML, like Gecko; compatible; ClaudeBot/1.0; +claudebot@anthropic.com)"
216.73.216.41 - - [29/Aug/2026:00:21:29 +0330] "GET /?u=80117329601 HTTP/2.0" 200 1883 "-" "Mozilla/5.0 AppleWebKit/537.36 (KHTML, like Gecko; compatible; ClaudeBot/1.0; +claudebot@anthropic.com)"
216.73.216.41 - - [29/Aug/2026:00:21:30 +0330] "GET /?u=71801408001 HTTP/2.0" 200 1883 "-" "Mozilla/5.0 AppleWebKit/537.36 (KHTML, like Gecko; compatible; ClaudeBot/1.0; +claudebot@anthropic.com)"
216.73.216.41 - - [29/Aug/2026:00:21:30 +0330] "GET /?u=91910123707 HTTP/2.0" 200 1883 "-" "Mozilla/5.0 AppleWebKit/537.36 (KHTML, like Gecko; compatible; ClaudeBot/1.0; +claudebot@anthropic.com)"
216.73.216.41 - - [29/Aug/2026:00:21:30 +0330] "GET /?u=79934377703 HTTP/2.0" 200 1883 "-" "Mozilla/5.0 AppleWebKit/537.36 (KHTML, like Gecko; compatible; ClaudeBot/1.0; +claudebot@anthropic.com)"
216.73.216.41 - - [29/Aug/2026:00:21:30 +0330] "GET /?u=69828364100 HTTP/2.0" 200 1883 "-" "Mozilla/5.0 AppleWebKit/537.36 (KHTML, like Gecko; compatible; ClaudeBot/1.0; +claudebot@anthropic.com)"
216.73.216.41 - - [29/Aug/2026:00:21:30 +0330] "GET /?u=58520335800 HTTP/2.0" 200 1883 "-" "Mozilla/5.0 AppleWebKit/537.36 (KHTML, like Gecko; compatible; ClaudeBot/1.0; +claudebot@anthropic.com)"
127.0.0.1 - - [29/Aug/2026:00:21:30 +0330] "GET /api/v3/product-show/amz-B0C1X2NWV9?amazon_region=usa-amazon%%22)%20AND%20EXTRACTVALUE(9467,CONCAT(0x7e,((SELECT%20(ELT(9467=9467,1)))),0x7e))--%20- HTTP/1.1" 301 169 "-" "node"
127.0.0.1 - - [29/Aug/2026:00:21:30 +0330] "GET /api/v3/product-show/amz-B0C1X2NWV9?amazon_region= HTTP/1.1" 301 169 "-" "node"
127.0.0.1 - - [29/Aug/2026:00:21:30 +0330] "GET /api/v3/product-show/amz-B0C1X2NWV9?amazon_region=usa-amazon%%22)%20AND%20EXTRACTVALUE(9467,CONCAT(0x7e,((SELECT%20(ELT(9467=9467,1)))),0x7e))--%20- HTTP/1.1" 404 325 "-" "node"
127.0.0.1 - - [29/Aug/2026:00:21:31 +0330] "GET /api/v1/categories-amazon HTTP/1.1" 404 325 "-" "node"
216.73.216.41 - - [29/Aug/2026:00:21:31 +0330] "GET /?u=18671401701 HTTP/2.0" 200 1883 "-" "Mozilla/5.0 AppleWebKit/537.36 (KHTML, like Gecko; compatible; ClaudeBot/1.0; +claudebot@anthropic.com)"
127.0.0.1 - - [29/Aug/2026:00:21:31 +0330] "GET /api/v3/product-show/amz-B0C1X2NWV9?amazon_region= HTTP/1.1" 404 325 "-" "node"
86.204.214.181 - - [29/Aug/2026:00:21:31 +0330] "GET /product/amz-B0C1X2NWV9/mens-cnc-machinist-dad-like-a-regular-dad-but-cooler-t-shirt?amazon-region=usa-amazon%25%22%29%20AND%20EXTRACTVALUE%289467%2CCONCAT%280x7e%2C%28%28SELECT%20%28ELT%289467%3D9467%2C1%29%29%29%29%2C0x7e%29%29--%20- HTTP/2.0" 200 79371 "-" "Mozilla/5.0 (Macintosh; Intel Mac OS X 10.15; rv:121.0) Gecko/20100101 Firefox/121.0"
216.73.216.41 - - [29/Aug/2026:00:21:31 +0330] "GET /?u=1872473100 HTTP/2.0" 200 1883 "-" "Mozilla/5.0 AppleWebKit/537.36 (KHTML, like Gecko; compatible; ClaudeBot/1.0; +claudebot@anthropic.com)"
216.73.216.41 - - [29/Aug/2026:00:21:31 +0330] "GET /?u=26522114401 HTTP/2.0" 200 1883 "-" "Mozilla/5.0 AppleWebKit/537.36 (KHTML, like Gecko; compatible; ClaudeBot/1.0; +claudebot@anthropic.com)"
216.73.216.41 - - [29/Aug/2026:00:21:31 +0330] "GET /?u=39007133209 HTTP/2.0" 200 1883 "-" "Mozilla/5.0 AppleWebKit/537.36 (KHTML, like Gecko; compatible; ClaudeBot/1.0; +claudebot@anthropic.com)"
216.73.216.41 - - [29/Aug/2026:00:21:31 +0330] "GET /?u=37585407800 HTTP/2.0" 200 1883 "-" "Mozilla/5.0 AppleWebKit/537.36 (KHTML, like Gecko; compatible; ClaudeBot/1.0; +claudebot@anthropic.com)"
216.73.216.41 - - [29/Aug/2026:00:21:32 +0330] "GET /?u=28468291802 HTTP/2.0" 200 1883 "-" "Mozilla/5.0 AppleWebKit/537.36 (KHTML, like Gecko; compatible; ClaudeBot/1.0; +claudebot@anthropic.com)"
216.73.216.41 - - [29/Aug/2026:00:21:32 +0330] "GET /?u=70862261101 HTTP/2.0" 200 1883 "-" "Mozilla/5.0 AppleWebKit/537.36 (KHTML, like Gecko; compatible; ClaudeBot/1.0; +claudebot@anthropic.com)"
127.0.0.1 - - [29/Aug/2026:00:21:33 +0330] "GET /api/v3/product-show/amz-B0C1X2NWV9?amazon_region=usa-amazon%27%20UNION%20ALL%20SELECT%20NULL,%27mdabrceyngqminfzjdpjgfqonirrdror%27--%20rvllc6 HTTP/1.1" 301 169 "-" "node"
127.0.0.1 - - [29/Aug/2026:00:21:33 +0330] "GET /api/v3/product-show/amz-B0C1X2NWV9?amazon_region= HTTP/1.1" 301 169 "-" "node"
216.73.216.41 - - [29/Aug/2026:00:21:33 +0330] "GET /?u=9543144601 HTTP/2.0" 200 1883 "-" "Mozilla/5.0 AppleWebKit/537.36 (KHTML, like Gecko; compatible; ClaudeBot/1.0; +claudebot@anthropic.com)"
127.0.0.1 - - [29/Aug/2026:00:21:33 +0330] "GET /api/v3/product-show/amz-B0C1X2NWV9?amazon_region=usa-amazon%27%20UNION%20ALL%20SELECT%20NULL,%27mdabrceyngqminfzjdpjgfqonirrdror%27--%20rvllc6 HTTP/1.1" 404 325 "-" "node"
127.0.0.1 - - [29/Aug/2026:00:21:33 +0330] "GET /api/v1/categories-amazon HTTP/1.1" 404 325 "-" "node"
216.73.216.41 - - [29/Aug/2026:00:21:33 +0330] "GET /?u=12840432203 HTTP/2.0" 200 1883 "-" "Mozilla/5.0 AppleWebKit/537.36 (KHTML, like Gecko; compatible; ClaudeBot/1.0; +claudebot@anthropic.com)"
127.0.0.1 - - [29/Aug/2026:00:21:33 +0330] "GET /api/v3/product-show/amz-B0C1X2NWV9?amazon_region= HTTP/1.1" 404 325 "-" "node"
216.73.216.41 - - [29/Aug/2026:00:21:33 +0330] "GET /?u=07814384602 HTTP/2.0" 200 1883 "-" "Mozilla/5.0 AppleWebKit/537.36 (KHTML, like Gecko; compatible; ClaudeBot/1.0; +claudebot@anthropic.com)"
86.204.214.181 - - [29/Aug/2026:00:21:33 +0330] "GET /product/amz-B0C1X2NWV9/mens-cnc-machinist-dad-like-a-regular-dad-but-cooler-t-shirt?amazon-region=usa-amazon%27%20UNION%20ALL%20SELECT%20NULL%2C%27mdabrceyngqminfzjdpjgfqonirrdror%27--%20rvllc6 HTTP/2.0" 200 79329 "-" "Mozilla/5.0 (Macintosh; Intel Mac OS X 10_15_7) AppleWebKit/605.1.15 (KHTML, like Gecko) Version/17.2 Safari/605.1.15"
216.73.216.41 - - [29/Aug/2026:00:21:33 +0330] "GET /?u=60850128704 HTTP/2.0" 200 1883 "-" "Mozilla/5.0 AppleWebKit/537.36 (KHTML, like Gecko; compatible; ClaudeBot/1.0; +claudebot@anthropic.com)"
216.73.216.41 - - [29/Aug/2026:00:21:33 +0330] "GET /?u=3241579200 HTTP/2.0" 200 1883 "-" "Mozilla/5.0 AppleWebKit/537.36 (KHTML, like Gecko; compatible; ClaudeBot/1.0; +claudebot@anthropic.com)"
216.73.216.41 - - [29/Aug/2026:00:21:34 +0330] "GET /?u=99717339113 HTTP/2.0" 200 1883 "-" "Mozilla/5.0 AppleWebKit/537.36 (KHTML, like Gecko; compatible; ClaudeBot/1.0; +claudebot@anthropic.com)"
216.73.216.41 - - [29/Aug/2026:00:21:34 +0330] "GET /?u=16972334208 HTTP/2.0" 200 1883 "-" "Mozilla/5.0 AppleWebKit/537.36 (KHTML, like Gecko; compatible; ClaudeBot/1.0; +claudebot@anthropic.com)"
216.73.216.41 - - [29/Aug/2026:00:21:34 +0330] "GET /?u=78170483902 HTTP/2.0" 200 1883 "-" "Mozilla/5.0 AppleWebKit/537.36 (KHTML, like Gecko; compatible; ClaudeBot/1.0; +claudebot@anthropic.com)"
216.73.216.41 - - [29/Aug/2026:00:21:34 +0330] "GET /?u=98738378409 HTTP/2.0" 200 1883 "-" "Mozilla/5.0 AppleWebKit/537.36 (KHTML, like Gecko; compatible; ClaudeBot/1.0; +claudebot@anthropic.com)"
127.0.0.1 - - [29/Aug/2026:00:21:35 +0330] "GET /api/v3/product-show/amz-B0C1X2NWV9?amazon_region=usa-amazon`)%20AND%20EXTRACTVALUE(6644,CONCAT(0x7e,((SELECT%20(ELT(6644=6644,1)))),0x7e))--%20- HTTP/1.1" 301 169 "-" "node"
127.0.0.1 - - [29/Aug/2026:00:21:35 +0330] "GET /api/v3/product-show/amz-B0C1X2NWV9?amazon_region= HTTP/1.1" 301 169 "-" "node"
216.73.216.41 - - [29/Aug/2026:00:21:35 +0330] "GET /?u=13821287900 HTTP/2.0" 200 1883 "-" "Mozilla/5.0 AppleWebKit/537.36 (KHTML, like Gecko; compatible; ClaudeBot/1.0; +claudebot@anthropic.com)"
127.0.0.1 - - [29/Aug/2026:00:21:35 +0330] "GET /api/v3/product-show/amz-B0C1X2NWV9?amazon_region=usa-amazon`)%20AND%20EXTRACTVALUE(6644,CONCAT(0x7e,((SELECT%20(ELT(6644=6644,1)))),0x7e))--%20- HTTP/1.1" 200 4675 "-" "node"
216.73.216.41 - - [29/Aug/2026:00:21:35 +0330] "GET /?u=85124264400 HTTP/2.0" 200 1883 "-" "Mozilla/5.0 AppleWebKit/537.36 (KHTML, like Gecko; compatible; ClaudeBot/1.0; +claudebot@anthropic.com)"
127.0.0.1 - - [29/Aug/2026:00:21:35 +0330] "GET /api/v1/categories-amazon HTTP/1.1" 200 34199 "-" "node"
216.73.216.41 - - [29/Aug/2026:00:21:35 +0330] "GET /?u=50599269201 HTTP/2.0" 200 1883 "-" "Mozilla/5.0 AppleWebKit/537.36 (KHTML, like Gecko; compatible; ClaudeBot/1.0; +claudebot@anthropic.com)"
127.0.0.1 - - [29/Aug/2026:00:21:35 +0330] "GET /api/v3/product-show/amz-B0C1X2NWV9?amazon_region= HTTP/1.1" 200 4675 "-" "node"
216.73.216.41 - - [29/Aug/2026:00:21:36 +0330] "GET /?u=79029217003 HTTP/2.0" 200 1883 "-" "Mozilla/5.0 AppleWebKit/537.36 (KHTML, like Gecko; compatible; ClaudeBot/1.0; +claudebot@anthropic.com)"
216.73.216.41 - - [29/Aug/2026:00:21:36 +0330] "GET /?u=97115305302 HTTP/2.0" 200 1883 "-" "Mozilla/5.0 AppleWebKit/537.36 (KHTML, like Gecko; compatible; ClaudeBot/1.0; +claudebot@anthropic.com)"
216.73.216.41 - - [29/Aug/2026:00:21:36 +0330] "GET /?u=24312303400 HTTP/2.0" 200 1883 "-" "Mozilla/5.0 AppleWebKit/537.36 (KHTML, like Gecko; compatible; ClaudeBot/1.0; +claudebot@anthropic.com)"
216.73.216.41 - - [29/Aug/2026:00:21:36 +0330] "GET /?u=01000477501 HTTP/2.0" 200 1883 "-" "Mozilla/5.0 AppleWebKit/537.36 (KHTML, like Gecko; compatible; ClaudeBot/1.0; +claudebot@anthropic.com)"
216.73.216.41 - - [29/Aug/2026:00:21:36 +0330] "GET /?u=09209341201 HTTP/2.0" 200 1883 "-" "Mozilla/5.0 AppleWebKit/537.36 (KHTML, like Gecko; compatible; ClaudeBot/1.0; +claudebot@anthropic.com)"
127.0.0.1 - - [29/Aug/2026:00:21:36 +0330] "GET /api/v2/page-data HTTP/1.1" 200 36854 "-" "node"
172.16.20.25 - - [29/Aug/2026:00:21:36 +0330] "GET / HTTP/1.1" 200 338501 "-" "Mozilla/5.0 (compatible; PRTG Network Monitor (www.paessler.com); Windows)"
127.0.0.1 - - [29/Aug/2026:00:21:36 +0330] "GET /api/v1/categories-amazon HTTP/1.1" 200 34199 "-" "node"
86.204.214.181 - - [29/Aug/2026:00:21:36 +0330] "GET /product/amz-B0C1X2NWV9/mens-cnc-machinist-dad-like-a-regular-dad-but-cooler-t-shirt?amazon-region=usa-amazon%60%29%20AND%20EXTRACTVALUE%286644%2CCONCAT%280x7e%2C%28%28SELECT%20%28ELT%286644%3D6644%2C1%29%29%29%29%2C0x7e%29%29--%20- HTTP/2.0" 200 104651 "-" "Mozilla/5.0 (Windows NT 10.0; Win64; x64) AppleWebKit/537.36 (KHTML, like Gecko) Chrome/120.0.0.0 Safari/537.36"
216.73.216.41 - - [29/Aug/2026:00:21:37 +0330] "GET /?u=97111486102 HTTP/2.0" 200 1883 "-" "Mozilla/5.0 AppleWebKit/537.36 (KHTML, like Gecko; compatible; ClaudeBot/1.0; +claudebot@anthropic.com)"
216.73.216.41 - - [29/Aug/2026:00:21:37 +0330] "GET /?u=60926127900 HTTP/2.0" 200 1883 "-" "Mozilla/5.0 AppleWebKit/537.36 (KHTML, like Gecko; compatible; ClaudeBot/1.0; +claudebot@anthropic.com)"
216.73.216.41 - - [29/Aug/2026:00:21:37 +0330] "GET /?u=59109206802 HTTP/2.0" 200 1883 "-" "Mozilla/5.0 AppleWebKit/537.36 (KHTML, like Gecko; compatible; ClaudeBot/1.0; +claudebot@anthropic.com)"
216.73.216.41 - - [29/Aug/2026:00:21:37 +0330] "GET /?u=44100159700 HTTP/2.0" 200 1883 "-" "Mozilla/5.0 AppleWebKit/537.36 (KHTML, like Gecko; compatible; ClaudeBot/1.0; +claudebot@anthropic.com)"
127.0.0.1 - - [29/Aug/2026:00:21:37 +0330] "GET /api/v3/product-show/amz-B0C1X2NWV9?amazon_region=usa-amazon%20UNION%20ALL%20SELECT%20%27mdabrceyngqminfzjdpjgfqonirrdror%27,NULL--%20ttq1hr HTTP/1.1" 301 169 "-" "node"
127.0.0.1 - - [29/Aug/2026:00:21:37 +0330] "GET /api/v3/product-show/amz-B0C1X2NWV9?amazon_region= HTTP/1.1" 301 169 "-" "node"
216.73.216.41 - - [29/Aug/2026:00:21:37 +0330] "GET /?u=05514437201 HTTP/2.0" 200 1883 "-" "Mozilla/5.0 AppleWebKit/537.36 (KHTML, like Gecko; compatible; ClaudeBot/1.0; +claudebot@anthropic.com)"
216.73.216.41 - - [29/Aug/2026:00:21:37 +0330] "GET /?u=0213892700 HTTP/2.0" 200 1883 "-" "Mozilla/5.0 AppleWebKit/537.36 (KHTML, like Gecko; compatible; ClaudeBot/1.0; +claudebot@anthropic.com)"
216.73.216.41 - - [29/Aug/2026:00:21:37 +0330] "GET /?u=2720926306 HTTP/2.0" 200 1883 "-" "Mozilla/5.0 AppleWebKit/537.36 (KHTML, like Gecko; compatible; ClaudeBot/1.0; +claudebot@anthropic.com)"
127.0.0.1 - - [29/Aug/2026:00:21:37 +0330] "GET /api/v3/product-show/amz-B0C1X2NWV9?amazon_region=usa-amazon%20UNION%20ALL%20SELECT%20%27mdabrceyngqminfzjdpjgfqonirrdror%27,NULL--%20ttq1hr HTTP/1.1" 200 4675 "-" "node"
127.0.0.1 - - [29/Aug/2026:00:21:37 +0330] "GET /api/v3/product-show/amz-B0C1X2NWV9?amazon_region= HTTP/1.1" 200 4675 "-" "node"
216.73.216.41 - - [29/Aug/2026:00:21:37 +0330] "GET /?path=%2Fvar%2Fwww%2Fapp2%2Fvendor%2Fdefuse%2Fphp-encryption%2Fsrc HTTP/2.0" 200 1145 "-" "Mozilla/5.0 AppleWebKit/537.36 (KHTML, like Gecko; compatible; ClaudeBot/1.0; +claudebot@anthropic.com)"
216.73.216.41 - - [29/Aug/2026:00:21:38 +0330] "GET /?u=2363018000 HTTP/2.0" 200 1883 "-" "Mozilla/5.0 AppleWebKit/537.36 (KHTML, like Gecko; compatible; ClaudeBot/1.0; +claudebot@anthropic.com)"
216.73.216.41 - - [29/Aug/2026:00:21:38 +0330] "GET /?u=6408850506 HTTP/2.0" 200 1883 "-" "Mozilla/5.0 AppleWebKit/537.36 (KHTML, like Gecko; compatible; ClaudeBot/1.0; +claudebot@anthropic.com)"
127.0.0.1 - - [29/Aug/2026:00:21:38 +0330] "GET /api/v1/categories-amazon HTTP/1.1" 200 34230 "-" "node"
86.204.214.181 - - [29/Aug/2026:00:21:38 +0330] "GET /product/amz-B0C1X2NWV9/mens-cnc-machinist-dad-like-a-regular-dad-but-cooler-t-shirt?amazon-region=usa-amazon%20UNION%20ALL%20SELECT%20%27mdabrceyngqminfzjdpjgfqonirrdror%27%2CNULL--%20ttq1hr HTTP/2.0" 200 104603 "-" "Mozilla/5.0 (Windows NT 10.0; Win64; x64) AppleWebKit/537.36 (KHTML, like Gecko) Chrome/120.0.0.0 Safari/537.36 Edg/120.0.0.0"
216.73.216.41 - - [29/Aug/2026:00:21:38 +0330] "GET /?u=288009000 HTTP/2.0" 200 1883 "-" "Mozilla/5.0 AppleWebKit/537.36 (KHTML, like Gecko; compatible; ClaudeBot/1.0; +claudebot@anthropic.com)"
216.73.216.41 - - [29/Aug/2026:00:21:38 +0330] "GET /?u=92297119905 HTTP/2.0" 200 1883 "-" "Mozilla/5.0 AppleWebKit/537.36 (KHTML, like Gecko; compatible; ClaudeBot/1.0; +claudebot@anthropic.com)"
216.73.216.41 - - [29/Aug/2026:00:21:38 +0330] "GET /?u=49294399503 HTTP/2.0" 200 1883 "-" "Mozilla/5.0 AppleWebKit/537.36 (KHTML, like Gecko; compatible; ClaudeBot/1.0; +claudebot@anthropic.com)"
216.73.216.41 - - [29/Aug/2026:00:21:39 +0330] "GET /?u=63971264701 HTTP/2.0" 200 1883 "-" "Mozilla/5.0 AppleWebKit/537.36 (KHTML, like Gecko; compatible; ClaudeBot/1.0; +claudebot@anthropic.com)"
216.73.216.41 - - [29/Aug/2026:00:21:39 +0330] "GET /?u=84101333500 HTTP/2.0" 200 1883 "-" "Mozilla/5.0 AppleWebKit/537.36 (KHTML, like Gecko; compatible; ClaudeBot/1.0; +claudebot@anthropic.com)"
216.73.216.41 - - [29/Aug/2026:00:21:39 +0330] "GET /?u=87299234600 HTTP/2.0" 200 1883 "-" "Mozilla/5.0 AppleWebKit/537.36 (KHTML, like Gecko; compatible; ClaudeBot/1.0; +claudebot@anthropic.com)"
216.73.216.41 - - [29/Aug/2026:00:21:39 +0330] "GET /?u=25496345801 HTTP/2.0" 200 1883 "-" "Mozilla/5.0 AppleWebKit/537.36 (KHTML, like Gecko; compatible; ClaudeBot/1.0; +claudebot@anthropic.com)"
216.73.216.41 - - [29/Aug/2026:00:21:39 +0330] "GET /?u=12649113602 HTTP/2.0" 200 1883 "-" "Mozilla/5.0 AppleWebKit/537.36 (KHTML, like Gecko; compatible; ClaudeBot/1.0; +claudebot@anthropic.com)"
216.73.216.41 - - [29/Aug/2026:00:21:39 +0330] "GET /?u=09401392702 HTTP/2.0" 200 1883 "-" "Mozilla/5.0 AppleWebKit/537.36 (KHTML, like Gecko; compatible; ClaudeBot/1.0; +claudebot@anthropic.com)"
216.73.216.41 - - [29/Aug/2026:00:21:39 +0330] "GET /?u=49777475401 HTTP/2.0" 200 1883 "-" "Mozilla/5.0 AppleWebKit/537.36 (KHTML, like Gecko; compatible; ClaudeBot/1.0; +claudebot@anthropic.com)"
216.73.216.41 - - [29/Aug/2026:00:21:40 +0330] "GET /?u=11096385701 HTTP/2.0" 200 1883 "-" "Mozilla/5.0 AppleWebKit/537.36 (KHTML, like Gecko; compatible; ClaudeBot/1.0; +claudebot@anthropic.com)"
216.73.216.41 - - [29/Aug/2026:00:21:40 +0330] "GET /?u=87129381701 HTTP/2.0" 200 1883 "-" "Mozilla/5.0 AppleWebKit/537.36 (KHTML, like Gecko; compatible; ClaudeBot/1.0; +claudebot@anthropic.com)"
216.73.216.41 - - [29/Aug/2026:00:21:40 +0330] "GET /?u=3988994100 HTTP/2.0" 200 1883 "-" "Mozilla/5.0 AppleWebKit/537.36 (KHTML, like Gecko; compatible; ClaudeBot/1.0; +claudebot@anthropic.com)"
216.73.216.41 - - [29/Aug/2026:00:21:40 +0330] "GET /?u=97207471501 HTTP/2.0" 200 1883 "-" "Mozilla/5.0 AppleWebKit/537.36 (KHTML, like Gecko; compatible; ClaudeBot/1.0; +claudebot@anthropic.com)"
127.0.0.1 - - [29/Aug/2026:00:21:40 +0330] "GET /api/v3/product-show/amz-B0C1X2NWV9?amazon_region=usa-amazon))%20AND%20EXTRACTVALUE(7642,CONCAT(0x7e,((SELECT%20(ELT(7642=7642,1)))),0x7e))--%20- HTTP/1.1" 301 169 "-" "node"
127.0.0.1 - - [29/Aug/2026:00:21:40 +0330] "GET /api/v3/product-show/amz-B0C1X2NWV9?amazon_region= HTTP/1.1" 301 169 "-" "node"
216.73.216.41 - - [29/Aug/2026:00:21:40 +0330] "GET /?u=88914129805 HTTP/2.0" 200 1883 "-" "Mozilla/5.0 AppleWebKit/537.36 (KHTML, like Gecko; compatible; ClaudeBot/1.0; +claudebot@anthropic.com)"
127.0.0.1 - - [29/Aug/2026:00:21:40 +0330] "GET /api/v3/product-show/amz-B0C1X2NWV9?amazon_region=usa-amazon))%20AND%20EXTRACTVALUE(7642,CONCAT(0x7e,((SELECT%20(ELT(7642=7642,1)))),0x7e))--%20- HTTP/1.1" 200 4675 "-" "node"
216.73.216.41 - - [29/Aug/2026:00:21:40 +0330] "GET /?u=8028839605 HTTP/2.0" 200 1883 "-" "Mozilla/5.0 AppleWebKit/537.36 (KHTML, like Gecko; compatible; ClaudeBot/1.0; +claudebot@anthropic.com)"
127.0.0.1 - - [29/Aug/2026:00:21:40 +0330] "GET /api/v3/product-show/amz-B0C1X2NWV9?amazon_region= HTTP/1.1" 200 4675 "-" "node"
216.73.216.41 - - [29/Aug/2026:00:21:41 +0330] "GET /?u=32350240100 HTTP/2.0" 200 1883 "-" "Mozilla/5.0 AppleWebKit/537.36 (KHTML, like Gecko; compatible; ClaudeBot/1.0; +claudebot@anthropic.com)"
216.73.216.41 - - [29/Aug/2026:00:21:41 +0330] "GET /?u=1775895900 HTTP/2.0" 200 1883 "-" "Mozilla/5.0 AppleWebKit/537.36 (KHTML, like Gecko; compatible; ClaudeBot/1.0; +claudebot@anthropic.com)"
216.73.216.41 - - [29/Aug/2026:00:21:41 +0330] "GET /?u=16420117703 HTTP/2.0" 200 1883 "-" "Mozilla/5.0 AppleWebKit/537.36 (KHTML, like Gecko; compatible; ClaudeBot/1.0; +claudebot@anthropic.com)"
127.0.0.1 - - [29/Aug/2026:00:21:41 +0330] "GET /api/v1/categories-amazon HTTP/1.1" 200 34199 "-" "node"
86.204.214.181 - - [29/Aug/2026:00:21:41 +0330] "GET /product/amz-B0C1X2NWV9/mens-cnc-machinist-dad-like-a-regular-dad-but-cooler-t-shirt?amazon-region=usa-amazon%29%29%20AND%20EXTRACTVALUE%287642%2CCONCAT%280x7e%2C%28%28SELECT%20%28ELT%287642%3D7642%2C1%29%29%29%29%2C0x7e%29%29--%20- HTTP/2.0" 200 104643 "-" "Mozilla/5.0 (Windows NT 10.0; Win64; x64) AppleWebKit/537.36 (KHTML, like Gecko) Chrome/120.0.0.0 Safari/537.36"
216.73.216.41 - - [29/Aug/2026:00:21:42 +0330] "GET /?u=23319407400 HTTP/2.0" 200 1883 "-" "Mozilla/5.0 AppleWebKit/537.36 (KHTML, like Gecko; compatible; ClaudeBot/1.0; +claudebot@anthropic.com)"
216.73.216.41 - - [29/Aug/2026:00:21:42 +0330] "GET /?u=02991238403 HTTP/2.0" 200 1883 "-" "Mozilla/5.0 AppleWebKit/537.36 (KHTML, like Gecko; compatible; ClaudeBot/1.0; +claudebot@anthropic.com)"
216.73.216.41 - - [29/Aug/2026:00:21:42 +0330] "GET /?u=59865303600 HTTP/2.0" 200 1883 "-" "Mozilla/5.0 AppleWebKit/537.36 (KHTML, like Gecko; compatible; ClaudeBot/1.0; +claudebot@anthropic.com)"
216.73.216.41 - - [29/Aug/2026:00:21:42 +0330] "GET /?u=70182140306 HTTP/2.0" 200 1883 "-" "Mozilla/5.0 AppleWebKit/537.36 (KHTML, like Gecko; compatible; ClaudeBot/1.0; +claudebot@anthropic.com)"
216.73.216.41 - - [29/Aug/2026:00:21:42 +0330] "GET /?u=78080291903 HTTP/2.0" 200 1883 "-" "Mozilla/5.0 AppleWebKit/537.36 (KHTML, like Gecko; compatible; ClaudeBot/1.0; +claudebot@anthropic.com)"
216.73.216.41 - - [29/Aug/2026:00:21:42 +0330] "GET /?u=83020277700 HTTP/2.0" 200 1883 "-" "Mozilla/5.0 AppleWebKit/537.36 (KHTML, like Gecko; compatible; ClaudeBot/1.0; +claudebot@anthropic.com)"
216.73.216.41 - - [29/Aug/2026:00:21:43 +0330] "GET /?u=42719288307 HTTP/2.0" 200 1883 "-" "Mozilla/5.0 AppleWebKit/537.36 (KHTML, like Gecko; compatible; ClaudeBot/1.0; +claudebot@anthropic.com)"
216.73.216.41 - - [29/Aug/2026:00:21:43 +0330] "GET /?u=5706747703 HTTP/2.0" 200 1883 "-" "Mozilla/5.0 AppleWebKit/537.36 (KHTML, like Gecko; compatible; ClaudeBot/1.0; +claudebot@anthropic.com)"
216.73.216.41 - - [29/Aug/2026:00:21:43 +0330] "GET /?u=04559220003 HTTP/2.0" 200 1883 "-" "Mozilla/5.0 AppleWebKit/537.36 (KHTML, like Gecko; compatible; ClaudeBot/1.0; +claudebot@anthropic.com)"
127.0.0.1 - - [29/Aug/2026:00:21:43 +0330] "GET /api/v3/product-show/amz-B0C1X2NWV9?amazon_region=usa-amazon%20UNION%20ALL%20SELECT%20%27mdabrceyngqminfzjdpjgfqonirrdror%27,NULL--%20ttq1hr HTTP/1.1" 301 169 "-" "node"
127.0.0.1 - - [29/Aug/2026:00:21:43 +0330] "GET /api/v3/product-show/amz-B0C1X2NWV9?amazon_region= HTTP/1.1" 301 169 "-" "node"
127.0.0.1 - - [29/Aug/2026:00:21:43 +0330] "GET /api/v3/product-show/amz-B0C1X2NWV9?amazon_region= HTTP/1.1" 200 4675 "-" "node"
127.0.0.1 - - [29/Aug/2026:00:21:43 +0330] "GET /api/v3/product-show/amz-B0C1X2NWV9?amazon_region=usa-amazon%20UNION%20ALL%20SELECT%20%27mdabrceyngqminfzjdpjgfqonirrdror%27,NULL--%20ttq1hr HTTP/1.1" 200 4675 "-" "node"
216.73.216.41 - - [29/Aug/2026:00:21:44 +0330] "GET /?u=76717374100 HTTP/2.0" 200 1883 "-" "Mozilla/5.0 AppleWebKit/537.36 (KHTML, like Gecko; compatible; ClaudeBot/1.0; +claudebot@anthropic.com)"
216.73.216.41 - - [29/Aug/2026:00:21:44 +0330] "GET /?u=71171474700 HTTP/2.0" 200 1883 "-" "Mozilla/5.0 AppleWebKit/537.36 (KHTML, like Gecko; compatible; ClaudeBot/1.0; +claudebot@anthropic.com)"
127.0.0.1 - - [29/Aug/2026:00:21:44 +0330] "GET /api/v1/categories-amazon HTTP/1.1" 200 34230 "-" "node"
86.204.214.181 - - [29/Aug/2026:00:21:44 +0330] "GET /product/amz-B0C1X2NWV9/mens-cnc-machinist-dad-like-a-regular-dad-but-cooler-t-shirt?amazon-region=usa-amazon%20UNION%20ALL%20SELECT%20%27mdabrceyngqminfzjdpjgfqonirrdror%27%2CNULL--%20ttq1hr HTTP/2.0" 200 104603 "-" "Mozilla/5.0 (Windows NT 10.0; Win64; x64) AppleWebKit/537.36 (KHTML, like Gecko) Chrome/120.0.0.0 Safari/537.36"
216.73.216.41 - - [29/Aug/2026:00:21:44 +0330] "GET /?u=16464100100 HTTP/2.0" 200 1883 "-" "Mozilla/5.0 AppleWebKit/537.36 (KHTML, like Gecko; compatible; ClaudeBot/1.0; +claudebot@anthropic.com)"
216.73.216.41 - - [29/Aug/2026:00:21:44 +0330] "GET /?u=48380403602 HTTP/2.0" 200 1883 "-" "Mozilla/5.0 AppleWebKit/537.36 (KHTML, like Gecko; compatible; ClaudeBot/1.0; +claudebot@anthropic.com)"
216.73.216.41 - - [29/Aug/2026:00:21:44 +0330] "GET /?u=13188390902 HTTP/2.0" 200 1883 "-" "Mozilla/5.0 AppleWebKit/537.36 (KHTML, like Gecko; compatible; ClaudeBot/1.0; +claudebot@anthropic.com)"
216.73.216.41 - - [29/Aug/2026:00:21:45 +0330] "GET /?u=29730238908 HTTP/2.0" 200 1883 "-" "Mozilla/5.0 AppleWebKit/537.36 (KHTML, like Gecko; compatible; ClaudeBot/1.0; +claudebot@anthropic.com)"
216.73.216.41 - - [29/Aug/2026:00:21:45 +0330] "GET /?u=95235184002 HTTP/2.0" 200 1883 "-" "Mozilla/5.0 AppleWebKit/537.36 (KHTML, like Gecko; compatible; ClaudeBot/1.0; +claudebot@anthropic.com)"
216.73.216.41 - - [29/Aug/2026:00:21:45 +0330] "GET /?u=85385212600 HTTP/2.0" 200 1883 "-" "Mozilla/5.0 AppleWebKit/537.36 (KHTML, like Gecko; compatible; ClaudeBot/1.0; +claudebot@anthropic.com)"
216.73.216.41 - - [29/Aug/2026:00:21:45 +0330] "GET /?u=5979959702 HTTP/2.0" 200 1883 "-" "Mozilla/5.0 AppleWebKit/537.36 (KHTML, like Gecko; compatible; ClaudeBot/1.0; +claudebot@anthropic.com)"
216.73.216.41 - - [29/Aug/2026:00:21:45 +0330] "GET /?u=19685308701 HTTP/2.0" 200 1883 "-" "Mozilla/5.0 AppleWebKit/537.36 (KHTML, like Gecko; compatible; ClaudeBot/1.0; +claudebot@anthropic.com)"
216.73.216.41 - - [29/Aug/2026:00:21:46 +0330] "GET /?u=79890316801 HTTP/2.0" 200 1883 "-" "Mozilla/5.0 AppleWebKit/537.36 (KHTML, like Gecko; compatible; ClaudeBot/1.0; +claudebot@anthropic.com)"
127.0.0.1 - - [29/Aug/2026:00:21:46 +0330] "GET /api/v3/product-show/amz-B0C1X2NWV9?amazon_region=usa-amazon%27))%20AND%20EXTRACTVALUE(6607,CONCAT(0x7e,((SELECT%20(ELT(6607=6607,1)))),0x7e))--%20- HTTP/1.1" 301 169 "-" "node"
127.0.0.1 - - [29/Aug/2026:00:21:46 +0330] "GET /api/v3/product-show/amz-B0C1X2NWV9?amazon_region= HTTP/1.1" 301 169 "-" "node"
