5.217.254.57 - - [28/Aug/2026:00:37:23 +0330] "GET /_next/static/chunks/app/checkout/layout-d7cf06d0dc8d6df6.js HTTP/2.0" 200 39421 "https://charsooq.com/" "Mozilla/5.0 (Linux; Android 10; K) AppleWebKit/537.36 (KHTML, like Gecko) Chrome/151.0.0.0 Mobile Safari/537.36"
5.217.254.57 - - [28/Aug/2026:00:37:25 +0330] "GET /pwa-icon-180.png HTTP/2.0" 200 10221 "https://charsooq.com/" "Mozilla/5.0 (Linux; Android 10; K) AppleWebKit/537.36 (KHTML, like Gecko) Chrome/151.0.0.0 Mobile Safari/537.36"
5.217.254.57 - - [28/Aug/2026:00:37:25 +0330] "GET /favicon.ico HTTP/2.0" 200 3035 "https://charsooq.com/" "Mozilla/5.0 (Linux; Android 10; K) AppleWebKit/537.36 (KHTML, like Gecko) Chrome/151.0.0.0 Mobile Safari/537.36"
40.77.167.50 - - [28/Aug/2026:00:37:25 +0330] "GET /?u=10818199942300 HTTP/2.0" 200 33898 "-" "Mozilla/5.0 AppleWebKit/537.36 (KHTML, like Gecko; compatible; bingbot/2.0; +http://www.bing.com/bingbot.htm) Chrome/116.0.1938.76 Safari/537.36"
5.217.254.57 - - [28/Aug/2026:00:37:25 +0330] "GET /manifest.json HTTP/2.0" 200 334 "https://charsooq.com/" "Mozilla/5.0 (Linux; Android 10; K) AppleWebKit/537.36 (KHTML, like Gecko) Chrome/151.0.0.0 Mobile Safari/537.36"
5.217.254.57 - - [28/Aug/2026:00:37:26 +0330] "GET /pwa-icon-180.png HTTP/2.0" 304 0 "https://charsooq.com/" "Mozilla/5.0 (Linux; Android 10; K) AppleWebKit/537.36 (KHTML, like Gecko) Chrome/151.0.0.0 Mobile Safari/537.36"
5.217.254.57 - - [28/Aug/2026:00:37:27 +0330] "GET /_next/static/chunks/742.d5a1faa26c326e8c.js HTTP/2.0" 200 1772 "https://charsooq.com/" "Mozilla/5.0 (Linux; Android 10; K) AppleWebKit/537.36 (KHTML, like Gecko) Chrome/151.0.0.0 Mobile Safari/537.36"
5.217.254.57 - - [28/Aug/2026:00:37:27 +0330] "GET /_next/static/chunks/7258.439572b48d1487dc.js HTTP/2.0" 200 6073 "https://charsooq.com/" "Mozilla/5.0 (Linux; Android 10; K) AppleWebKit/537.36 (KHTML, like Gecko) Chrome/151.0.0.0 Mobile Safari/537.36"
5.217.254.57 - - [28/Aug/2026:00:37:27 +0330] "GET /_next/static/chunks/8838.a542ce80f4cf6e20.js HTTP/2.0" 200 1648 "https://charsooq.com/" "Mozilla/5.0 (Linux; Android 10; K) AppleWebKit/537.36 (KHTML, like Gecko) Chrome/151.0.0.0 Mobile Safari/537.36"
5.217.254.57 - - [28/Aug/2026:00:37:27 +0330] "GET /amazon/products?page=1&category=electronics&_rsc=19zvn HTTP/2.0" 200 1513 "https://charsooq.com/" "Mozilla/5.0 (Linux; Android 10; K) AppleWebKit/537.36 (KHTML, like Gecko) Chrome/151.0.0.0 Mobile Safari/537.36"
5.217.254.57 - - [28/Aug/2026:00:37:27 +0330] "GET /amazon/products?page=1&category=cell-phones-accessories&_rsc=19zvn HTTP/2.0" 200 1531 "https://charsooq.com/" "Mozilla/5.0 (Linux; Android 10; K) AppleWebKit/537.36 (KHTML, like Gecko) Chrome/151.0.0.0 Mobile Safari/537.36"
5.217.254.57 - - [28/Aug/2026:00:37:27 +0330] "GET /amazon/products?page=1&category=toys-games&_rsc=19zvn HTTP/2.0" 200 1514 "https://charsooq.com/" "Mozilla/5.0 (Linux; Android 10; K) AppleWebKit/537.36 (KHTML, like Gecko) Chrome/151.0.0.0 Mobile Safari/537.36"
5.217.254.57 - - [28/Aug/2026:00:37:27 +0330] "GET /amazon/products?page=1&category=beauty-personal-care&_rsc=19zvn HTTP/2.0" 200 1528 "https://charsooq.com/" "Mozilla/5.0 (Linux; Android 10; K) AppleWebKit/537.36 (KHTML, like Gecko) Chrome/151.0.0.0 Mobile Safari/537.36"
5.217.254.57 - - [28/Aug/2026:00:37:27 +0330] "GET /amazon/products?page=1&category=home-kitchen&_rsc=19zvn HTTP/2.0" 200 1518 "https://charsooq.com/" "Mozilla/5.0 (Linux; Android 10; K) AppleWebKit/537.36 (KHTML, like Gecko) Chrome/151.0.0.0 Mobile Safari/537.36"
5.217.254.57 - - [28/Aug/2026:00:37:27 +0330] "GET /amazon/products?page=1&category=automotive&_rsc=19zvn HTTP/2.0" 200 1514 "https://charsooq.com/" "Mozilla/5.0 (Linux; Android 10; K) AppleWebKit/537.36 (KHTML, like Gecko) Chrome/151.0.0.0 Mobile Safari/537.36"
5.217.254.57 - - [28/Aug/2026:00:37:27 +0330] "GET /amazon/products?page=1&category=books&_rsc=19zvn HTTP/2.0" 200 1508 "https://charsooq.com/" "Mozilla/5.0 (Linux; Android 10; K) AppleWebKit/537.36 (KHTML, like Gecko) Chrome/151.0.0.0 Mobile Safari/537.36"
127.0.0.1 - - [28/Aug/2026:00:37:27 +0330] "GET /api/v1/show-products-offers/NORDKISA HTTP/1.1" 301 169 "-" "node"
5.217.254.57 - - [28/Aug/2026:00:37:27 +0330] "GET /amazon/products?page=1&category=sports-outdoors&_rsc=19zvn HTTP/2.0" 200 1520 "https://charsooq.com/" "Mozilla/5.0 (Linux; Android 10; K) AppleWebKit/537.36 (KHTML, like Gecko) Chrome/151.0.0.0 Mobile Safari/537.36"
127.0.0.1 - - [28/Aug/2026:00:37:27 +0330] "GET /api/v1/show-products-offers/NORDKISA HTTP/1.1" 200 1533 "-" "node"
5.217.254.57 - - [28/Aug/2026:00:37:27 +0330] "GET /products/NORDKISA/%DA%A9%D9%85%D8%AF-%D9%84%D8%A8%D8%A7%D8%B3%DB%8C-%D8%A7%DB%8C%DA%A9%DB%8C%D8%A7-%D9%85%D8%AF%D9%84-nordkisa?_rsc=19zvn HTTP/2.0" 200 2191 "https://charsooq.com/" "Mozilla/5.0 (Linux; Android 10; K) AppleWebKit/537.36 (KHTML, like Gecko) Chrome/151.0.0.0 Mobile Safari/537.36"
5.217.254.57 - - [28/Aug/2026:00:37:27 +0330] "GET /_next/image?url=https%3A%2F%2Fpanel.charsooq.com%2Fstorage%2F01K86AE67CD768YVCX06C4MFGY.jpg&w=640&q=75 HTTP/2.0" 200 40654 "https://charsooq.com/" "Mozilla/5.0 (Linux; Android 10; K) AppleWebKit/537.36 (KHTML, like Gecko) Chrome/151.0.0.0 Mobile Safari/537.36"
127.0.0.1 - - [28/Aug/2026:00:37:27 +0330] "GET /storage/01K86AE67CD768YVCX06C4MFGY.jpg HTTP/1.1" 200 102485 "-" "node"
5.217.254.57 - - [28/Aug/2026:00:37:30 +0330] "GET /amazon/products?page=1&category=cell-phones-accessories-cases-holsters-sleeves&_rsc=19zvn HTTP/2.0" 200 1561 "https://charsooq.com/" "Mozilla/5.0 (Linux; Android 10; K) AppleWebKit/537.36 (KHTML, like Gecko) Chrome/151.0.0.0 Mobile Safari/537.36"
127.0.0.1 - - [28/Aug/2026:00:37:30 +0330] "GET /api/v1/show-products-offers/OriginalCryBabySurpriseDoll HTTP/1.1" 301 169 "-" "node"
157.55.39.48 - - [28/Aug/2026:00:37:30 +0330] "GET /?u=0907721756506 HTTP/2.0" 200 32462 "-" "Mozilla/5.0 AppleWebKit/537.36 (KHTML, like Gecko; compatible; bingbot/2.0; +http://www.bing.com/bingbot.htm) Chrome/116.0.1938.76 Safari/537.36"
127.0.0.1 - - [28/Aug/2026:00:37:30 +0330] "GET /api/v1/show-products-offers/OriginalCryBabySurpriseDoll HTTP/1.1" 200 1768 "-" "node"
5.217.254.57 - - [28/Aug/2026:00:37:31 +0330] "GET /products/OriginalCryBabySurpriseDoll/%D8%B9%D8%B1%D9%88%D8%B3%DA%A9-%D8%B3%D9%88%D9%BE%D8%B1%D8%A7%DB%8C%D8%B2-%DA%A9%D8%B1%D8%A7%DB%8C-%D8%A8%DB%8C%D8%A8%DB%8C-%D8%A7%D9%88%D8%B1%D8%AC%DB%8C%D9%86%D8%A7%D9%84?_rsc=19zvn HTTP/2.0" 200 2276 "https://charsooq.com/" "Mozilla/5.0 (Linux; Android 10; K) AppleWebKit/537.36 (KHTML, like Gecko) Chrome/151.0.0.0 Mobile Safari/537.36"
5.217.254.57 - - [28/Aug/2026:00:37:31 +0330] "GET /_next/image?url=https%3A%2F%2Fpanel.charsooq.com%2Fstorage%2F01K860JJCR4291H7T8S2ABV9ZA.jpg&w=640&q=75 HTTP/2.0" 200 30022 "https://charsooq.com/" "Mozilla/5.0 (Linux; Android 10; K) AppleWebKit/537.36 (KHTML, like Gecko) Chrome/151.0.0.0 Mobile Safari/537.36"
127.0.0.1 - - [28/Aug/2026:00:37:31 +0330] "GET /storage/01K860JJCR4291H7T8S2ABV9ZA.jpg HTTP/1.1" 200 278614 "-" "node"
5.217.254.57 - - [28/Aug/2026:00:37:32 +0330] "GET /amazon/products?page=1&category=electronics-computers-accessories&_rsc=19zvn HTTP/2.0" 200 1542 "https://charsooq.com/" "Mozilla/5.0 (Linux; Android 10; K) AppleWebKit/537.36 (KHTML, like Gecko) Chrome/151.0.0.0 Mobile Safari/537.36"
5.217.254.57 - - [28/Aug/2026:00:37:32 +0330] "GET /amazon/products?page=1&category=electronics-camera-photo&_rsc=19zvn HTTP/2.0" 200 1532 "https://charsooq.com/" "Mozilla/5.0 (Linux; Android 10; K) AppleWebKit/537.36 (KHTML, like Gecko) Chrome/151.0.0.0 Mobile Safari/537.36"
5.217.254.57 - - [28/Aug/2026:00:37:32 +0330] "GET /amazon/products?page=1&category=electronics-headphones-earbuds-accessories&_rsc=19zvn HTTP/2.0" 200 1555 "https://charsooq.com/" "Mozilla/5.0 (Linux; Android 10; K) AppleWebKit/537.36 (KHTML, like Gecko) Chrome/151.0.0.0 Mobile Safari/537.36"
5.217.254.57 - - [28/Aug/2026:00:37:32 +0330] "GET /amazon/products?page=1&category=electronics-wearable-technology&_rsc=19zvn HTTP/2.0" 200 1542 "https://charsooq.com/" "Mozilla/5.0 (Linux; Android 10; K) AppleWebKit/537.36 (KHTML, like Gecko) Chrome/151.0.0.0 Mobile Safari/537.36"
5.217.254.57 - - [28/Aug/2026:00:37:32 +0330] "GET /amazon/products?page=1&category=electronics-video-projectors&_rsc=19zvn HTTP/2.0" 200 1537 "https://charsooq.com/" "Mozilla/5.0 (Linux; Android 10; K) AppleWebKit/537.36 (KHTML, like Gecko) Chrome/151.0.0.0 Mobile Safari/537.36"
5.217.254.57 - - [28/Aug/2026:00:37:32 +0330] "GET /amazon/products?page=1&category=electronics-ebook-readers-accessories&_rsc=19zvn HTTP/2.0" 200 1549 "https://charsooq.com/" "Mozilla/5.0 (Linux; Android 10; K) AppleWebKit/537.36 (KHTML, like Gecko) Chrome/151.0.0.0 Mobile Safari/537.36"
157.55.39.48 - - [28/Aug/2026:00:37:32 +0330] "GET /?u=00721179613105 HTTP/2.0" 200 33587 "-" "Mozilla/5.0 AppleWebKit/537.36 (KHTML, like Gecko; compatible; bingbot/2.0; +http://www.bing.com/bingbot.htm) Chrome/116.0.1938.76 Safari/537.36"
127.0.0.1 - - [28/Aug/2026:00:37:34 +0330] "GET /api/v1/show-products-offers/Babycamera HTTP/1.1" 301 169 "-" "node"
127.0.0.1 - - [28/Aug/2026:00:37:34 +0330] "GET /api/v1/show-products-offers/Babycamera HTTP/1.1" 200 1444 "-" "node"
5.217.254.57 - - [28/Aug/2026:00:37:34 +0330] "GET /products/Babycamera/%D8%AF%D9%88%D8%B1%D8%A8%DB%8C%D9%86-%D8%B9%DA%A9%D8%A7%D8%B3%DB%8C-%DA%A9%D9%88%D8%AF%DA%A9?_rsc=19zvn HTTP/2.0" 200 2168 "https://charsooq.com/" "Mozilla/5.0 (Linux; Android 10; K) AppleWebKit/537.36 (KHTML, like Gecko) Chrome/151.0.0.0 Mobile Safari/537.36"
127.0.0.1 - - [28/Aug/2026:00:37:35 +0330] "GET /storage/01K8605BVQ82WBMSTTG6G68DC1.webp HTTP/1.1" 200 12048 "-" "node"
5.217.254.57 - - [28/Aug/2026:00:37:35 +0330] "GET /_next/image?url=https%3A%2F%2Fpanel.charsooq.com%2Fstorage%2F01K8605BVQ82WBMSTTG6G68DC1.webp&w=640&q=75 HTTP/2.0" 200 12790 "https://charsooq.com/" "Mozilla/5.0 (Linux; Android 10; K) AppleWebKit/537.36 (KHTML, like Gecko) Chrome/151.0.0.0 Mobile Safari/537.36"
127.0.0.1 - - [28/Aug/2026:00:37:35 +0330] "GET /api/v1/categories-amazon HTTP/1.1" 200 34230 "-" "node"
172.16.20.25 - - [28/Aug/2026:00:37:35 +0330] "GET / HTTP/1.1" 200 338478 "-" "Mozilla/5.0 (compatible; PRTG Network Monitor (www.paessler.com); Windows)"
5.217.254.57 - - [28/Aug/2026:00:37:35 +0330] "GET /amazon/products?page=1&category=musical-instruments&_rsc=19zvn HTTP/2.0" 200 1524 "https://charsooq.com/" "Mozilla/5.0 (Linux; Android 10; K) AppleWebKit/537.36 (KHTML, like Gecko) Chrome/151.0.0.0 Mobile Safari/537.36"
5.217.254.57 - - [28/Aug/2026:00:37:35 +0330] "GET /amazon/products?page=1&category=video-games&_rsc=19zvn HTTP/2.0" 200 1515 "https://charsooq.com/" "Mozilla/5.0 (Linux; Android 10; K) AppleWebKit/537.36 (KHTML, like Gecko) Chrome/151.0.0.0 Mobile Safari/537.36"
5.217.254.57 - - [28/Aug/2026:00:37:35 +0330] "GET /amazon/products?page=1&category=office-products&_rsc=19zvn HTTP/2.0" 200 1514 "https://charsooq.com/" "Mozilla/5.0 (Linux; Android 10; K) AppleWebKit/537.36 (KHTML, like Gecko) Chrome/151.0.0.0 Mobile Safari/537.36"
5.217.254.57 - - [28/Aug/2026:00:37:36 +0330] "GET /industrial-parts?_rsc=19zvn HTTP/2.0" 200 2465 "https://charsooq.com/" "Mozilla/5.0 (Linux; Android 10; K) AppleWebKit/537.36 (KHTML, like Gecko) Chrome/151.0.0.0 Mobile Safari/537.36"
5.217.254.57 - - [28/Aug/2026:00:37:36 +0330] "GET /_next/static/chunks/app/industrial-parts/layout-d84cebb79cd2565b.js HTTP/2.0" 200 4312 "https://charsooq.com/" "Mozilla/5.0 (Linux; Android 10; K) AppleWebKit/537.36 (KHTML, like Gecko) Chrome/151.0.0.0 Mobile Safari/537.36"
66.249.77.99 - - [28/Aug/2026:00:37:36 +0330] "GET /?u=5141940352609 HTTP/1.1" 200 32439 "-" "Mozilla/5.0 (Linux; Android 6.0.1; Nexus 5X Build/MMB29P) AppleWebKit/537.36 (KHTML, like Gecko) Chrome/151.0.7922.173 Mobile Safari/537.36 (compatible; Googlebot/2.1; +http://www.google.com/bot.html)"
5.217.254.57 - - [28/Aug/2026:00:37:36 +0330] "GET /help?_rsc=19zvn HTTP/2.0" 200 1528 "https://charsooq.com/" "Mozilla/5.0 (Linux; Android 10; K) AppleWebKit/537.36 (KHTML, like Gecko) Chrome/151.0.0.0 Mobile Safari/537.36"
5.217.254.57 - - [28/Aug/2026:00:37:36 +0330] "GET /_next/static/chunks/app/industrial-parts/not-found-adf53c19c55d783e.js HTTP/2.0" 200 284 "https://charsooq.com/" "Mozilla/5.0 (Linux; Android 10; K) AppleWebKit/537.36 (KHTML, like Gecko) Chrome/151.0.0.0 Mobile Safari/537.36"
5.217.254.57 - - [28/Aug/2026:00:37:36 +0330] "GET /_next/static/chunks/app/industrial-parts/error-22f6747704f6ca21.js HTTP/2.0" 200 673 "https://charsooq.com/" "Mozilla/5.0 (Linux; Android 10; K) AppleWebKit/537.36 (KHTML, like Gecko) Chrome/151.0.0.0 Mobile Safari/537.36"
5.217.254.57 - - [28/Aug/2026:00:37:36 +0330] "GET /_next/static/chunks/app/help/layout-bafecda7f594b8aa.js HTTP/2.0" 200 4169 "https://charsooq.com/" "Mozilla/5.0 (Linux; Android 10; K) AppleWebKit/537.36 (KHTML, like Gecko) Chrome/151.0.0.0 Mobile Safari/537.36"
5.217.254.57 - - [28/Aug/2026:00:37:36 +0330] "GET /articles?_rsc=19zvn HTTP/2.0" 200 1795 "https://charsooq.com/" "Mozilla/5.0 (Linux; Android 10; K) AppleWebKit/537.36 (KHTML, like Gecko) Chrome/151.0.0.0 Mobile Safari/537.36"
5.217.254.57 - - [28/Aug/2026:00:37:38 +0330] "GET /amazon/products?page=1&category=video-games-playstation-5&_rsc=19zvn HTTP/2.0" 200 1535 "https://charsooq.com/" "Mozilla/5.0 (Linux; Android 10; K) AppleWebKit/537.36 (KHTML, like Gecko) Chrome/151.0.0.0 Mobile Safari/537.36"
5.217.254.57 - - [28/Aug/2026:00:37:38 +0330] "GET /amazon/products?page=1&category=video-games-playstation-4&_rsc=19zvn HTTP/2.0" 200 1535 "https://charsooq.com/" "Mozilla/5.0 (Linux; Android 10; K) AppleWebKit/537.36 (KHTML, like Gecko) Chrome/151.0.0.0 Mobile Safari/537.36"
5.217.254.57 - - [28/Aug/2026:00:37:38 +0330] "GET /amazon/products?page=1&category=video-games-xbox-one&_rsc=19zvn HTTP/2.0" 200 1531 "https://charsooq.com/" "Mozilla/5.0 (Linux; Android 10; K) AppleWebKit/537.36 (KHTML, like Gecko) Chrome/151.0.0.0 Mobile Safari/537.36"
5.217.254.57 - - [28/Aug/2026:00:37:38 +0330] "GET /amazon/products?page=1&category=video-games-virtual-reality&_rsc=19zvn HTTP/2.0" 200 1538 "https://charsooq.com/" "Mozilla/5.0 (Linux; Android 10; K) AppleWebKit/537.36 (KHTML, like Gecko) Chrome/151.0.0.0 Mobile Safari/537.36"
5.217.254.57 - - [28/Aug/2026:00:37:38 +0330] "GET /amazon/products?page=1&category=video-games-mac&_rsc=19zvn HTTP/2.0" 200 1522 "https://charsooq.com/" "Mozilla/5.0 (Linux; Android 10; K) AppleWebKit/537.36 (KHTML, like Gecko) Chrome/151.0.0.0 Mobile Safari/537.36"
127.0.0.1 - - [28/Aug/2026:00:37:38 +0330] "GET /api/v1/show-products-offers/3DMagicPen HTTP/1.1" 301 169 "-" "node"
127.0.0.1 - - [28/Aug/2026:00:37:38 +0330] "GET /api/v1/show-products-offers/3DMagicPen HTTP/1.1" 200 1303 "-" "node"
5.217.254.57 - - [28/Aug/2026:00:37:38 +0330] "GET /products/3DMagicPen/%D9%82%D9%84%D9%85-%D8%AC%D8%A7%D8%AF%D9%88%DB%8C%DB%8C-%D8%B3%D9%87-%D8%A8%D8%B9%D8%AF%DB%8C?_rsc=19zvn HTTP/2.0" 200 2159 "https://charsooq.com/" "Mozilla/5.0 (Linux; Android 10; K) AppleWebKit/537.36 (KHTML, like Gecko) Chrome/151.0.0.0 Mobile Safari/537.36"
5.217.254.57 - - [28/Aug/2026:00:37:39 +0330] "GET /_next/image?url=https%3A%2F%2Fpanel.charsooq.com%2Fstorage%2F01K85ZWV0VHD9K1G8EP3NEVTBD.webp&w=640&q=75 HTTP/2.0" 200 15514 "https://charsooq.com/" "Mozilla/5.0 (Linux; Android 10; K) AppleWebKit/537.36 (KHTML, like Gecko) Chrome/151.0.0.0 Mobile Safari/537.36"
127.0.0.1 - - [28/Aug/2026:00:37:39 +0330] "GET /storage/01K85ZWV0VHD9K1G8EP3NEVTBD.webp HTTP/1.1" 200 50168 "-" "node"
127.0.0.1 - - [28/Aug/2026:00:37:39 +0330] "GET /api/v1/categories-product?store=amazon&category=video-games-playstation-5&count=24&page=1&minprice=0&maxprice=10000&ratings=&sortby= HTTP/1.1" 301 169 "-" "node"
5.217.254.57 - - [28/Aug/2026:00:37:39 +0330] "GET /calculator?_rsc=1tdvg HTTP/2.0" 200 1408 "https://charsooq.com/amazon/products?page=1&category=video-games-playstation-5" "Mozilla/5.0 (Linux; Android 10; K) AppleWebKit/537.36 (KHTML, like Gecko) Chrome/151.0.0.0 Mobile Safari/537.36"
5.217.254.57 - - [28/Aug/2026:00:37:39 +0330] "GET /faq?_rsc=1tdvg HTTP/2.0" 200 1359 "https://charsooq.com/amazon/products?page=1&category=video-games-playstation-5" "Mozilla/5.0 (Linux; Android 10; K) AppleWebKit/537.36 (KHTML, like Gecko) Chrome/151.0.0.0 Mobile Safari/537.36"
5.217.254.57 - - [28/Aug/2026:00:37:39 +0330] "GET /about-us?_rsc=1tdvg HTTP/2.0" 200 1364 "https://charsooq.com/amazon/products?page=1&category=video-games-playstation-5" "Mozilla/5.0 (Linux; Android 10; K) AppleWebKit/537.36 (KHTML, like Gecko) Chrome/151.0.0.0 Mobile Safari/537.36"
5.217.254.57 - - [28/Aug/2026:00:37:39 +0330] "GET /ghavanincharsooq?_rsc=1tdvg HTTP/2.0" 200 1371 "https://charsooq.com/amazon/products?page=1&category=video-games-playstation-5" "Mozilla/5.0 (Linux; Android 10; K) AppleWebKit/537.36 (KHTML, like Gecko) Chrome/151.0.0.0 Mobile Safari/537.36"
5.217.254.57 - - [28/Aug/2026:00:37:39 +0330] "GET /_next/image?url=%2Fassets%2Fimages%2Ficons%2Fenamad-icon.png&w=256&q=75 HTTP/2.0" 200 2578 "https://charsooq.com/" "Mozilla/5.0 (Linux; Android 10; K) AppleWebKit/537.36 (KHTML, like Gecko) Chrome/151.0.0.0 Mobile Safari/537.36"
5.217.254.57 - - [28/Aug/2026:00:37:39 +0330] "GET /manifest.json HTTP/2.0" 304 0 "https://charsooq.com/amazon/products?page=1&category=video-games-playstation-5" "Mozilla/5.0 (Linux; Android 10; K) AppleWebKit/537.36 (KHTML, like Gecko) Chrome/151.0.0.0 Mobile Safari/537.36"
5.217.254.57 - - [28/Aug/2026:00:37:39 +0330] "GET /pwa-icon-180.png HTTP/2.0" 304 0 "https://charsooq.com/amazon/products?page=1&category=video-games-playstation-5" "Mozilla/5.0 (Linux; Android 10; K) AppleWebKit/537.36 (KHTML, like Gecko) Chrome/151.0.0.0 Mobile Safari/537.36"
127.0.0.1 - - [28/Aug/2026:00:37:40 +0330] "GET /api/v1/categories-product?store=amazon&category=video-games-playstation-5&count=24&page=1&minprice=0&maxprice=10000&ratings=&sortby= HTTP/1.1" 200 14184 "-" "node"
5.217.254.57 - - [28/Aug/2026:00:37:40 +0330] "GET /amazon/products?page=1&category=video-games-playstation-5&_rsc=8ly0z HTTP/2.0" 200 17364 "https://charsooq.com/" "Mozilla/5.0 (Linux; Android 10; K) AppleWebKit/537.36 (KHTML, like Gecko) Chrome/151.0.0.0 Mobile Safari/537.36"
5.217.254.57 - - [28/Aug/2026:00:37:40 +0330] "GET /_next/static/chunks/7539-9d426d13d3df87a8.js HTTP/2.0" 200 8837 "https://charsooq.com/amazon/products?page=1&category=video-games-playstation-5" "Mozilla/5.0 (Linux; Android 10; K) AppleWebKit/537.36 (KHTML, like Gecko) Chrome/151.0.0.0 Mobile Safari/537.36"
5.217.254.57 - - [28/Aug/2026:00:37:40 +0330] "GET /_next/static/chunks/app/amazon/products/page-2f8d0aefd9263f1e.js HTTP/2.0" 200 8530 "https://charsooq.com/amazon/products?page=1&category=video-games-playstation-5" "Mozilla/5.0 (Linux; Android 10; K) AppleWebKit/537.36 (KHTML, like Gecko) Chrome/151.0.0.0 Mobile Safari/537.36"
40.77.167.42 - - [28/Aug/2026:00:37:41 +0330] "GET /?u=2723813578700 HTTP/2.0" 200 33290 "-" "Mozilla/5.0 AppleWebKit/537.36 (KHTML, like Gecko; compatible; bingbot/2.0; +http://www.bing.com/bingbot.htm) Chrome/116.0.1938.76 Safari/537.36"
127.0.0.1 - - [28/Aug/2026:00:37:41 +0330] "GET /api/v3/product-show/amz-B0CL61F39H?amazon_region= HTTP/1.1" 301 169 "-" "node"
127.0.0.1 - - [28/Aug/2026:00:37:41 +0330] "GET /api/v3/product-show/amz-B0CB18PJ6W?amazon_region= HTTP/1.1" 301 169 "-" "node"
127.0.0.1 - - [28/Aug/2026:00:37:41 +0330] "GET /api/v3/product-show/amz-B0CK9PPX24?amazon_region= HTTP/1.1" 301 169 "-" "node"
127.0.0.1 - - [28/Aug/2026:00:37:41 +0330] "GET /api/v3/product-show/amz-B0CL61F39H?amazon_region= HTTP/1.1" 200 11157 "-" "node"
5.217.254.57 - - [28/Aug/2026:00:37:41 +0330] "GET /product/amz-B0CL61F39H/playstation5-console-slim?_rsc=1tdvg HTTP/2.0" 200 3299 "https://charsooq.com/amazon/products?page=1&category=video-games-playstation-5" "Mozilla/5.0 (Linux; Android 10; K) AppleWebKit/537.36 (KHTML, like Gecko) Chrome/151.0.0.0 Mobile Safari/537.36"
127.0.0.1 - - [28/Aug/2026:00:37:41 +0330] "GET /api/v3/product-show/amz-B0CB18PJ6W?amazon_region= HTTP/1.1" 200 19771 "-" "node"
5.217.254.57 - - [28/Aug/2026:00:37:41 +0330] "GET /product/amz-B0CB18PJ6W/ps5-dualsense-edge-controller-battery-pack-3500mah-fast-charging-portable-wireless-charger-rechargeable-battery-pack-for-playstation5-dualsense-edge-controller-extra-battery-life-ps5-accessories?_rsc=1tdvg HTTP/2.0" 200 3628 "https://charsooq.com/amazon/products?page=1&category=video-games-playstation-5" "Mozilla/5.0 (Linux; Android 10; K) AppleWebKit/537.36 (KHTML, like Gecko) Chrome/151.0.0.0 Mobile Safari/537.36"
127.0.0.1 - - [28/Aug/2026:00:37:41 +0330] "GET /api/v3/product-show/amz-B0CK9PPX24?amazon_region= HTTP/1.1" 200 12384 "-" "node"
5.217.254.57 - - [28/Aug/2026:00:37:41 +0330] "GET /product/amz-B0CK9PPX24/playstation5-console-marvels-spider-man-2-bundle?_rsc=1tdvg HTTP/2.0" 200 3582 "https://charsooq.com/amazon/products?page=1&category=video-games-playstation-5" "Mozilla/5.0 (Linux; Android 10; K) AppleWebKit/537.36 (KHTML, like Gecko) Chrome/151.0.0.0 Mobile Safari/537.36"
40.77.167.42 - - [28/Aug/2026:00:37:42 +0330] "GET /?u=8078996424104 HTTP/2.0" 200 33750 "-" "Mozilla/5.0 AppleWebKit/537.36 (KHTML, like Gecko; compatible; bingbot/2.0; +http://www.bing.com/bingbot.htm) Chrome/116.0.1938.76 Safari/537.36"
40.77.167.42 - - [28/Aug/2026:00:37:44 +0330] "GET /?u=67041194119108 HTTP/2.0" 200 33284 "-" "Mozilla/5.0 AppleWebKit/537.36 (KHTML, like Gecko; compatible; bingbot/2.0; +http://www.bing.com/bingbot.htm) Chrome/116.0.1938.76 Safari/537.36"
40.77.167.42 - - [28/Aug/2026:00:37:45 +0330] "GET /?u=1981135563700 HTTP/2.0" 200 33669 "-" "Mozilla/5.0 AppleWebKit/537.36 (KHTML, like Gecko; compatible; bingbot/2.0; +http://www.bing.com/bingbot.htm) Chrome/116.0.1938.76 Safari/537.36"
127.0.0.1 - - [28/Aug/2026:00:37:46 +0330] "GET /api/v3/product-show/amz-B08FC6C75Y?amazon_region= HTTP/1.1" 301 169 "-" "node"
127.0.0.1 - - [28/Aug/2026:00:37:46 +0330] "GET /api/v3/product-show/amz-B08FC6C75Y?amazon_region= HTTP/1.1" 200 14776 "-" "node"
5.217.254.57 - - [28/Aug/2026:00:37:46 +0330] "GET /product/amz-B08FC6C75Y/playstation-dualsense-wireless-controller?_rsc=1tdvg HTTP/2.0" 200 2982 "https://charsooq.com/amazon/products?page=1&category=video-games-playstation-5" "Mozilla/5.0 (Linux; Android 10; K) AppleWebKit/537.36 (KHTML, like Gecko) Chrome/151.0.0.0 Mobile Safari/537.36"
127.0.0.1 - - [28/Aug/2026:00:37:47 +0330] "GET /api/v3/product-show/amz-B0CMFRW3XW?amazon_region= HTTP/1.1" 301 169 "-" "node"
127.0.0.1 - - [28/Aug/2026:00:37:47 +0330] "GET /api/v3/product-show/amz-B0CMFRW3XW?amazon_region= HTTP/1.1" 200 12891 "-" "node"
5.217.254.57 - - [28/Aug/2026:00:37:47 +0330] "GET /product/amz-B0CMFRW3XW/playstation-5-enhanced-storage-18tb-disc-version-console-ps5-disc-console-with-18tb-ultra-high-speed-pcie-gen-4-nvne-ssd-ds-controller-case-white-with-spider-man2-voucher?_rsc=1tdvg HTTP/2.0" 200 3874 "https://charsooq.com/amazon/products?page=1&category=video-games-playstation-5" "Mozilla/5.0 (Linux; Android 10; K) AppleWebKit/537.36 (KHTML, like Gecko) Chrome/151.0.0.0 Mobile Safari/537.36"
40.77.167.42 - - [28/Aug/2026:00:37:47 +0330] "GET /?u=86597145209700 HTTP/2.0" 200 35369 "-" "Mozilla/5.0 AppleWebKit/537.36 (KHTML, like Gecko; compatible; bingbot/2.0; +http://www.bing.com/bingbot.htm) Chrome/116.0.1938.76 Safari/537.36"
157.55.39.48 - - [28/Aug/2026:00:37:47 +0330] "GET /?u=18011286536301 HTTP/2.0" 200 33703 "-" "Mozilla/5.0 AppleWebKit/537.36 (KHTML, like Gecko; compatible; bingbot/2.0; +http://www.bing.com/bingbot.htm) Chrome/116.0.1938.76 Safari/537.36"
40.77.167.42 - - [28/Aug/2026:00:37:49 +0330] "GET /?u=77026279812400 HTTP/2.0" 200 34459 "-" "Mozilla/5.0 AppleWebKit/537.36 (KHTML, like Gecko; compatible; bingbot/2.0; +http://www.bing.com/bingbot.htm) Chrome/116.0.1938.76 Safari/537.36"
127.0.0.1 - - [28/Aug/2026:00:37:50 +0330] "GET /api/v3/product-show/amz-B0B4VLYVCB?amazon_region= HTTP/1.1" 301 169 "-" "node"
127.0.0.1 - - [28/Aug/2026:00:37:50 +0330] "GET /api/v3/product-show/amz-B0B4VLYVCB?amazon_region= HTTP/1.1" 200 12997 "-" "node"
5.217.254.57 - - [28/Aug/2026:00:37:50 +0330] "GET /product/amz-B0B4VLYVCB/ps5-plates-for-digital-edition-innoaura-ps5-faceplate-with-cooling-vents-anti-scratch-dustproof-protective-ps5-cover-plates-premium-abs-replacement-shell-for-ps5-digital-edition-black?_rsc=1tdvg HTTP/2.0" 200 3210 "https://charsooq.com/amazon/products?page=1&category=video-games-playstation-5" "Mozilla/5.0 (Linux; Android 10; K) AppleWebKit/537.36 (KHTML, like Gecko) Chrome/151.0.0.0 Mobile Safari/537.36"
127.0.0.1 - - [28/Aug/2026:00:37:50 +0330] "GET /api/v3/product-show/amz-B0BSYFB99D?amazon_region= HTTP/1.1" 301 169 "-" "node"
127.0.0.1 - - [28/Aug/2026:00:37:51 +0330] "GET /api/v3/product-show/amz-B0BSYFB99D?amazon_region= HTTP/1.1" 200 19226 "-" "node"
5.217.254.57 - - [28/Aug/2026:00:37:51 +0330] "GET /product/amz-B0BSYFB99D/playstation-dualsense-edge-wireless-controller?_rsc=1tdvg HTTP/2.0" 200 3640 "https://charsooq.com/amazon/products?page=1&category=video-games-playstation-5" "Mozilla/5.0 (Linux; Android 10; K) AppleWebKit/537.36 (KHTML, like Gecko) Chrome/151.0.0.0 Mobile Safari/537.36"
127.0.0.1 - - [28/Aug/2026:00:37:53 +0330] "GET /api/v3/product-show/amz-B0CKZGY5B6?amazon_region= HTTP/1.1" 301 169 "-" "node"
127.0.0.1 - - [28/Aug/2026:00:37:53 +0330] "GET /api/v3/product-show/amz-B0CKZGY5B6?amazon_region= HTTP/1.1" 200 12797 "-" "node"
5.217.254.57 - - [28/Aug/2026:00:37:53 +0330] "GET /product/amz-B0CKZGY5B6/playstation-5-console-marvels-spider-man-2-bundle-slim?_rsc=1tdvg HTTP/2.0" 200 3216 "https://charsooq.com/amazon/products?page=1&category=video-games-playstation-5" "Mozilla/5.0 (Linux; Android 10; K) AppleWebKit/537.36 (KHTML, like Gecko) Chrome/151.0.0.0 Mobile Safari/537.36"
127.0.0.1 - - [28/Aug/2026:00:37:53 +0330] "GET /api/v3/product-show/amz-B0C9WBM4J1?amazon_region= HTTP/1.1" 301 169 "-" "node"
127.0.0.1 - - [28/Aug/2026:00:37:54 +0330] "GET /api/v3/product-show/amz-B0C9WBM4J1?amazon_region= HTTP/1.1" 200 13043 "-" "node"
5.217.254.57 - - [28/Aug/2026:00:37:54 +0330] "GET /product/amz-B0C9WBM4J1/ea-sports-fc-24-playstation-5?_rsc=1tdvg HTTP/2.0" 200 3859 "https://charsooq.com/amazon/products?page=1&category=video-games-playstation-5" "Mozilla/5.0 (Linux; Android 10; K) AppleWebKit/537.36 (KHTML, like Gecko) Chrome/151.0.0.0 Mobile Safari/537.36"
127.0.0.1 - - [28/Aug/2026:00:38:08 +0330] "GET /api/v3/product-show/amz-B0C1W3PVWK?amazon_region=undefined HTTP/1.1" 301 169 "-" "node"
127.0.0.1 - - [28/Aug/2026:00:38:08 +0330] "GET /api/v3/product-show/amz-B0C1W3PVWK?amazon_region= HTTP/1.1" 301 169 "-" "node"
127.0.0.1 - - [28/Aug/2026:00:38:09 +0330] "GET /api/v3/product-show/amz-B0C1W3PVWK?amazon_region=undefined HTTP/1.1" 200 11047 "-" "node"
127.0.0.1 - - [28/Aug/2026:00:38:09 +0330] "GET /api/v3/product-show/amz-B0C1W3PVWK?amazon_region= HTTP/1.1" 200 11047 "-" "node"
127.0.0.1 - - [28/Aug/2026:00:38:09 +0330] "GET /api/v1/categories-amazon HTTP/1.1" 200 34199 "-" "node"
157.55.39.54 - - [28/Aug/2026:00:38:10 +0330] "GET /product/amz-B0C1W3PVWK/ASUS-15-Slim-Chrome-OS-Laptop-in-Black-Intel-Processor-up-to-2-4GHz-15-6in-Full-HD-NanoEdge-Display-with-180-Degree-Hinge-4GB-DDR4-64GB-Storage-WiFi-BT-CX15-Renewed HTTP/2.0" 200 109700 "-" "Mozilla/5.0 AppleWebKit/537.36 (KHTML, like Gecko; compatible; bingbot/2.0; +http://www.bing.com/bingbot.htm) Chrome/116.0.1938.76 Safari/537.36"
5.217.254.57 - - [28/Aug/2026:00:38:11 +0330] "GET /manifest.json HTTP/2.0" 304 0 "https://charsooq.com/" "Mozilla/5.0 (Linux; Android 10; K) AppleWebKit/537.36 (KHTML, like Gecko) Chrome/151.0.0.0 Mobile Safari/537.36"
5.217.254.57 - - [28/Aug/2026:00:38:11 +0330] "GET /pwa-icon-180.png HTTP/2.0" 304 0 "https://charsooq.com/" "Mozilla/5.0 (Linux; Android 10; K) AppleWebKit/537.36 (KHTML, like Gecko) Chrome/151.0.0.0 Mobile Safari/537.36"
5.217.254.57 - - [28/Aug/2026:00:38:11 +0330] "GET /16px.png HTTP/2.0" 200 9783 "https://charsooq.com/" "Mozilla/5.0 (Linux; Android 10; K) AppleWebKit/537.36 (KHTML, like Gecko) Chrome/151.0.0.0 Mobile Safari/537.36"
127.0.0.1 - - [28/Aug/2026:00:38:34 +0330] "GET /api/v2/sliders HTTP/1.1" 200 7479 "-" "node"
127.0.0.1 - - [28/Aug/2026:00:38:35 +0330] "GET /api/v1/categories-amazon HTTP/1.1" 200 34230 "-" "node"
127.0.0.1 - - [28/Aug/2026:00:38:36 +0330] "GET /api/v2/page-data HTTP/1.1" 200 36854 "-" "node"
172.16.20.25 - - [28/Aug/2026:00:38:36 +0330] "GET / HTTP/1.1" 200 338501 "-" "Mozilla/5.0 (compatible; PRTG Network Monitor (www.paessler.com); Windows)"
40.77.167.42 - - [28/Aug/2026:00:39:30 +0330] "GET /?u=80099257560601 HTTP/2.0" 200 34939 "-" "Mozilla/5.0 AppleWebKit/537.36 (KHTML, like Gecko; compatible; bingbot/2.0; +http://www.bing.com/bingbot.htm) Chrome/116.0.1938.76 Safari/537.36"
40.77.167.42 - - [28/Aug/2026:00:39:33 +0330] "GET /?u=85691277379206 HTTP/2.0" 200 32273 "-" "Mozilla/5.0 AppleWebKit/537.36 (KHTML, like Gecko; compatible; bingbot/2.0; +http://www.bing.com/bingbot.htm) Chrome/116.0.1938.76 Safari/537.36"
40.77.167.42 - - [28/Aug/2026:00:39:34 +0330] "GET /?u=70696102391600 HTTP/2.0" 200 33159 "-" "Mozilla/5.0 AppleWebKit/537.36 (KHTML, like Gecko; compatible; bingbot/2.0; +http://www.bing.com/bingbot.htm) Chrome/116.0.1938.76 Safari/537.36"
127.0.0.1 - - [28/Aug/2026:00:39:35 +0330] "GET /api/v1/categories-amazon HTTP/1.1" 200 34199 "-" "node"
172.16.20.25 - - [28/Aug/2026:00:39:35 +0330] "GET / HTTP/1.1" 200 338470 "-" "Mozilla/5.0 (compatible; PRTG Network Monitor (www.paessler.com); Windows)"
40.77.167.42 - - [28/Aug/2026:00:39:36 +0330] "GET /?u=60681136723300 HTTP/2.0" 200 32908 "-" "Mozilla/5.0 AppleWebKit/537.36 (KHTML, like Gecko; compatible; bingbot/2.0; +http://www.bing.com/bingbot.htm) Chrome/116.0.1938.76 Safari/537.36"
199.247.1.31 - - [28/Aug/2026:00:39:40 +0330] "GET / HTTP/1.1" 301 169 "-" "Mozilla/5.0 (Linux; U; Android 10; en-US; RMX1991 Build/QQ3A.200805.001) AppleWebKit/537.36 (KHTML, like Gecko) Version/4.0 Chrome/57.0.2987.108 UCBrowser/13.2.8.1301 Mobile Safari/537.36"
199.247.1.31 - - [28/Aug/2026:00:39:41 +0330] "GET / HTTP/2.0" 302 331 "-" "Mozilla/5.0 (Linux; U; Android 10; en-US; RMX1991 Build/QQ3A.200805.001) AppleWebKit/537.36 (KHTML, like Gecko) Version/4.0 Chrome/57.0.2987.108 UCBrowser/13.2.8.1301 Mobile Safari/537.36"
127.0.0.1 - - [28/Aug/2026:00:39:42 +0330] "GET /api/v2/sliders HTTP/1.1" 200 7479 "-" "node"
127.0.0.1 - - [28/Aug/2026:00:39:42 +0330] "GET /api/v1/categories-amazon HTTP/1.1" 200 34230 "-" "node"
199.247.1.31 - - [28/Aug/2026:00:39:43 +0330] "GET / HTTP/2.0" 200 106223 "https://185.215.124.174/" "Mozilla/5.0 (Linux; U; Android 10; en-US; RMX1991 Build/QQ3A.200805.001) AppleWebKit/537.36 (KHTML, like Gecko) Version/4.0 Chrome/57.0.2987.108 UCBrowser/13.2.8.1301 Mobile Safari/537.36"
207.46.13.83 - - [28/Aug/2026:00:39:43 +0330] "GET /?u=70263130411200 HTTP/2.0" 200 33299 "-" "Mozilla/5.0 AppleWebKit/537.36 (KHTML, like Gecko; compatible; bingbot/2.0; +http://www.bing.com/bingbot.htm) Chrome/116.0.1938.76 Safari/537.36"
127.0.0.1 - - [28/Aug/2026:00:39:43 +0330] "GET /api/v2/page-data HTTP/1.1" 200 36854 "-" "node"
40.77.167.50 - - [28/Aug/2026:00:39:46 +0330] "GET /?u=18201133793905 HTTP/2.0" 200 33247 "-" "Mozilla/5.0 AppleWebKit/537.36 (KHTML, like Gecko; compatible; bingbot/2.0; +http://www.bing.com/bingbot.htm) Chrome/116.0.1938.76 Safari/537.36"
40.77.167.50 - - [28/Aug/2026:00:39:47 +0330] "GET /?u=028626451502 HTTP/2.0" 200 33170 "-" "Mozilla/5.0 AppleWebKit/537.36 (KHTML, like Gecko; compatible; bingbot/2.0; +http://www.bing.com/bingbot.htm) Chrome/116.0.1938.76 Safari/537.36"
207.46.13.83 - - [28/Aug/2026:00:39:48 +0330] "GET /?u=0088934976804 HTTP/2.0" 200 33315 "-" "Mozilla/5.0 AppleWebKit/537.36 (KHTML, like Gecko; compatible; bingbot/2.0; +http://www.bing.com/bingbot.htm) Chrome/116.0.1938.76 Safari/537.36"
207.46.13.83 - - [28/Aug/2026:00:39:52 +0330] "GET /?u=38428284848600 HTTP/2.0" 200 34184 "-" "Mozilla/5.0 AppleWebKit/537.36 (KHTML, like Gecko; compatible; bingbot/2.0; +http://www.bing.com/bingbot.htm) Chrome/116.0.1938.76 Safari/537.36"
40.77.167.42 - - [28/Aug/2026:00:39:55 +0330] "GET /?u=17189210901 HTTP/2.0" 200 33904 "-" "Mozilla/5.0 AppleWebKit/537.36 (KHTML, like Gecko; compatible; bingbot/2.0; +http://www.bing.com/bingbot.htm) Chrome/116.0.1938.76 Safari/537.36"
207.46.13.83 - - [28/Aug/2026:00:39:57 +0330] "GET /?u=95878375203 HTTP/2.0" 200 32832 "-" "Mozilla/5.0 AppleWebKit/537.36 (KHTML, like Gecko; compatible; bingbot/2.0; +http://www.bing.com/bingbot.htm) Chrome/116.0.1938.76 Safari/537.36"
207.46.13.83 - - [28/Aug/2026:00:40:01 +0330] "GET /?u=8998175092700 HTTP/2.0" 200 33004 "-" "Mozilla/5.0 AppleWebKit/537.36 (KHTML, like Gecko; compatible; bingbot/2.0; +http://www.bing.com/bingbot.htm) Chrome/116.0.1938.76 Safari/537.36"
207.46.13.83 - - [28/Aug/2026:00:40:01 +0330] "GET /?u=8254221116804 HTTP/2.0" 200 32786 "-" "Mozilla/5.0 AppleWebKit/537.36 (KHTML, like Gecko; compatible; bingbot/2.0; +http://www.bing.com/bingbot.htm) Chrome/116.0.1938.76 Safari/537.36"
127.0.0.1 - - [28/Aug/2026:00:40:04 +0330] "GET /api/v3/product-show/amz-B07FWG24DM?amazon_region=undefined HTTP/1.1" 301 169 "-" "node"
127.0.0.1 - - [28/Aug/2026:00:40:04 +0330] "GET /api/v3/product-show/amz-B07FWG24DM?amazon_region= HTTP/1.1" 301 169 "-" "node"
127.0.0.1 - - [28/Aug/2026:00:40:05 +0330] "GET /api/v3/product-show/amz-B07FWG24DM?amazon_region= HTTP/1.1" 200 12431 "-" "node"
127.0.0.1 - - [28/Aug/2026:00:40:05 +0330] "GET /api/v3/product-show/amz-B07FWG24DM?amazon_region=undefined HTTP/1.1" 200 12417 "-" "node"
207.46.13.83 - - [28/Aug/2026:00:40:05 +0330] "GET /?u=3027013391603 HTTP/2.0" 200 34403 "-" "Mozilla/5.0 AppleWebKit/537.36 (KHTML, like Gecko; compatible; bingbot/2.0; +http://www.bing.com/bingbot.htm) Chrome/116.0.1938.76 Safari/537.36"
127.0.0.1 - - [28/Aug/2026:00:40:06 +0330] "GET /api/v1/categories-amazon HTTP/1.1" 200 34230 "-" "node"
40.77.167.2 - - [28/Aug/2026:00:40:06 +0330] "GET /product/amz-B07FWG24DM/torbal-atn110-entry-level-laboratory-class-balance-110g-x-0001g-1-mg-readability-ultra-compact-design-battery-operated-built-in-usb HTTP/2.0" 200 108437 "-" "Mozilla/5.0 AppleWebKit/537.36 (KHTML, like Gecko; compatible; bingbot/2.0; +http://www.bing.com/bingbot.htm) Chrome/116.0.1938.76 Safari/537.36"
207.46.13.83 - - [28/Aug/2026:00:40:09 +0330] "GET /?u=7164220685900 HTTP/2.0" 200 33609 "-" "Mozilla/5.0 AppleWebKit/537.36 (KHTML, like Gecko; compatible; bingbot/2.0; +http://www.bing.com/bingbot.htm) Chrome/116.0.1938.76 Safari/537.36"
66.249.77.97 - - [28/Aug/2026:00:40:12 +0330] "GET /storage/uploads/a1S72LoXsHWeLZN08LlvXEEToVP2wzWIwbWsyGQV.webp HTTP/1.1" 301 169 "-" "Googlebot-Image/1.0"
66.249.77.99 - - [28/Aug/2026:00:40:13 +0330] "GET /storage/uploads/a1S72LoXsHWeLZN08LlvXEEToVP2wzWIwbWsyGQV.webp HTTP/1.1" 200 21078 "-" "Googlebot-Image/1.0"
207.46.13.83 - - [28/Aug/2026:00:40:20 +0330] "GET /?u=18644128952711 HTTP/2.0" 200 32949 "-" "Mozilla/5.0 AppleWebKit/537.36 (KHTML, like Gecko; compatible; bingbot/2.0; +http://www.bing.com/bingbot.htm) Chrome/116.0.1938.76 Safari/537.36"
65.21.209.124 - - [28/Aug/2026:00:40:32 +0330] "HEAD /preference.html HTTP/1.1" 200 0 "-" "Mozilla/5.0 (Windows NT 10.0; Win64; x64) AppleWebKit/537.36 (KHTML, like Gecko) Chrome/137.0.0.0 Safari/537.36"
127.0.0.1 - - [28/Aug/2026:00:40:35 +0330] "GET /api/v1/categories-amazon HTTP/1.1" 200 34230 "-" "node"
172.16.20.25 - - [28/Aug/2026:00:40:35 +0330] "GET / HTTP/1.1" 200 338478 "-" "Mozilla/5.0 (compatible; PRTG Network Monitor (www.paessler.com); Windows)"
66.249.77.99 - - [28/Aug/2026:00:40:37 +0330] "GET /?u=0008844463206 HTTP/1.1" 200 31860 "-" "Mozilla/5.0 (Linux; Android 6.0.1; Nexus 5X Build/MMB29P) AppleWebKit/537.36 (KHTML, like Gecko) Chrome/151.0.7922.173 Mobile Safari/537.36 (compatible; Googlebot/2.1; +http://www.google.com/bot.html)"
83.122.237.196 - - [28/Aug/2026:00:41:05 +0330] "GET /_next/static/css/2c9caab41af7e337.css HTTP/2.0" 200 3175 "-" "Mozilla/5.0 (Linux; Android 10; K) AppleWebKit/537.36 (KHTML, like Gecko) Chrome/151.0.0.0 Mobile Safari/537.36"
83.122.237.196 - - [28/Aug/2026:00:41:05 +0330] "GET /_next/static/css/302d83c05ad27d8b.css HTTP/2.0" 200 369 "-" "Mozilla/5.0 (Linux; Android 10; K) AppleWebKit/537.36 (KHTML, like Gecko) Chrome/151.0.0.0 Mobile Safari/537.36"
83.122.237.196 - - [28/Aug/2026:00:41:05 +0330] "GET /_next/static/css/91447b978d7716af.css HTTP/2.0" 200 20418 "-" "Mozilla/5.0 (Linux; Android 10; K) AppleWebKit/537.36 (KHTML, like Gecko) Chrome/151.0.0.0 Mobile Safari/537.36"
83.122.237.196 - - [28/Aug/2026:00:41:05 +0330] "GET /_next/static/css/ae4ed9c503fd1e33.css HTTP/2.0" 200 1056 "-" "Mozilla/5.0 (Linux; Android 10; K) AppleWebKit/537.36 (KHTML, like Gecko) Chrome/151.0.0.0 Mobile Safari/537.36"
83.122.237.196 - - [28/Aug/2026:00:41:05 +0330] "GET /_next/static/css/1fd47d1e4f3a64a0.css HTTP/2.0" 200 5002 "-" "Mozilla/5.0 (Linux; Android 10; K) AppleWebKit/537.36 (KHTML, like Gecko) Chrome/151.0.0.0 Mobile Safari/537.36"
83.122.237.196 - - [28/Aug/2026:00:41:05 +0330] "GET /_next/static/chunks/polyfills-42372ed130431b0a.js HTTP/2.0" 200 39627 "-" "Mozilla/5.0 (Linux; Android 10; K) AppleWebKit/537.36 (KHTML, like Gecko) Chrome/151.0.0.0 Mobile Safari/537.36"
127.0.0.1 - - [28/Aug/2026:00:41:05 +0330] "GET /api/v2/sliders HTTP/1.1" 200 7479 "-" "node"
127.0.0.1 - - [28/Aug/2026:00:41:05 +0330] "GET /api/v1/article-page?region=foreign-shopping HTTP/1.1" 200 6429 "-" "node"
127.0.0.1 - - [28/Aug/2026:00:41:06 +0330] "GET /api/v1/categories-amazon HTTP/1.1" 200 34230 "-" "node"
83.122.237.196 - - [28/Aug/2026:00:41:06 +0330] "GET /foreign-shopping HTTP/2.0" 200 113196 "https://www.google.com/" "Mozilla/5.0 (Linux; Android 10; K) AppleWebKit/537.36 (KHTML, like Gecko) Chrome/151.0.0.0 Mobile Safari/537.36"
83.122.237.196 - - [28/Aug/2026:00:41:06 +0330] "GET /_next/image?url=%2Fassets%2Fimages%2Ficons%2Ftelegram-icon.png&w=128&q=75 HTTP/2.0" 200 5724 "https://charsooq.com/foreign-shopping" "Mozilla/5.0 (Linux; Android 10; K) AppleWebKit/537.36 (KHTML, like Gecko) Chrome/151.0.0.0 Mobile Safari/537.36"
83.122.237.196 - - [28/Aug/2026:00:41:06 +0330] "GET /_next/static/media/c7178acf770b8f1a-s.p.ttf HTTP/2.0" 200 35704 "https://charsooq.com/foreign-shopping" "Mozilla/5.0 (Linux; Android 10; K) AppleWebKit/537.36 (KHTML, like Gecko) Chrome/151.0.0.0 Mobile Safari/537.36"
83.122.237.196 - - [28/Aug/2026:00:41:06 +0330] "GET /_next/static/media/d36c74da9a95e091-s.p.ttf HTTP/2.0" 200 35196 "https://charsooq.com/foreign-shopping" "Mozilla/5.0 (Linux; Android 10; K) AppleWebKit/537.36 (KHTML, like Gecko) Chrome/151.0.0.0 Mobile Safari/537.36"
83.122.237.196 - - [28/Aug/2026:00:41:06 +0330] "GET /assets/images/icons/instagram1.png HTTP/2.0" 200 1556 "https://charsooq.com/foreign-shopping" "Mozilla/5.0 (Linux; Android 10; K) AppleWebKit/537.36 (KHTML, like Gecko) Chrome/151.0.0.0 Mobile Safari/537.36"
83.122.237.196 - - [28/Aug/2026:00:41:06 +0330] "GET /_next/static/chunks/main-app-9964935a240c0d39.js HTTP/2.0" 200 471 "https://charsooq.com/foreign-shopping" "Mozilla/5.0 (Linux; Android 10; K) AppleWebKit/537.36 (KHTML, like Gecko) Chrome/151.0.0.0 Mobile Safari/537.36"
83.122.237.196 - - [28/Aug/2026:00:41:06 +0330] "GET /_next/image?url=https%3A%2F%2Fpanel.charsooq.com%2Fstorage%2F01K86CG1QRVXB0PMTKY5EERBNB.jpg&w=640&q=75 HTTP/2.0" 200 5768 "https://charsooq.com/foreign-shopping" "Mozilla/5.0 (Linux; Android 10; K) AppleWebKit/537.36 (KHTML, like Gecko) Chrome/151.0.0.0 Mobile Safari/537.36"
83.122.237.196 - - [28/Aug/2026:00:41:06 +0330] "GET /assets/images/home/comment-vector-up.svg HTTP/2.0" 200 536 "https://charsooq.com/foreign-shopping" "Mozilla/5.0 (Linux; Android 10; K) AppleWebKit/537.36 (KHTML, like Gecko) Chrome/151.0.0.0 Mobile Safari/537.36"
83.122.237.196 - - [28/Aug/2026:00:41:06 +0330] "GET /assets/images/home/comment-vector-down.svg HTTP/2.0" 200 533 "https://charsooq.com/foreign-shopping" "Mozilla/5.0 (Linux; Android 10; K) AppleWebKit/537.36 (KHTML, like Gecko) Chrome/151.0.0.0 Mobile Safari/537.36"
83.122.237.196 - - [28/Aug/2026:00:41:06 +0330] "GET /_next/image?url=https%3A%2F%2Fpanel.charsooq.com%2Fstorage%2F01JCFP932H9Q64GVP49TFBKJK8.webp&w=640&q=75 HTTP/2.0" 200 16312 "https://charsooq.com/foreign-shopping" "Mozilla/5.0 (Linux; Android 10; K) AppleWebKit/537.36 (KHTML, like Gecko) Chrome/151.0.0.0 Mobile Safari/537.36"
83.122.237.196 - - [28/Aug/2026:00:41:06 +0330] "GET /_next/image?url=https%3A%2F%2Fpanel.charsooq.com%2Fstorage%2F01HY6BS8GDGCSW52KSBB7AXNKE.webp&w=640&q=75 HTTP/2.0" 200 24990 "https://charsooq.com/foreign-shopping" "Mozilla/5.0 (Linux; Android 10; K) AppleWebKit/537.36 (KHTML, like Gecko) Chrome/151.0.0.0 Mobile Safari/537.36"
83.122.237.196 - - [28/Aug/2026:00:41:06 +0330] "GET /_next/image?url=https%3A%2F%2Fpanel.charsooq.com%2Fstorage%2F01HRWH760X60682C0NV8KM236N.webp&w=640&q=75 HTTP/2.0" 200 37386 "https://charsooq.com/foreign-shopping" "Mozilla/5.0 (Linux; Android 10; K) AppleWebKit/537.36 (KHTML, like Gecko) Chrome/151.0.0.0 Mobile Safari/537.36"
83.122.237.196 - - [28/Aug/2026:00:41:06 +0330] "GET /_next/image?url=https%3A%2F%2Fpanel.charsooq.com%2Fstorage%2F01HJ90G045MK53PA3245KNQQ8X.webp&w=640&q=75 HTTP/2.0" 200 13276 "https://charsooq.com/foreign-shopping" "Mozilla/5.0 (Linux; Android 10; K) AppleWebKit/537.36 (KHTML, like Gecko) Chrome/151.0.0.0 Mobile Safari/537.36"
83.122.237.196 - - [28/Aug/2026:00:41:06 +0330] "GET /_next/static/chunks/webpack-f27042854bafc0d3.js HTTP/2.0" 200 2127 "https://charsooq.com/foreign-shopping" "Mozilla/5.0 (Linux; Android 10; K) AppleWebKit/537.36 (KHTML, like Gecko) Chrome/151.0.0.0 Mobile Safari/537.36"
127.0.0.1 - - [28/Aug/2026:00:41:06 +0330] "GET /storage/01K86CG1QRVXB0PMTKY5EERBNB.jpg HTTP/1.1" 200 25489 "-" "node"
83.122.237.196 - - [28/Aug/2026:00:41:06 +0330] "GET /_next/static/chunks/4438-ac5ce0d4a5fd9e15.js HTTP/2.0" 200 8260 "https://charsooq.com/foreign-shopping" "Mozilla/5.0 (Linux; Android 10; K) AppleWebKit/537.36 (KHTML, like Gecko) Chrome/151.0.0.0 Mobile Safari/537.36"
83.122.237.196 - - [28/Aug/2026:00:41:06 +0330] "GET /_next/static/chunks/6137-97a90ba21cd4a885.js HTTP/2.0" 200 6706 "https://charsooq.com/foreign-shopping" "Mozilla/5.0 (Linux; Android 10; K) AppleWebKit/537.36 (KHTML, like Gecko) Chrome/151.0.0.0 Mobile Safari/537.36"
83.122.237.196 - - [28/Aug/2026:00:41:06 +0330] "GET /_next/static/chunks/3462-b3fd13ed1d4f90e2.js HTTP/2.0" 200 1833 "https://charsooq.com/foreign-shopping" "Mozilla/5.0 (Linux; Android 10; K) AppleWebKit/537.36 (KHTML, like Gecko) Chrome/151.0.0.0 Mobile Safari/537.36"
83.122.237.196 - - [28/Aug/2026:00:41:06 +0330] "GET /_next/static/chunks/2117-828e02dc1643a950.js HTTP/2.0" 200 32001 "https://charsooq.com/foreign-shopping" "Mozilla/5.0 (Linux; Android 10; K) AppleWebKit/537.36 (KHTML, like Gecko) Chrome/151.0.0.0 Mobile Safari/537.36"
83.122.237.196 - - [28/Aug/2026:00:41:06 +0330] "GET /_next/static/chunks/2972-d7980624b2014943.js HTTP/2.0" 200 8732 "https://charsooq.com/foreign-shopping" "Mozilla/5.0 (Linux; Android 10; K) AppleWebKit/537.36 (KHTML, like Gecko) Chrome/151.0.0.0 Mobile Safari/537.36"
83.122.237.196 - - [28/Aug/2026:00:41:06 +0330] "GET /_next/static/chunks/1580-575957d688ae25ac.js HTTP/2.0" 200 12089 "https://charsooq.com/foreign-shopping" "Mozilla/5.0 (Linux; Android 10; K) AppleWebKit/537.36 (KHTML, like Gecko) Chrome/151.0.0.0 Mobile Safari/537.36"
127.0.0.1 - - [28/Aug/2026:00:41:06 +0330] "GET /storage/01JCFP932H9Q64GVP49TFBKJK8.webp HTTP/1.1" 200 86270 "-" "node"
127.0.0.1 - - [28/Aug/2026:00:41:06 +0330] "GET /storage/01HY6BS8GDGCSW52KSBB7AXNKE.webp HTTP/1.1" 200 200174 "-" "node"
83.122.237.196 - - [28/Aug/2026:00:41:06 +0330] "GET /_next/static/chunks/3013-a9939c72e4a38977.js HTTP/2.0" 200 6860 "https://charsooq.com/foreign-shopping" "Mozilla/5.0 (Linux; Android 10; K) AppleWebKit/537.36 (KHTML, like Gecko) Chrome/151.0.0.0 Mobile Safari/537.36"
127.0.0.1 - - [28/Aug/2026:00:41:06 +0330] "GET /storage/01HRWH760X60682C0NV8KM236N.webp HTTP/1.1" 200 121696 "-" "node"
127.0.0.1 - - [28/Aug/2026:00:41:06 +0330] "GET /storage/01HJ90G045MK53PA3245KNQQ8X.webp HTTP/1.1" 200 111382 "-" "node"
83.122.237.196 - - [28/Aug/2026:00:41:06 +0330] "GET /_next/static/chunks/5878-8c4517462d65e9a5.js HTTP/2.0" 200 5170 "https://charsooq.com/foreign-shopping" "Mozilla/5.0 (Linux; Android 10; K) AppleWebKit/537.36 (KHTML, like Gecko) Chrome/151.0.0.0 Mobile Safari/537.36"
83.122.237.196 - - [28/Aug/2026:00:41:06 +0330] "GET /_next/static/chunks/fd9d1056-9ff99acbd7fb9fe8.js HTTP/2.0" 200 53744 "https://charsooq.com/foreign-shopping" "Mozilla/5.0 (Linux; Android 10; K) AppleWebKit/537.36 (KHTML, like Gecko) Chrome/151.0.0.0 Mobile Safari/537.36"
83.122.237.196 - - [28/Aug/2026:00:41:06 +0330] "GET /_next/static/chunks/6818-72710ec856a66515.js HTTP/2.0" 200 2700 "https://charsooq.com/foreign-shopping" "Mozilla/5.0 (Linux; Android 10; K) AppleWebKit/537.36 (KHTML, like Gecko) Chrome/151.0.0.0 Mobile Safari/537.36"
83.122.237.196 - - [28/Aug/2026:00:41:06 +0330] "GET /assets/images/home/sell-buy.svg HTTP/2.0" 200 71219 "https://charsooq.com/foreign-shopping" "Mozilla/5.0 (Linux; Android 10; K) AppleWebKit/537.36 (KHTML, like Gecko) Chrome/151.0.0.0 Mobile Safari/537.36"
83.122.237.196 - - [28/Aug/2026:00:41:07 +0330] "GET /_next/static/chunks/5763-e3689baff1695fd1.js HTTP/2.0" 200 4387 "https://charsooq.com/foreign-shopping" "Mozilla/5.0 (Linux; Android 10; K) AppleWebKit/537.36 (KHTML, like Gecko) Chrome/151.0.0.0 Mobile Safari/537.36"
83.122.237.196 - - [28/Aug/2026:00:41:07 +0330] "GET /_next/static/chunks/9064-bc53da8ff6805f5a.js HTTP/2.0" 200 4703 "https://charsooq.com/foreign-shopping" "Mozilla/5.0 (Linux; Android 10; K) AppleWebKit/537.36 (KHTML, like Gecko) Chrome/151.0.0.0 Mobile Safari/537.36"
83.122.237.196 - - [28/Aug/2026:00:41:07 +0330] "GET /_next/static/chunks/1493-5bf6477734a442f1.js HTTP/2.0" 200 3468 "https://charsooq.com/foreign-shopping" "Mozilla/5.0 (Linux; Android 10; K) AppleWebKit/537.36 (KHTML, like Gecko) Chrome/151.0.0.0 Mobile Safari/537.36"
83.122.237.196 - - [28/Aug/2026:00:41:07 +0330] "GET /assets/images/icons/whatsapp.png HTTP/2.0" 200 763 "https://charsooq.com/foreign-shopping" "Mozilla/5.0 (Linux; Android 10; K) AppleWebKit/537.36 (KHTML, like Gecko) Chrome/151.0.0.0 Mobile Safari/537.36"
83.122.237.196 - - [28/Aug/2026:00:41:07 +0330] "GET /assets/images/icons/telegram.png HTTP/2.0" 200 1179 "https://charsooq.com/foreign-shopping" "Mozilla/5.0 (Linux; Android 10; K) AppleWebKit/537.36 (KHTML, like Gecko) Chrome/151.0.0.0 Mobile Safari/537.36"
83.122.237.196 - - [28/Aug/2026:00:41:07 +0330] "GET /assets/images/home/discount-background.webp HTTP/2.0" 200 59114 "https://charsooq.com/_next/static/css/2c9caab41af7e337.css" "Mozilla/5.0 (Linux; Android 10; K) AppleWebKit/537.36 (KHTML, like Gecko) Chrome/151.0.0.0 Mobile Safari/537.36"
83.122.237.196 - - [28/Aug/2026:00:41:07 +0330] "GET /_next/static/chunks/2034-b6ee9baf8082b7dc.js HTTP/2.0" 200 10926 "https://charsooq.com/foreign-shopping" "Mozilla/5.0 (Linux; Android 10; K) AppleWebKit/537.36 (KHTML, like Gecko) Chrome/151.0.0.0 Mobile Safari/537.36"
83.122.237.196 - - [28/Aug/2026:00:41:07 +0330] "GET /_next/static/chunks/5605-342a49848bbf0c11.js HTTP/2.0" 200 6777 "https://charsooq.com/foreign-shopping" "Mozilla/5.0 (Linux; Android 10; K) AppleWebKit/537.36 (KHTML, like Gecko) Chrome/151.0.0.0 Mobile Safari/537.36"
83.122.237.196 - - [28/Aug/2026:00:41:07 +0330] "GET /_next/static/chunks/1592-00644b699e0ed4d8.js HTTP/2.0" 200 7980 "https://charsooq.com/foreign-shopping" "Mozilla/5.0 (Linux; Android 10; K) AppleWebKit/537.36 (KHTML, like Gecko) Chrome/151.0.0.0 Mobile Safari/537.36"
83.122.237.196 - - [28/Aug/2026:00:41:07 +0330] "GET /_next/static/chunks/8003-81602ee8b36ef204.js HTTP/2.0" 200 2418 "https://charsooq.com/foreign-shopping" "Mozilla/5.0 (Linux; Android 10; K) AppleWebKit/537.36 (KHTML, like Gecko) Chrome/151.0.0.0 Mobile Safari/537.36"
83.122.237.196 - - [28/Aug/2026:00:41:07 +0330] "GET /_next/static/chunks/169-68dabecb1c163108.js HTTP/2.0" 200 6555 "https://charsooq.com/foreign-shopping" "Mozilla/5.0 (Linux; Android 10; K) AppleWebKit/537.36 (KHTML, like Gecko) Chrome/151.0.0.0 Mobile Safari/537.36"
83.122.237.196 - - [28/Aug/2026:00:41:07 +0330] "GET /_next/static/chunks/1122-321deaa23947d3c6.js HTTP/2.0" 200 8845 "https://charsooq.com/foreign-shopping" "Mozilla/5.0 (Linux; Android 10; K) AppleWebKit/537.36 (KHTML, like Gecko) Chrome/151.0.0.0 Mobile Safari/537.36"
83.122.237.196 - - [28/Aug/2026:00:41:07 +0330] "GET /_next/static/chunks/9227-c2a8061d3143118a.js HTTP/2.0" 200 2320 "https://charsooq.com/foreign-shopping" "Mozilla/5.0 (Linux; Android 10; K) AppleWebKit/537.36 (KHTML, like Gecko) Chrome/151.0.0.0 Mobile Safari/537.36"
83.122.237.196 - - [28/Aug/2026:00:41:07 +0330] "GET /_next/static/chunks/1188-8347881a51d7e866.js HTTP/2.0" 200 3364 "https://charsooq.com/foreign-shopping" "Mozilla/5.0 (Linux; Android 10; K) AppleWebKit/537.36 (KHTML, like Gecko) Chrome/151.0.0.0 Mobile Safari/537.36"
83.122.237.196 - - [28/Aug/2026:00:41:07 +0330] "GET /_next/static/chunks/7463-8c14f85f0b9a94fe.js HTTP/2.0" 200 3339 "https://charsooq.com/foreign-shopping" "Mozilla/5.0 (Linux; Android 10; K) AppleWebKit/537.36 (KHTML, like Gecko) Chrome/151.0.0.0 Mobile Safari/537.36"
83.122.237.196 - - [28/Aug/2026:00:41:07 +0330] "GET /_next/static/chunks/app/foreign-shopping/page-baa3ec6fbda2de19.js HTTP/2.0" 200 2164 "https://charsooq.com/foreign-shopping" "Mozilla/5.0 (Linux; Android 10; K) AppleWebKit/537.36 (KHTML, like Gecko) Chrome/151.0.0.0 Mobile Safari/537.36"
83.122.237.196 - - [28/Aug/2026:00:41:07 +0330] "GET /_next/static/chunks/19-2d446279b16f45e6.js HTTP/2.0" 200 6241 "https://charsooq.com/foreign-shopping" "Mozilla/5.0 (Linux; Android 10; K) AppleWebKit/537.36 (KHTML, like Gecko) Chrome/151.0.0.0 Mobile Safari/537.36"
