192.178.6.8 - - [28/Aug/2026:02:24:44 +0330] "POST /api/v3/other-amazon-url HTTP/1.1" 499 0 "https://charsooq.com/" "Mozilla/5.0 (Linux; Android 6.0.1; Nexus 5X Build/MMB29P) AppleWebKit/537.36 (KHTML, like Gecko) Chrome/151.0.7922.173 Mobile Safari/537.36 (compatible; Googlebot/2.1; +http://www.google.com/bot.html)"
66.249.77.101 - - [28/Aug/2026:02:25:05 +0330] "GET /?u=06951120311304 HTTP/1.1" 200 32966 "-" "Mozilla/5.0 (Linux; Android 6.0.1; Nexus 5X Build/MMB29P) AppleWebKit/537.36 (KHTML, like Gecko) Chrome/151.0.7922.173 Mobile Safari/537.36 (compatible; Googlebot/2.1; +http://www.google.com/bot.html)"
166.108.236.183 - - [28/Aug/2026:02:25:33 +0330] "HEAD /foreign-shopping HTTP/2.0" 308 0 "-" "Mozilla/5.0 (Windows NT 10.0; Win64; x64) AppleWebKit/537.36 (KHTML, like Gecko) Chrome/101.0.4951.64 Safari/537.36 Edg/101.0.1210.47"
166.108.236.183 - - [28/Aug/2026:02:25:33 +0330] "GET /foreign-shopping HTTP/2.0" 308 37 "-" "Mozilla/5.0 (Windows NT 10.0; Win64; x64) AppleWebKit/537.36 (KHTML, like Gecko) Chrome/101.0.4951.64 Safari/537.36 Edg/101.0.1210.47"
127.0.0.1 - - [28/Aug/2026:02:25:34 +0330] "GET /api/v2/sliders HTTP/1.1" 200 7479 "-" "node"
127.0.0.1 - - [28/Aug/2026:02:25:34 +0330] "GET /api/v1/categories-amazon HTTP/1.1" 200 34230 "-" "node"
127.0.0.1 - - [28/Aug/2026:02:25:36 +0330] "GET /api/v2/page-data HTTP/1.1" 200 36854 "-" "node"
172.16.20.25 - - [28/Aug/2026:02:25:36 +0330] "GET / HTTP/1.1" 200 338501 "-" "Mozilla/5.0 (compatible; PRTG Network Monitor (www.paessler.com); Windows)"
66.249.77.99 - - [28/Aug/2026:02:25:39 +0330] "GET /?u=258148644504 HTTP/1.1" 200 32945 "-" "Mozilla/5.0 (Linux; Android 6.0.1; Nexus 5X Build/MMB29P) AppleWebKit/537.36 (KHTML, like Gecko) Chrome/151.0.7922.173 Mobile Safari/537.36 (compatible; Googlebot/2.1; +http://www.google.com/bot.html)"
127.0.0.1 - - [28/Aug/2026:02:25:56 +0330] "GET /api/v1/show-products-offers/NOJIGikia HTTP/1.1" 301 169 "-" "node"
127.0.0.1 - - [28/Aug/2026:02:25:56 +0330] "GET /api/v1/show-products-offers/NOJIGikia HTTP/1.1" 200 3147 "-" "node"
66.249.77.99 - - [28/Aug/2026:02:25:56 +0330] "GET /?u=00386136790301 HTTP/1.1" 200 33490 "-" "Mozilla/5.0 (Linux; Android 6.0.1; Nexus 5X Build/MMB29P) AppleWebKit/537.36 (KHTML, like Gecko) Chrome/151.0.7922.173 Mobile Safari/537.36 (compatible; Googlebot/2.1; +http://www.google.com/bot.html)"
127.0.0.1 - - [28/Aug/2026:02:25:56 +0330] "GET /api/v1/categories-amazon HTTP/1.1" 200 34199 "-" "node"
43.228.166.126 - - [28/Aug/2026:02:25:57 +0330] "GET /products/NOJIGikia/%D9%86%D8%B8%D9%85-%D8%AF%D9%87%D9%86%D8%AF%D9%87-%DA%A9%D8%B4%D9%88-%D8%A7%DB%8C%DA%A9%DB%8C%D8%A7-%D9%85%D8%AF%D9%84-nojig HTTP/2.0" 200 100471 "https://charsooq.com" "Mozilla/5.0 (Windows NT 10.0; Win64; x64) AppleWebKit/537.36 (KHTML, like Gecko) Chrome/142.0.0.0 Safari/537.36"
66.249.77.99 - - [28/Aug/2026:02:25:58 +0330] "GET /?u=68959221900010 HTTP/1.1" 200 33540 "-" "Mozilla/5.0 (Linux; Android 6.0.1; Nexus 5X Build/MMB29P) AppleWebKit/537.36 (KHTML, like Gecko) Chrome/151.0.7922.173 Mobile Safari/537.36 (compatible; Googlebot/2.1; +http://www.google.com/bot.html)"
127.0.0.1 - - [28/Aug/2026:02:26:07 +0330] "GET /api/v3/product-show/amz-B0C9JLNRZY?amazon_region=undefined HTTP/1.1" 301 169 "-" "node"
127.0.0.1 - - [28/Aug/2026:02:26:07 +0330] "GET /api/v3/product-show/amz-B0C9JLNRZY?amazon_region= HTTP/1.1" 301 169 "-" "node"
127.0.0.1 - - [28/Aug/2026:02:26:07 +0330] "GET /api/v3/product-show/amz-B0C9JLNRZY?amazon_region=undefined HTTP/1.1" 200 19705 "-" "node"
127.0.0.1 - - [28/Aug/2026:02:26:07 +0330] "GET /api/v3/product-show/amz-B0C9JLNRZY?amazon_region= HTTP/1.1" 200 19705 "-" "node"
127.0.0.1 - - [28/Aug/2026:02:26:08 +0330] "GET /api/v1/categories-amazon HTTP/1.1" 200 34199 "-" "node"
193.24.126.153 - - [28/Aug/2026:02:26:08 +0330] "GET /product/amz-B0C9JLNRZY/ledger-nano-x-retro-gaming-secure-and-manage-your-crypto-nfts-on-the-go-with-our-bluetooth-enabled-hardware-wallet HTTP/2.0" 200 107728 "https://charsooq.com" "Mozilla/5.0 (Macintosh; Intel Mac OS X 10_15_7) AppleWebKit/537.36 (KHTML, like Gecko) Chrome/145.0.0.0 Safari/537.36"
66.249.77.99 - - [28/Aug/2026:02:26:21 +0330] "GET /?u=57729206694700 HTTP/1.1" 200 33956 "-" "Mozilla/5.0 (Linux; Android 6.0.1; Nexus 5X Build/MMB29P) AppleWebKit/537.36 (KHTML, like Gecko) Chrome/151.0.7922.173 Mobile Safari/537.36 (compatible; Googlebot/2.1; +http://www.google.com/bot.html)"
127.0.0.1 - - [28/Aug/2026:02:26:35 +0330] "GET /api/v1/categories-amazon HTTP/1.1" 200 34230 "-" "node"
172.16.20.25 - - [28/Aug/2026:02:26:35 +0330] "GET / HTTP/1.1" 200 338470 "-" "Mozilla/5.0 (compatible; PRTG Network Monitor (www.paessler.com); Windows)"
127.0.0.1 - - [28/Aug/2026:02:26:40 +0330] "GET /api/v3/product-show/amz-B07MXP46XQ?amazon_region=emirates-amazon HTTP/1.1" 301 169 "-" "node"
127.0.0.1 - - [28/Aug/2026:02:26:40 +0330] "GET /api/v3/product-show/amz-B07MXP46XQ?amazon_region= HTTP/1.1" 301 169 "-" "node"
127.0.0.1 - - [28/Aug/2026:02:26:40 +0330] "GET /api/v3/product-show/amz-B07MXP46XQ?amazon_region= HTTP/1.1" 200 35249 "-" "node"
127.0.0.1 - - [28/Aug/2026:02:26:40 +0330] "GET /api/v3/product-show/amz-B07MXP46XQ?amazon_region=emirates-amazon HTTP/1.1" 200 35218 "-" "node"
127.0.0.1 - - [28/Aug/2026:02:26:41 +0330] "GET /api/v1/categories-amazon HTTP/1.1" 200 34230 "-" "node"
191.111.247.148 - - [28/Aug/2026:02:26:41 +0330] "GET /product/amz-B07MXP46XQ/electric-foot-callus-machine-pumice-stone?amazon-region=emirates-amazon HTTP/2.0" 200 112228 "https://charsooq.com" "Mozilla/5.0 (Macintosh; Intel Mac OS X 10_15_7) AppleWebKit/537.36 (KHTML, like Gecko) Chrome/144.0.0.0 Safari/537.36"
66.249.77.100 - - [28/Aug/2026:02:26:48 +0330] "GET /?u=82174232507509 HTTP/1.1" 200 33354 "-" "Mozilla/5.0 (Linux; Android 6.0.1; Nexus 5X Build/MMB29P) AppleWebKit/537.36 (KHTML, like Gecko) Chrome/151.0.7922.173 Mobile Safari/537.36 (compatible; Googlebot/2.1; +http://www.google.com/bot.html)"
157.55.39.48 - - [28/Aug/2026:02:27:17 +0330] "GET /?u=07943167852000 HTTP/2.0" 200 33260 "-" "Mozilla/5.0 AppleWebKit/537.36 (KHTML, like Gecko; compatible; bingbot/2.0; +http://www.bing.com/bingbot.htm) Chrome/116.0.1938.76 Safari/537.36"
127.0.0.1 - - [28/Aug/2026:02:27:34 +0330] "GET /api/v2/sliders HTTP/1.1" 200 7479 "-" "node"
127.0.0.1 - - [28/Aug/2026:02:27:35 +0330] "GET /api/v1/categories-amazon HTTP/1.1" 200 34230 "-" "node"
127.0.0.1 - - [28/Aug/2026:02:27:36 +0330] "GET /api/v2/page-data HTTP/1.1" 200 36854 "-" "node"
172.16.20.25 - - [28/Aug/2026:02:27:36 +0330] "GET / HTTP/1.1" 200 338509 "-" "Mozilla/5.0 (compatible; PRTG Network Monitor (www.paessler.com); Windows)"
66.249.77.101 - - [28/Aug/2026:02:27:46 +0330] "GET /?u=000051456605 HTTP/1.1" 200 33542 "-" "Mozilla/5.0 (Linux; Android 6.0.1; Nexus 5X Build/MMB29P) AppleWebKit/537.36 (KHTML, like Gecko) Chrome/151.0.7922.173 Mobile Safari/537.36 (compatible; Googlebot/2.1; +http://www.google.com/bot.html)"
66.249.77.99 - - [28/Aug/2026:02:27:57 +0330] "GET /?u=81227120180301 HTTP/1.1" 200 33551 "-" "Mozilla/5.0 (Linux; Android 6.0.1; Nexus 5X Build/MMB29P) AppleWebKit/537.36 (KHTML, like Gecko) Chrome/151.0.7922.173 Mobile Safari/537.36 (compatible; Googlebot/2.1; +http://www.google.com/bot.html)"
66.249.77.100 - - [28/Aug/2026:02:28:05 +0330] "GET /?u=12080145866709 HTTP/1.1" 200 33242 "-" "Mozilla/5.0 (Linux; Android 6.0.1; Nexus 5X Build/MMB29P) AppleWebKit/537.36 (KHTML, like Gecko) Chrome/151.0.7922.173 Mobile Safari/537.36 (compatible; Googlebot/2.1; +http://www.google.com/bot.html)"
127.0.0.1 - - [28/Aug/2026:02:28:34 +0330] "GET /api/v1/categories-amazon HTTP/1.1" 200 34199 "-" "node"
172.16.20.25 - - [28/Aug/2026:02:28:35 +0330] "GET / HTTP/1.1" 200 338470 "-" "Mozilla/5.0 (compatible; PRTG Network Monitor (www.paessler.com); Windows)"
66.249.77.99 - - [28/Aug/2026:02:28:38 +0330] "GET /?u=26862178909301 HTTP/1.1" 200 33967 "-" "Mozilla/5.0 (Linux; Android 6.0.1; Nexus 5X Build/MMB29P) AppleWebKit/537.36 (KHTML, like Gecko) Chrome/151.0.7922.173 Mobile Safari/537.36 (compatible; Googlebot/2.1; +http://www.google.com/bot.html)"
66.249.77.99 - - [28/Aug/2026:02:28:51 +0330] "GET /?u=9938157450306 HTTP/1.1" 200 34062 "-" "Mozilla/5.0 (Linux; Android 6.0.1; Nexus 5X Build/MMB29P) AppleWebKit/537.36 (KHTML, like Gecko) Chrome/151.0.7922.173 Mobile Safari/537.36 (compatible; Googlebot/2.1; +http://www.google.com/bot.html)"
127.0.0.1 - - [28/Aug/2026:02:29:34 +0330] "GET /api/v2/sliders HTTP/1.1" 200 7479 "-" "node"
127.0.0.1 - - [28/Aug/2026:02:29:35 +0330] "GET /api/v1/categories-amazon HTTP/1.1" 200 34199 "-" "node"
127.0.0.1 - - [28/Aug/2026:02:29:36 +0330] "GET /api/v2/page-data HTTP/1.1" 200 36854 "-" "node"
172.16.20.25 - - [28/Aug/2026:02:29:36 +0330] "GET / HTTP/1.1" 200 338509 "-" "Mozilla/5.0 (compatible; PRTG Network Monitor (www.paessler.com); Windows)"
66.249.77.100 - - [28/Aug/2026:02:29:54 +0330] "GET /?u=31918120677703 HTTP/1.1" 200 33105 "-" "Mozilla/5.0 (Linux; Android 6.0.1; Nexus 5X Build/MMB29P) AppleWebKit/537.36 (KHTML, like Gecko) Chrome/151.0.7922.173 Mobile Safari/537.36 (compatible; Googlebot/2.1; +http://www.google.com/bot.html)"
207.46.13.83 - - [28/Aug/2026:02:30:07 +0330] "GET /shop/pg/1AvailableInfo/ HTTP/2.0" 200 31879 "-" "Mozilla/5.0 AppleWebKit/537.36 (KHTML, like Gecko; compatible; bingbot/2.0; +http://www.bing.com/bingbot.htm) Chrome/116.0.1938.76 Safari/537.36"
127.0.0.1 - - [28/Aug/2026:02:30:35 +0330] "GET /api/v1/categories-amazon HTTP/1.1" 200 34199 "-" "node"
172.16.20.25 - - [28/Aug/2026:02:30:35 +0330] "GET / HTTP/1.1" 200 338446 "-" "Mozilla/5.0 (compatible; PRTG Network Monitor (www.paessler.com); Windows)"
5.237.17.37 - - [28/Aug/2026:02:30:40 +0330] "GET /storage/RpAnOVfSySqK9GEvD8PPlKdMLWMIg5-metaMTMyMjQ0MDc4Mi5qcGVn-.jpg HTTP/2.0" 200 42874 "https://www.google.com/" "Mozilla/5.0 (Linux; Android 13; NTN-L22 Build/HONORNTN-L22CQ; wv) AppleWebKit/537.36 (KHTML, like Gecko) Version/4.0 Chrome/150.0.7871.183 Mobile Safari/537.36 GoogleApp/17.50.14.ve.arm64"
95.108.213.126 - - [28/Aug/2026:02:31:01 +0330] "GET /storage/uploads/xnKcsfamOpq1At35ZOfLjTjaEYzZE2Ou5tiNWgbL.webp HTTP/2.0" 200 35572 "-" "Mozilla/5.0 (compatible; YandexImages/3.0; +http://yandex.com/bots)"
66.249.77.101 - - [28/Aug/2026:02:31:26 +0330] "GET /?u=662307176500 HTTP/1.1" 200 34827 "-" "Mozilla/5.0 (Linux; Android 6.0.1; Nexus 5X Build/MMB29P) AppleWebKit/537.36 (KHTML, like Gecko) Chrome/151.0.7922.173 Mobile Safari/537.36 (compatible; Googlebot/2.1; +http://www.google.com/bot.html)"
66.249.69.229 - - [28/Aug/2026:02:31:32 +0330] "GET /articles/Buy-the-best-foreign-shampoo HTTP/1.1" 308 69 "-" "Mozilla/5.0 (Linux; Android 6.0.1; Nexus 5X Build/MMB29P) AppleWebKit/537.36 (KHTML, like Gecko) Chrome/151.0.7922.173 Mobile Safari/537.36 (compatible; Googlebot/2.1; +http://www.google.com/bot.html)"
127.0.0.1 - - [28/Aug/2026:02:31:33 +0330] "GET /api/v2/article-show/Buy-the-best-foreign-shampoo HTTP/1.1" 200 148795 "-" "node"
127.0.0.1 - - [28/Aug/2026:02:31:34 +0330] "GET /api/v2/sliders HTTP/1.1" 200 7479 "-" "node"
127.0.0.1 - - [28/Aug/2026:02:31:34 +0330] "GET /api/v1/categories-amazon HTTP/1.1" 200 34199 "-" "node"
192.178.7.105 - - [28/Aug/2026:02:31:34 +0330] "GET /articles/Buy-the-best-foreign-shampoo HTTP/1.1" 200 111980 "-" "Mozilla/5.0 (Linux; Android 6.0.1; Nexus 5X Build/MMB29P) AppleWebKit/537.36 (KHTML, like Gecko) Chrome/151.0.7922.173 Mobile Safari/537.36 (compatible; Googlebot/2.1; +http://www.google.com/bot.html)"
127.0.0.1 - - [28/Aug/2026:02:31:35 +0330] "GET /api/v1/categories-amazon HTTP/1.1" 200 34230 "-" "node"
127.0.0.1 - - [28/Aug/2026:02:31:36 +0330] "GET /api/v2/page-data HTTP/1.1" 200 36854 "-" "node"
172.16.20.25 - - [28/Aug/2026:02:31:36 +0330] "GET / HTTP/1.1" 200 338509 "-" "Mozilla/5.0 (compatible; PRTG Network Monitor (www.paessler.com); Windows)"
207.46.13.83 - - [28/Aug/2026:02:31:43 +0330] "GET /?u=66222289986700 HTTP/2.0" 200 33485 "-" "Mozilla/5.0 AppleWebKit/537.36 (KHTML, like Gecko; compatible; bingbot/2.0; +http://www.bing.com/bingbot.htm) Chrome/116.0.1938.76 Safari/537.36"
52.167.144.225 - - [28/Aug/2026:02:31:44 +0330] "GET /?u=20619234966803 HTTP/2.0" 200 33421 "-" "Mozilla/5.0 AppleWebKit/537.36 (KHTML, like Gecko; compatible; bingbot/2.0; +http://www.bing.com/bingbot.htm) Chrome/116.0.1938.76 Safari/537.36"
40.77.167.72 - - [28/Aug/2026:02:31:46 +0330] "GET /?u=87521135297705 HTTP/2.0" 200 34679 "-" "Mozilla/5.0 AppleWebKit/537.36 (KHTML, like Gecko; compatible; bingbot/2.0; +http://www.bing.com/bingbot.htm) Chrome/116.0.1938.76 Safari/537.36"
40.77.167.72 - - [28/Aug/2026:02:31:49 +0330] "GET /?u=00151232846900 HTTP/2.0" 200 33758 "-" "Mozilla/5.0 AppleWebKit/537.36 (KHTML, like Gecko; compatible; bingbot/2.0; +http://www.bing.com/bingbot.htm) Chrome/116.0.1938.76 Safari/537.36"
40.77.167.65 - - [28/Aug/2026:02:31:49 +0330] "GET /?u=1310169205501 HTTP/2.0" 200 34506 "-" "Mozilla/5.0 AppleWebKit/537.36 (KHTML, like Gecko; compatible; bingbot/2.0; +http://www.bing.com/bingbot.htm) Chrome/116.0.1938.76 Safari/537.36"
66.249.77.100 - - [28/Aug/2026:02:31:49 +0330] "GET /?u=7002754341006 HTTP/1.1" 200 33125 "-" "Mozilla/5.0 (Linux; Android 6.0.1; Nexus 5X Build/MMB29P) AppleWebKit/537.36 (KHTML, like Gecko) Chrome/151.0.7922.173 Mobile Safari/537.36 (compatible; Googlebot/2.1; +http://www.google.com/bot.html)"
127.0.0.1 - - [28/Aug/2026:02:31:50 +0330] "GET /api/v1/article-page?region=ebay HTTP/1.1" 200 8512 "-" "node"
127.0.0.1 - - [28/Aug/2026:02:31:51 +0330] "GET /api/v1/categories-amazon HTTP/1.1" 200 34230 "-" "node"
193.186.4.43 - - [28/Aug/2026:02:31:51 +0330] "GET /ebay HTTP/2.0" 200 123879 "https://www.google.com/" "Mozilla/5.0 (Linux; Android 10; K) AppleWebKit/537.36 (KHTML, like Gecko) Chrome/151.0.0.0 Mobile Safari/537.36"
40.77.167.65 - - [28/Aug/2026:02:31:51 +0330] "GET /?u=71824154678903 HTTP/2.0" 200 32283 "-" "Mozilla/5.0 AppleWebKit/537.36 (KHTML, like Gecko; compatible; bingbot/2.0; +http://www.bing.com/bingbot.htm) Chrome/116.0.1938.76 Safari/537.36"
40.77.167.65 - - [28/Aug/2026:02:31:53 +0330] "GET /?u=1683747276500 HTTP/2.0" 200 34161 "-" "Mozilla/5.0 AppleWebKit/537.36 (KHTML, like Gecko; compatible; bingbot/2.0; +http://www.bing.com/bingbot.htm) Chrome/116.0.1938.76 Safari/537.36"
207.46.13.83 - - [28/Aug/2026:02:31:54 +0330] "GET /?u=06180277967203 HTTP/2.0" 200 33693 "-" "Mozilla/5.0 AppleWebKit/537.36 (KHTML, like Gecko; compatible; bingbot/2.0; +http://www.bing.com/bingbot.htm) Chrome/116.0.1938.76 Safari/537.36"
40.77.167.65 - - [28/Aug/2026:02:31:56 +0330] "GET /?u=7296065798018 HTTP/2.0" 200 32974 "-" "Mozilla/5.0 AppleWebKit/537.36 (KHTML, like Gecko; compatible; bingbot/2.0; +http://www.bing.com/bingbot.htm) Chrome/116.0.1938.76 Safari/537.36"
66.249.77.100 - - [28/Aug/2026:02:32:07 +0330] "GET /?u=82404210719809 HTTP/1.1" 200 32747 "-" "Mozilla/5.0 (Linux; Android 6.0.1; Nexus 5X Build/MMB29P) AppleWebKit/537.36 (KHTML, like Gecko) Chrome/151.0.7922.173 Mobile Safari/537.36 (compatible; Googlebot/2.1; +http://www.google.com/bot.html)"
127.0.0.1 - - [28/Aug/2026:02:32:35 +0330] "GET /api/v1/categories-amazon HTTP/1.1" 200 34230 "-" "node"
172.16.20.25 - - [28/Aug/2026:02:32:35 +0330] "GET / HTTP/1.1" 200 338422 "-" "Mozilla/5.0 (compatible; PRTG Network Monitor (www.paessler.com); Windows)"
66.249.77.99 - - [28/Aug/2026:02:32:37 +0330] "GET /?u=85206128810302 HTTP/1.1" 200 33576 "-" "Mozilla/5.0 (Linux; Android 6.0.1; Nexus 5X Build/MMB29P) AppleWebKit/537.36 (KHTML, like Gecko) Chrome/151.0.7922.173 Mobile Safari/537.36 (compatible; Googlebot/2.1; +http://www.google.com/bot.html)"
190.92.204.58 - - [28/Aug/2026:02:32:43 +0330] "HEAD / HTTP/2.0" 308 0 "-" "Mozilla/5.0 (Macintosh; Intel Mac OS X 10_15_7) AppleWebKit/537.36 (KHTML, like Gecko) Chrome/131.0.0.0 Safari/537.36"
190.92.204.58 - - [28/Aug/2026:02:32:43 +0330] "GET / HTTP/2.0" 308 20 "-" "Mozilla/5.0 (Macintosh; Intel Mac OS X 10_15_7) AppleWebKit/537.36 (KHTML, like Gecko) Chrome/131.0.0.0 Safari/537.36"
127.0.0.1 - - [28/Aug/2026:02:33:31 +0330] "GET /api/v1/show-products-offers/3DMagicPen HTTP/1.1" 301 169 "-" "node"
152.55.176.13 - - [28/Aug/2026:02:33:31 +0330] "GET /?_rsc=1oa1z HTTP/2.0" 200 13563 "https://charsooq.com/china" "Mozilla/5.0 (Windows NT 10.0; Win64; x64) AppleWebKit/537.36 (KHTML, like Gecko) Chrome/152.0.0.0 Safari/537.36"
127.0.0.1 - - [28/Aug/2026:02:33:31 +0330] "GET /api/v1/show-products-offers/3DMagicPen HTTP/1.1" 200 1303 "-" "node"
152.55.176.13 - - [28/Aug/2026:02:33:31 +0330] "GET /products/3DMagicPen/%D9%82%D9%84%D9%85-%D8%AC%D8%A7%D8%AF%D9%88%DB%8C%DB%8C-%D8%B3%D9%87-%D8%A8%D8%B9%D8%AF%DB%8C?_rsc=1oa1z HTTP/2.0" 200 2159 "https://charsooq.com/china" "Mozilla/5.0 (Windows NT 10.0; Win64; x64) AppleWebKit/537.36 (KHTML, like Gecko) Chrome/152.0.0.0 Safari/537.36"
127.0.0.1 - - [28/Aug/2026:02:33:31 +0330] "GET /api/v2/sliders HTTP/1.1" 200 7479 "-" "node"
127.0.0.1 - - [28/Aug/2026:02:33:33 +0330] "GET /api/v2/page-data HTTP/1.1" 200 36854 "-" "node"
127.0.0.1 - - [28/Aug/2026:02:33:34 +0330] "GET /api/v1/categories-amazon HTTP/1.1" 200 34199 "-" "node"
172.16.20.25 - - [28/Aug/2026:02:33:34 +0330] "GET / HTTP/1.1" 200 338470 "-" "Mozilla/5.0 (compatible; PRTG Network Monitor (www.paessler.com); Windows)"
152.55.176.13 - - [28/Aug/2026:02:33:35 +0330] "GET /_next/image?url=%2Fassets%2Fimages%2Fhome%2Fcategory%2Fshoes.jpg&w=828&q=75 HTTP/2.0" 200 13250 "https://charsooq.com/china" "Mozilla/5.0 (Windows NT 10.0; Win64; x64) AppleWebKit/537.36 (KHTML, like Gecko) Chrome/152.0.0.0 Safari/537.36"
152.55.176.13 - - [28/Aug/2026:02:33:35 +0330] "GET /_next/image?url=%2Fassets%2Fimages%2Fhome%2Fcategory%2Fcosmetic.jpg&w=828&q=75 HTTP/2.0" 200 15462 "https://charsooq.com/china" "Mozilla/5.0 (Windows NT 10.0; Win64; x64) AppleWebKit/537.36 (KHTML, like Gecko) Chrome/152.0.0.0 Safari/537.36"
152.55.176.13 - - [28/Aug/2026:02:33:36 +0330] "GET /_next/image?url=%2Fassets%2Fimages%2Fhome%2Fhome-instagram2.webp&w=828&q=75 HTTP/2.0" 200 4836 "https://charsooq.com/china" "Mozilla/5.0 (Windows NT 10.0; Win64; x64) AppleWebKit/537.36 (KHTML, like Gecko) Chrome/152.0.0.0 Safari/537.36"
152.55.176.13 - - [28/Aug/2026:02:33:36 +0330] "GET /_next/image?url=%2Fassets%2Fimages%2Fhome%2Fhome-telegram2.webp&w=828&q=75 HTTP/2.0" 200 8658 "https://charsooq.com/china" "Mozilla/5.0 (Windows NT 10.0; Win64; x64) AppleWebKit/537.36 (KHTML, like Gecko) Chrome/152.0.0.0 Safari/537.36"
152.55.176.13 - - [28/Aug/2026:02:33:36 +0330] "GET /32px.png HTTP/2.0" 304 0 "https://charsooq.com/" "Mozilla/5.0 (Windows NT 10.0; Win64; x64) AppleWebKit/537.36 (KHTML, like Gecko) Chrome/152.0.0.0 Safari/537.36"
152.55.176.13 - - [28/Aug/2026:02:33:36 +0330] "GET /manifest.json HTTP/2.0" 304 0 "https://charsooq.com/" "Mozilla/5.0 (Windows NT 10.0; Win64; x64) AppleWebKit/537.36 (KHTML, like Gecko) Chrome/152.0.0.0 Safari/537.36"
152.55.176.13 - - [28/Aug/2026:02:33:36 +0330] "GET /assets/images/home/charsooq-sug.webp HTTP/2.0" 200 28832 "https://charsooq.com/_next/static/css/91447b978d7716af.css" "Mozilla/5.0 (Windows NT 10.0; Win64; x64) AppleWebKit/537.36 (KHTML, like Gecko) Chrome/152.0.0.0 Safari/537.36"
152.55.176.13 - - [28/Aug/2026:02:33:36 +0330] "GET /_next/image?url=https%3A%2F%2Fpanel.charsooq.com%2Fstorage%2F01KFXB7VBNM3NRS4TMST0J77BY.jpg&w=384&q=75 HTTP/2.0" 200 21950 "https://charsooq.com/" "Mozilla/5.0 (Windows NT 10.0; Win64; x64) AppleWebKit/537.36 (KHTML, like Gecko) Chrome/152.0.0.0 Safari/537.36"
127.0.0.1 - - [28/Aug/2026:02:33:36 +0330] "GET /storage/01KFXB7VBNM3NRS4TMST0J77BY.jpg HTTP/1.1" 200 245196 "-" "node"
127.0.0.1 - - [28/Aug/2026:02:33:37 +0330] "GET /storage/01KE1FP01NABFH9KQRP45ECBQ5.webp HTTP/1.1" 200 101104 "-" "node"
127.0.0.1 - - [28/Aug/2026:02:33:37 +0330] "GET /storage/01KD7W28R9M57F4MPBTPSH8CT1.webp HTTP/1.1" 200 114466 "-" "node"
152.55.176.13 - - [28/Aug/2026:02:33:37 +0330] "GET /_next/image?url=https%3A%2F%2Fpanel.charsooq.com%2Fstorage%2F01KD7W28R9M57F4MPBTPSH8CT1.webp&w=384&q=75 HTTP/2.0" 200 7618 "https://charsooq.com/" "Mozilla/5.0 (Windows NT 10.0; Win64; x64) AppleWebKit/537.36 (KHTML, like Gecko) Chrome/152.0.0.0 Safari/537.36"
152.55.176.13 - - [28/Aug/2026:02:33:37 +0330] "GET /_next/image?url=https%3A%2F%2Fpanel.charsooq.com%2Fstorage%2F01KCR92KVH2GAESBCCCE4TDAEF.webp&w=384&q=75 HTTP/2.0" 200 8654 "https://charsooq.com/" "Mozilla/5.0 (Windows NT 10.0; Win64; x64) AppleWebKit/537.36 (KHTML, like Gecko) Chrome/152.0.0.0 Safari/537.36"
152.55.176.13 - - [28/Aug/2026:02:33:37 +0330] "GET /_next/image?url=https%3A%2F%2Fpanel.charsooq.com%2Fstorage%2F01K3G78KBK02639K593VK9RFHM.jpg&w=640&q=75 HTTP/2.0" 200 7406 "https://charsooq.com/" "Mozilla/5.0 (Windows NT 10.0; Win64; x64) AppleWebKit/537.36 (KHTML, like Gecko) Chrome/152.0.0.0 Safari/537.36"
152.55.176.13 - - [28/Aug/2026:02:33:37 +0330] "GET /_next/image?url=https%3A%2F%2Fpanel.charsooq.com%2Fstorage%2F01K3G6XJMEKTWF2PNNZ84GEQG1.jpg&w=640&q=75 HTTP/2.0" 200 6872 "https://charsooq.com/" "Mozilla/5.0 (Windows NT 10.0; Win64; x64) AppleWebKit/537.36 (KHTML, like Gecko) Chrome/152.0.0.0 Safari/537.36"
152.55.176.13 - - [28/Aug/2026:02:33:37 +0330] "GET /_next/image?url=https%3A%2F%2Fpanel.charsooq.com%2Fstorage%2F01KE1FP01NABFH9KQRP45ECBQ5.webp&w=384&q=75 HTTP/2.0" 200 11758 "https://charsooq.com/" "Mozilla/5.0 (Windows NT 10.0; Win64; x64) AppleWebKit/537.36 (KHTML, like Gecko) Chrome/152.0.0.0 Safari/537.36"
127.0.0.1 - - [28/Aug/2026:02:33:37 +0330] "GET /storage/01KCR92KVH2GAESBCCCE4TDAEF.webp HTTP/1.1" 200 118204 "-" "node"
127.0.0.1 - - [28/Aug/2026:02:33:37 +0330] "GET /storage/01K3G78KBK02639K593VK9RFHM.jpg HTTP/1.1" 200 80312 "-" "node"
127.0.0.1 - - [28/Aug/2026:02:33:37 +0330] "GET /storage/01K3G6XJMEKTWF2PNNZ84GEQG1.jpg HTTP/1.1" 200 79260 "-" "node"
127.0.0.1 - - [28/Aug/2026:02:33:37 +0330] "GET /storage/01K3G6RKSR5MV2X4JVT9P6DWQJ.jpg HTTP/1.1" 200 79010 "-" "node"
152.55.176.13 - - [28/Aug/2026:02:33:37 +0330] "GET /_next/image?url=https%3A%2F%2Fpanel.charsooq.com%2Fstorage%2F01K3G6RKSR5MV2X4JVT9P6DWQJ.jpg&w=640&q=75 HTTP/2.0" 200 6748 "https://charsooq.com/" "Mozilla/5.0 (Windows NT 10.0; Win64; x64) AppleWebKit/537.36 (KHTML, like Gecko) Chrome/152.0.0.0 Safari/537.36"
152.55.176.13 - - [28/Aug/2026:02:33:37 +0330] "GET /16px.png HTTP/2.0" 304 0 "https://charsooq.com/" "Mozilla/5.0 (Windows NT 10.0; Win64; x64) AppleWebKit/537.36 (KHTML, like Gecko) Chrome/152.0.0.0 Safari/537.36"
127.0.0.1 - - [28/Aug/2026:02:33:37 +0330] "GET /storage/01K3G79AZZEVWC6WZRKBQWMB0V.jpg HTTP/1.1" 200 59062 "-" "node"
152.55.176.13 - - [28/Aug/2026:02:33:37 +0330] "GET /_next/image?url=https%3A%2F%2Fpanel.charsooq.com%2Fstorage%2F01K3G79AZZEVWC6WZRKBQWMB0V.jpg&w=640&q=75 HTTP/2.0" 200 3964 "https://charsooq.com/" "Mozilla/5.0 (Windows NT 10.0; Win64; x64) AppleWebKit/537.36 (KHTML, like Gecko) Chrome/152.0.0.0 Safari/537.36"
152.55.176.13 - - [28/Aug/2026:02:33:38 +0330] "GET /amazon/products?page=1&category=clothing-shoes-jewelry&_rsc=19zvn HTTP/2.0" 200 1533 "https://charsooq.com/" "Mozilla/5.0 (Windows NT 10.0; Win64; x64) AppleWebKit/537.36 (KHTML, like Gecko) Chrome/152.0.0.0 Safari/537.36"
152.55.176.13 - - [28/Aug/2026:02:33:47 +0330] "GET /ebay?_rsc=19zvn HTTP/2.0" 200 1456 "https://charsooq.com/" "Mozilla/5.0 (Windows NT 10.0; Win64; x64) AppleWebKit/537.36 (KHTML, like Gecko) Chrome/152.0.0.0 Safari/537.36"
152.55.176.13 - - [28/Aug/2026:02:33:48 +0330] "GET /turkey?_rsc=19zvn HTTP/2.0" 200 1430 "https://charsooq.com/" "Mozilla/5.0 (Windows NT 10.0; Win64; x64) AppleWebKit/537.36 (KHTML, like Gecko) Chrome/152.0.0.0 Safari/537.36"
152.55.176.13 - - [28/Aug/2026:02:33:48 +0330] "GET /emirates?_rsc=19zvn HTTP/2.0" 200 1457 "https://charsooq.com/" "Mozilla/5.0 (Windows NT 10.0; Win64; x64) AppleWebKit/537.36 (KHTML, like Gecko) Chrome/152.0.0.0 Safari/537.36"
152.55.176.13 - - [28/Aug/2026:02:33:48 +0330] "GET /china?_rsc=19zvn HTTP/2.0" 200 1440 "https://charsooq.com/" "Mozilla/5.0 (Windows NT 10.0; Win64; x64) AppleWebKit/537.36 (KHTML, like Gecko) Chrome/152.0.0.0 Safari/537.36"
152.55.176.13 - - [28/Aug/2026:02:33:48 +0330] "GET /foreign-shopping?_rsc=19zvn HTTP/2.0" 200 1473 "https://charsooq.com/" "Mozilla/5.0 (Windows NT 10.0; Win64; x64) AppleWebKit/537.36 (KHTML, like Gecko) Chrome/152.0.0.0 Safari/537.36"
152.55.176.13 - - [28/Aug/2026:02:33:51 +0330] "GET /articles/valentine-gift-for-him?_rsc=19zvn HTTP/2.0" 200 1787 "https://charsooq.com/" "Mozilla/5.0 (Windows NT 10.0; Win64; x64) AppleWebKit/537.36 (KHTML, like Gecko) Chrome/152.0.0.0 Safari/537.36"
152.55.176.13 - - [28/Aug/2026:02:33:51 +0330] "GET /articles/luxury-fathers-day-gift-dubai?_rsc=19zvn HTTP/2.0" 200 1883 "https://charsooq.com/" "Mozilla/5.0 (Windows NT 10.0; Win64; x64) AppleWebKit/537.36 (KHTML, like Gecko) Chrome/152.0.0.0 Safari/537.36"
152.55.176.13 - - [28/Aug/2026:02:33:51 +0330] "GET /articles/christmas-k-beauty-trends?_rsc=19zvn HTTP/2.0" 200 1883 "https://charsooq.com/" "Mozilla/5.0 (Windows NT 10.0; Win64; x64) AppleWebKit/537.36 (KHTML, like Gecko) Chrome/152.0.0.0 Safari/537.36"
152.55.176.13 - - [28/Aug/2026:02:33:51 +0330] "GET /articles/dyson-hair-dryer?_rsc=19zvn HTTP/2.0" 200 1825 "https://charsooq.com/" "Mozilla/5.0 (Windows NT 10.0; Win64; x64) AppleWebKit/537.36 (KHTML, like Gecko) Chrome/152.0.0.0 Safari/537.36"
127.0.0.1 - - [28/Aug/2026:02:33:51 +0330] "GET /api/v2/article-show/luxury-fathers-day-gift-dubai HTTP/1.1" 200 71324 "-" "node"
127.0.0.1 - - [28/Aug/2026:02:33:51 +0330] "GET /api/v2/article-show/valentine-gift-for-him HTTP/1.1" 200 44919 "-" "node"
127.0.0.1 - - [28/Aug/2026:02:33:51 +0330] "GET /api/v2/article-show/christmas-k-beauty-trends HTTP/1.1" 200 99420 "-" "node"
127.0.0.1 - - [28/Aug/2026:02:33:51 +0330] "GET /api/v2/article-show/dyson-hair-dryer HTTP/1.1" 200 223931 "-" "node"
207.46.13.83 - - [28/Aug/2026:02:34:11 +0330] "GET /?u=01274133200003 HTTP/2.0" 200 33434 "-" "Mozilla/5.0 AppleWebKit/537.36 (KHTML, like Gecko; compatible; bingbot/2.0; +http://www.bing.com/bingbot.htm) Chrome/116.0.1938.76 Safari/537.36"
207.46.13.83 - - [28/Aug/2026:02:34:15 +0330] "GET /?u=87385187697000 HTTP/2.0" 200 34160 "-" "Mozilla/5.0 AppleWebKit/537.36 (KHTML, like Gecko; compatible; bingbot/2.0; +http://www.bing.com/bingbot.htm) Chrome/116.0.1938.76 Safari/537.36"
40.77.167.65 - - [28/Aug/2026:02:34:16 +0330] "GET /?u=282761838202 HTTP/2.0" 200 33223 "-" "Mozilla/5.0 AppleWebKit/537.36 (KHTML, like Gecko; compatible; bingbot/2.0; +http://www.bing.com/bingbot.htm) Chrome/116.0.1938.76 Safari/537.36"
40.77.167.65 - - [28/Aug/2026:02:34:18 +0330] "GET /?u=019355892601 HTTP/2.0" 200 33178 "-" "Mozilla/5.0 AppleWebKit/537.36 (KHTML, like Gecko; compatible; bingbot/2.0; +http://www.bing.com/bingbot.htm) Chrome/116.0.1938.76 Safari/537.36"
66.249.69.230 - - [28/Aug/2026:02:34:19 +0330] "GET /articles/sephora HTTP/1.1" 308 48 "-" "Mozilla/5.0 (Linux; Android 6.0.1; Nexus 5X Build/MMB29P) AppleWebKit/537.36 (KHTML, like Gecko) Chrome/151.0.7922.173 Mobile Safari/537.36 (compatible; Googlebot/2.1; +http://www.google.com/bot.html)"
40.77.167.65 - - [28/Aug/2026:02:34:20 +0330] "GET /?u=02193235926200 HTTP/2.0" 200 33294 "-" "Mozilla/5.0 AppleWebKit/537.36 (KHTML, like Gecko; compatible; bingbot/2.0; +http://www.bing.com/bingbot.htm) Chrome/116.0.1938.76 Safari/537.36"
127.0.0.1 - - [28/Aug/2026:02:34:20 +0330] "GET /api/v2/article-show/sephora HTTP/1.1" 200 109412 "-" "node"
40.77.167.72 - - [28/Aug/2026:02:34:20 +0330] "GET /?u=4758068811601 HTTP/2.0" 200 33707 "-" "Mozilla/5.0 AppleWebKit/537.36 (KHTML, like Gecko; compatible; bingbot/2.0; +http://www.bing.com/bingbot.htm) Chrome/116.0.1938.76 Safari/537.36"
127.0.0.1 - - [28/Aug/2026:02:34:21 +0330] "GET /api/v1/categories-amazon HTTP/1.1" 200 34230 "-" "node"
192.178.7.105 - - [28/Aug/2026:02:34:21 +0330] "GET /articles/sephora HTTP/1.1" 200 103561 "-" "Mozilla/5.0 (Linux; Android 6.0.1; Nexus 5X Build/MMB29P) AppleWebKit/537.36 (KHTML, like Gecko) Chrome/151.0.7922.173 Mobile Safari/537.36 (compatible; Googlebot/2.1; +http://www.google.com/bot.html)"
40.77.167.65 - - [28/Aug/2026:02:34:21 +0330] "GET /?u=0902954101 HTTP/2.0" 200 33060 "-" "Mozilla/5.0 AppleWebKit/537.36 (KHTML, like Gecko; compatible; bingbot/2.0; +http://www.bing.com/bingbot.htm) Chrome/116.0.1938.76 Safari/537.36"
66.249.77.100 - - [28/Aug/2026:02:34:21 +0330] "GET /?u=251061311600 HTTP/1.1" 200 36241 "-" "Mozilla/5.0 (Linux; Android 6.0.1; Nexus 5X Build/MMB29P) AppleWebKit/537.36 (KHTML, like Gecko) Chrome/151.0.7922.173 Mobile Safari/537.36 (compatible; Googlebot/2.1; +http://www.google.com/bot.html)"
207.46.13.83 - - [28/Aug/2026:02:34:22 +0330] "GET /?u=2927835313800 HTTP/2.0" 200 35868 "-" "Mozilla/5.0 AppleWebKit/537.36 (KHTML, like Gecko; compatible; bingbot/2.0; +http://www.bing.com/bingbot.htm) Chrome/116.0.1938.76 Safari/537.36"
40.77.167.65 - - [28/Aug/2026:02:34:23 +0330] "GET /?u=4261270087903 HTTP/2.0" 200 33773 "-" "Mozilla/5.0 AppleWebKit/537.36 (KHTML, like Gecko; compatible; bingbot/2.0; +http://www.bing.com/bingbot.htm) Chrome/116.0.1938.76 Safari/537.36"
207.46.13.83 - - [28/Aug/2026:02:34:25 +0330] "GET /?u=99680224584400 HTTP/2.0" 200 33816 "-" "Mozilla/5.0 AppleWebKit/537.36 (KHTML, like Gecko; compatible; bingbot/2.0; +http://www.bing.com/bingbot.htm) Chrome/116.0.1938.76 Safari/537.36"
40.77.167.65 - - [28/Aug/2026:02:34:26 +0330] "GET /?u=15920100350902 HTTP/2.0" 200 33979 "-" "Mozilla/5.0 AppleWebKit/537.36 (KHTML, like Gecko; compatible; bingbot/2.0; +http://www.bing.com/bingbot.htm) Chrome/116.0.1938.76 Safari/537.36"
207.46.13.83 - - [28/Aug/2026:02:34:29 +0330] "GET /?u=58707120093100 HTTP/2.0" 200 33552 "-" "Mozilla/5.0 AppleWebKit/537.36 (KHTML, like Gecko; compatible; bingbot/2.0; +http://www.bing.com/bingbot.htm) Chrome/116.0.1938.76 Safari/537.36"
40.77.167.72 - - [28/Aug/2026:02:34:31 +0330] "GET /?u=99390222419801 HTTP/2.0" 200 34043 "-" "Mozilla/5.0 AppleWebKit/537.36 (KHTML, like Gecko; compatible; bingbot/2.0; +http://www.bing.com/bingbot.htm) Chrome/116.0.1938.76 Safari/537.36"
40.77.167.72 - - [28/Aug/2026:02:34:33 +0330] "GET /?u=38220290171202 HTTP/2.0" 200 34205 "-" "Mozilla/5.0 AppleWebKit/537.36 (KHTML, like Gecko; compatible; bingbot/2.0; +http://www.bing.com/bingbot.htm) Chrome/116.0.1938.76 Safari/537.36"
127.0.0.1 - - [28/Aug/2026:02:34:34 +0330] "GET /api/v2/sliders HTTP/1.1" 200 7479 "-" "node"
40.77.167.72 - - [28/Aug/2026:02:34:34 +0330] "GET /?u=89718212529801 HTTP/2.0" 200 33023 "-" "Mozilla/5.0 AppleWebKit/537.36 (KHTML, like Gecko; compatible; bingbot/2.0; +http://www.bing.com/bingbot.htm) Chrome/116.0.1938.76 Safari/537.36"
127.0.0.1 - - [28/Aug/2026:02:34:35 +0330] "GET /api/v1/categories-amazon HTTP/1.1" 200 34230 "-" "node"
40.77.167.72 - - [28/Aug/2026:02:34:36 +0330] "GET /?u=20290269449201 HTTP/2.0" 200 34250 "-" "Mozilla/5.0 AppleWebKit/537.36 (KHTML, like Gecko; compatible; bingbot/2.0; +http://www.bing.com/bingbot.htm) Chrome/116.0.1938.76 Safari/537.36"
127.0.0.1 - - [28/Aug/2026:02:34:36 +0330] "GET /api/v2/page-data HTTP/1.1" 200 36854 "-" "node"
172.16.20.25 - - [28/Aug/2026:02:34:36 +0330] "GET / HTTP/1.1" 200 338501 "-" "Mozilla/5.0 (compatible; PRTG Network Monitor (www.paessler.com); Windows)"
207.46.13.83 - - [28/Aug/2026:02:34:40 +0330] "GET /?u=04751257509003 HTTP/2.0" 200 34648 "-" "Mozilla/5.0 AppleWebKit/537.36 (KHTML, like Gecko; compatible; bingbot/2.0; +http://www.bing.com/bingbot.htm) Chrome/116.0.1938.76 Safari/537.36"
66.249.77.99 - - [28/Aug/2026:02:34:41 +0330] "GET /?u=90646233390705 HTTP/1.1" 200 33729 "-" "Mozilla/5.0 (Linux; Android 6.0.1; Nexus 5X Build/MMB29P) AppleWebKit/537.36 (KHTML, like Gecko) Chrome/151.0.7922.173 Mobile Safari/537.36 (compatible; Googlebot/2.1; +http://www.google.com/bot.html)"
127.0.0.1 - - [28/Aug/2026:02:35:35 +0330] "GET /api/v1/categories-amazon HTTP/1.1" 200 34199 "-" "node"
172.16.20.25 - - [28/Aug/2026:02:35:35 +0330] "GET / HTTP/1.1" 200 338470 "-" "Mozilla/5.0 (compatible; PRTG Network Monitor (www.paessler.com); Windows)"
66.249.77.100 - - [28/Aug/2026:02:35:47 +0330] "GET /?u=83008177267704 HTTP/1.1" 200 32840 "-" "Mozilla/5.0 (Linux; Android 6.0.1; Nexus 5X Build/MMB29P) AppleWebKit/537.36 (KHTML, like Gecko) Chrome/151.0.7922.173 Mobile Safari/537.36 (compatible; Googlebot/2.1; +http://www.google.com/bot.html)"
127.0.0.1 - - [28/Aug/2026:02:36:34 +0330] "GET /api/v2/sliders HTTP/1.1" 200 7479 "-" "node"
127.0.0.1 - - [28/Aug/2026:02:36:35 +0330] "GET /api/v1/categories-amazon HTTP/1.1" 200 34230 "-" "node"
127.0.0.1 - - [28/Aug/2026:02:36:35 +0330] "GET /api/v2/page-data HTTP/1.1" 200 36854 "-" "node"
172.16.20.25 - - [28/Aug/2026:02:36:36 +0330] "GET / HTTP/1.1" 200 338501 "-" "Mozilla/5.0 (compatible; PRTG Network Monitor (www.paessler.com); Windows)"
66.249.77.101 - - [28/Aug/2026:02:36:53 +0330] "GET /?u=88028172856003 HTTP/1.1" 200 33656 "-" "Mozilla/5.0 (Linux; Android 6.0.1; Nexus 5X Build/MMB29P) AppleWebKit/537.36 (KHTML, like Gecko) Chrome/151.0.7922.173 Mobile Safari/537.36 (compatible; Googlebot/2.1; +http://www.google.com/bot.html)"
66.249.69.229 - - [28/Aug/2026:02:36:59 +0330] "GET /robots.txt HTTP/1.1" 308 42 "-" "Mozilla/5.0 (compatible; Googlebot/2.1; +http://www.google.com/bot.html)"
127.0.0.1 - - [28/Aug/2026:02:36:59 +0330] "GET /api/v1/robot HTTP/1.1" 200 666 "-" "node"
192.178.7.96 - - [28/Aug/2026:02:36:59 +0330] "GET /robots.txt HTTP/1.1" 200 708 "-" "Mozilla/5.0 (compatible; Googlebot/2.1; +http://www.google.com/bot.html)"
40.77.167.65 - - [28/Aug/2026:02:37:07 +0330] "GET /?u=6454454377600 HTTP/2.0" 200 33555 "-" "Mozilla/5.0 AppleWebKit/537.36 (KHTML, like Gecko; compatible; bingbot/2.0; +http://www.bing.com/bingbot.htm) Chrome/116.0.1938.76 Safari/537.36"
40.77.167.65 - - [28/Aug/2026:02:37:09 +0330] "GET /?u=02071225658800 HTTP/2.0" 200 33307 "-" "Mozilla/5.0 AppleWebKit/537.36 (KHTML, like Gecko; compatible; bingbot/2.0; +http://www.bing.com/bingbot.htm) Chrome/116.0.1938.76 Safari/537.36"
40.77.167.72 - - [28/Aug/2026:02:37:11 +0330] "GET /?u=02740174226203 HTTP/2.0" 200 32989 "-" "Mozilla/5.0 AppleWebKit/537.36 (KHTML, like Gecko; compatible; bingbot/2.0; +http://www.bing.com/bingbot.htm) Chrome/116.0.1938.76 Safari/537.36"
40.77.167.65 - - [28/Aug/2026:02:37:11 +0330] "GET /?u=8870935829116 HTTP/2.0" 200 32574 "-" "Mozilla/5.0 AppleWebKit/537.36 (KHTML, like Gecko; compatible; bingbot/2.0; +http://www.bing.com/bingbot.htm) Chrome/116.0.1938.76 Safari/537.36"
207.46.13.83 - - [28/Aug/2026:02:37:11 +0330] "GET /?u=54728148173800 HTTP/2.0" 200 35872 "-" "Mozilla/5.0 AppleWebKit/537.36 (KHTML, like Gecko; compatible; bingbot/2.0; +http://www.bing.com/bingbot.htm) Chrome/116.0.1938.76 Safari/537.36"
207.46.13.83 - - [28/Aug/2026:02:37:13 +0330] "GET /?u=38478180204805 HTTP/2.0" 200 33072 "-" "Mozilla/5.0 AppleWebKit/537.36 (KHTML, like Gecko; compatible; bingbot/2.0; +http://www.bing.com/bingbot.htm) Chrome/116.0.1938.76 Safari/537.36"
207.46.13.83 - - [28/Aug/2026:02:37:15 +0330] "GET /?u=82896260166800 HTTP/2.0" 200 32819 "-" "Mozilla/5.0 AppleWebKit/537.36 (KHTML, like Gecko; compatible; bingbot/2.0; +http://www.bing.com/bingbot.htm) Chrome/116.0.1938.76 Safari/537.36"
207.46.13.83 - - [28/Aug/2026:02:37:20 +0330] "GET /?u=19875214896002 HTTP/2.0" 200 34317 "-" "Mozilla/5.0 AppleWebKit/537.36 (KHTML, like Gecko; compatible; bingbot/2.0; +http://www.bing.com/bingbot.htm) Chrome/116.0.1938.76 Safari/537.36"
207.46.13.83 - - [28/Aug/2026:02:37:23 +0330] "GET /?u=41701288682300 HTTP/2.0" 200 32541 "-" "Mozilla/5.0 AppleWebKit/537.36 (KHTML, like Gecko; compatible; bingbot/2.0; +http://www.bing.com/bingbot.htm) Chrome/116.0.1938.76 Safari/537.36"
40.77.167.65 - - [28/Aug/2026:02:37:25 +0330] "GET /?u=8783024375907 HTTP/2.0" 200 32557 "-" "Mozilla/5.0 AppleWebKit/537.36 (KHTML, like Gecko; compatible; bingbot/2.0; +http://www.bing.com/bingbot.htm) Chrome/116.0.1938.76 Safari/537.36"
40.77.167.72 - - [28/Aug/2026:02:37:25 +0330] "GET /?u=11924241533800 HTTP/2.0" 200 34756 "-" "Mozilla/5.0 AppleWebKit/537.36 (KHTML, like Gecko; compatible; bingbot/2.0; +http://www.bing.com/bingbot.htm) Chrome/116.0.1938.76 Safari/537.36"
40.77.167.72 - - [28/Aug/2026:02:37:27 +0330] "GET /?u=09070110358100 HTTP/2.0" 200 34469 "-" "Mozilla/5.0 AppleWebKit/537.36 (KHTML, like Gecko; compatible; bingbot/2.0; +http://www.bing.com/bingbot.htm) Chrome/116.0.1938.76 Safari/537.36"
127.0.0.1 - - [28/Aug/2026:02:37:35 +0330] "GET /api/v1/categories-amazon HTTP/1.1" 200 34199 "-" "node"
172.16.20.25 - - [28/Aug/2026:02:37:35 +0330] "GET / HTTP/1.1" 200 338470 "-" "Mozilla/5.0 (compatible; PRTG Network Monitor (www.paessler.com); Windows)"
40.77.167.65 - - [28/Aug/2026:02:37:36 +0330] "GET /?u=09782242895000 HTTP/2.0" 200 33101 "-" "Mozilla/5.0 AppleWebKit/537.36 (KHTML, like Gecko; compatible; bingbot/2.0; +http://www.bing.com/bingbot.htm) Chrome/116.0.1938.76 Safari/537.36"
127.0.0.1 - - [28/Aug/2026:02:37:46 +0330] "GET /api/v3/product-show/amz-B08MRDDQXD?amazon_region=undefined HTTP/1.1" 301 169 "-" "node"
127.0.0.1 - - [28/Aug/2026:02:37:46 +0330] "GET /api/v3/product-show/amz-B08MRDDQXD?amazon_region= HTTP/1.1" 301 169 "-" "node"
127.0.0.1 - - [28/Aug/2026:02:37:46 +0330] "GET /api/v3/product-show/amz-B08MRDDQXD?amazon_region=undefined HTTP/1.1" 200 10181 "-" "node"
127.0.0.1 - - [28/Aug/2026:02:37:46 +0330] "GET /api/v3/product-show/amz-B08MRDDQXD?amazon_region= HTTP/1.1" 200 10181 "-" "node"
127.0.0.1 - - [28/Aug/2026:02:37:47 +0330] "GET /api/v1/categories-amazon HTTP/1.1" 200 34230 "-" "node"
220.181.108.83 - - [28/Aug/2026:02:37:47 +0330] "GET /product/amz-B08MRDDQXD/Assassin-s-Creed-Valhalla-PS5 HTTP/2.0" 200 104010 "-" "Mozilla/5.0 (compatible; Baiduspider/2.0; +http://www.baidu.com/search/spider.html)"
116.179.37.79 - - [28/Aug/2026:02:37:51 +0330] "GET /_next/static/chunks/main-app-9964935a240c0d39.js HTTP/1.1" 200 471 "https://charsooq.com/product/amz-B08MRDDQXD/Assassin-s-Creed-Valhalla-PS5" "Mozilla/5.0 (compatible; Baiduspider-render/2.0; +http://www.baidu.com/search/spider.html)"
116.179.37.185 - - [28/Aug/2026:02:37:51 +0330] "GET /_next/static/chunks/5605-342a49848bbf0c11.js HTTP/1.1" 200 6801 "https://charsooq.com/product/amz-B08MRDDQXD/Assassin-s-Creed-Valhalla-PS5" "Mozilla/5.0 (compatible; Baiduspider-render/2.0; +http://www.baidu.com/search/spider.html)"
116.179.37.177 - - [28/Aug/2026:02:37:55 +0330] "POST /api/v3/other-amazon-url HTTP/1.1" 200 236 "https://charsooq.com/" "Mozilla/5.0 (compatible; Baiduspider-render/2.0; +http://www.baidu.com/search/spider.html)"
127.0.0.1 - - [28/Aug/2026:02:38:28 +0330] "GET /api/v1/show-products-offers/Georgelitterbox HTTP/1.1" 301 169 "-" "node"
127.0.0.1 - - [28/Aug/2026:02:38:28 +0330] "GET /api/v1/show-products-offers/Georgelitterbox HTTP/1.1" 200 4676 "-" "node"
127.0.0.1 - - [28/Aug/2026:02:38:29 +0330] "GET /api/v1/categories-amazon HTTP/1.1" 200 34230 "-" "node"
190.162.254.39 - - [28/Aug/2026:02:38:29 +0330] "GET /products/Georgelitterbox/%D8%B8%D8%B1%D9%81-%D8%AE%D8%A7%DA%A9-%DA%AF%D8%B1%D8%A8%D9%87-%D8%AC%D9%88%D8%B1%D8%AC-%D9%84%D8%A8%D9%87-%D8%AF%D8%A7%D8%B1-%D8%A8%D9%87-%D9%87%D9%85%D8%B1%D8%A7%D9%87-%D8%A8%DB%8C%D9%84%DA%86%D9%87 HTTP/2.0" 200 101064 "https://charsooq.com" "Mozilla/5.0 (Windows NT 10.0; Win64; x64) AppleWebKit/537.36 (KHTML, like Gecko) Chrome/145.0.0.0 Safari/537.36 Edg/145.0.0.0"
66.249.77.101 - - [28/Aug/2026:02:38:30 +0330] "GET /?u=24878288428900 HTTP/1.1" 200 36407 "-" "Mozilla/5.0 (Linux; Android 6.0.1; Nexus 5X Build/MMB29P) AppleWebKit/537.36 (KHTML, like Gecko) Chrome/151.0.7922.173 Mobile Safari/537.36 (compatible; Googlebot/2.1; +http://www.google.com/bot.html)"
66.249.77.100 - - [28/Aug/2026:02:38:30 +0330] "GET /?u=51917240672103 HTTP/1.1" 200 32545 "-" "Mozilla/5.0 (Linux; Android 6.0.1; Nexus 5X Build/MMB29P) AppleWebKit/537.36 (KHTML, like Gecko) Chrome/152.0.7977.64 Mobile Safari/537.36 (compatible; Googlebot/2.1; +http://www.google.com/bot.html)"
66.249.77.100 - - [28/Aug/2026:02:38:33 +0330] "GET /?u=03238200363204 HTTP/1.1" 200 32714 "-" "Mozilla/5.0 (Linux; Android 6.0.1; Nexus 5X Build/MMB29P) AppleWebKit/537.36 (KHTML, like Gecko) Chrome/151.0.7922.173 Mobile Safari/537.36 (compatible; Googlebot/2.1; +http://www.google.com/bot.html)"
127.0.0.1 - - [28/Aug/2026:02:38:34 +0330] "GET /api/v2/sliders HTTP/1.1" 200 7479 "-" "node"
127.0.0.1 - - [28/Aug/2026:02:38:34 +0330] "GET /api/v1/categories-amazon HTTP/1.1" 200 34199 "-" "node"
127.0.0.1 - - [28/Aug/2026:02:38:35 +0330] "GET /api/v2/page-data HTTP/1.1" 200 36854 "-" "node"
172.16.20.25 - - [28/Aug/2026:02:38:35 +0330] "GET / HTTP/1.1" 200 338462 "-" "Mozilla/5.0 (compatible; PRTG Network Monitor (www.paessler.com); Windows)"
40.77.167.219 - - [28/Aug/2026:02:38:37 +0330] "GET /robots.txt HTTP/1.1" 301 169 "-" "Mozilla/5.0 AppleWebKit/537.36 (KHTML, like Gecko; compatible; bingbot/2.0; +http://www.bing.com/bingbot.htm) Chrome/116.0.1938.76 Safari/537.36"
40.77.167.65 - - [28/Aug/2026:02:38:42 +0330] "GET /storage/uploads/Q9xquWJAxh36fx1lWmTIsRwlj1bXOW07Sz6PxLat.webp HTTP/1.1" 301 169 "-" "Mozilla/5.0 AppleWebKit/537.36 (KHTML, like Gecko; compatible; bingbot/2.0; +http://www.bing.com/bingbot.htm) Chrome/116.0.1938.76 Safari/537.36"
40.77.167.65 - - [28/Aug/2026:02:38:43 +0330] "GET /storage/uploads/Q9xquWJAxh36fx1lWmTIsRwlj1bXOW07Sz6PxLat.webp HTTP/2.0" 200 24150 "-" "Mozilla/5.0 AppleWebKit/537.36 (KHTML, like Gecko; compatible; bingbot/2.0; +http://www.bing.com/bingbot.htm) Chrome/116.0.1938.76 Safari/537.36"
127.0.0.1 - - [28/Aug/2026:02:38:53 +0330] "GET /api/v3/product-show/amz-B00HVLUR86?amazon_region=undefined HTTP/1.1" 301 169 "-" "node"
127.0.0.1 - - [28/Aug/2026:02:38:53 +0330] "GET /api/v3/product-show/amz-B00HVLUR86?amazon_region= HTTP/1.1" 301 169 "-" "node"
127.0.0.1 - - [28/Aug/2026:02:38:53 +0330] "GET /api/v3/product-show/amz-B00HVLUR86?amazon_region= HTTP/1.1" 200 31519 "-" "node"
127.0.0.1 - - [28/Aug/2026:02:38:53 +0330] "GET /api/v3/product-show/amz-B00HVLUR86?amazon_region=undefined HTTP/1.1" 200 31519 "-" "node"
150.109.10.41 - - [28/Aug/2026:02:38:54 +0330] "GET / HTTP/1.1" 301 169 "-" "Mozilla/5.0 (iPhone; CPU iPhone OS 13_2_3 like Mac OS X) AppleWebKit/605.1.15 (KHTML, like Gecko) Version/13.0.3 Mobile/15E148 Safari/604.1"
127.0.0.1 - - [28/Aug/2026:02:38:54 +0330] "GET /api/v1/categories-amazon HTTP/1.1" 200 34230 "-" "node"
45.224.199.111 - - [28/Aug/2026:02:38:54 +0330] "GET /product/amz-B00HVLUR86/audio-technica-ath-m50x-professional-studio-monitor-headphones-black-professional-grade-critically-acclaimed-with-detachable-cable HTTP/2.0" 200 107468 "https://charsooq.com" "Mozilla/5.0 (Windows NT 10.0; Win64; x64) AppleWebKit/537.36 (KHTML, like Gecko) Chrome/142.0.0.0 Safari/537.36"
150.109.10.41 - - [28/Aug/2026:02:38:55 +0330] "GET / HTTP/1.1" 302 343 "http://185.215.124.174:80" "Mozilla/5.0 (iPhone; CPU iPhone OS 13_2_3 like Mac OS X) AppleWebKit/605.1.15 (KHTML, like Gecko) Version/13.0.3 Mobile/15E148 Safari/604.1"
127.0.0.1 - - [28/Aug/2026:02:38:58 +0330] "GET /api/v1/categories-amazon HTTP/1.1" 200 34230 "-" "node"
150.109.10.41 - - [28/Aug/2026:02:38:58 +0330] "GET / HTTP/1.1" 200 106470 "https://app.charsooq.com/" "Mozilla/5.0 (iPhone; CPU iPhone OS 13_2_3 like Mac OS X) AppleWebKit/605.1.15 (KHTML, like Gecko) Version/13.0.3 Mobile/15E148 Safari/604.1"
127.0.0.1 - - [28/Aug/2026:02:39:00 +0330] "GET /api/v3/product-show/amz-B00HVLUR86?amazon_region=undefined HTTP/1.1" 301 169 "-" "node"
127.0.0.1 - - [28/Aug/2026:02:39:00 +0330] "GET /api/v3/product-show/amz-B00HVLUR86?amazon_region= HTTP/1.1" 301 169 "-" "node"
127.0.0.1 - - [28/Aug/2026:02:39:00 +0330] "GET /api/v3/product-show/amz-B00HVLUR86?amazon_region=undefined HTTP/1.1" 200 31488 "-" "node"
127.0.0.1 - - [28/Aug/2026:02:39:00 +0330] "GET /api/v3/product-show/amz-B00HVLUR86?amazon_region= HTTP/1.1" 200 31488 "-" "node"
127.0.0.1 - - [28/Aug/2026:02:39:01 +0330] "GET /api/v1/categories-amazon HTTP/1.1" 200 34230 "-" "node"
83.29.35.109 - - [28/Aug/2026:02:39:01 +0330] "GET /product/amz-B00HVLUR86/audio-technica-ath-m50x-professional-studio-monitor-headphones-black-professional-grade-critically-acclaimed-with-detachable-cable HTTP/2.0" 200 107455 "https://charsooq.com" "Mozilla/5.0 (Windows NT 10.0; Win64; x64) AppleWebKit/537.36 (KHTML, like Gecko) Chrome/142.0.0.0 Safari/537.36"
66.249.77.99 - - [28/Aug/2026:02:39:33 +0330] "GET /mattress_bn.jpg HTTP/1.1" 200 33013 "-" "Googlebot-Image/1.0"
127.0.0.1 - - [28/Aug/2026:02:39:35 +0330] "GET /api/v1/categories-amazon HTTP/1.1" 200 34230 "-" "node"
172.16.20.25 - - [28/Aug/2026:02:39:35 +0330] "GET / HTTP/1.1" 200 338454 "-" "Mozilla/5.0 (compatible; PRTG Network Monitor (www.paessler.com); Windows)"
211.249.40.15 - - [28/Aug/2026:02:39:40 +0330] "GET /excelorder.html HTTP/1.1" 301 169 "-" "Carbon"
103.6.173.26 - - [28/Aug/2026:02:39:41 +0330] "GET /excelorder.html HTTP/1.1" 301 169 "-" "Mozilla/5.0 (Windows NT 10.0; Win64; x64) AppleWebKit/537.36 (KHTML, like Gecko) Chrome/121.0.6167.139 Safari/537.36"
103.6.173.26 - - [28/Aug/2026:02:39:42 +0330] "GET /excelorder.html HTTP/2.0" 200 73960 "-" "Mozilla/5.0 (Windows NT 10.0; Win64; x64) AppleWebKit/537.36 (KHTML, like Gecko) Chrome/121.0.6167.139 Safari/537.36"
127.0.0.1 - - [28/Aug/2026:02:39:46 +0330] "GET /api/v3/product-show/amz-B09VKZT1FQ?amazon_region=undefined HTTP/1.1" 301 169 "-" "node"
127.0.0.1 - - [28/Aug/2026:02:39:46 +0330] "GET /api/v3/product-show/amz-B09VKZT1FQ?amazon_region= HTTP/1.1" 301 169 "-" "node"
127.0.0.1 - - [28/Aug/2026:02:39:46 +0330] "GET /api/v3/product-show/amz-B09VKZT1FQ?amazon_region=undefined HTTP/1.1" 200 15047 "-" "node"
127.0.0.1 - - [28/Aug/2026:02:39:46 +0330] "GET /api/v3/product-show/amz-B09VKZT1FQ?amazon_region= HTTP/1.1" 200 15047 "-" "node"
66.249.69.231 - - [28/Aug/2026:02:39:46 +0330] "GET /robots.txt HTTP/1.1" 308 42 "-" "Mozilla/5.0 (compatible; Googlebot/2.1; +http://www.google.com/bot.html)"
127.0.0.1 - - [28/Aug/2026:02:39:46 +0330] "GET /api/v1/robot HTTP/1.1" 200 666 "-" "node"
192.178.7.96 - - [28/Aug/2026:02:39:46 +0330] "GET /robots.txt HTTP/1.1" 200 708 "-" "Mozilla/5.0 (compatible; Googlebot/2.1; +http://www.google.com/bot.html)"
127.0.0.1 - - [28/Aug/2026:02:39:46 +0330] "GET /api/v1/categories-amazon HTTP/1.1" 200 34199 "-" "node"
114.10.41.106 - - [28/Aug/2026:02:39:47 +0330] "GET /product/amz-B09VKZT1FQ/dreametech-d10-plus-robot-vacuum-and-mop-with-self-emptying-base-for-45-days-of-cleaning-robotic-vacuum-with-4000-pa-suction-and-lidar-navigation-compatible-with-alexa-wi-fi-connected HTTP/2.0" 200 109932 "https://charsooq.com" "Mozilla/5.0 (Windows NT 10.0; Win64; x64) AppleWebKit/537.36 (KHTML, like Gecko) Chrome/144.0.0.0 Safari/537.36 Edg/144.0.0.0"
40.77.167.72 - - [28/Aug/2026:02:40:22 +0330] "GET /?u=8310037473301 HTTP/2.0" 200 33488 "-" "Mozilla/5.0 AppleWebKit/537.36 (KHTML, like Gecko; compatible; bingbot/2.0; +http://www.bing.com/bingbot.htm) Chrome/116.0.1938.76 Safari/537.36"
40.77.167.72 - - [28/Aug/2026:02:40:24 +0330] "GET /?u=02220292065100 HTTP/2.0" 200 37315 "-" "Mozilla/5.0 AppleWebKit/537.36 (KHTML, like Gecko; compatible; bingbot/2.0; +http://www.bing.com/bingbot.htm) Chrome/116.0.1938.76 Safari/537.36"
40.77.167.72 - - [28/Aug/2026:02:40:25 +0330] "GET /?u=187673996705 HTTP/2.0" 200 32978 "-" "Mozilla/5.0 AppleWebKit/537.36 (KHTML, like Gecko; compatible; bingbot/2.0; +http://www.bing.com/bingbot.htm) Chrome/116.0.1938.76 Safari/537.36"
207.46.13.51 - - [28/Aug/2026:02:40:26 +0330] "GET /?u=70270257429400 HTTP/2.0" 200 33381 "-" "Mozilla/5.0 AppleWebKit/537.36 (KHTML, like Gecko; compatible; bingbot/2.0; +http://www.bing.com/bingbot.htm) Chrome/116.0.1938.76 Safari/537.36"
40.77.167.72 - - [28/Aug/2026:02:40:27 +0330] "GET /?u=8017327666700 HTTP/2.0" 200 34695 "-" "Mozilla/5.0 AppleWebKit/537.36 (KHTML, like Gecko; compatible; bingbot/2.0; +http://www.bing.com/bingbot.htm) Chrome/116.0.1938.76 Safari/537.36"
40.77.167.65 - - [28/Aug/2026:02:40:31 +0330] "GET /?u=05988105339700 HTTP/2.0" 200 33479 "-" "Mozilla/5.0 AppleWebKit/537.36 (KHTML, like Gecko; compatible; bingbot/2.0; +http://www.bing.com/bingbot.htm) Chrome/116.0.1938.76 Safari/537.36"
40.77.167.65 - - [28/Aug/2026:02:40:33 +0330] "GET /?u=77072232333804 HTTP/2.0" 200 34362 "-" "Mozilla/5.0 AppleWebKit/537.36 (KHTML, like Gecko; compatible; bingbot/2.0; +http://www.bing.com/bingbot.htm) Chrome/116.0.1938.76 Safari/537.36"
127.0.0.1 - - [28/Aug/2026:02:40:34 +0330] "GET /api/v2/sliders HTTP/1.1" 200 7479 "-" "node"
40.77.167.65 - - [28/Aug/2026:02:40:35 +0330] "GET /?u=22938111801500 HTTP/2.0" 200 32671 "-" "Mozilla/5.0 AppleWebKit/537.36 (KHTML, like Gecko; compatible; bingbot/2.0; +http://www.bing.com/bingbot.htm) Chrome/116.0.1938.76 Safari/537.36"
127.0.0.1 - - [28/Aug/2026:02:40:35 +0330] "GET /api/v1/categories-amazon HTTP/1.1" 200 34199 "-" "node"
127.0.0.1 - - [28/Aug/2026:02:40:36 +0330] "GET /api/v2/page-data HTTP/1.1" 200 36854 "-" "node"
172.16.20.25 - - [28/Aug/2026:02:40:36 +0330] "GET / HTTP/1.1" 200 338501 "-" "Mozilla/5.0 (compatible; PRTG Network Monitor (www.paessler.com); Windows)"
40.77.167.65 - - [28/Aug/2026:02:40:36 +0330] "GET /?u=61497107441201 HTTP/2.0" 200 33893 "-" "Mozilla/5.0 AppleWebKit/537.36 (KHTML, like Gecko; compatible; bingbot/2.0; +http://www.bing.com/bingbot.htm) Chrome/116.0.1938.76 Safari/537.36"
40.77.167.65 - - [28/Aug/2026:02:40:38 +0330] "GET /?u=82096292657300 HTTP/2.0" 200 33222 "-" "Mozilla/5.0 AppleWebKit/537.36 (KHTML, like Gecko; compatible; bingbot/2.0; +http://www.bing.com/bingbot.htm) Chrome/116.0.1938.76 Safari/537.36"
40.77.167.65 - - [28/Aug/2026:02:40:39 +0330] "GET /?u=5875978583001 HTTP/2.0" 200 33044 "-" "Mozilla/5.0 AppleWebKit/537.36 (KHTML, like Gecko; compatible; bingbot/2.0; +http://www.bing.com/bingbot.htm) Chrome/116.0.1938.76 Safari/537.36"
40.77.167.72 - - [28/Aug/2026:02:40:41 +0330] "GET /?u=4888564955002 HTTP/2.0" 200 34576 "-" "Mozilla/5.0 AppleWebKit/537.36 (KHTML, like Gecko; compatible; bingbot/2.0; +http://www.bing.com/bingbot.htm) Chrome/116.0.1938.76 Safari/537.36"
