2.147.147.46 - - [28/Aug/2026:00:03:14 +0330] "GET /_next/image?url=http%3A%2F%2Fpanel.charsooq.com%2Fstorage%2F9VuV77wU5gsJwQLS7EGVTr9EK4dH02-metac2hlaW4uanBlZw%3D%3D-.jpg&w=256&q=75 HTTP/2.0" 200 1164 "https://charsooq.com/emirates?url=https://www.amazon.ae/Volvic-Natural-Mineral-Drinking-Sustainably/dp/B07SSZ29BK/ref=mp_s_a_1_3?dib=eyJ2IjoiMSJ9.dM5a5jfhFX4Ykima_1a-nCFEJ_M7N-mlvMxTcDpcsy8yvBmUy7jgDh-JxCquTQBdi2snBPVw6_NOQmt4DgQRpY6TntXH_lO1iMh242SSXK5NUgTFxd_sC9AlzbPcsOE8Kzur3drkCDG_5Z7mHXsxpp-vTkp0wXcK6FjtKnHzSQYsT4Df4fsm_W5OlDMtEsVdCC_8NTMCeYCUQRyNrMTKMQ.7vCXBszWCqtVbD0CEv1BaeEcKIiAY8_YysiA0qSji-o&dib_tag=se&keywords=volvic&qid=1787862349&sr=8-3" "Mozilla/5.0 (Linux; Android 10; K) AppleWebKit/537.36 (KHTML, like Gecko) Chrome/138.0.0.0 Mobile Safari/537.36"
127.0.0.1 - - [28/Aug/2026:00:03:14 +0330] "GET /storage/9VuV77wU5gsJwQLS7EGVTr9EK4dH02-metac2hlaW4uanBlZw==-.jpg HTTP/1.1" 200 7410 "-" "node"
127.0.0.1 - - [28/Aug/2026:00:03:14 +0330] "GET /storage/dG2If7crS5iiTznoxXzeU9dySr1FsS-metac2FtYXdhLmpwZWc=-.jpg HTTP/1.1" 301 169 "-" "node"
2.147.147.46 - - [28/Aug/2026:00:03:14 +0330] "GET /_next/image?url=http%3A%2F%2Fpanel.charsooq.com%2Fstorage%2FdG2If7crS5iiTznoxXzeU9dySr1FsS-metac2FtYXdhLmpwZWc%3D-.jpg&w=256&q=75 HTTP/2.0" 200 4286 "https://charsooq.com/emirates?url=https://www.amazon.ae/Volvic-Natural-Mineral-Drinking-Sustainably/dp/B07SSZ29BK/ref=mp_s_a_1_3?dib=eyJ2IjoiMSJ9.dM5a5jfhFX4Ykima_1a-nCFEJ_M7N-mlvMxTcDpcsy8yvBmUy7jgDh-JxCquTQBdi2snBPVw6_NOQmt4DgQRpY6TntXH_lO1iMh242SSXK5NUgTFxd_sC9AlzbPcsOE8Kzur3drkCDG_5Z7mHXsxpp-vTkp0wXcK6FjtKnHzSQYsT4Df4fsm_W5OlDMtEsVdCC_8NTMCeYCUQRyNrMTKMQ.7vCXBszWCqtVbD0CEv1BaeEcKIiAY8_YysiA0qSji-o&dib_tag=se&keywords=volvic&qid=1787862349&sr=8-3" "Mozilla/5.0 (Linux; Android 10; K) AppleWebKit/537.36 (KHTML, like Gecko) Chrome/138.0.0.0 Mobile Safari/537.36"
127.0.0.1 - - [28/Aug/2026:00:03:14 +0330] "GET /storage/dG2If7crS5iiTznoxXzeU9dySr1FsS-metac2FtYXdhLmpwZWc=-.jpg HTTP/1.1" 200 23166 "-" "node"
127.0.0.1 - - [28/Aug/2026:00:03:14 +0330] "GET /storage/0hKDYZLrnzk4CubVqzEOGgRTM4pf2P-metadnBlcmZ1bWVzLmpwZWc=-.jpg HTTP/1.1" 301 169 "-" "node"
2.147.147.46 - - [28/Aug/2026:00:03:14 +0330] "GET /_next/image?url=http%3A%2F%2Fpanel.charsooq.com%2Fstorage%2F0hKDYZLrnzk4CubVqzEOGgRTM4pf2P-metadnBlcmZ1bWVzLmpwZWc%3D-.jpg&w=256&q=75 HTTP/2.0" 200 1836 "https://charsooq.com/emirates?url=https://www.amazon.ae/Volvic-Natural-Mineral-Drinking-Sustainably/dp/B07SSZ29BK/ref=mp_s_a_1_3?dib=eyJ2IjoiMSJ9.dM5a5jfhFX4Ykima_1a-nCFEJ_M7N-mlvMxTcDpcsy8yvBmUy7jgDh-JxCquTQBdi2snBPVw6_NOQmt4DgQRpY6TntXH_lO1iMh242SSXK5NUgTFxd_sC9AlzbPcsOE8Kzur3drkCDG_5Z7mHXsxpp-vTkp0wXcK6FjtKnHzSQYsT4Df4fsm_W5OlDMtEsVdCC_8NTMCeYCUQRyNrMTKMQ.7vCXBszWCqtVbD0CEv1BaeEcKIiAY8_YysiA0qSji-o&dib_tag=se&keywords=volvic&qid=1787862349&sr=8-3" "Mozilla/5.0 (Linux; Android 10; K) AppleWebKit/537.36 (KHTML, like Gecko) Chrome/138.0.0.0 Mobile Safari/537.36"
127.0.0.1 - - [28/Aug/2026:00:03:14 +0330] "GET /storage/EFL07LUvfgktaMTdaBECyZCS5nkyFB-metaZmlyc3RjcnkuanBlZw==-.jpg HTTP/1.1" 301 169 "-" "node"
2.147.147.46 - - [28/Aug/2026:00:03:14 +0330] "GET /_next/image?url=http%3A%2F%2Fpanel.charsooq.com%2Fstorage%2FEFL07LUvfgktaMTdaBECyZCS5nkyFB-metaZmlyc3RjcnkuanBlZw%3D%3D-.jpg&w=256&q=75 HTTP/2.0" 200 3306 "https://charsooq.com/emirates?url=https://www.amazon.ae/Volvic-Natural-Mineral-Drinking-Sustainably/dp/B07SSZ29BK/ref=mp_s_a_1_3?dib=eyJ2IjoiMSJ9.dM5a5jfhFX4Ykima_1a-nCFEJ_M7N-mlvMxTcDpcsy8yvBmUy7jgDh-JxCquTQBdi2snBPVw6_NOQmt4DgQRpY6TntXH_lO1iMh242SSXK5NUgTFxd_sC9AlzbPcsOE8Kzur3drkCDG_5Z7mHXsxpp-vTkp0wXcK6FjtKnHzSQYsT4Df4fsm_W5OlDMtEsVdCC_8NTMCeYCUQRyNrMTKMQ.7vCXBszWCqtVbD0CEv1BaeEcKIiAY8_YysiA0qSji-o&dib_tag=se&keywords=volvic&qid=1787862349&sr=8-3" "Mozilla/5.0 (Linux; Android 10; K) AppleWebKit/537.36 (KHTML, like Gecko) Chrome/138.0.0.0 Mobile Safari/537.36"
127.0.0.1 - - [28/Aug/2026:00:03:14 +0330] "GET /storage/0hKDYZLrnzk4CubVqzEOGgRTM4pf2P-metadnBlcmZ1bWVzLmpwZWc=-.jpg HTTP/1.1" 200 11209 "-" "node"
127.0.0.1 - - [28/Aug/2026:00:03:14 +0330] "GET /storage/EFL07LUvfgktaMTdaBECyZCS5nkyFB-metaZmlyc3RjcnkuanBlZw==-.jpg HTTP/1.1" 200 21523 "-" "node"
2.147.147.46 - - [28/Aug/2026:00:03:14 +0330] "GET /amazon?_rsc=1p4pu HTTP/2.0" 200 1461 "https://charsooq.com/emirates?url=https://www.amazon.ae/Volvic-Natural-Mineral-Drinking-Sustainably/dp/B07SSZ29BK/ref=mp_s_a_1_3?dib=eyJ2IjoiMSJ9.dM5a5jfhFX4Ykima_1a-nCFEJ_M7N-mlvMxTcDpcsy8yvBmUy7jgDh-JxCquTQBdi2snBPVw6_NOQmt4DgQRpY6TntXH_lO1iMh242SSXK5NUgTFxd_sC9AlzbPcsOE8Kzur3drkCDG_5Z7mHXsxpp-vTkp0wXcK6FjtKnHzSQYsT4Df4fsm_W5OlDMtEsVdCC_8NTMCeYCUQRyNrMTKMQ.7vCXBszWCqtVbD0CEv1BaeEcKIiAY8_YysiA0qSji-o&dib_tag=se&keywords=volvic&qid=1787862349&sr=8-3" "Mozilla/5.0 (Linux; Android 10; K) AppleWebKit/537.36 (KHTML, like Gecko) Chrome/138.0.0.0 Mobile Safari/537.36"
2.147.147.46 - - [28/Aug/2026:00:03:14 +0330] "GET /ebay?_rsc=1p4pu HTTP/2.0" 200 1456 "https://charsooq.com/emirates?url=https://www.amazon.ae/Volvic-Natural-Mineral-Drinking-Sustainably/dp/B07SSZ29BK/ref=mp_s_a_1_3?dib=eyJ2IjoiMSJ9.dM5a5jfhFX4Ykima_1a-nCFEJ_M7N-mlvMxTcDpcsy8yvBmUy7jgDh-JxCquTQBdi2snBPVw6_NOQmt4DgQRpY6TntXH_lO1iMh242SSXK5NUgTFxd_sC9AlzbPcsOE8Kzur3drkCDG_5Z7mHXsxpp-vTkp0wXcK6FjtKnHzSQYsT4Df4fsm_W5OlDMtEsVdCC_8NTMCeYCUQRyNrMTKMQ.7vCXBszWCqtVbD0CEv1BaeEcKIiAY8_YysiA0qSji-o&dib_tag=se&keywords=volvic&qid=1787862349&sr=8-3" "Mozilla/5.0 (Linux; Android 10; K) AppleWebKit/537.36 (KHTML, like Gecko) Chrome/138.0.0.0 Mobile Safari/537.36"
2.147.147.46 - - [28/Aug/2026:00:03:14 +0330] "GET /turkey?_rsc=1p4pu HTTP/2.0" 200 1430 "https://charsooq.com/emirates?url=https://www.amazon.ae/Volvic-Natural-Mineral-Drinking-Sustainably/dp/B07SSZ29BK/ref=mp_s_a_1_3?dib=eyJ2IjoiMSJ9.dM5a5jfhFX4Ykima_1a-nCFEJ_M7N-mlvMxTcDpcsy8yvBmUy7jgDh-JxCquTQBdi2snBPVw6_NOQmt4DgQRpY6TntXH_lO1iMh242SSXK5NUgTFxd_sC9AlzbPcsOE8Kzur3drkCDG_5Z7mHXsxpp-vTkp0wXcK6FjtKnHzSQYsT4Df4fsm_W5OlDMtEsVdCC_8NTMCeYCUQRyNrMTKMQ.7vCXBszWCqtVbD0CEv1BaeEcKIiAY8_YysiA0qSji-o&dib_tag=se&keywords=volvic&qid=1787862349&sr=8-3" "Mozilla/5.0 (Linux; Android 10; K) AppleWebKit/537.36 (KHTML, like Gecko) Chrome/138.0.0.0 Mobile Safari/537.36"
65.109.220.161 - - [28/Aug/2026:00:03:18 +0330] "POST /api/v3/check-url HTTP/2.0" 422 412 "https://charsooq.com/" "Mozilla/5.0 (Linux; Android 10; K) AppleWebKit/537.36 (KHTML, like Gecko) Chrome/151.0.0.0 Mobile Safari/537.36"
2.147.147.46 - - [28/Aug/2026:00:03:18 +0330] "GET /_next/image?url=https%3A%2F%2Fpanel.charsooq.com%2Fstorage%2F01K86B6Z46YEXTNEG22HH3V6JD.jpg&w=640&q=75 HTTP/2.0" 200 22388 "https://charsooq.com/" "Mozilla/5.0 (Linux; Android 10; K) AppleWebKit/537.36 (KHTML, like Gecko) Chrome/138.0.0.0 Mobile Safari/537.36"
2.147.147.46 - - [28/Aug/2026:00:03:22 +0330] "GET /_next/image?url=https%3A%2F%2Fpanel.charsooq.com%2Fstorage%2F01K86AXVR1CPDP7XRQP0YNRWQ9.jpg&w=640&q=75 HTTP/2.0" 200 40524 "https://charsooq.com/" "Mozilla/5.0 (Linux; Android 10; K) AppleWebKit/537.36 (KHTML, like Gecko) Chrome/138.0.0.0 Mobile Safari/537.36"
65.109.220.161 - - [28/Aug/2026:00:03:24 +0330] "GET /articles/luxury-fathers-day-gift-dubai?_rsc=19zvn HTTP/2.0" 200 1883 "https://charsooq.com/" "Mozilla/5.0 (Linux; Android 10; K) AppleWebKit/537.36 (KHTML, like Gecko) Chrome/151.0.0.0 Mobile Safari/537.36"
127.0.0.1 - - [28/Aug/2026:00:03:24 +0330] "GET /api/v2/article-show/luxury-fathers-day-gift-dubai HTTP/1.1" 200 71355 "-" "node"
65.109.220.161 - - [28/Aug/2026:00:03:24 +0330] "GET /articles/christmas-k-beauty-trends?_rsc=19zvn HTTP/2.0" 200 1883 "https://charsooq.com/" "Mozilla/5.0 (Linux; Android 10; K) AppleWebKit/537.36 (KHTML, like Gecko) Chrome/151.0.0.0 Mobile Safari/537.36"
127.0.0.1 - - [28/Aug/2026:00:03:24 +0330] "GET /api/v2/article-show/christmas-k-beauty-trends HTTP/1.1" 200 99443 "-" "node"
2.147.147.46 - - [28/Aug/2026:00:03:25 +0330] "POST /api/v1/calculator-show HTTP/2.0" 200 353 "https://charsooq.com/" "Mozilla/5.0 (Linux; Android 10; K) AppleWebKit/537.36 (KHTML, like Gecko) Chrome/138.0.0.0 Mobile Safari/537.36"
65.109.220.161 - - [28/Aug/2026:00:03:25 +0330] "GET /articles/dyson-hair-dryer?_rsc=19zvn HTTP/2.0" 200 1825 "https://charsooq.com/" "Mozilla/5.0 (Linux; Android 10; K) AppleWebKit/537.36 (KHTML, like Gecko) Chrome/151.0.0.0 Mobile Safari/537.36"
127.0.0.1 - - [28/Aug/2026:00:03:25 +0330] "GET /api/v2/article-show/dyson-hair-dryer HTTP/1.1" 200 223931 "-" "node"
65.109.220.161 - - [28/Aug/2026:00:03:25 +0330] "GET /articles?_rsc=19zvn HTTP/2.0" 200 1795 "https://charsooq.com/" "Mozilla/5.0 (Linux; Android 10; K) AppleWebKit/537.36 (KHTML, like Gecko) Chrome/151.0.0.0 Mobile Safari/537.36"
65.109.220.161 - - [28/Aug/2026:00:03:25 +0330] "GET /amazon?_rsc=19zvn HTTP/2.0" 200 1461 "https://charsooq.com/" "Mozilla/5.0 (Linux; Android 10; K) AppleWebKit/537.36 (KHTML, like Gecko) Chrome/151.0.0.0 Mobile Safari/537.36"
65.109.220.161 - - [28/Aug/2026:00:03:26 +0330] "GET /emirates?_rsc=19zvn HTTP/2.0" 200 1457 "https://charsooq.com/" "Mozilla/5.0 (Linux; Android 10; K) AppleWebKit/537.36 (KHTML, like Gecko) Chrome/151.0.0.0 Mobile Safari/537.36"
65.109.220.161 - - [28/Aug/2026:00:03:26 +0330] "GET /turkey?_rsc=19zvn HTTP/2.0" 200 1430 "https://charsooq.com/" "Mozilla/5.0 (Linux; Android 10; K) AppleWebKit/537.36 (KHTML, like Gecko) Chrome/151.0.0.0 Mobile Safari/537.36"
65.109.220.161 - - [28/Aug/2026:00:03:26 +0330] "GET /_next/image?url=%2Fassets%2Fimages%2Ficons%2Fenamad-icon.png&w=256&q=75 HTTP/2.0" 200 2578 "https://charsooq.com/" "Mozilla/5.0 (Linux; Android 10; K) AppleWebKit/537.36 (KHTML, like Gecko) Chrome/151.0.0.0 Mobile Safari/537.36"
65.109.220.161 - - [28/Aug/2026:00:03:26 +0330] "GET /china?_rsc=19zvn HTTP/2.0" 200 1440 "https://charsooq.com/" "Mozilla/5.0 (Linux; Android 10; K) AppleWebKit/537.36 (KHTML, like Gecko) Chrome/151.0.0.0 Mobile Safari/537.36"
2.147.147.46 - - [28/Aug/2026:00:03:26 +0330] "GET /_next/image?url=https%3A%2F%2Fpanel.charsooq.com%2Fstorage%2F01K86AE67CD768YVCX06C4MFGY.jpg&w=640&q=75 HTTP/2.0" 200 40654 "https://charsooq.com/" "Mozilla/5.0 (Linux; Android 10; K) AppleWebKit/537.36 (KHTML, like Gecko) Chrome/138.0.0.0 Mobile Safari/537.36"
65.109.220.161 - - [28/Aug/2026:00:03:26 +0330] "GET /foreign-shopping?_rsc=19zvn HTTP/2.0" 200 1473 "https://charsooq.com/" "Mozilla/5.0 (Linux; Android 10; K) AppleWebKit/537.36 (KHTML, like Gecko) Chrome/151.0.0.0 Mobile Safari/537.36"
65.109.220.161 - - [28/Aug/2026:00:03:27 +0330] "GET /ebay?_rsc=19zvn HTTP/2.0" 200 1456 "https://charsooq.com/" "Mozilla/5.0 (Linux; Android 10; K) AppleWebKit/537.36 (KHTML, like Gecko) Chrome/151.0.0.0 Mobile Safari/537.36"
127.0.0.1 - - [28/Aug/2026:00:03:30 +0330] "GET /api/v1/show-products-offers/Babycamera HTTP/1.1" 301 169 "-" "node"
127.0.0.1 - - [28/Aug/2026:00:03:30 +0330] "GET /api/v1/show-products-offers/Babycamera HTTP/1.1" 200 1444 "-" "node"
2.147.147.46 - - [28/Aug/2026:00:03:30 +0330] "GET /products/Babycamera/%D8%AF%D9%88%D8%B1%D8%A8%DB%8C%D9%86-%D8%B9%DA%A9%D8%A7%D8%B3%DB%8C-%DA%A9%D9%88%D8%AF%DA%A9?_rsc=1p4pu HTTP/2.0" 200 2168 "https://charsooq.com/emirates?url=https://www.amazon.ae/Volvic-Natural-Mineral-Drinking-Sustainably/dp/B07SSZ29BK/ref=mp_s_a_1_3?dib=eyJ2IjoiMSJ9.dM5a5jfhFX4Ykima_1a-nCFEJ_M7N-mlvMxTcDpcsy8yvBmUy7jgDh-JxCquTQBdi2snBPVw6_NOQmt4DgQRpY6TntXH_lO1iMh242SSXK5NUgTFxd_sC9AlzbPcsOE8Kzur3drkCDG_5Z7mHXsxpp-vTkp0wXcK6FjtKnHzSQYsT4Df4fsm_W5OlDMtEsVdCC_8NTMCeYCUQRyNrMTKMQ.7vCXBszWCqtVbD0CEv1BaeEcKIiAY8_YysiA0qSji-o&dib_tag=se&keywords=volvic&qid=1787862349&sr=8-3" "Mozilla/5.0 (Linux; Android 10; K) AppleWebKit/537.36 (KHTML, like Gecko) Chrome/138.0.0.0 Mobile Safari/537.36"
2.147.147.46 - - [28/Aug/2026:00:03:30 +0330] "GET /_next/image?url=https%3A%2F%2Fpanel.charsooq.com%2Fstorage%2F01K860JJCR4291H7T8S2ABV9ZA.jpg&w=640&q=75 HTTP/2.0" 200 30022 "https://charsooq.com/" "Mozilla/5.0 (Linux; Android 10; K) AppleWebKit/537.36 (KHTML, like Gecko) Chrome/138.0.0.0 Mobile Safari/537.36"
127.0.0.1 - - [28/Aug/2026:00:03:30 +0330] "GET /api/v1/show-products-offers/3DMagicPen HTTP/1.1" 301 169 "-" "node"
65.109.220.161 - - [28/Aug/2026:00:03:30 +0330] "GET /?_rsc=3py13 HTTP/2.0" 200 13558 "https://charsooq.com/" "Mozilla/5.0 (Linux; Android 10; K) AppleWebKit/537.36 (KHTML, like Gecko) Chrome/151.0.0.0 Mobile Safari/537.36"
127.0.0.1 - - [28/Aug/2026:00:03:30 +0330] "GET /api/v1/show-products-offers/3DMagicPen HTTP/1.1" 200 1303 "-" "node"
2.147.147.46 - - [28/Aug/2026:00:03:30 +0330] "GET /products/3DMagicPen/%D9%82%D9%84%D9%85-%D8%AC%D8%A7%D8%AF%D9%88%DB%8C%DB%8C-%D8%B3%D9%87-%D8%A8%D8%B9%D8%AF%DB%8C?_rsc=1p4pu HTTP/2.0" 200 2159 "https://charsooq.com/emirates?url=https://www.amazon.ae/Volvic-Natural-Mineral-Drinking-Sustainably/dp/B07SSZ29BK/ref=mp_s_a_1_3?dib=eyJ2IjoiMSJ9.dM5a5jfhFX4Ykima_1a-nCFEJ_M7N-mlvMxTcDpcsy8yvBmUy7jgDh-JxCquTQBdi2snBPVw6_NOQmt4DgQRpY6TntXH_lO1iMh242SSXK5NUgTFxd_sC9AlzbPcsOE8Kzur3drkCDG_5Z7mHXsxpp-vTkp0wXcK6FjtKnHzSQYsT4Df4fsm_W5OlDMtEsVdCC_8NTMCeYCUQRyNrMTKMQ.7vCXBszWCqtVbD0CEv1BaeEcKIiAY8_YysiA0qSji-o&dib_tag=se&keywords=volvic&qid=1787862349&sr=8-3" "Mozilla/5.0 (Linux; Android 10; K) AppleWebKit/537.36 (KHTML, like Gecko) Chrome/138.0.0.0 Mobile Safari/537.36"
65.109.220.161 - - [28/Aug/2026:00:03:31 +0330] "GET /pwa-icon-180.png HTTP/2.0" 304 0 "https://charsooq.com/" "Mozilla/5.0 (Linux; Android 10; K) AppleWebKit/537.36 (KHTML, like Gecko) Chrome/151.0.0.0 Mobile Safari/537.36"
65.109.220.161 - - [28/Aug/2026:00:03:31 +0330] "GET /manifest.json HTTP/2.0" 304 0 "https://charsooq.com/" "Mozilla/5.0 (Linux; Android 10; K) AppleWebKit/537.36 (KHTML, like Gecko) Chrome/151.0.0.0 Mobile Safari/537.36"
65.109.220.161 - - [28/Aug/2026:00:03:31 +0330] "GET /pwa-icon-180.png HTTP/2.0" 304 0 "https://charsooq.com/" "Mozilla/5.0 (Linux; Android 10; K) AppleWebKit/537.36 (KHTML, like Gecko) Chrome/151.0.0.0 Mobile Safari/537.36"
65.109.220.161 - - [28/Aug/2026:00:03:31 +0330] "GET /16px.png HTTP/2.0" 200 9783 "https://charsooq.com/" "Mozilla/5.0 (Linux; Android 10; K) AppleWebKit/537.36 (KHTML, like Gecko) Chrome/151.0.0.0 Mobile Safari/537.36"
2.147.147.46 - - [28/Aug/2026:00:03:32 +0330] "GET /emirates?_rsc=1p4pu HTTP/2.0" 200 20373 "https://charsooq.com/emirates?url=https://www.amazon.ae/Volvic-Natural-Mineral-Drinking-Sustainably/dp/B07SSZ29BK/ref=mp_s_a_1_3?dib=eyJ2IjoiMSJ9.dM5a5jfhFX4Ykima_1a-nCFEJ_M7N-mlvMxTcDpcsy8yvBmUy7jgDh-JxCquTQBdi2snBPVw6_NOQmt4DgQRpY6TntXH_lO1iMh242SSXK5NUgTFxd_sC9AlzbPcsOE8Kzur3drkCDG_5Z7mHXsxpp-vTkp0wXcK6FjtKnHzSQYsT4Df4fsm_W5OlDMtEsVdCC_8NTMCeYCUQRyNrMTKMQ.7vCXBszWCqtVbD0CEv1BaeEcKIiAY8_YysiA0qSji-o&dib_tag=se&keywords=volvic&qid=1787862349&sr=8-3" "Mozilla/5.0 (Linux; Android 10; K) AppleWebKit/537.36 (KHTML, like Gecko) Chrome/138.0.0.0 Mobile Safari/537.36"
2.147.147.46 - - [28/Aug/2026:00:03:32 +0330] "GET /assets/images/home/emirates/noon.ae.webp HTTP/2.0" 200 22470 "https://charsooq.com/emirates?url=https://www.amazon.ae/Volvic-Natural-Mineral-Drinking-Sustainably/dp/B07SSZ29BK/ref=mp_s_a_1_3?dib=eyJ2IjoiMSJ9.dM5a5jfhFX4Ykima_1a-nCFEJ_M7N-mlvMxTcDpcsy8yvBmUy7jgDh-JxCquTQBdi2snBPVw6_NOQmt4DgQRpY6TntXH_lO1iMh242SSXK5NUgTFxd_sC9AlzbPcsOE8Kzur3drkCDG_5Z7mHXsxpp-vTkp0wXcK6FjtKnHzSQYsT4Df4fsm_W5OlDMtEsVdCC_8NTMCeYCUQRyNrMTKMQ.7vCXBszWCqtVbD0CEv1BaeEcKIiAY8_YysiA0qSji-o&dib_tag=se&keywords=volvic&qid=1787862349&sr=8-3" "Mozilla/5.0 (Linux; Android 10; K) AppleWebKit/537.36 (KHTML, like Gecko) Chrome/138.0.0.0 Mobile Safari/537.36"
2.147.147.46 - - [28/Aug/2026:00:03:32 +0330] "GET /help?tab=ebay-turkey-emirates-china&_rsc=1p4pu HTTP/2.0" 200 1558 "https://charsooq.com/emirates?url=https://www.amazon.ae/Volvic-Natural-Mineral-Drinking-Sustainably/dp/B07SSZ29BK/ref=mp_s_a_1_3?dib=eyJ2IjoiMSJ9.dM5a5jfhFX4Ykima_1a-nCFEJ_M7N-mlvMxTcDpcsy8yvBmUy7jgDh-JxCquTQBdi2snBPVw6_NOQmt4DgQRpY6TntXH_lO1iMh242SSXK5NUgTFxd_sC9AlzbPcsOE8Kzur3drkCDG_5Z7mHXsxpp-vTkp0wXcK6FjtKnHzSQYsT4Df4fsm_W5OlDMtEsVdCC_8NTMCeYCUQRyNrMTKMQ.7vCXBszWCqtVbD0CEv1BaeEcKIiAY8_YysiA0qSji-o&dib_tag=se&keywords=volvic&qid=1787862349&sr=8-3" "Mozilla/5.0 (Linux; Android 10; K) AppleWebKit/537.36 (KHTML, like Gecko) Chrome/138.0.0.0 Mobile Safari/537.36"
2.147.147.46 - - [28/Aug/2026:00:03:32 +0330] "GET /assets/images/home/emirates/amazon.ae-charsooq.webp HTTP/2.0" 200 38976 "https://charsooq.com/emirates?url=https://www.amazon.ae/Volvic-Natural-Mineral-Drinking-Sustainably/dp/B07SSZ29BK/ref=mp_s_a_1_3?dib=eyJ2IjoiMSJ9.dM5a5jfhFX4Ykima_1a-nCFEJ_M7N-mlvMxTcDpcsy8yvBmUy7jgDh-JxCquTQBdi2snBPVw6_NOQmt4DgQRpY6TntXH_lO1iMh242SSXK5NUgTFxd_sC9AlzbPcsOE8Kzur3drkCDG_5Z7mHXsxpp-vTkp0wXcK6FjtKnHzSQYsT4Df4fsm_W5OlDMtEsVdCC_8NTMCeYCUQRyNrMTKMQ.7vCXBszWCqtVbD0CEv1BaeEcKIiAY8_YysiA0qSji-o&dib_tag=se&keywords=volvic&qid=1787862349&sr=8-3" "Mozilla/5.0 (Linux; Android 10; K) AppleWebKit/537.36 (KHTML, like Gecko) Chrome/138.0.0.0 Mobile Safari/537.36"
2.147.147.46 - - [28/Aug/2026:00:03:33 +0330] "GET /articles/sephora?_rsc=1p4pu HTTP/2.0" 200 1865 "https://charsooq.com/emirates?url=https://www.amazon.ae/Volvic-Natural-Mineral-Drinking-Sustainably/dp/B07SSZ29BK/ref=mp_s_a_1_3?dib=eyJ2IjoiMSJ9.dM5a5jfhFX4Ykima_1a-nCFEJ_M7N-mlvMxTcDpcsy8yvBmUy7jgDh-JxCquTQBdi2snBPVw6_NOQmt4DgQRpY6TntXH_lO1iMh242SSXK5NUgTFxd_sC9AlzbPcsOE8Kzur3drkCDG_5Z7mHXsxpp-vTkp0wXcK6FjtKnHzSQYsT4Df4fsm_W5OlDMtEsVdCC_8NTMCeYCUQRyNrMTKMQ.7vCXBszWCqtVbD0CEv1BaeEcKIiAY8_YysiA0qSji-o&dib_tag=se&keywords=volvic&qid=1787862349&sr=8-3" "Mozilla/5.0 (Linux; Android 10; K) AppleWebKit/537.36 (KHTML, like Gecko) Chrome/138.0.0.0 Mobile Safari/537.36"
127.0.0.1 - - [28/Aug/2026:00:03:33 +0330] "GET /api/v2/article-show/sephora HTTP/1.1" 200 109412 "-" "node"
2.147.147.46 - - [28/Aug/2026:00:03:33 +0330] "GET /articles/valentine-gift-for-him?_rsc=1p4pu HTTP/2.0" 200 1787 "https://charsooq.com/emirates?url=https://www.amazon.ae/Volvic-Natural-Mineral-Drinking-Sustainably/dp/B07SSZ29BK/ref=mp_s_a_1_3?dib=eyJ2IjoiMSJ9.dM5a5jfhFX4Ykima_1a-nCFEJ_M7N-mlvMxTcDpcsy8yvBmUy7jgDh-JxCquTQBdi2snBPVw6_NOQmt4DgQRpY6TntXH_lO1iMh242SSXK5NUgTFxd_sC9AlzbPcsOE8Kzur3drkCDG_5Z7mHXsxpp-vTkp0wXcK6FjtKnHzSQYsT4Df4fsm_W5OlDMtEsVdCC_8NTMCeYCUQRyNrMTKMQ.7vCXBszWCqtVbD0CEv1BaeEcKIiAY8_YysiA0qSji-o&dib_tag=se&keywords=volvic&qid=1787862349&sr=8-3" "Mozilla/5.0 (Linux; Android 10; K) AppleWebKit/537.36 (KHTML, like Gecko) Chrome/138.0.0.0 Mobile Safari/537.36"
2.147.147.46 - - [28/Aug/2026:00:03:33 +0330] "GET /articles/luxury-fathers-day-gift-dubai?_rsc=1p4pu HTTP/2.0" 200 1883 "https://charsooq.com/emirates?url=https://www.amazon.ae/Volvic-Natural-Mineral-Drinking-Sustainably/dp/B07SSZ29BK/ref=mp_s_a_1_3?dib=eyJ2IjoiMSJ9.dM5a5jfhFX4Ykima_1a-nCFEJ_M7N-mlvMxTcDpcsy8yvBmUy7jgDh-JxCquTQBdi2snBPVw6_NOQmt4DgQRpY6TntXH_lO1iMh242SSXK5NUgTFxd_sC9AlzbPcsOE8Kzur3drkCDG_5Z7mHXsxpp-vTkp0wXcK6FjtKnHzSQYsT4Df4fsm_W5OlDMtEsVdCC_8NTMCeYCUQRyNrMTKMQ.7vCXBszWCqtVbD0CEv1BaeEcKIiAY8_YysiA0qSji-o&dib_tag=se&keywords=volvic&qid=1787862349&sr=8-3" "Mozilla/5.0 (Linux; Android 10; K) AppleWebKit/537.36 (KHTML, like Gecko) Chrome/138.0.0.0 Mobile Safari/537.36"
2.147.147.46 - - [28/Aug/2026:00:03:33 +0330] "GET /articles/christmas-k-beauty-trends?_rsc=1p4pu HTTP/2.0" 200 1883 "https://charsooq.com/emirates?url=https://www.amazon.ae/Volvic-Natural-Mineral-Drinking-Sustainably/dp/B07SSZ29BK/ref=mp_s_a_1_3?dib=eyJ2IjoiMSJ9.dM5a5jfhFX4Ykima_1a-nCFEJ_M7N-mlvMxTcDpcsy8yvBmUy7jgDh-JxCquTQBdi2snBPVw6_NOQmt4DgQRpY6TntXH_lO1iMh242SSXK5NUgTFxd_sC9AlzbPcsOE8Kzur3drkCDG_5Z7mHXsxpp-vTkp0wXcK6FjtKnHzSQYsT4Df4fsm_W5OlDMtEsVdCC_8NTMCeYCUQRyNrMTKMQ.7vCXBszWCqtVbD0CEv1BaeEcKIiAY8_YysiA0qSji-o&dib_tag=se&keywords=volvic&qid=1787862349&sr=8-3" "Mozilla/5.0 (Linux; Android 10; K) AppleWebKit/537.36 (KHTML, like Gecko) Chrome/138.0.0.0 Mobile Safari/537.36"
2.147.147.46 - - [28/Aug/2026:00:03:33 +0330] "GET /articles/dyson-hair-dryer?_rsc=1p4pu HTTP/2.0" 200 1825 "https://charsooq.com/emirates?url=https://www.amazon.ae/Volvic-Natural-Mineral-Drinking-Sustainably/dp/B07SSZ29BK/ref=mp_s_a_1_3?dib=eyJ2IjoiMSJ9.dM5a5jfhFX4Ykima_1a-nCFEJ_M7N-mlvMxTcDpcsy8yvBmUy7jgDh-JxCquTQBdi2snBPVw6_NOQmt4DgQRpY6TntXH_lO1iMh242SSXK5NUgTFxd_sC9AlzbPcsOE8Kzur3drkCDG_5Z7mHXsxpp-vTkp0wXcK6FjtKnHzSQYsT4Df4fsm_W5OlDMtEsVdCC_8NTMCeYCUQRyNrMTKMQ.7vCXBszWCqtVbD0CEv1BaeEcKIiAY8_YysiA0qSji-o&dib_tag=se&keywords=volvic&qid=1787862349&sr=8-3" "Mozilla/5.0 (Linux; Android 10; K) AppleWebKit/537.36 (KHTML, like Gecko) Chrome/138.0.0.0 Mobile Safari/537.36"
2.147.147.46 - - [28/Aug/2026:00:03:33 +0330] "GET /faq?_rsc=1p4pu HTTP/2.0" 200 1359 "https://charsooq.com/emirates?url=https://www.amazon.ae/Volvic-Natural-Mineral-Drinking-Sustainably/dp/B07SSZ29BK/ref=mp_s_a_1_3?dib=eyJ2IjoiMSJ9.dM5a5jfhFX4Ykima_1a-nCFEJ_M7N-mlvMxTcDpcsy8yvBmUy7jgDh-JxCquTQBdi2snBPVw6_NOQmt4DgQRpY6TntXH_lO1iMh242SSXK5NUgTFxd_sC9AlzbPcsOE8Kzur3drkCDG_5Z7mHXsxpp-vTkp0wXcK6FjtKnHzSQYsT4Df4fsm_W5OlDMtEsVdCC_8NTMCeYCUQRyNrMTKMQ.7vCXBszWCqtVbD0CEv1BaeEcKIiAY8_YysiA0qSji-o&dib_tag=se&keywords=volvic&qid=1787862349&sr=8-3" "Mozilla/5.0 (Linux; Android 10; K) AppleWebKit/537.36 (KHTML, like Gecko) Chrome/138.0.0.0 Mobile Safari/537.36"
2.147.147.46 - - [28/Aug/2026:00:03:33 +0330] "GET /ghavanincharsooq?_rsc=1p4pu HTTP/2.0" 200 1371 "https://charsooq.com/emirates?url=https://www.amazon.ae/Volvic-Natural-Mineral-Drinking-Sustainably/dp/B07SSZ29BK/ref=mp_s_a_1_3?dib=eyJ2IjoiMSJ9.dM5a5jfhFX4Ykima_1a-nCFEJ_M7N-mlvMxTcDpcsy8yvBmUy7jgDh-JxCquTQBdi2snBPVw6_NOQmt4DgQRpY6TntXH_lO1iMh242SSXK5NUgTFxd_sC9AlzbPcsOE8Kzur3drkCDG_5Z7mHXsxpp-vTkp0wXcK6FjtKnHzSQYsT4Df4fsm_W5OlDMtEsVdCC_8NTMCeYCUQRyNrMTKMQ.7vCXBszWCqtVbD0CEv1BaeEcKIiAY8_YysiA0qSji-o&dib_tag=se&keywords=volvic&qid=1787862349&sr=8-3" "Mozilla/5.0 (Linux; Android 10; K) AppleWebKit/537.36 (KHTML, like Gecko) Chrome/138.0.0.0 Mobile Safari/537.36"
2.147.147.46 - - [28/Aug/2026:00:03:33 +0330] "GET /articles?_rsc=1p4pu HTTP/2.0" 200 1795 "https://charsooq.com/emirates?url=https://www.amazon.ae/Volvic-Natural-Mineral-Drinking-Sustainably/dp/B07SSZ29BK/ref=mp_s_a_1_3?dib=eyJ2IjoiMSJ9.dM5a5jfhFX4Ykima_1a-nCFEJ_M7N-mlvMxTcDpcsy8yvBmUy7jgDh-JxCquTQBdi2snBPVw6_NOQmt4DgQRpY6TntXH_lO1iMh242SSXK5NUgTFxd_sC9AlzbPcsOE8Kzur3drkCDG_5Z7mHXsxpp-vTkp0wXcK6FjtKnHzSQYsT4Df4fsm_W5OlDMtEsVdCC_8NTMCeYCUQRyNrMTKMQ.7vCXBszWCqtVbD0CEv1BaeEcKIiAY8_YysiA0qSji-o&dib_tag=se&keywords=volvic&qid=1787862349&sr=8-3" "Mozilla/5.0 (Linux; Android 10; K) AppleWebKit/537.36 (KHTML, like Gecko) Chrome/138.0.0.0 Mobile Safari/537.36"
2.147.147.46 - - [28/Aug/2026:00:03:33 +0330] "GET /contact-us?_rsc=1p4pu HTTP/2.0" 200 1366 "https://charsooq.com/emirates?url=https://www.amazon.ae/Volvic-Natural-Mineral-Drinking-Sustainably/dp/B07SSZ29BK/ref=mp_s_a_1_3?dib=eyJ2IjoiMSJ9.dM5a5jfhFX4Ykima_1a-nCFEJ_M7N-mlvMxTcDpcsy8yvBmUy7jgDh-JxCquTQBdi2snBPVw6_NOQmt4DgQRpY6TntXH_lO1iMh242SSXK5NUgTFxd_sC9AlzbPcsOE8Kzur3drkCDG_5Z7mHXsxpp-vTkp0wXcK6FjtKnHzSQYsT4Df4fsm_W5OlDMtEsVdCC_8NTMCeYCUQRyNrMTKMQ.7vCXBszWCqtVbD0CEv1BaeEcKIiAY8_YysiA0qSji-o&dib_tag=se&keywords=volvic&qid=1787862349&sr=8-3" "Mozilla/5.0 (Linux; Android 10; K) AppleWebKit/537.36 (KHTML, like Gecko) Chrome/138.0.0.0 Mobile Safari/537.36"
127.0.0.1 - - [28/Aug/2026:00:03:35 +0330] "GET /api/v1/categories-amazon HTTP/1.1" 200 34230 "-" "node"
172.16.20.25 - - [28/Aug/2026:00:03:35 +0330] "GET / HTTP/1.1" 200 338476 "-" "Mozilla/5.0 (compatible; PRTG Network Monitor (www.paessler.com); Windows)"
2.147.147.46 - - [28/Aug/2026:00:03:36 +0330] "GET /_next/image?url=https%3A%2F%2Fpanel.charsooq.com%2Fstorage%2F01K8605BVQ82WBMSTTG6G68DC1.webp&w=640&q=75 HTTP/2.0" 200 12790 "https://charsooq.com/" "Mozilla/5.0 (Linux; Android 10; K) AppleWebKit/537.36 (KHTML, like Gecko) Chrome/138.0.0.0 Mobile Safari/537.36"
127.0.0.1 - - [28/Aug/2026:00:03:36 +0330] "GET /storage/01K8605BVQ82WBMSTTG6G68DC1.webp HTTP/1.1" 200 12048 "-" "node"
127.0.0.1 - - [28/Aug/2026:00:03:37 +0330] "GET /api/v1/robot HTTP/1.1" 200 666 "-" "node"
192.178.7.105 - - [28/Aug/2026:00:03:37 +0330] "GET /robots.txt HTTP/1.1" 200 708 "-" "Mozilla/5.0 (compatible; Googlebot/2.1; +http://www.google.com/bot.html)"
127.0.0.1 - - [28/Aug/2026:00:03:38 +0330] "GET /storage/01K85ZWV0VHD9K1G8EP3NEVTBD.webp HTTP/1.1" 200 50168 "-" "node"
2.147.147.46 - - [28/Aug/2026:00:03:38 +0330] "GET /_next/image?url=https%3A%2F%2Fpanel.charsooq.com%2Fstorage%2F01K85ZWV0VHD9K1G8EP3NEVTBD.webp&w=640&q=75 HTTP/2.0" 200 15514 "https://charsooq.com/" "Mozilla/5.0 (Linux; Android 10; K) AppleWebKit/537.36 (KHTML, like Gecko) Chrome/138.0.0.0 Mobile Safari/537.36"
127.0.0.1 - - [28/Aug/2026:00:03:38 +0330] "GET /api/v1/categories-amazon HTTP/1.1" 200 34199 "-" "node"
192.178.7.97 - - [28/Aug/2026:00:03:38 +0330] "GET /content/upload/1/root/maker-coffee_w500_h500.jpg HTTP/1.1" 404 84244 "-" "Googlebot-Image/1.0"
127.0.0.1 - - [28/Aug/2026:00:03:42 +0330] "GET /storage/01K85XJ14R02M5WX4G3RCTM11E.webp HTTP/1.1" 200 39572 "-" "node"
2.147.147.46 - - [28/Aug/2026:00:03:42 +0330] "GET /_next/image?url=https%3A%2F%2Fpanel.charsooq.com%2Fstorage%2F01K85XJ14R02M5WX4G3RCTM11E.webp&w=640&q=75 HTTP/2.0" 200 8558 "https://charsooq.com/" "Mozilla/5.0 (Linux; Android 10; K) AppleWebKit/537.36 (KHTML, like Gecko) Chrome/138.0.0.0 Mobile Safari/537.36"
65.109.220.161 - - [28/Aug/2026:00:03:47 +0330] "POST /api/v3/check-url HTTP/2.0" 404 177 "https://charsooq.com/" "Mozilla/5.0 (Linux; Android 10; K) AppleWebKit/537.36 (KHTML, like Gecko) Chrome/151.0.0.0 Mobile Safari/537.36"
2.147.147.46 - - [28/Aug/2026:00:03:50 +0330] "GET /pwa-icon-180.png HTTP/2.0" 304 0 "https://charsooq.com/" "Mozilla/5.0 (Linux; Android 10; K) AppleWebKit/537.36 (KHTML, like Gecko) Chrome/138.0.0.0 Mobile Safari/537.36"
2.147.147.46 - - [28/Aug/2026:00:03:50 +0330] "GET /manifest.json HTTP/2.0" 304 0 "https://charsooq.com/" "Mozilla/5.0 (Linux; Android 10; K) AppleWebKit/537.36 (KHTML, like Gecko) Chrome/138.0.0.0 Mobile Safari/537.36"
127.0.0.1 - - [28/Aug/2026:00:03:50 +0330] "GET /api/v1/show-products-offers/Iketoiletconversion HTTP/1.1" 301 169 "-" "node"
127.0.0.1 - - [28/Aug/2026:00:03:50 +0330] "GET /api/v1/show-products-offers/Iketoiletconversion HTTP/1.1" 200 3557 "-" "node"
2.147.147.46 - - [28/Aug/2026:00:03:50 +0330] "GET /pwa-icon-180.png HTTP/2.0" 304 0 "https://charsooq.com/" "Mozilla/5.0 (Linux; Android 10; K) AppleWebKit/537.36 (KHTML, like Gecko) Chrome/138.0.0.0 Mobile Safari/537.36"
2.147.147.46 - - [28/Aug/2026:00:03:50 +0330] "GET /products/Iketoiletconversion/%D8%AA%D8%A8%D8%AF%DB%8C%D9%84-%D8%AA%D9%88%D8%A7%D9%84%D8%AA-%D9%81%D8%B1%D9%86%DA%AF%DB%8C-%D8%A7%DB%8C%DA%A9%DB%8C%D8%A7?_rsc=19zvn HTTP/2.0" 200 2255 "https://charsooq.com/" "Mozilla/5.0 (Linux; Android 10; K) AppleWebKit/537.36 (KHTML, like Gecko) Chrome/138.0.0.0 Mobile Safari/537.36"
52.167.144.160 - - [28/Aug/2026:00:04:16 +0330] "GET /?u=8116344973401 HTTP/2.0" 200 32789 "-" "Mozilla/5.0 AppleWebKit/537.36 (KHTML, like Gecko; compatible; bingbot/2.0; +http://www.bing.com/bingbot.htm) Chrome/116.0.1938.76 Safari/537.36"
127.0.0.1 - - [28/Aug/2026:00:04:34 +0330] "GET /api/v2/sliders HTTP/1.1" 200 7479 "-" "node"
127.0.0.1 - - [28/Aug/2026:00:04:34 +0330] "GET /api/v1/categories-amazon HTTP/1.1" 200 34230 "-" "node"
127.0.0.1 - - [28/Aug/2026:00:04:36 +0330] "GET /api/v2/page-data HTTP/1.1" 200 36854 "-" "node"
172.16.20.25 - - [28/Aug/2026:00:04:36 +0330] "GET / HTTP/1.1" 200 338507 "-" "Mozilla/5.0 (compatible; PRTG Network Monitor (www.paessler.com); Windows)"
52.167.144.160 - - [28/Aug/2026:00:04:47 +0330] "GET /?u=9927018256105 HTTP/2.0" 200 31808 "-" "Mozilla/5.0 AppleWebKit/537.36 (KHTML, like Gecko; compatible; bingbot/2.0; +http://www.bing.com/bingbot.htm) Chrome/116.0.1938.76 Safari/537.36"
52.167.144.160 - - [28/Aug/2026:00:04:49 +0330] "GET /?u=61501260822408 HTTP/2.0" 200 33528 "-" "Mozilla/5.0 AppleWebKit/537.36 (KHTML, like Gecko; compatible; bingbot/2.0; +http://www.bing.com/bingbot.htm) Chrome/116.0.1938.76 Safari/537.36"
40.77.167.28 - - [28/Aug/2026:00:04:54 +0330] "GET /?u=1307012951103 HTTP/2.0" 200 32692 "-" "Mozilla/5.0 AppleWebKit/537.36 (KHTML, like Gecko; compatible; bingbot/2.0; +http://www.bing.com/bingbot.htm) Chrome/116.0.1938.76 Safari/537.36"
40.77.167.28 - - [28/Aug/2026:00:04:56 +0330] "GET /?u=81077188839605 HTTP/2.0" 200 33232 "-" "Mozilla/5.0 AppleWebKit/537.36 (KHTML, like Gecko; compatible; bingbot/2.0; +http://www.bing.com/bingbot.htm) Chrome/116.0.1938.76 Safari/537.36"
40.77.167.28 - - [28/Aug/2026:00:04:58 +0330] "GET /?u=6381624107303 HTTP/2.0" 200 33769 "-" "Mozilla/5.0 AppleWebKit/537.36 (KHTML, like Gecko; compatible; bingbot/2.0; +http://www.bing.com/bingbot.htm) Chrome/116.0.1938.76 Safari/537.36"
52.167.144.160 - - [28/Aug/2026:00:04:58 +0330] "GET /?u=8299070690700 HTTP/2.0" 200 34208 "-" "Mozilla/5.0 AppleWebKit/537.36 (KHTML, like Gecko; compatible; bingbot/2.0; +http://www.bing.com/bingbot.htm) Chrome/116.0.1938.76 Safari/537.36"
127.0.0.1 - - [28/Aug/2026:00:05:28 +0330] "GET /api/v3/product-show/amz-B07SQXWNN2?amazon_region=undefined HTTP/1.1" 301 169 "-" "node"
127.0.0.1 - - [28/Aug/2026:00:05:28 +0330] "GET /api/v3/product-show/amz-B07SQXWNN2?amazon_region= HTTP/1.1" 301 169 "-" "node"
127.0.0.1 - - [28/Aug/2026:00:05:28 +0330] "GET /api/v3/product-show/amz-B07SQXWNN2?amazon_region= HTTP/1.1" 200 13515 "-" "node"
127.0.0.1 - - [28/Aug/2026:00:05:28 +0330] "GET /api/v3/product-show/amz-B07SQXWNN2?amazon_region=undefined HTTP/1.1" 200 13515 "-" "node"
127.0.0.1 - - [28/Aug/2026:00:05:29 +0330] "GET /api/v1/categories-amazon HTTP/1.1" 200 34199 "-" "node"
157.55.39.51 - - [28/Aug/2026:00:05:30 +0330] "GET /product/amz-B07SQXWNN2/Funko-Pop-TV-Umbrella-Academy-Vanya-Hargreeves-Styles-May-Vary HTTP/2.0" 200 105730 "-" "Mozilla/5.0 AppleWebKit/537.36 (KHTML, like Gecko; compatible; bingbot/2.0; +http://www.bing.com/bingbot.htm) Chrome/116.0.1938.76 Safari/537.36"
127.0.0.1 - - [28/Aug/2026:00:05:35 +0330] "GET /api/v1/categories-amazon HTTP/1.1" 200 34199 "-" "node"
172.16.20.25 - - [28/Aug/2026:00:05:35 +0330] "GET / HTTP/1.1" 200 338478 "-" "Mozilla/5.0 (compatible; PRTG Network Monitor (www.paessler.com); Windows)"
157.55.39.195 - - [28/Aug/2026:00:06:00 +0330] "GET /?u=61049204749902 HTTP/2.0" 200 33130 "-" "Mozilla/5.0 AppleWebKit/537.36 (KHTML, like Gecko; compatible; bingbot/2.0; +http://www.bing.com/bingbot.htm) Chrome/116.0.1938.76 Safari/537.36"
157.55.39.195 - - [28/Aug/2026:00:06:01 +0330] "GET /?u=21488285145607 HTTP/2.0" 200 33629 "-" "Mozilla/5.0 AppleWebKit/537.36 (KHTML, like Gecko; compatible; bingbot/2.0; +http://www.bing.com/bingbot.htm) Chrome/116.0.1938.76 Safari/537.36"
127.0.0.1 - - [28/Aug/2026:00:06:19 +0330] "GET /api/v1/robot HTTP/1.1" 200 666 "-" "node"
51.89.71.149 - - [28/Aug/2026:00:06:19 +0330] "GET /robots.txt HTTP/2.0" 200 696 "-" "Mozilla/5.0 (compatible; AhrefsBot/7.0; +http://ahrefs.com/robot/)"
127.0.0.1 - - [28/Aug/2026:00:06:21 +0330] "GET /api/v1/sitemap.xml HTTP/1.1" 200 1051066 "-" "node"
51.89.69.96 - - [28/Aug/2026:00:06:21 +0330] "GET /sitemap.xml HTTP/2.0" 200 1151591 "-" "Mozilla/5.0 (compatible; AhrefsBot/7.0; +http://ahrefs.com/robot/)"
127.0.0.1 - - [28/Aug/2026:00:06:22 +0330] "GET /api/v1/cart-index HTTP/1.1" 200 17462 "-" "node"
127.0.0.1 - - [28/Aug/2026:00:06:22 +0330] "GET /api/v2/sliders HTTP/1.1" 200 7479 "-" "node"
127.0.0.1 - - [28/Aug/2026:00:06:22 +0330] "GET /api/v1/article-page?region=china HTTP/1.1" 200 12218 "-" "node"
127.0.0.1 - - [28/Aug/2026:00:06:23 +0330] "GET /api/v1/categories-amazon HTTP/1.1" 200 34230 "-" "node"
45.13.237.40 - - [28/Aug/2026:00:06:23 +0330] "GET /china HTTP/2.0" 200 120162 "https://www.google.com/" "Mozilla/5.0 (Linux; Android 10; K) AppleWebKit/537.36 (KHTML, like Gecko) Chrome/151.0.0.0 Mobile Safari/537.36"
45.13.237.40 - - [28/Aug/2026:00:06:25 +0330] "GET /_next/image?url=%2Fassets%2Fimages%2Ficons%2Ftelegram-icon.png&w=128&q=75 HTTP/2.0" 200 5724 "https://charsooq.com/china" "Mozilla/5.0 (Linux; Android 10; K) AppleWebKit/537.36 (KHTML, like Gecko) Chrome/151.0.0.0 Mobile Safari/537.36"
45.13.237.40 - - [28/Aug/2026:00:06:25 +0330] "GET /assets/images/icons/whatsapp.png HTTP/2.0" 200 763 "https://charsooq.com/china" "Mozilla/5.0 (Linux; Android 10; K) AppleWebKit/537.36 (KHTML, like Gecko) Chrome/151.0.0.0 Mobile Safari/537.36"
45.13.237.40 - - [28/Aug/2026:00:06:25 +0330] "GET /assets/images/icons/instagram1.png HTTP/2.0" 200 1556 "https://charsooq.com/china" "Mozilla/5.0 (Linux; Android 10; K) AppleWebKit/537.36 (KHTML, like Gecko) Chrome/151.0.0.0 Mobile Safari/537.36"
45.13.237.40 - - [28/Aug/2026:00:06:25 +0330] "GET /assets/images/icons/telegram.png HTTP/2.0" 200 1179 "https://charsooq.com/china" "Mozilla/5.0 (Linux; Android 10; K) AppleWebKit/537.36 (KHTML, like Gecko) Chrome/151.0.0.0 Mobile Safari/537.36"
45.13.237.40 - - [28/Aug/2026:00:06:25 +0330] "GET /_next/static/chunks/main-app-9964935a240c0d39.js HTTP/2.0" 200 471 "https://charsooq.com/china" "Mozilla/5.0 (Linux; Android 10; K) AppleWebKit/537.36 (KHTML, like Gecko) Chrome/151.0.0.0 Mobile Safari/537.36"
45.13.237.40 - - [28/Aug/2026:00:06:25 +0330] "GET /_next/static/css/302d83c05ad27d8b.css HTTP/2.0" 200 369 "https://charsooq.com/china" "Mozilla/5.0 (Linux; Android 10; K) AppleWebKit/537.36 (KHTML, like Gecko) Chrome/151.0.0.0 Mobile Safari/537.36"
45.13.237.40 - - [28/Aug/2026:00:06:25 +0330] "GET /_next/static/css/2c9caab41af7e337.css HTTP/2.0" 200 3175 "https://charsooq.com/china" "Mozilla/5.0 (Linux; Android 10; K) AppleWebKit/537.36 (KHTML, like Gecko) Chrome/151.0.0.0 Mobile Safari/537.36"
45.13.237.40 - - [28/Aug/2026:00:06:25 +0330] "GET /_next/static/css/ae4ed9c503fd1e33.css HTTP/2.0" 200 1056 "https://charsooq.com/china" "Mozilla/5.0 (Linux; Android 10; K) AppleWebKit/537.36 (KHTML, like Gecko) Chrome/151.0.0.0 Mobile Safari/537.36"
45.13.237.40 - - [28/Aug/2026:00:06:25 +0330] "GET /_next/static/css/1fd47d1e4f3a64a0.css HTTP/2.0" 200 5002 "https://charsooq.com/china" "Mozilla/5.0 (Linux; Android 10; K) AppleWebKit/537.36 (KHTML, like Gecko) Chrome/151.0.0.0 Mobile Safari/537.36"
127.0.0.1 - - [28/Aug/2026:00:06:25 +0330] "GET /storage/5t3iux5OCto7LB2tmCpcDgnNAppmhu-metaYWxpZXhwcmVzcy5wbmc=-.png HTTP/1.1" 301 169 "-" "node"
127.0.0.1 - - [28/Aug/2026:00:06:25 +0330] "GET /storage/01J5ZZTNCQR7DRRR5GYFAMP086.webp HTTP/1.1" 200 93070 "-" "node"
127.0.0.1 - - [28/Aug/2026:00:06:25 +0330] "GET /storage/01K86CG1QRVXB0PMTKY5EERBNB.jpg HTTP/1.1" 200 25489 "-" "node"
45.13.237.40 - - [28/Aug/2026:00:06:25 +0330] "GET /_next/static/css/91447b978d7716af.css HTTP/2.0" 200 20418 "https://charsooq.com/china" "Mozilla/5.0 (Linux; Android 10; K) AppleWebKit/537.36 (KHTML, like Gecko) Chrome/151.0.0.0 Mobile Safari/537.36"
45.13.237.40 - - [28/Aug/2026:00:06:25 +0330] "GET /_next/static/media/d36c74da9a95e091-s.p.ttf HTTP/2.0" 200 35196 "https://charsooq.com/china" "Mozilla/5.0 (Linux; Android 10; K) AppleWebKit/537.36 (KHTML, like Gecko) Chrome/151.0.0.0 Mobile Safari/537.36"
45.13.237.40 - - [28/Aug/2026:00:06:25 +0330] "GET /_next/static/media/c7178acf770b8f1a-s.p.ttf HTTP/2.0" 200 35704 "https://charsooq.com/china" "Mozilla/5.0 (Linux; Android 10; K) AppleWebKit/537.36 (KHTML, like Gecko) Chrome/151.0.0.0 Mobile Safari/537.36"
45.13.237.40 - - [28/Aug/2026:00:06:25 +0330] "GET /_next/image?url=https%3A%2F%2Fpanel.charsooq.com%2Fstorage%2F01J5ZZTNCQR7DRRR5GYFAMP086.webp&w=640&q=75 HTTP/2.0" 200 12076 "https://charsooq.com/china" "Mozilla/5.0 (Linux; Android 10; K) AppleWebKit/537.36 (KHTML, like Gecko) Chrome/151.0.0.0 Mobile Safari/537.36"
127.0.0.1 - - [28/Aug/2026:00:06:25 +0330] "GET /storage/01HZPC4JGDHPPC1JPBBR2A5T2E.webp HTTP/1.1" 200 105004 "-" "node"
127.0.0.1 - - [28/Aug/2026:00:06:25 +0330] "GET /storage/01HMG8HF46FJKBJVB49SAH757T.webp HTTP/1.1" 200 108912 "-" "node"
127.0.0.1 - - [28/Aug/2026:00:06:25 +0330] "GET /storage/01HMZWP7ZKMS0KGQ5D0MXS8VGG.webp HTTP/1.1" 200 109620 "-" "node"
127.0.0.1 - - [28/Aug/2026:00:06:25 +0330] "GET /storage/5t3iux5OCto7LB2tmCpcDgnNAppmhu-metaYWxpZXhwcmVzcy5wbmc=-.png HTTP/1.1" 200 9951 "-" "node"
45.13.237.40 - - [28/Aug/2026:00:06:25 +0330] "GET /_next/image?url=https%3A%2F%2Fpanel.charsooq.com%2Fstorage%2F01HZPC4JGDHPPC1JPBBR2A5T2E.webp&w=640&q=75 HTTP/2.0" 200 13060 "https://charsooq.com/china" "Mozilla/5.0 (Linux; Android 10; K) AppleWebKit/537.36 (KHTML, like Gecko) Chrome/151.0.0.0 Mobile Safari/537.36"
45.13.237.40 - - [28/Aug/2026:00:06:25 +0330] "GET /_next/image?url=http%3A%2F%2Fpanel.charsooq.com%2Fstorage%2F5t3iux5OCto7LB2tmCpcDgnNAppmhu-metaYWxpZXhwcmVzcy5wbmc%3D-.png&w=256&q=75 HTTP/2.0" 200 2418 "https://charsooq.com/china" "Mozilla/5.0 (Linux; Android 10; K) AppleWebKit/537.36 (KHTML, like Gecko) Chrome/151.0.0.0 Mobile Safari/537.36"
45.13.237.40 - - [28/Aug/2026:00:06:25 +0330] "GET /_next/static/chunks/8003-81602ee8b36ef204.js HTTP/2.0" 200 2418 "https://charsooq.com/china" "Mozilla/5.0 (Linux; Android 10; K) AppleWebKit/537.36 (KHTML, like Gecko) Chrome/151.0.0.0 Mobile Safari/537.36"
45.13.237.40 - - [28/Aug/2026:00:06:25 +0330] "GET /_next/static/chunks/3462-b3fd13ed1d4f90e2.js HTTP/2.0" 200 1833 "https://charsooq.com/china" "Mozilla/5.0 (Linux; Android 10; K) AppleWebKit/537.36 (KHTML, like Gecko) Chrome/151.0.0.0 Mobile Safari/537.36"
45.13.237.40 - - [28/Aug/2026:00:06:25 +0330] "GET /_next/static/chunks/6137-97a90ba21cd4a885.js HTTP/2.0" 200 6706 "https://charsooq.com/china" "Mozilla/5.0 (Linux; Android 10; K) AppleWebKit/537.36 (KHTML, like Gecko) Chrome/151.0.0.0 Mobile Safari/537.36"
45.13.237.40 - - [28/Aug/2026:00:06:25 +0330] "GET /_next/static/chunks/3013-a9939c72e4a38977.js HTTP/2.0" 200 6860 "https://charsooq.com/china" "Mozilla/5.0 (Linux; Android 10; K) AppleWebKit/537.36 (KHTML, like Gecko) Chrome/151.0.0.0 Mobile Safari/537.36"
45.13.237.40 - - [28/Aug/2026:00:06:25 +0330] "GET /_next/static/chunks/169-68dabecb1c163108.js HTTP/2.0" 200 6555 "https://charsooq.com/china" "Mozilla/5.0 (Linux; Android 10; K) AppleWebKit/537.36 (KHTML, like Gecko) Chrome/151.0.0.0 Mobile Safari/537.36"
45.13.237.40 - - [28/Aug/2026:00:06:25 +0330] "GET /_next/static/chunks/4438-ac5ce0d4a5fd9e15.js HTTP/2.0" 200 8260 "https://charsooq.com/china" "Mozilla/5.0 (Linux; Android 10; K) AppleWebKit/537.36 (KHTML, like Gecko) Chrome/151.0.0.0 Mobile Safari/537.36"
45.13.237.40 - - [28/Aug/2026:00:06:25 +0330] "GET /_next/static/chunks/1122-321deaa23947d3c6.js HTTP/2.0" 200 8845 "https://charsooq.com/china" "Mozilla/5.0 (Linux; Android 10; K) AppleWebKit/537.36 (KHTML, like Gecko) Chrome/151.0.0.0 Mobile Safari/537.36"
45.13.237.40 - - [28/Aug/2026:00:06:25 +0330] "GET /_next/static/chunks/9227-c2a8061d3143118a.js HTTP/2.0" 200 2320 "https://charsooq.com/china" "Mozilla/5.0 (Linux; Android 10; K) AppleWebKit/537.36 (KHTML, like Gecko) Chrome/151.0.0.0 Mobile Safari/537.36"
45.13.237.40 - - [28/Aug/2026:00:06:25 +0330] "GET /_next/static/chunks/1580-575957d688ae25ac.js HTTP/2.0" 200 12089 "https://charsooq.com/china" "Mozilla/5.0 (Linux; Android 10; K) AppleWebKit/537.36 (KHTML, like Gecko) Chrome/151.0.0.0 Mobile Safari/537.36"
45.13.237.40 - - [28/Aug/2026:00:06:25 +0330] "GET /_next/static/chunks/2972-d7980624b2014943.js HTTP/2.0" 200 8732 "https://charsooq.com/china" "Mozilla/5.0 (Linux; Android 10; K) AppleWebKit/537.36 (KHTML, like Gecko) Chrome/151.0.0.0 Mobile Safari/537.36"
45.13.237.40 - - [28/Aug/2026:00:06:25 +0330] "GET /_next/image?url=https%3A%2F%2Fpanel.charsooq.com%2Fstorage%2F01K86CG1QRVXB0PMTKY5EERBNB.jpg&w=640&q=75 HTTP/2.0" 200 5768 "https://charsooq.com/china" "Mozilla/5.0 (Linux; Android 10; K) AppleWebKit/537.36 (KHTML, like Gecko) Chrome/151.0.0.0 Mobile Safari/537.36"
45.13.237.40 - - [28/Aug/2026:00:06:25 +0330] "GET /_next/static/chunks/1188-8347881a51d7e866.js HTTP/2.0" 200 3364 "https://charsooq.com/china" "Mozilla/5.0 (Linux; Android 10; K) AppleWebKit/537.36 (KHTML, like Gecko) Chrome/151.0.0.0 Mobile Safari/537.36"
45.13.237.40 - - [28/Aug/2026:00:06:25 +0330] "GET /assets/images/home/comment-vector-up.svg HTTP/2.0" 200 536 "https://charsooq.com/china" "Mozilla/5.0 (Linux; Android 10; K) AppleWebKit/537.36 (KHTML, like Gecko) Chrome/151.0.0.0 Mobile Safari/537.36"
45.13.237.40 - - [28/Aug/2026:00:06:25 +0330] "GET /assets/images/home/comment-vector-down.svg HTTP/2.0" 200 533 "https://charsooq.com/china" "Mozilla/5.0 (Linux; Android 10; K) AppleWebKit/537.36 (KHTML, like Gecko) Chrome/151.0.0.0 Mobile Safari/537.36"
45.13.237.40 - - [28/Aug/2026:00:06:25 +0330] "GET /_next/image?url=https%3A%2F%2Fpanel.charsooq.com%2Fstorage%2F01HMG8HF46FJKBJVB49SAH757T.webp&w=640&q=75 HTTP/2.0" 200 12062 "https://charsooq.com/china" "Mozilla/5.0 (Linux; Android 10; K) AppleWebKit/537.36 (KHTML, like Gecko) Chrome/151.0.0.0 Mobile Safari/537.36"
45.13.237.40 - - [28/Aug/2026:00:06:25 +0330] "GET /_next/image?url=https%3A%2F%2Fpanel.charsooq.com%2Fstorage%2F01HMZWP7ZKMS0KGQ5D0MXS8VGG.webp&w=640&q=75 HTTP/2.0" 200 19528 "https://charsooq.com/china" "Mozilla/5.0 (Linux; Android 10; K) AppleWebKit/537.36 (KHTML, like Gecko) Chrome/151.0.0.0 Mobile Safari/537.36"
45.13.237.40 - - [28/Aug/2026:00:06:25 +0330] "GET /_next/static/chunks/fd9d1056-9ff99acbd7fb9fe8.js HTTP/2.0" 200 53744 "https://charsooq.com/china" "Mozilla/5.0 (Linux; Android 10; K) AppleWebKit/537.36 (KHTML, like Gecko) Chrome/151.0.0.0 Mobile Safari/537.36"
45.13.237.40 - - [28/Aug/2026:00:06:25 +0330] "GET /_next/static/chunks/webpack-f27042854bafc0d3.js HTTP/2.0" 200 2127 "https://charsooq.com/china" "Mozilla/5.0 (Linux; Android 10; K) AppleWebKit/537.36 (KHTML, like Gecko) Chrome/151.0.0.0 Mobile Safari/537.36"
45.13.237.40 - - [28/Aug/2026:00:06:25 +0330] "GET /_next/static/chunks/2117-828e02dc1643a950.js HTTP/2.0" 200 32001 "https://charsooq.com/china" "Mozilla/5.0 (Linux; Android 10; K) AppleWebKit/537.36 (KHTML, like Gecko) Chrome/151.0.0.0 Mobile Safari/537.36"
45.13.237.40 - - [28/Aug/2026:00:06:25 +0330] "GET /_next/static/chunks/5878-8c4517462d65e9a5.js HTTP/2.0" 200 5170 "https://charsooq.com/china" "Mozilla/5.0 (Linux; Android 10; K) AppleWebKit/537.36 (KHTML, like Gecko) Chrome/151.0.0.0 Mobile Safari/537.36"
45.13.237.40 - - [28/Aug/2026:00:06:25 +0330] "GET /_next/static/chunks/6818-72710ec856a66515.js HTTP/2.0" 200 2700 "https://charsooq.com/china" "Mozilla/5.0 (Linux; Android 10; K) AppleWebKit/537.36 (KHTML, like Gecko) Chrome/151.0.0.0 Mobile Safari/537.36"
45.13.237.40 - - [28/Aug/2026:00:06:25 +0330] "GET /_next/static/chunks/9064-bc53da8ff6805f5a.js HTTP/2.0" 200 4703 "https://charsooq.com/china" "Mozilla/5.0 (Linux; Android 10; K) AppleWebKit/537.36 (KHTML, like Gecko) Chrome/151.0.0.0 Mobile Safari/537.36"
45.13.237.40 - - [28/Aug/2026:00:06:26 +0330] "GET /_next/static/chunks/5763-e3689baff1695fd1.js HTTP/2.0" 200 4387 "https://charsooq.com/china" "Mozilla/5.0 (Linux; Android 10; K) AppleWebKit/537.36 (KHTML, like Gecko) Chrome/151.0.0.0 Mobile Safari/537.36"
45.13.237.40 - - [28/Aug/2026:00:06:26 +0330] "GET /assets/images/home/sell-buy.svg HTTP/2.0" 200 71219 "https://charsooq.com/china" "Mozilla/5.0 (Linux; Android 10; K) AppleWebKit/537.36 (KHTML, like Gecko) Chrome/151.0.0.0 Mobile Safari/537.36"
45.13.237.40 - - [28/Aug/2026:00:06:26 +0330] "GET /_next/static/chunks/1493-5bf6477734a442f1.js HTTP/2.0" 200 3468 "https://charsooq.com/china" "Mozilla/5.0 (Linux; Android 10; K) AppleWebKit/537.36 (KHTML, like Gecko) Chrome/151.0.0.0 Mobile Safari/537.36"
45.13.237.40 - - [28/Aug/2026:00:06:26 +0330] "GET /_next/static/chunks/2034-b6ee9baf8082b7dc.js HTTP/2.0" 200 10926 "https://charsooq.com/china" "Mozilla/5.0 (Linux; Android 10; K) AppleWebKit/537.36 (KHTML, like Gecko) Chrome/151.0.0.0 Mobile Safari/537.36"
45.13.237.40 - - [28/Aug/2026:00:06:26 +0330] "GET /_next/static/chunks/1592-00644b699e0ed4d8.js HTTP/2.0" 200 7980 "https://charsooq.com/china" "Mozilla/5.0 (Linux; Android 10; K) AppleWebKit/537.36 (KHTML, like Gecko) Chrome/151.0.0.0 Mobile Safari/537.36"
45.13.237.40 - - [28/Aug/2026:00:06:26 +0330] "GET /_next/static/chunks/5605-342a49848bbf0c11.js HTTP/2.0" 200 6777 "https://charsooq.com/china" "Mozilla/5.0 (Linux; Android 10; K) AppleWebKit/537.36 (KHTML, like Gecko) Chrome/151.0.0.0 Mobile Safari/537.36"
45.13.237.40 - - [28/Aug/2026:00:06:26 +0330] "GET /_next/static/chunks/7463-8c14f85f0b9a94fe.js HTTP/2.0" 200 3339 "https://charsooq.com/china" "Mozilla/5.0 (Linux; Android 10; K) AppleWebKit/537.36 (KHTML, like Gecko) Chrome/151.0.0.0 Mobile Safari/537.36"
45.13.237.40 - - [28/Aug/2026:00:06:26 +0330] "GET /_next/static/chunks/19-2d446279b16f45e6.js HTTP/2.0" 200 6241 "https://charsooq.com/china" "Mozilla/5.0 (Linux; Android 10; K) AppleWebKit/537.36 (KHTML, like Gecko) Chrome/151.0.0.0 Mobile Safari/537.36"
45.13.237.40 - - [28/Aug/2026:00:06:26 +0330] "GET /_next/static/chunks/300-72da8991edf2ed5a.js HTTP/2.0" 200 33594 "https://charsooq.com/china" "Mozilla/5.0 (Linux; Android 10; K) AppleWebKit/537.36 (KHTML, like Gecko) Chrome/151.0.0.0 Mobile Safari/537.36"
45.13.237.40 - - [28/Aug/2026:00:06:26 +0330] "GET /_next/static/chunks/app/china/page-be70295a22a785f2.js HTTP/2.0" 200 2649 "https://charsooq.com/china" "Mozilla/5.0 (Linux; Android 10; K) AppleWebKit/537.36 (KHTML, like Gecko) Chrome/151.0.0.0 Mobile Safari/537.36"
45.13.237.40 - - [28/Aug/2026:00:06:26 +0330] "GET /_next/static/chunks/4216-78fe3424349836f6.js HTTP/2.0" 200 7011 "https://charsooq.com/china" "Mozilla/5.0 (Linux; Android 10; K) AppleWebKit/537.36 (KHTML, like Gecko) Chrome/151.0.0.0 Mobile Safari/537.36"
45.13.237.40 - - [28/Aug/2026:00:06:26 +0330] "GET /_next/static/chunks/9470-129db663fb54ce77.js HTTP/2.0" 200 3092 "https://charsooq.com/china" "Mozilla/5.0 (Linux; Android 10; K) AppleWebKit/537.36 (KHTML, like Gecko) Chrome/151.0.0.0 Mobile Safari/537.36"
45.13.237.40 - - [28/Aug/2026:00:06:26 +0330] "GET /_next/static/chunks/3134-367eb482f3be54c2.js HTTP/2.0" 200 2334 "https://charsooq.com/china" "Mozilla/5.0 (Linux; Android 10; K) AppleWebKit/537.36 (KHTML, like Gecko) Chrome/151.0.0.0 Mobile Safari/537.36"
45.13.237.40 - - [28/Aug/2026:00:06:26 +0330] "GET /_next/static/chunks/8472-05374d6b6d91921f.js HTTP/2.0" 200 9473 "https://charsooq.com/china" "Mozilla/5.0 (Linux; Android 10; K) AppleWebKit/537.36 (KHTML, like Gecko) Chrome/151.0.0.0 Mobile Safari/537.36"
45.13.237.40 - - [28/Aug/2026:00:06:26 +0330] "GET /_next/static/chunks/873-fa2a34145b7f655b.js HTTP/2.0" 200 64908 "https://charsooq.com/china" "Mozilla/5.0 (Linux; Android 10; K) AppleWebKit/537.36 (KHTML, like Gecko) Chrome/151.0.0.0 Mobile Safari/537.36"
45.13.237.40 - - [28/Aug/2026:00:06:26 +0330] "GET /_next/static/chunks/app/layout-cb550aa8118c7c2c.js HTTP/2.0" 200 11535 "https://charsooq.com/china" "Mozilla/5.0 (Linux; Android 10; K) AppleWebKit/537.36 (KHTML, like Gecko) Chrome/151.0.0.0 Mobile Safari/537.36"
45.13.237.40 - - [28/Aug/2026:00:06:26 +0330] "GET /_next/static/chunks/84-b6c070b37c66d77f.js HTTP/2.0" 200 2597 "https://charsooq.com/china" "Mozilla/5.0 (Linux; Android 10; K) AppleWebKit/537.36 (KHTML, like Gecko) Chrome/151.0.0.0 Mobile Safari/537.36"
45.13.237.40 - - [28/Aug/2026:00:06:26 +0330] "GET /_next/static/chunks/app/error-094d5bcef522249f.js HTTP/2.0" 200 673 "https://charsooq.com/china" "Mozilla/5.0 (Linux; Android 10; K) AppleWebKit/537.36 (KHTML, like Gecko) Chrome/151.0.0.0 Mobile Safari/537.36"
45.13.237.40 - - [28/Aug/2026:00:06:26 +0330] "GET /assets/images/home/discount-background.webp HTTP/2.0" 200 59114 "https://charsooq.com/_next/static/css/2c9caab41af7e337.css" "Mozilla/5.0 (Linux; Android 10; K) AppleWebKit/537.36 (KHTML, like Gecko) Chrome/151.0.0.0 Mobile Safari/537.36"
45.13.237.40 - - [28/Aug/2026:00:06:26 +0330] "GET /storage/01K7BR402XKVFCR55W677WXMYY.jpg HTTP/2.0" 200 289159 "https://charsooq.com/" "Mozilla/5.0 (Linux; Android 10; K) AppleWebKit/537.36 (KHTML, like Gecko) Chrome/151.0.0.0 Mobile Safari/537.36"
127.0.0.1 - - [28/Aug/2026:00:06:27 +0330] "GET /storage/01K86C2WJ5BTW35M4WQY1ARM0W.jpg HTTP/1.1" 200 257693 "-" "node"
45.13.237.40 - - [28/Aug/2026:00:06:27 +0330] "GET /_next/image?url=https%3A%2F%2Fpanel.charsooq.com%2Fstorage%2F01K86C2WJ5BTW35M4WQY1ARM0W.jpg&w=640&q=75 HTTP/2.0" 200 16534 "https://charsooq.com/china" "Mozilla/5.0 (Linux; Android 10; K) AppleWebKit/537.36 (KHTML, like Gecko) Chrome/151.0.0.0 Mobile Safari/537.36"
127.0.0.1 - - [28/Aug/2026:00:06:27 +0330] "GET /storage/01K86BG0D1WEMNCNNJKE10YXQ3.jpg HTTP/1.1" 200 121544 "-" "node"
45.13.237.40 - - [28/Aug/2026:00:06:27 +0330] "GET /_next/image?url=https%3A%2F%2Fpanel.charsooq.com%2Fstorage%2F01K86BG0D1WEMNCNNJKE10YXQ3.jpg&w=640&q=75 HTTP/2.0" 200 24792 "https://charsooq.com/china" "Mozilla/5.0 (Linux; Android 10; K) AppleWebKit/537.36 (KHTML, like Gecko) Chrome/151.0.0.0 Mobile Safari/537.36"
45.13.237.40 - - [28/Aug/2026:00:06:27 +0330] "GET /_next/static/chunks/1495.b45bb862bd3e18ec.js HTTP/2.0" 200 779 "https://charsooq.com/china" "Mozilla/5.0 (Linux; Android 10; K) AppleWebKit/537.36 (KHTML, like Gecko) Chrome/151.0.0.0 Mobile Safari/537.36"
45.13.237.40 - - [28/Aug/2026:00:06:27 +0330] "GET /_next/static/chunks/4922.b90b86ef20984235.js HTTP/2.0" 200 425 "https://charsooq.com/china" "Mozilla/5.0 (Linux; Android 10; K) AppleWebKit/537.36 (KHTML, like Gecko) Chrome/151.0.0.0 Mobile Safari/537.36"
45.13.237.40 - - [28/Aug/2026:00:06:27 +0330] "GET /_next/static/chunks/415.9bf722adfc74e289.js HTTP/2.0" 200 8742 "https://charsooq.com/china" "Mozilla/5.0 (Linux; Android 10; K) AppleWebKit/537.36 (KHTML, like Gecko) Chrome/151.0.0.0 Mobile Safari/537.36"
45.13.237.40 - - [28/Aug/2026:00:06:27 +0330] "GET /checkout?_rsc=1oa1z HTTP/2.0" 200 1690 "https://charsooq.com/china" "Mozilla/5.0 (Linux; Android 10; K) AppleWebKit/537.36 (KHTML, like Gecko) Chrome/151.0.0.0 Mobile Safari/537.36"
45.13.237.40 - - [28/Aug/2026:00:06:27 +0330] "GET /?_rsc=1oa1z HTTP/2.0" 200 13560 "https://charsooq.com/china" "Mozilla/5.0 (Linux; Android 10; K) AppleWebKit/537.36 (KHTML, like Gecko) Chrome/151.0.0.0 Mobile Safari/537.36"
45.13.237.40 - - [28/Aug/2026:00:06:29 +0330] "GET /_next/static/chunks/2177-53f14356cddc2711.js HTTP/2.0" 200 3254 "https://charsooq.com/china" "Mozilla/5.0 (Linux; Android 10; K) AppleWebKit/537.36 (KHTML, like Gecko) Chrome/151.0.0.0 Mobile Safari/537.36"
