45.13.237.40 - - [28/Aug/2026:00:06:29 +0330] "GET /_next/static/chunks/app/page-759df78f59703adb.js HTTP/2.0" 200 1959 "https://charsooq.com/china" "Mozilla/5.0 (Linux; Android 10; K) AppleWebKit/537.36 (KHTML, like Gecko) Chrome/151.0.0.0 Mobile Safari/537.36"
45.13.237.40 - - [28/Aug/2026:00:06:29 +0330] "GET /_next/static/chunks/app/checkout/layout-d7cf06d0dc8d6df6.js HTTP/2.0" 200 39421 "https://charsooq.com/china" "Mozilla/5.0 (Linux; Android 10; K) AppleWebKit/537.36 (KHTML, like Gecko) Chrome/151.0.0.0 Mobile Safari/537.36"
45.13.237.40 - - [28/Aug/2026:00:06:29 +0330] "OPTIONS /api/v1/profile HTTP/2.0" 204 0 "https://charsooq.com/" "Mozilla/5.0 (Linux; Android 10; K) AppleWebKit/537.36 (KHTML, like Gecko) Chrome/151.0.0.0 Mobile Safari/537.36"
45.13.237.40 - - [28/Aug/2026:00:06:29 +0330] "OPTIONS /api/v1/profile HTTP/2.0" 204 0 "https://charsooq.com/" "Mozilla/5.0 (Linux; Android 10; K) AppleWebKit/537.36 (KHTML, like Gecko) Chrome/151.0.0.0 Mobile Safari/537.36"
127.0.0.1 - - [28/Aug/2026:00:06:29 +0330] "GET /api/v2/page-data HTTP/1.1" 200 36854 "-" "node"
45.13.237.40 - - [28/Aug/2026:00:06:30 +0330] "GET /api/v1/profile HTTP/2.0" 200 433 "https://charsooq.com/" "Mozilla/5.0 (Linux; Android 10; K) AppleWebKit/537.36 (KHTML, like Gecko) Chrome/151.0.0.0 Mobile Safari/537.36"
45.13.237.40 - - [28/Aug/2026:00:06:31 +0330] "GET /manifest.json HTTP/2.0" 200 334 "https://charsooq.com/china" "Mozilla/5.0 (Linux; Android 10; K) AppleWebKit/537.36 (KHTML, like Gecko) Chrome/151.0.0.0 Mobile Safari/537.36"
45.13.237.40 - - [28/Aug/2026:00:06:31 +0330] "GET /pwa-icon-180.png HTTP/2.0" 200 10221 "https://charsooq.com/china" "Mozilla/5.0 (Linux; Android 10; K) AppleWebKit/537.36 (KHTML, like Gecko) Chrome/151.0.0.0 Mobile Safari/537.36"
127.0.0.1 - - [28/Aug/2026:00:06:35 +0330] "GET /api/v1/categories-amazon HTTP/1.1" 200 34230 "-" "node"
172.16.20.25 - - [28/Aug/2026:00:06:35 +0330] "GET / HTTP/1.1" 200 338470 "-" "Mozilla/5.0 (compatible; PRTG Network Monitor (www.paessler.com); Windows)"
157.55.39.195 - - [28/Aug/2026:00:06:38 +0330] "GET /?u=401511014100 HTTP/2.0" 200 33893 "-" "Mozilla/5.0 AppleWebKit/537.36 (KHTML, like Gecko; compatible; bingbot/2.0; +http://www.bing.com/bingbot.htm) Chrome/116.0.1938.76 Safari/537.36"
157.55.39.195 - - [28/Aug/2026:00:06:40 +0330] "GET /?u=1400768554500 HTTP/2.0" 200 34216 "-" "Mozilla/5.0 AppleWebKit/537.36 (KHTML, like Gecko; compatible; bingbot/2.0; +http://www.bing.com/bingbot.htm) Chrome/116.0.1938.76 Safari/537.36"
157.55.39.195 - - [28/Aug/2026:00:06:43 +0330] "GET /?u=42947181851503 HTTP/2.0" 200 34000 "-" "Mozilla/5.0 AppleWebKit/537.36 (KHTML, like Gecko; compatible; bingbot/2.0; +http://www.bing.com/bingbot.htm) Chrome/116.0.1938.76 Safari/537.36"
127.0.0.1 - - [28/Aug/2026:00:06:55 +0330] "GET /api/v1/product-offer-index?count=24&page=1&sortby=&category=perfume-and-cosmetics&minprice=0&maxprice=150000000 HTTP/1.1" 301 169 "-" "node"
127.0.0.1 - - [28/Aug/2026:00:06:55 +0330] "GET /api/v1/product-offer-index?count=24&page=1&sortby=&category=perfume-and-cosmetics&minprice=0&maxprice=150000000 HTTP/1.1" 200 24334 "-" "node"
127.0.0.1 - - [28/Aug/2026:00:06:56 +0330] "GET /api/v1/categories-amazon HTTP/1.1" 200 34230 "-" "node"
40.77.167.48 - - [28/Aug/2026:00:06:56 +0330] "GET /products-offer/perfume-and-cosmetics?page=1 HTTP/2.0" 200 106238 "-" "Mozilla/5.0 AppleWebKit/537.36 (KHTML, like Gecko; compatible; bingbot/2.0; +http://www.bing.com/bingbot.htm) Chrome/116.0.1938.76 Safari/537.36"
66.249.77.100 - - [28/Aug/2026:00:07:32 +0330] "GET /?u=90829200386903 HTTP/1.1" 200 32882 "-" "Mozilla/5.0 (Linux; Android 6.0.1; Nexus 5X Build/MMB29P) AppleWebKit/537.36 (KHTML, like Gecko) Chrome/151.0.7922.173 Mobile Safari/537.36 (compatible; Googlebot/2.1; +http://www.google.com/bot.html)"
127.0.0.1 - - [28/Aug/2026:00:07:34 +0330] "GET /api/v2/sliders HTTP/1.1" 200 7479 "-" "node"
127.0.0.1 - - [28/Aug/2026:00:07:35 +0330] "GET /api/v1/categories-amazon HTTP/1.1" 200 34230 "-" "node"
127.0.0.1 - - [28/Aug/2026:00:07:36 +0330] "GET /api/v2/page-data HTTP/1.1" 200 36854 "-" "node"
172.16.20.25 - - [28/Aug/2026:00:07:36 +0330] "GET / HTTP/1.1" 200 338501 "-" "Mozilla/5.0 (compatible; PRTG Network Monitor (www.paessler.com); Windows)"
52.167.144.160 - - [28/Aug/2026:00:07:48 +0330] "GET /?u=15995282749308 HTTP/2.0" 200 32619 "-" "Mozilla/5.0 AppleWebKit/537.36 (KHTML, like Gecko; compatible; bingbot/2.0; +http://www.bing.com/bingbot.htm) Chrome/116.0.1938.76 Safari/537.36"
52.167.144.160 - - [28/Aug/2026:00:07:50 +0330] "GET /?u=29310171714000 HTTP/2.0" 200 33877 "-" "Mozilla/5.0 AppleWebKit/537.36 (KHTML, like Gecko; compatible; bingbot/2.0; +http://www.bing.com/bingbot.htm) Chrome/116.0.1938.76 Safari/537.36"
52.167.144.160 - - [28/Aug/2026:00:07:52 +0330] "GET /?u=33012204210500 HTTP/2.0" 200 34306 "-" "Mozilla/5.0 AppleWebKit/537.36 (KHTML, like Gecko; compatible; bingbot/2.0; +http://www.bing.com/bingbot.htm) Chrome/116.0.1938.76 Safari/537.36"
52.167.144.140 - - [28/Aug/2026:00:07:56 +0330] "GET /?u=3000282937811 HTTP/2.0" 200 33367 "-" "Mozilla/5.0 AppleWebKit/537.36 (KHTML, like Gecko; compatible; bingbot/2.0; +http://www.bing.com/bingbot.htm) Chrome/116.0.1938.76 Safari/537.36"
52.167.144.140 - - [28/Aug/2026:00:07:58 +0330] "GET /?u=628486833200 HTTP/2.0" 200 35429 "-" "Mozilla/5.0 AppleWebKit/537.36 (KHTML, like Gecko; compatible; bingbot/2.0; +http://www.bing.com/bingbot.htm) Chrome/116.0.1938.76 Safari/537.36"
52.167.144.140 - - [28/Aug/2026:00:07:59 +0330] "GET /?u=750593160010 HTTP/2.0" 200 33142 "-" "Mozilla/5.0 AppleWebKit/537.36 (KHTML, like Gecko; compatible; bingbot/2.0; +http://www.bing.com/bingbot.htm) Chrome/116.0.1938.76 Safari/537.36"
52.167.144.160 - - [28/Aug/2026:00:08:00 +0330] "GET /?u=25196211726300 HTTP/2.0" 200 33390 "-" "Mozilla/5.0 AppleWebKit/537.36 (KHTML, like Gecko; compatible; bingbot/2.0; +http://www.bing.com/bingbot.htm) Chrome/116.0.1938.76 Safari/537.36"
52.167.144.140 - - [28/Aug/2026:00:08:14 +0330] "GET /?u=0110995166107 HTTP/2.0" 200 32751 "-" "Mozilla/5.0 AppleWebKit/537.36 (KHTML, like Gecko; compatible; bingbot/2.0; +http://www.bing.com/bingbot.htm) Chrome/116.0.1938.76 Safari/537.36"
52.167.144.140 - - [28/Aug/2026:00:08:16 +0330] "GET /?u=07448163801003 HTTP/2.0" 200 34352 "-" "Mozilla/5.0 AppleWebKit/537.36 (KHTML, like Gecko; compatible; bingbot/2.0; +http://www.bing.com/bingbot.htm) Chrome/116.0.1938.76 Safari/537.36"
52.167.144.140 - - [28/Aug/2026:00:08:19 +0330] "GET /?u=00408114576000 HTTP/2.0" 200 35561 "-" "Mozilla/5.0 AppleWebKit/537.36 (KHTML, like Gecko; compatible; bingbot/2.0; +http://www.bing.com/bingbot.htm) Chrome/116.0.1938.76 Safari/537.36"
157.55.39.195 - - [28/Aug/2026:00:08:19 +0330] "GET /?u=8737111832705 HTTP/2.0" 200 31973 "-" "Mozilla/5.0 AppleWebKit/537.36 (KHTML, like Gecko; compatible; bingbot/2.0; +http://www.bing.com/bingbot.htm) Chrome/116.0.1938.76 Safari/537.36"
157.55.39.195 - - [28/Aug/2026:00:08:21 +0330] "GET /?u=99223254053601 HTTP/2.0" 200 33166 "-" "Mozilla/5.0 AppleWebKit/537.36 (KHTML, like Gecko; compatible; bingbot/2.0; +http://www.bing.com/bingbot.htm) Chrome/116.0.1938.76 Safari/537.36"
157.55.39.195 - - [28/Aug/2026:00:08:23 +0330] "GET /?u=26005183301302 HTTP/2.0" 200 32925 "-" "Mozilla/5.0 AppleWebKit/537.36 (KHTML, like Gecko; compatible; bingbot/2.0; +http://www.bing.com/bingbot.htm) Chrome/116.0.1938.76 Safari/537.36"
157.55.39.195 - - [28/Aug/2026:00:08:25 +0330] "GET /?u=43377192808602 HTTP/2.0" 200 33359 "-" "Mozilla/5.0 AppleWebKit/537.36 (KHTML, like Gecko; compatible; bingbot/2.0; +http://www.bing.com/bingbot.htm) Chrome/116.0.1938.76 Safari/537.36"
157.55.39.195 - - [28/Aug/2026:00:08:27 +0330] "GET /?u=9530823520107 HTTP/2.0" 200 32830 "-" "Mozilla/5.0 AppleWebKit/537.36 (KHTML, like Gecko; compatible; bingbot/2.0; +http://www.bing.com/bingbot.htm) Chrome/116.0.1938.76 Safari/537.36"
157.55.39.195 - - [28/Aug/2026:00:08:28 +0330] "GET /?u=23290280896802 HTTP/2.0" 200 33756 "-" "Mozilla/5.0 AppleWebKit/537.36 (KHTML, like Gecko; compatible; bingbot/2.0; +http://www.bing.com/bingbot.htm) Chrome/116.0.1938.76 Safari/537.36"
157.55.39.195 - - [28/Aug/2026:00:08:31 +0330] "GET /?u=72108279467201 HTTP/2.0" 200 33041 "-" "Mozilla/5.0 AppleWebKit/537.36 (KHTML, like Gecko; compatible; bingbot/2.0; +http://www.bing.com/bingbot.htm) Chrome/116.0.1938.76 Safari/537.36"
127.0.0.1 - - [28/Aug/2026:00:08:35 +0330] "GET /api/v1/categories-amazon HTTP/1.1" 200 34199 "-" "node"
172.16.20.25 - - [28/Aug/2026:00:08:35 +0330] "GET / HTTP/1.1" 200 338470 "-" "Mozilla/5.0 (compatible; PRTG Network Monitor (www.paessler.com); Windows)"
157.55.39.195 - - [28/Aug/2026:00:08:36 +0330] "GET /?u=1270771010701 HTTP/2.0" 200 34458 "-" "Mozilla/5.0 AppleWebKit/537.36 (KHTML, like Gecko; compatible; bingbot/2.0; +http://www.bing.com/bingbot.htm) Chrome/116.0.1938.76 Safari/537.36"
52.167.144.172 - - [28/Aug/2026:00:08:55 +0330] "GET /?u=95097233541400 HTTP/2.0" 200 33469 "-" "Mozilla/5.0 AppleWebKit/537.36 (KHTML, like Gecko; compatible; bingbot/2.0; +http://www.bing.com/bingbot.htm) Chrome/116.0.1938.76 Safari/537.36"
127.0.0.1 - - [28/Aug/2026:00:09:34 +0330] "GET /api/v2/sliders HTTP/1.1" 200 7479 "-" "node"
127.0.0.1 - - [28/Aug/2026:00:09:35 +0330] "GET /api/v1/categories-amazon HTTP/1.1" 200 34230 "-" "node"
127.0.0.1 - - [28/Aug/2026:00:09:36 +0330] "GET /api/v2/page-data HTTP/1.1" 200 36854 "-" "node"
172.16.20.25 - - [28/Aug/2026:00:09:36 +0330] "GET / HTTP/1.1" 200 338501 "-" "Mozilla/5.0 (compatible; PRTG Network Monitor (www.paessler.com); Windows)"
66.249.77.99 - - [28/Aug/2026:00:09:58 +0330] "GET /?u=06694169818801 HTTP/1.1" 200 33471 "-" "Mozilla/5.0 (Linux; Android 6.0.1; Nexus 5X Build/MMB29P) AppleWebKit/537.36 (KHTML, like Gecko) Chrome/151.0.7922.173 Mobile Safari/537.36 (compatible; Googlebot/2.1; +http://www.google.com/bot.html)"
127.0.0.1 - - [28/Aug/2026:00:10:13 +0330] "GET /api/v1/article-page?region=foreign-shopping HTTP/1.1" 200 6429 "-" "node"
127.0.0.1 - - [28/Aug/2026:00:10:14 +0330] "GET /api/v1/categories-amazon HTTP/1.1" 200 34230 "-" "node"
213.193.254.212 - - [28/Aug/2026:00:10:14 +0330] "HEAD /foreign-shopping HTTP/2.0" 200 0 "-" "Mozilla/5.0 (Windows NT 10.0; Win64; x64) AppleWebKit/537.36 (KHTML, like Gecko) Chrome/151.0.0.0 Safari/537.36"
89.38.245.149 - - [28/Aug/2026:00:10:30 +0330] "GET /foreign-shopping HTTP/2.0" 308 37 "https://www.google.com/" "Mozilla/5.0 (Windows NT 10.0; Win64; x64) AppleWebKit/537.36 (KHTML, like Gecko) Chrome/151.0.0.0 Safari/537.36"
127.0.0.1 - - [28/Aug/2026:00:10:32 +0330] "GET /api/v1/categories-amazon HTTP/1.1" 200 34230 "-" "node"
89.38.245.149 - - [28/Aug/2026:00:10:32 +0330] "GET /foreign-shopping HTTP/2.0" 200 113195 "https://www.google.com/" "Mozilla/5.0 (Windows NT 10.0; Win64; x64) AppleWebKit/537.36 (KHTML, like Gecko) Chrome/151.0.0.0 Safari/537.36"
89.38.245.149 - - [28/Aug/2026:00:10:32 +0330] "GET /_next/image?url=%2Fassets%2Fimages%2Ficons%2Ftelegram-icon.png&w=128&q=75 HTTP/2.0" 200 5724 "https://charsooq.com/foreign-shopping" "Mozilla/5.0 (Windows NT 10.0; Win64; x64) AppleWebKit/537.36 (KHTML, like Gecko) Chrome/151.0.0.0 Safari/537.36"
89.38.245.149 - - [28/Aug/2026:00:10:32 +0330] "GET /_next/static/css/302d83c05ad27d8b.css HTTP/2.0" 200 369 "https://charsooq.com/foreign-shopping" "Mozilla/5.0 (Windows NT 10.0; Win64; x64) AppleWebKit/537.36 (KHTML, like Gecko) Chrome/151.0.0.0 Safari/537.36"
89.38.245.149 - - [28/Aug/2026:00:10:32 +0330] "GET /_next/static/css/2c9caab41af7e337.css HTTP/2.0" 200 3175 "https://charsooq.com/foreign-shopping" "Mozilla/5.0 (Windows NT 10.0; Win64; x64) AppleWebKit/537.36 (KHTML, like Gecko) Chrome/151.0.0.0 Safari/537.36"
89.38.245.149 - - [28/Aug/2026:00:10:32 +0330] "GET /_next/static/media/c7178acf770b8f1a-s.p.ttf HTTP/2.0" 200 35704 "https://charsooq.com/foreign-shopping" "Mozilla/5.0 (Windows NT 10.0; Win64; x64) AppleWebKit/537.36 (KHTML, like Gecko) Chrome/151.0.0.0 Safari/537.36"
89.38.245.149 - - [28/Aug/2026:00:10:32 +0330] "GET /_next/static/media/d36c74da9a95e091-s.p.ttf HTTP/2.0" 200 35196 "https://charsooq.com/foreign-shopping" "Mozilla/5.0 (Windows NT 10.0; Win64; x64) AppleWebKit/537.36 (KHTML, like Gecko) Chrome/151.0.0.0 Safari/537.36"
89.38.245.149 - - [28/Aug/2026:00:10:33 +0330] "GET /_next/static/css/ae4ed9c503fd1e33.css HTTP/2.0" 200 1056 "https://charsooq.com/foreign-shopping" "Mozilla/5.0 (Windows NT 10.0; Win64; x64) AppleWebKit/537.36 (KHTML, like Gecko) Chrome/151.0.0.0 Safari/537.36"
89.38.245.149 - - [28/Aug/2026:00:10:33 +0330] "GET /_next/static/css/91447b978d7716af.css HTTP/2.0" 200 20418 "https://charsooq.com/foreign-shopping" "Mozilla/5.0 (Windows NT 10.0; Win64; x64) AppleWebKit/537.36 (KHTML, like Gecko) Chrome/151.0.0.0 Safari/537.36"
89.38.245.149 - - [28/Aug/2026:00:10:33 +0330] "GET /_next/static/css/1fd47d1e4f3a64a0.css HTTP/2.0" 200 5002 "https://charsooq.com/foreign-shopping" "Mozilla/5.0 (Windows NT 10.0; Win64; x64) AppleWebKit/537.36 (KHTML, like Gecko) Chrome/151.0.0.0 Safari/537.36"
127.0.0.1 - - [28/Aug/2026:00:10:34 +0330] "GET /api/v1/sitemap.xml HTTP/1.1" 200 1051066 "-" "node"
89.38.245.149 - - [28/Aug/2026:00:10:34 +0330] "GET /manifest.json HTTP/2.0" 200 334 "https://charsooq.com/foreign-shopping" "Mozilla/5.0 (Windows NT 10.0; Win64; x64) AppleWebKit/537.36 (KHTML, like Gecko) Chrome/151.0.0.0 Safari/537.36"
89.38.245.149 - - [28/Aug/2026:00:10:34 +0330] "GET /_next/image?url=https%3A%2F%2Fpanel.charsooq.com%2Fstorage%2F01K86CG1QRVXB0PMTKY5EERBNB.jpg&w=640&q=75 HTTP/2.0" 200 5768 "https://charsooq.com/foreign-shopping" "Mozilla/5.0 (Windows NT 10.0; Win64; x64) AppleWebKit/537.36 (KHTML, like Gecko) Chrome/151.0.0.0 Safari/537.36"
89.38.245.149 - - [28/Aug/2026:00:10:34 +0330] "GET /_next/image?url=https%3A%2F%2Fpanel.charsooq.com%2Fstorage%2F01JCFP932H9Q64GVP49TFBKJK8.webp&w=640&q=75 HTTP/2.0" 200 16312 "https://charsooq.com/foreign-shopping" "Mozilla/5.0 (Windows NT 10.0; Win64; x64) AppleWebKit/537.36 (KHTML, like Gecko) Chrome/151.0.0.0 Safari/537.36"
89.38.245.149 - - [28/Aug/2026:00:10:34 +0330] "GET /_next/image?url=https%3A%2F%2Fpanel.charsooq.com%2Fstorage%2F01HY6BS8GDGCSW52KSBB7AXNKE.webp&w=640&q=75 HTTP/2.0" 200 24990 "https://charsooq.com/foreign-shopping" "Mozilla/5.0 (Windows NT 10.0; Win64; x64) AppleWebKit/537.36 (KHTML, like Gecko) Chrome/151.0.0.0 Safari/537.36"
89.38.245.149 - - [28/Aug/2026:00:10:34 +0330] "GET /assets/images/home/comment-vector-up.svg HTTP/2.0" 200 536 "https://charsooq.com/foreign-shopping" "Mozilla/5.0 (Windows NT 10.0; Win64; x64) AppleWebKit/537.36 (KHTML, like Gecko) Chrome/151.0.0.0 Safari/537.36"
89.38.245.149 - - [28/Aug/2026:00:10:34 +0330] "GET /assets/images/home/comment-vector-down.svg HTTP/2.0" 200 533 "https://charsooq.com/foreign-shopping" "Mozilla/5.0 (Windows NT 10.0; Win64; x64) AppleWebKit/537.36 (KHTML, like Gecko) Chrome/151.0.0.0 Safari/537.36"
127.0.0.1 - - [28/Aug/2026:00:10:34 +0330] "GET /storage/01K86CG1QRVXB0PMTKY5EERBNB.jpg HTTP/1.1" 200 25489 "-" "node"
127.0.0.1 - - [28/Aug/2026:00:10:34 +0330] "GET /storage/01JCFP932H9Q64GVP49TFBKJK8.webp HTTP/1.1" 200 86270 "-" "node"
127.0.0.1 - - [28/Aug/2026:00:10:34 +0330] "GET /storage/01HY6BS8GDGCSW52KSBB7AXNKE.webp HTTP/1.1" 200 200174 "-" "node"
89.38.245.149 - - [28/Aug/2026:00:10:34 +0330] "GET /assets/images/home/sell-buy.svg HTTP/2.0" 200 71219 "https://charsooq.com/foreign-shopping" "Mozilla/5.0 (Windows NT 10.0; Win64; x64) AppleWebKit/537.36 (KHTML, like Gecko) Chrome/151.0.0.0 Safari/537.36"
127.0.0.1 - - [28/Aug/2026:00:10:34 +0330] "GET /api/v2/sliders HTTP/1.1" 200 7479 "-" "node"
89.38.245.149 - - [28/Aug/2026:00:10:34 +0330] "GET /_next/image?url=https%3A%2F%2Fpanel.charsooq.com%2Fstorage%2F01HRWH760X60682C0NV8KM236N.webp&w=640&q=75 HTTP/2.0" 200 37386 "https://charsooq.com/foreign-shopping" "Mozilla/5.0 (Windows NT 10.0; Win64; x64) AppleWebKit/537.36 (KHTML, like Gecko) Chrome/151.0.0.0 Safari/537.36"
89.38.245.149 - - [28/Aug/2026:00:10:34 +0330] "GET /assets/images/icons/instagram1.png HTTP/2.0" 200 1556 "https://charsooq.com/foreign-shopping" "Mozilla/5.0 (Windows NT 10.0; Win64; x64) AppleWebKit/537.36 (KHTML, like Gecko) Chrome/151.0.0.0 Safari/537.36"
127.0.0.1 - - [28/Aug/2026:00:10:34 +0330] "GET /storage/01HRWH760X60682C0NV8KM236N.webp HTTP/1.1" 200 121696 "-" "node"
89.38.245.149 - - [28/Aug/2026:00:10:34 +0330] "GET /_next/image?url=https%3A%2F%2Fpanel.charsooq.com%2Fstorage%2F01HJ90G045MK53PA3245KNQQ8X.webp&w=640&q=75 HTTP/2.0" 200 13276 "https://charsooq.com/foreign-shopping" "Mozilla/5.0 (Windows NT 10.0; Win64; x64) AppleWebKit/537.36 (KHTML, like Gecko) Chrome/151.0.0.0 Safari/537.36"
127.0.0.1 - - [28/Aug/2026:00:10:34 +0330] "GET /storage/01HJ90G045MK53PA3245KNQQ8X.webp HTTP/1.1" 200 111382 "-" "node"
89.38.245.149 - - [28/Aug/2026:00:10:34 +0330] "GET /_next/static/chunks/webpack-f27042854bafc0d3.js HTTP/2.0" 200 2127 "https://charsooq.com/foreign-shopping" "Mozilla/5.0 (Windows NT 10.0; Win64; x64) AppleWebKit/537.36 (KHTML, like Gecko) Chrome/151.0.0.0 Safari/537.36"
89.38.245.149 - - [28/Aug/2026:00:10:34 +0330] "GET /_next/static/chunks/fd9d1056-9ff99acbd7fb9fe8.js HTTP/2.0" 200 53744 "https://charsooq.com/foreign-shopping" "Mozilla/5.0 (Windows NT 10.0; Win64; x64) AppleWebKit/537.36 (KHTML, like Gecko) Chrome/151.0.0.0 Safari/537.36"
216.73.217.50 - - [28/Aug/2026:00:10:34 +0330] "GET /sitemap.xml HTTP/2.0" 200 1151591 "-" "Mozilla/5.0 AppleWebKit/537.36 (KHTML, like Gecko; compatible; ClaudeBot/1.0; +claudebot@anthropic.com)"
89.38.245.149 - - [28/Aug/2026:00:10:35 +0330] "GET /_next/static/chunks/main-app-9964935a240c0d39.js HTTP/2.0" 200 471 "https://charsooq.com/foreign-shopping" "Mozilla/5.0 (Windows NT 10.0; Win64; x64) AppleWebKit/537.36 (KHTML, like Gecko) Chrome/151.0.0.0 Safari/537.36"
89.38.245.149 - - [28/Aug/2026:00:10:35 +0330] "GET /_next/static/chunks/2972-d7980624b2014943.js HTTP/2.0" 200 8732 "https://charsooq.com/foreign-shopping" "Mozilla/5.0 (Windows NT 10.0; Win64; x64) AppleWebKit/537.36 (KHTML, like Gecko) Chrome/151.0.0.0 Safari/537.36"
89.38.245.149 - - [28/Aug/2026:00:10:35 +0330] "GET /_next/static/chunks/1580-575957d688ae25ac.js HTTP/2.0" 200 12089 "https://charsooq.com/foreign-shopping" "Mozilla/5.0 (Windows NT 10.0; Win64; x64) AppleWebKit/537.36 (KHTML, like Gecko) Chrome/151.0.0.0 Safari/537.36"
89.38.245.149 - - [28/Aug/2026:00:10:35 +0330] "GET /_next/static/chunks/2117-828e02dc1643a950.js HTTP/2.0" 200 32001 "https://charsooq.com/foreign-shopping" "Mozilla/5.0 (Windows NT 10.0; Win64; x64) AppleWebKit/537.36 (KHTML, like Gecko) Chrome/151.0.0.0 Safari/537.36"
89.38.245.149 - - [28/Aug/2026:00:10:35 +0330] "GET /_next/static/chunks/4438-ac5ce0d4a5fd9e15.js HTTP/2.0" 200 8260 "https://charsooq.com/foreign-shopping" "Mozilla/5.0 (Windows NT 10.0; Win64; x64) AppleWebKit/537.36 (KHTML, like Gecko) Chrome/151.0.0.0 Safari/537.36"
89.38.245.149 - - [28/Aug/2026:00:10:35 +0330] "GET /_next/static/chunks/3462-b3fd13ed1d4f90e2.js HTTP/2.0" 200 1833 "https://charsooq.com/foreign-shopping" "Mozilla/5.0 (Windows NT 10.0; Win64; x64) AppleWebKit/537.36 (KHTML, like Gecko) Chrome/151.0.0.0 Safari/537.36"
89.38.245.149 - - [28/Aug/2026:00:10:35 +0330] "GET /_next/static/chunks/6137-97a90ba21cd4a885.js HTTP/2.0" 200 6706 "https://charsooq.com/foreign-shopping" "Mozilla/5.0 (Windows NT 10.0; Win64; x64) AppleWebKit/537.36 (KHTML, like Gecko) Chrome/151.0.0.0 Safari/537.36"
89.38.245.149 - - [28/Aug/2026:00:10:35 +0330] "GET /_next/static/chunks/3013-a9939c72e4a38977.js HTTP/2.0" 200 6860 "https://charsooq.com/foreign-shopping" "Mozilla/5.0 (Windows NT 10.0; Win64; x64) AppleWebKit/537.36 (KHTML, like Gecko) Chrome/151.0.0.0 Safari/537.36"
127.0.0.1 - - [28/Aug/2026:00:10:35 +0330] "GET /api/v1/categories-amazon HTTP/1.1" 200 34230 "-" "node"
172.16.20.25 - - [28/Aug/2026:00:10:35 +0330] "GET / HTTP/1.1" 200 338470 "-" "Mozilla/5.0 (compatible; PRTG Network Monitor (www.paessler.com); Windows)"
127.0.0.1 - - [28/Aug/2026:00:10:35 +0330] "GET /api/v1/categories-amazon HTTP/1.1" 200 34230 "-" "node"
89.38.245.149 - - [28/Aug/2026:00:10:35 +0330] "GET /_next/static/chunks/5878-8c4517462d65e9a5.js HTTP/2.0" 200 5170 "https://charsooq.com/foreign-shopping" "Mozilla/5.0 (Windows NT 10.0; Win64; x64) AppleWebKit/537.36 (KHTML, like Gecko) Chrome/151.0.0.0 Safari/537.36"
89.38.245.149 - - [28/Aug/2026:00:10:35 +0330] "GET /foreign-shopping HTTP/2.0" 200 113195 "-" "Mozilla/5.0 (Windows NT 10.0; Win64; x64) AppleWebKit/537.36 (KHTML, like Gecko) Chrome/151.0.0.0 Safari/537.36"
89.38.245.149 - - [28/Aug/2026:00:10:35 +0330] "GET /_next/static/chunks/9064-bc53da8ff6805f5a.js HTTP/2.0" 499 0 "https://charsooq.com/foreign-shopping" "Mozilla/5.0 (Windows NT 10.0; Win64; x64) AppleWebKit/537.36 (KHTML, like Gecko) Chrome/151.0.0.0 Safari/537.36"
89.38.245.149 - - [28/Aug/2026:00:10:35 +0330] "GET /_next/static/chunks/1493-5bf6477734a442f1.js HTTP/2.0" 499 0 "https://charsooq.com/foreign-shopping" "Mozilla/5.0 (Windows NT 10.0; Win64; x64) AppleWebKit/537.36 (KHTML, like Gecko) Chrome/151.0.0.0 Safari/537.36"
89.38.245.149 - - [28/Aug/2026:00:10:35 +0330] "GET /_next/static/chunks/2034-b6ee9baf8082b7dc.js HTTP/2.0" 499 0 "https://charsooq.com/foreign-shopping" "Mozilla/5.0 (Windows NT 10.0; Win64; x64) AppleWebKit/537.36 (KHTML, like Gecko) Chrome/151.0.0.0 Safari/537.36"
89.38.245.149 - - [28/Aug/2026:00:10:35 +0330] "GET /_next/static/chunks/6818-72710ec856a66515.js HTTP/2.0" 499 0 "https://charsooq.com/foreign-shopping" "Mozilla/5.0 (Windows NT 10.0; Win64; x64) AppleWebKit/537.36 (KHTML, like Gecko) Chrome/151.0.0.0 Safari/537.36"
89.38.245.149 - - [28/Aug/2026:00:10:35 +0330] "GET /_next/static/chunks/5763-e3689baff1695fd1.js HTTP/2.0" 499 0 "https://charsooq.com/foreign-shopping" "Mozilla/5.0 (Windows NT 10.0; Win64; x64) AppleWebKit/537.36 (KHTML, like Gecko) Chrome/151.0.0.0 Safari/537.36"
89.38.245.149 - - [28/Aug/2026:00:10:35 +0330] "GET /_next/static/chunks/5605-342a49848bbf0c11.js HTTP/2.0" 499 0 "https://charsooq.com/foreign-shopping" "Mozilla/5.0 (Windows NT 10.0; Win64; x64) AppleWebKit/537.36 (KHTML, like Gecko) Chrome/151.0.0.0 Safari/537.36"
89.38.245.149 - - [28/Aug/2026:00:10:35 +0330] "GET /_next/static/chunks/8472-05374d6b6d91921f.js HTTP/2.0" 499 0 "https://charsooq.com/foreign-shopping" "Mozilla/5.0 (Windows NT 10.0; Win64; x64) AppleWebKit/537.36 (KHTML, like Gecko) Chrome/151.0.0.0 Safari/537.36"
89.38.245.149 - - [28/Aug/2026:00:10:35 +0330] "GET /_next/static/chunks/4216-78fe3424349836f6.js HTTP/2.0" 499 0 "https://charsooq.com/foreign-shopping" "Mozilla/5.0 (Windows NT 10.0; Win64; x64) AppleWebKit/537.36 (KHTML, like Gecko) Chrome/151.0.0.0 Safari/537.36"
89.38.245.149 - - [28/Aug/2026:00:10:35 +0330] "GET /_next/static/chunks/873-fa2a34145b7f655b.js HTTP/2.0" 499 0 "https://charsooq.com/foreign-shopping" "Mozilla/5.0 (Windows NT 10.0; Win64; x64) AppleWebKit/537.36 (KHTML, like Gecko) Chrome/151.0.0.0 Safari/537.36"
89.38.245.149 - - [28/Aug/2026:00:10:35 +0330] "GET /_next/static/chunks/9227-c2a8061d3143118a.js HTTP/2.0" 499 0 "https://charsooq.com/foreign-shopping" "Mozilla/5.0 (Windows NT 10.0; Win64; x64) AppleWebKit/537.36 (KHTML, like Gecko) Chrome/151.0.0.0 Safari/537.36"
89.38.245.149 - - [28/Aug/2026:00:10:35 +0330] "GET /_next/static/chunks/9470-129db663fb54ce77.js HTTP/2.0" 499 0 "https://charsooq.com/foreign-shopping" "Mozilla/5.0 (Windows NT 10.0; Win64; x64) AppleWebKit/537.36 (KHTML, like Gecko) Chrome/151.0.0.0 Safari/537.36"
89.38.245.149 - - [28/Aug/2026:00:10:35 +0330] "GET /assets/images/home/comment-vector-up.svg HTTP/2.0" 304 0 "https://charsooq.com/foreign-shopping" "Mozilla/5.0 (Windows NT 10.0; Win64; x64) AppleWebKit/537.36 (KHTML, like Gecko) Chrome/151.0.0.0 Safari/537.36"
89.38.245.149 - - [28/Aug/2026:00:10:35 +0330] "GET /assets/images/home/sell-buy.svg HTTP/2.0" 304 0 "https://charsooq.com/foreign-shopping" "Mozilla/5.0 (Windows NT 10.0; Win64; x64) AppleWebKit/537.36 (KHTML, like Gecko) Chrome/151.0.0.0 Safari/537.36"
89.38.245.149 - - [28/Aug/2026:00:10:35 +0330] "GET /assets/images/home/comment-vector-down.svg HTTP/2.0" 304 0 "https://charsooq.com/foreign-shopping" "Mozilla/5.0 (Windows NT 10.0; Win64; x64) AppleWebKit/537.36 (KHTML, like Gecko) Chrome/151.0.0.0 Safari/537.36"
89.38.245.149 - - [28/Aug/2026:00:10:35 +0330] "GET /assets/images/icons/instagram1.png HTTP/2.0" 304 0 "https://charsooq.com/foreign-shopping" "Mozilla/5.0 (Windows NT 10.0; Win64; x64) AppleWebKit/537.36 (KHTML, like Gecko) Chrome/151.0.0.0 Safari/537.36"
89.38.245.149 - - [28/Aug/2026:00:10:36 +0330] "GET /manifest.json HTTP/2.0" 304 0 "https://charsooq.com/foreign-shopping" "Mozilla/5.0 (Windows NT 10.0; Win64; x64) AppleWebKit/537.36 (KHTML, like Gecko) Chrome/151.0.0.0 Safari/537.36"
89.38.245.149 - - [28/Aug/2026:00:10:36 +0330] "GET /_next/static/chunks/6818-72710ec856a66515.js HTTP/2.0" 200 2700 "https://charsooq.com/foreign-shopping" "Mozilla/5.0 (Windows NT 10.0; Win64; x64) AppleWebKit/537.36 (KHTML, like Gecko) Chrome/151.0.0.0 Safari/537.36"
89.38.245.149 - - [28/Aug/2026:00:10:36 +0330] "GET /_next/static/chunks/5763-e3689baff1695fd1.js HTTP/2.0" 200 4387 "https://charsooq.com/foreign-shopping" "Mozilla/5.0 (Windows NT 10.0; Win64; x64) AppleWebKit/537.36 (KHTML, like Gecko) Chrome/151.0.0.0 Safari/537.36"
89.38.245.149 - - [28/Aug/2026:00:10:36 +0330] "GET /_next/static/chunks/9064-bc53da8ff6805f5a.js HTTP/2.0" 200 4703 "https://charsooq.com/foreign-shopping" "Mozilla/5.0 (Windows NT 10.0; Win64; x64) AppleWebKit/537.36 (KHTML, like Gecko) Chrome/151.0.0.0 Safari/537.36"
89.38.245.149 - - [28/Aug/2026:00:10:36 +0330] "GET /_next/static/chunks/1493-5bf6477734a442f1.js HTTP/2.0" 200 3468 "https://charsooq.com/foreign-shopping" "Mozilla/5.0 (Windows NT 10.0; Win64; x64) AppleWebKit/537.36 (KHTML, like Gecko) Chrome/151.0.0.0 Safari/537.36"
89.38.245.149 - - [28/Aug/2026:00:10:36 +0330] "GET /_next/static/chunks/2034-b6ee9baf8082b7dc.js HTTP/2.0" 200 10926 "https://charsooq.com/foreign-shopping" "Mozilla/5.0 (Windows NT 10.0; Win64; x64) AppleWebKit/537.36 (KHTML, like Gecko) Chrome/151.0.0.0 Safari/537.36"
89.38.245.149 - - [28/Aug/2026:00:10:37 +0330] "GET /_next/static/chunks/5605-342a49848bbf0c11.js HTTP/2.0" 200 6777 "https://charsooq.com/foreign-shopping" "Mozilla/5.0 (Windows NT 10.0; Win64; x64) AppleWebKit/537.36 (KHTML, like Gecko) Chrome/151.0.0.0 Safari/537.36"
89.38.245.149 - - [28/Aug/2026:00:10:37 +0330] "GET /_next/static/chunks/8003-81602ee8b36ef204.js HTTP/2.0" 200 2418 "https://charsooq.com/foreign-shopping" "Mozilla/5.0 (Windows NT 10.0; Win64; x64) AppleWebKit/537.36 (KHTML, like Gecko) Chrome/151.0.0.0 Safari/537.36"
89.38.245.149 - - [28/Aug/2026:00:10:37 +0330] "GET /_next/static/chunks/1592-00644b699e0ed4d8.js HTTP/2.0" 200 7980 "https://charsooq.com/foreign-shopping" "Mozilla/5.0 (Windows NT 10.0; Win64; x64) AppleWebKit/537.36 (KHTML, like Gecko) Chrome/151.0.0.0 Safari/537.36"
89.38.245.149 - - [28/Aug/2026:00:10:37 +0330] "GET /_next/static/chunks/169-68dabecb1c163108.js HTTP/2.0" 200 6555 "https://charsooq.com/foreign-shopping" "Mozilla/5.0 (Windows NT 10.0; Win64; x64) AppleWebKit/537.36 (KHTML, like Gecko) Chrome/151.0.0.0 Safari/537.36"
89.38.245.149 - - [28/Aug/2026:00:10:37 +0330] "GET /_next/static/chunks/1122-321deaa23947d3c6.js HTTP/2.0" 200 8845 "https://charsooq.com/foreign-shopping" "Mozilla/5.0 (Windows NT 10.0; Win64; x64) AppleWebKit/537.36 (KHTML, like Gecko) Chrome/151.0.0.0 Safari/537.36"
89.38.245.149 - - [28/Aug/2026:00:10:38 +0330] "GET /storage/01K7BR402XKVFCR55W677WXMYY.jpg HTTP/2.0" 200 147456 "https://charsooq.com/" "Mozilla/5.0 (Windows NT 10.0; Win64; x64) AppleWebKit/537.36 (KHTML, like Gecko) Chrome/151.0.0.0 Safari/537.36"
89.38.245.149 - - [28/Aug/2026:00:10:38 +0330] "GET /_next/static/chunks/9227-c2a8061d3143118a.js HTTP/2.0" 200 2320 "https://charsooq.com/foreign-shopping" "Mozilla/5.0 (Windows NT 10.0; Win64; x64) AppleWebKit/537.36 (KHTML, like Gecko) Chrome/151.0.0.0 Safari/537.36"
89.38.245.149 - - [28/Aug/2026:00:10:38 +0330] "GET /_next/static/chunks/1188-8347881a51d7e866.js HTTP/2.0" 200 3364 "https://charsooq.com/foreign-shopping" "Mozilla/5.0 (Windows NT 10.0; Win64; x64) AppleWebKit/537.36 (KHTML, like Gecko) Chrome/151.0.0.0 Safari/537.36"
89.38.245.149 - - [28/Aug/2026:00:10:38 +0330] "GET /_next/static/chunks/7463-8c14f85f0b9a94fe.js HTTP/2.0" 200 3339 "https://charsooq.com/foreign-shopping" "Mozilla/5.0 (Windows NT 10.0; Win64; x64) AppleWebKit/537.36 (KHTML, like Gecko) Chrome/151.0.0.0 Safari/537.36"
89.38.245.149 - - [28/Aug/2026:00:10:38 +0330] "GET /_next/static/chunks/19-2d446279b16f45e6.js HTTP/2.0" 200 6241 "https://charsooq.com/foreign-shopping" "Mozilla/5.0 (Windows NT 10.0; Win64; x64) AppleWebKit/537.36 (KHTML, like Gecko) Chrome/151.0.0.0 Safari/537.36"
89.38.245.149 - - [28/Aug/2026:00:10:38 +0330] "GET /_next/static/chunks/300-72da8991edf2ed5a.js HTTP/2.0" 200 33594 "https://charsooq.com/foreign-shopping" "Mozilla/5.0 (Windows NT 10.0; Win64; x64) AppleWebKit/537.36 (KHTML, like Gecko) Chrome/151.0.0.0 Safari/537.36"
89.38.245.149 - - [28/Aug/2026:00:10:38 +0330] "GET /_next/static/chunks/app/foreign-shopping/page-baa3ec6fbda2de19.js HTTP/2.0" 200 2164 "https://charsooq.com/foreign-shopping" "Mozilla/5.0 (Windows NT 10.0; Win64; x64) AppleWebKit/537.36 (KHTML, like Gecko) Chrome/151.0.0.0 Safari/537.36"
89.38.245.149 - - [28/Aug/2026:00:10:38 +0330] "GET /_next/static/chunks/4216-78fe3424349836f6.js HTTP/2.0" 200 7011 "https://charsooq.com/foreign-shopping" "Mozilla/5.0 (Windows NT 10.0; Win64; x64) AppleWebKit/537.36 (KHTML, like Gecko) Chrome/151.0.0.0 Safari/537.36"
89.38.245.149 - - [28/Aug/2026:00:10:38 +0330] "GET /_next/static/chunks/3134-367eb482f3be54c2.js HTTP/2.0" 200 2334 "https://charsooq.com/foreign-shopping" "Mozilla/5.0 (Windows NT 10.0; Win64; x64) AppleWebKit/537.36 (KHTML, like Gecko) Chrome/151.0.0.0 Safari/537.36"
89.38.245.149 - - [28/Aug/2026:00:10:38 +0330] "GET /_next/static/chunks/9470-129db663fb54ce77.js HTTP/2.0" 200 3092 "https://charsooq.com/foreign-shopping" "Mozilla/5.0 (Windows NT 10.0; Win64; x64) AppleWebKit/537.36 (KHTML, like Gecko) Chrome/151.0.0.0 Safari/537.36"
89.38.245.149 - - [28/Aug/2026:00:10:38 +0330] "GET /_next/static/chunks/8472-05374d6b6d91921f.js HTTP/2.0" 200 9473 "https://charsooq.com/foreign-shopping" "Mozilla/5.0 (Windows NT 10.0; Win64; x64) AppleWebKit/537.36 (KHTML, like Gecko) Chrome/151.0.0.0 Safari/537.36"
89.38.245.149 - - [28/Aug/2026:00:10:38 +0330] "GET /_next/static/chunks/84-b6c070b37c66d77f.js HTTP/2.0" 200 2597 "https://charsooq.com/foreign-shopping" "Mozilla/5.0 (Windows NT 10.0; Win64; x64) AppleWebKit/537.36 (KHTML, like Gecko) Chrome/151.0.0.0 Safari/537.36"
89.38.245.149 - - [28/Aug/2026:00:10:38 +0330] "GET /_next/static/chunks/app/error-094d5bcef522249f.js HTTP/2.0" 200 673 "https://charsooq.com/foreign-shopping" "Mozilla/5.0 (Windows NT 10.0; Win64; x64) AppleWebKit/537.36 (KHTML, like Gecko) Chrome/151.0.0.0 Safari/537.36"
89.38.245.149 - - [28/Aug/2026:00:10:38 +0330] "GET /_next/static/chunks/app/layout-cb550aa8118c7c2c.js HTTP/2.0" 200 11535 "https://charsooq.com/foreign-shopping" "Mozilla/5.0 (Windows NT 10.0; Win64; x64) AppleWebKit/537.36 (KHTML, like Gecko) Chrome/151.0.0.0 Safari/537.36"
89.38.245.149 - - [28/Aug/2026:00:10:38 +0330] "GET /_next/static/chunks/873-fa2a34145b7f655b.js HTTP/2.0" 200 64908 "https://charsooq.com/foreign-shopping" "Mozilla/5.0 (Windows NT 10.0; Win64; x64) AppleWebKit/537.36 (KHTML, like Gecko) Chrome/151.0.0.0 Safari/537.36"
89.38.245.149 - - [28/Aug/2026:00:10:38 +0330] "GET /assets/images/icons/whatsapp.png HTTP/2.0" 200 763 "https://charsooq.com/foreign-shopping" "Mozilla/5.0 (Windows NT 10.0; Win64; x64) AppleWebKit/537.36 (KHTML, like Gecko) Chrome/151.0.0.0 Safari/537.36"
89.38.245.149 - - [28/Aug/2026:00:10:38 +0330] "GET /assets/images/icons/telegram.png HTTP/2.0" 200 1179 "https://charsooq.com/foreign-shopping" "Mozilla/5.0 (Windows NT 10.0; Win64; x64) AppleWebKit/537.36 (KHTML, like Gecko) Chrome/151.0.0.0 Safari/537.36"
89.38.245.149 - - [28/Aug/2026:00:10:39 +0330] "GET /assets/images/home/discount-background.webp HTTP/2.0" 200 59114 "https://charsooq.com/_next/static/css/2c9caab41af7e337.css" "Mozilla/5.0 (Windows NT 10.0; Win64; x64) AppleWebKit/537.36 (KHTML, like Gecko) Chrome/151.0.0.0 Safari/537.36"
89.38.245.149 - - [28/Aug/2026:00:10:39 +0330] "GET /_next/image?url=https%3A%2F%2Fpanel.charsooq.com%2Fstorage%2F01K86C2WJ5BTW35M4WQY1ARM0W.jpg&w=640&q=75 HTTP/2.0" 200 16534 "https://charsooq.com/foreign-shopping" "Mozilla/5.0 (Windows NT 10.0; Win64; x64) AppleWebKit/537.36 (KHTML, like Gecko) Chrome/151.0.0.0 Safari/537.36"
89.38.245.149 - - [28/Aug/2026:00:10:39 +0330] "GET /assets/images/home/comment-bg.png HTTP/2.0" 200 263391 "https://charsooq.com/_next/static/css/2c9caab41af7e337.css" "Mozilla/5.0 (Windows NT 10.0; Win64; x64) AppleWebKit/537.36 (KHTML, like Gecko) Chrome/151.0.0.0 Safari/537.36"
89.38.245.149 - - [28/Aug/2026:00:10:39 +0330] "GET /_next/image?url=https%3A%2F%2Fpanel.charsooq.com%2Fstorage%2F01K86BG0D1WEMNCNNJKE10YXQ3.jpg&w=640&q=75 HTTP/2.0" 200 24792 "https://charsooq.com/foreign-shopping" "Mozilla/5.0 (Windows NT 10.0; Win64; x64) AppleWebKit/537.36 (KHTML, like Gecko) Chrome/151.0.0.0 Safari/537.36"
89.38.245.149 - - [28/Aug/2026:00:10:39 +0330] "GET /_next/image?url=https%3A%2F%2Fpanel.charsooq.com%2Fstorage%2F01K86B6Z46YEXTNEG22HH3V6JD.jpg&w=640&q=75 HTTP/2.0" 200 22388 "https://charsooq.com/foreign-shopping" "Mozilla/5.0 (Windows NT 10.0; Win64; x64) AppleWebKit/537.36 (KHTML, like Gecko) Chrome/151.0.0.0 Safari/537.36"
89.38.245.149 - - [28/Aug/2026:00:10:39 +0330] "GET /amazon?_rsc=s86k6 HTTP/2.0" 200 1461 "https://charsooq.com/foreign-shopping" "Mozilla/5.0 (Windows NT 10.0; Win64; x64) AppleWebKit/537.36 (KHTML, like Gecko) Chrome/151.0.0.0 Safari/537.36"
127.0.0.1 - - [28/Aug/2026:00:10:39 +0330] "GET /storage/01K86C2WJ5BTW35M4WQY1ARM0W.jpg HTTP/1.1" 200 257693 "-" "node"
89.38.245.149 - - [28/Aug/2026:00:10:39 +0330] "GET /help?_rsc=s86k6 HTTP/2.0" 200 1528 "https://charsooq.com/foreign-shopping" "Mozilla/5.0 (Windows NT 10.0; Win64; x64) AppleWebKit/537.36 (KHTML, like Gecko) Chrome/151.0.0.0 Safari/537.36"
89.38.245.149 - - [28/Aug/2026:00:10:39 +0330] "GET /industrial-parts?_rsc=s86k6 HTTP/2.0" 200 2465 "https://charsooq.com/foreign-shopping" "Mozilla/5.0 (Windows NT 10.0; Win64; x64) AppleWebKit/537.36 (KHTML, like Gecko) Chrome/151.0.0.0 Safari/537.36"
127.0.0.1 - - [28/Aug/2026:00:10:39 +0330] "GET /storage/01K86BG0D1WEMNCNNJKE10YXQ3.jpg HTTP/1.1" 200 121544 "-" "node"
127.0.0.1 - - [28/Aug/2026:00:10:39 +0330] "GET /storage/01K86B6Z46YEXTNEG22HH3V6JD.jpg HTTP/1.1" 200 101329 "-" "node"
89.38.245.149 - - [28/Aug/2026:00:10:39 +0330] "GET /articles?_rsc=s86k6 HTTP/2.0" 200 1795 "https://charsooq.com/foreign-shopping" "Mozilla/5.0 (Windows NT 10.0; Win64; x64) AppleWebKit/537.36 (KHTML, like Gecko) Chrome/151.0.0.0 Safari/537.36"
89.38.245.149 - - [28/Aug/2026:00:10:39 +0330] "GET /?_rsc=s86k6 HTTP/2.0" 200 13559 "https://charsooq.com/foreign-shopping" "Mozilla/5.0 (Windows NT 10.0; Win64; x64) AppleWebKit/537.36 (KHTML, like Gecko) Chrome/151.0.0.0 Safari/537.36"
89.38.245.149 - - [28/Aug/2026:00:10:40 +0330] "GET /calculator?_rsc=s86k6 HTTP/2.0" 200 1408 "https://charsooq.com/foreign-shopping" "Mozilla/5.0 (Windows NT 10.0; Win64; x64) AppleWebKit/537.36 (KHTML, like Gecko) Chrome/151.0.0.0 Safari/537.36"
89.38.245.149 - - [28/Aug/2026:00:10:40 +0330] "GET /api/v1/calculator-index HTTP/2.0" 200 1549 "https://charsooq.com/" "Mozilla/5.0 (Windows NT 10.0; Win64; x64) AppleWebKit/537.36 (KHTML, like Gecko) Chrome/151.0.0.0 Safari/537.36"
89.38.245.149 - - [28/Aug/2026:00:10:40 +0330] "GET /checkout?_rsc=s86k6 HTTP/2.0" 200 1690 "https://charsooq.com/foreign-shopping" "Mozilla/5.0 (Windows NT 10.0; Win64; x64) AppleWebKit/537.36 (KHTML, like Gecko) Chrome/151.0.0.0 Safari/537.36"
89.38.245.149 - - [28/Aug/2026:00:10:40 +0330] "GET /amazon/products?page=1&_rsc=s86k6 HTTP/2.0" 200 1482 "https://charsooq.com/foreign-shopping" "Mozilla/5.0 (Windows NT 10.0; Win64; x64) AppleWebKit/537.36 (KHTML, like Gecko) Chrome/151.0.0.0 Safari/537.36"
89.38.245.149 - - [28/Aug/2026:00:10:40 +0330] "GET /ebay?_rsc=s86k6 HTTP/2.0" 200 1456 "https://charsooq.com/foreign-shopping" "Mozilla/5.0 (Windows NT 10.0; Win64; x64) AppleWebKit/537.36 (KHTML, like Gecko) Chrome/151.0.0.0 Safari/537.36"
89.38.245.149 - - [28/Aug/2026:00:10:40 +0330] "GET /storage/01K7BR402XKVFCR55W677WXMYY.jpg HTTP/2.0" 200 289159 "https://charsooq.com/" "Mozilla/5.0 (Windows NT 10.0; Win64; x64) AppleWebKit/537.36 (KHTML, like Gecko) Chrome/151.0.0.0 Safari/537.36"
127.0.0.1 - - [28/Aug/2026:00:10:40 +0330] "GET /storage/01K86AXVR1CPDP7XRQP0YNRWQ9.jpg HTTP/1.1" 200 116887 "-" "node"
89.38.245.149 - - [28/Aug/2026:00:10:40 +0330] "GET /_next/image?url=https%3A%2F%2Fpanel.charsooq.com%2Fstorage%2F01K86AXVR1CPDP7XRQP0YNRWQ9.jpg&w=640&q=75 HTTP/2.0" 200 40524 "https://charsooq.com/foreign-shopping" "Mozilla/5.0 (Windows NT 10.0; Win64; x64) AppleWebKit/537.36 (KHTML, like Gecko) Chrome/151.0.0.0 Safari/537.36"
127.0.0.1 - - [28/Aug/2026:00:10:40 +0330] "GET /storage/01K86AE67CD768YVCX06C4MFGY.jpg HTTP/1.1" 200 102485 "-" "node"
89.38.245.149 - - [28/Aug/2026:00:10:40 +0330] "GET /_next/image?url=https%3A%2F%2Fpanel.charsooq.com%2Fstorage%2F01K86AE67CD768YVCX06C4MFGY.jpg&w=640&q=75 HTTP/2.0" 200 40654 "https://charsooq.com/foreign-shopping" "Mozilla/5.0 (Windows NT 10.0; Win64; x64) AppleWebKit/537.36 (KHTML, like Gecko) Chrome/151.0.0.0 Safari/537.36"
127.0.0.1 - - [28/Aug/2026:00:10:41 +0330] "GET /api/v2/page-data HTTP/1.1" 200 36854 "-" "node"
89.38.245.149 - - [28/Aug/2026:00:10:41 +0330] "GET /turkey?_rsc=s86k6 HTTP/2.0" 200 1430 "https://charsooq.com/foreign-shopping" "Mozilla/5.0 (Windows NT 10.0; Win64; x64) AppleWebKit/537.36 (KHTML, like Gecko) Chrome/151.0.0.0 Safari/537.36"
89.38.245.149 - - [28/Aug/2026:00:10:41 +0330] "GET /emirates?_rsc=s86k6 HTTP/2.0" 200 1457 "https://charsooq.com/foreign-shopping" "Mozilla/5.0 (Windows NT 10.0; Win64; x64) AppleWebKit/537.36 (KHTML, like Gecko) Chrome/151.0.0.0 Safari/537.36"
89.38.245.149 - - [28/Aug/2026:00:10:41 +0330] "GET /china?_rsc=s86k6 HTTP/2.0" 200 1440 "https://charsooq.com/foreign-shopping" "Mozilla/5.0 (Windows NT 10.0; Win64; x64) AppleWebKit/537.36 (KHTML, like Gecko) Chrome/151.0.0.0 Safari/537.36"
127.0.0.1 - - [28/Aug/2026:00:10:41 +0330] "GET /storage/01K860JJCR4291H7T8S2ABV9ZA.jpg HTTP/1.1" 200 278614 "-" "node"
89.38.245.149 - - [28/Aug/2026:00:10:41 +0330] "GET /_next/image?url=https%3A%2F%2Fpanel.charsooq.com%2Fstorage%2F01K860JJCR4291H7T8S2ABV9ZA.jpg&w=640&q=75 HTTP/2.0" 200 30022 "https://charsooq.com/foreign-shopping" "Mozilla/5.0 (Windows NT 10.0; Win64; x64) AppleWebKit/537.36 (KHTML, like Gecko) Chrome/151.0.0.0 Safari/537.36"
127.0.0.1 - - [28/Aug/2026:00:10:41 +0330] "GET /storage/01K8605BVQ82WBMSTTG6G68DC1.webp HTTP/1.1" 200 12048 "-" "node"
89.38.245.149 - - [28/Aug/2026:00:10:41 +0330] "GET /_next/image?url=https%3A%2F%2Fpanel.charsooq.com%2Fstorage%2F01K8605BVQ82WBMSTTG6G68DC1.webp&w=640&q=75 HTTP/2.0" 200 12790 "https://charsooq.com/foreign-shopping" "Mozilla/5.0 (Windows NT 10.0; Win64; x64) AppleWebKit/537.36 (KHTML, like Gecko) Chrome/151.0.0.0 Safari/537.36"
127.0.0.1 - - [28/Aug/2026:00:10:42 +0330] "GET /storage/01K85ZWV0VHD9K1G8EP3NEVTBD.webp HTTP/1.1" 200 50168 "-" "node"
89.38.245.149 - - [28/Aug/2026:00:10:42 +0330] "GET /_next/image?url=https%3A%2F%2Fpanel.charsooq.com%2Fstorage%2F01K85ZWV0VHD9K1G8EP3NEVTBD.webp&w=640&q=75 HTTP/2.0" 200 15514 "https://charsooq.com/foreign-shopping" "Mozilla/5.0 (Windows NT 10.0; Win64; x64) AppleWebKit/537.36 (KHTML, like Gecko) Chrome/151.0.0.0 Safari/537.36"
127.0.0.1 - - [28/Aug/2026:00:10:42 +0330] "GET /storage/01K85XJ14R02M5WX4G3RCTM11E.webp HTTP/1.1" 200 39572 "-" "node"
89.38.245.149 - - [28/Aug/2026:00:10:42 +0330] "GET /_next/image?url=https%3A%2F%2Fpanel.charsooq.com%2Fstorage%2F01K85XJ14R02M5WX4G3RCTM11E.webp&w=640&q=75 HTTP/2.0" 200 8558 "https://charsooq.com/foreign-shopping" "Mozilla/5.0 (Windows NT 10.0; Win64; x64) AppleWebKit/537.36 (KHTML, like Gecko) Chrome/151.0.0.0 Safari/537.36"
89.38.245.149 - - [28/Aug/2026:00:10:42 +0330] "GET /_next/static/chunks/4922.b90b86ef20984235.js HTTP/2.0" 200 425 "https://charsooq.com/foreign-shopping" "Mozilla/5.0 (Windows NT 10.0; Win64; x64) AppleWebKit/537.36 (KHTML, like Gecko) Chrome/151.0.0.0 Safari/537.36"
89.38.245.149 - - [28/Aug/2026:00:10:42 +0330] "GET /_next/static/chunks/1495.b45bb862bd3e18ec.js HTTP/2.0" 200 779 "https://charsooq.com/foreign-shopping" "Mozilla/5.0 (Windows NT 10.0; Win64; x64) AppleWebKit/537.36 (KHTML, like Gecko) Chrome/151.0.0.0 Safari/537.36"
89.38.245.149 - - [28/Aug/2026:00:10:42 +0330] "GET /_next/static/chunks/415.9bf722adfc74e289.js HTTP/2.0" 200 8742 "https://charsooq.com/foreign-shopping" "Mozilla/5.0 (Windows NT 10.0; Win64; x64) AppleWebKit/537.36 (KHTML, like Gecko) Chrome/151.0.0.0 Safari/537.36"
89.38.245.149 - - [28/Aug/2026:00:10:42 +0330] "GET /_next/static/chunks/app/industrial-parts/not-found-adf53c19c55d783e.js HTTP/2.0" 200 284 "https://charsooq.com/foreign-shopping" "Mozilla/5.0 (Windows NT 10.0; Win64; x64) AppleWebKit/537.36 (KHTML, like Gecko) Chrome/151.0.0.0 Safari/537.36"
89.38.245.149 - - [28/Aug/2026:00:10:42 +0330] "GET /_next/static/chunks/app/industrial-parts/layout-d84cebb79cd2565b.js HTTP/2.0" 200 4312 "https://charsooq.com/foreign-shopping" "Mozilla/5.0 (Windows NT 10.0; Win64; x64) AppleWebKit/537.36 (KHTML, like Gecko) Chrome/151.0.0.0 Safari/537.36"
89.38.245.149 - - [28/Aug/2026:00:10:42 +0330] "GET /_next/static/chunks/app/industrial-parts/error-22f6747704f6ca21.js HTTP/2.0" 200 673 "https://charsooq.com/foreign-shopping" "Mozilla/5.0 (Windows NT 10.0; Win64; x64) AppleWebKit/537.36 (KHTML, like Gecko) Chrome/151.0.0.0 Safari/537.36"
89.38.245.149 - - [28/Aug/2026:00:10:43 +0330] "GET /_next/static/chunks/app/help/layout-bafecda7f594b8aa.js HTTP/2.0" 200 4169 "https://charsooq.com/foreign-shopping" "Mozilla/5.0 (Windows NT 10.0; Win64; x64) AppleWebKit/537.36 (KHTML, like Gecko) Chrome/151.0.0.0 Safari/537.36"
89.38.245.149 - - [28/Aug/2026:00:10:43 +0330] "GET /_next/static/chunks/2177-53f14356cddc2711.js HTTP/2.0" 200 3254 "https://charsooq.com/foreign-shopping" "Mozilla/5.0 (Windows NT 10.0; Win64; x64) AppleWebKit/537.36 (KHTML, like Gecko) Chrome/151.0.0.0 Safari/537.36"
89.38.245.149 - - [28/Aug/2026:00:10:43 +0330] "GET /_next/static/chunks/app/page-759df78f59703adb.js HTTP/2.0" 200 1959 "https://charsooq.com/foreign-shopping" "Mozilla/5.0 (Windows NT 10.0; Win64; x64) AppleWebKit/537.36 (KHTML, like Gecko) Chrome/151.0.0.0 Safari/537.36"
89.38.245.149 - - [28/Aug/2026:00:10:43 +0330] "GET /amazon/products?page=1&category=electronics-video-projectors&_rsc=s86k6 HTTP/2.0" 200 1537 "https://charsooq.com/foreign-shopping" "Mozilla/5.0 (Windows NT 10.0; Win64; x64) AppleWebKit/537.36 (KHTML, like Gecko) Chrome/151.0.0.0 Safari/537.36"
89.38.245.149 - - [28/Aug/2026:00:10:43 +0330] "GET /_next/static/chunks/app/checkout/layout-d7cf06d0dc8d6df6.js HTTP/2.0" 200 39421 "https://charsooq.com/foreign-shopping" "Mozilla/5.0 (Windows NT 10.0; Win64; x64) AppleWebKit/537.36 (KHTML, like Gecko) Chrome/151.0.0.0 Safari/537.36"
89.38.245.149 - - [28/Aug/2026:00:10:45 +0330] "GET /amazon/products?page=1&category=clothing-shoes-jewelry-men&_rsc=s86k6 HTTP/2.0" 200 1539 "https://charsooq.com/foreign-shopping" "Mozilla/5.0 (Windows NT 10.0; Win64; x64) AppleWebKit/537.36 (KHTML, like Gecko) Chrome/151.0.0.0 Safari/537.36"
89.38.245.149 - - [28/Aug/2026:00:10:45 +0330] "GET /amazon/products?page=1&category=toys-games-remote-app-controlled-vehicles-parts&_rsc=s86k6 HTTP/2.0" 200 1562 "https://charsooq.com/foreign-shopping" "Mozilla/5.0 (Windows NT 10.0; Win64; x64) AppleWebKit/537.36 (KHTML, like Gecko) Chrome/151.0.0.0 Safari/537.36"
89.38.245.149 - - [28/Aug/2026:00:10:45 +0330] "GET /amazon/products?page=1&category=toys-games-puzzles&_rsc=s86k6 HTTP/2.0" 200 1526 "https://charsooq.com/foreign-shopping" "Mozilla/5.0 (Windows NT 10.0; Win64; x64) AppleWebKit/537.36 (KHTML, like Gecko) Chrome/151.0.0.0 Safari/537.36"
89.38.245.149 - - [28/Aug/2026:00:10:45 +0330] "GET /amazon/products?page=1&category=toys-games-vehicles&_rsc=s86k6 HTTP/2.0" 200 1527 "https://charsooq.com/foreign-shopping" "Mozilla/5.0 (Windows NT 10.0; Win64; x64) AppleWebKit/537.36 (KHTML, like Gecko) Chrome/151.0.0.0 Safari/537.36"
89.38.245.149 - - [28/Aug/2026:00:10:45 +0330] "GET /amazon/products?page=1&category=toys-games-collectible-toys&_rsc=s86k6 HTTP/2.0" 200 1535 "https://charsooq.com/foreign-shopping" "Mozilla/5.0 (Windows NT 10.0; Win64; x64) AppleWebKit/537.36 (KHTML, like Gecko) Chrome/151.0.0.0 Safari/537.36"
89.38.245.149 - - [28/Aug/2026:00:10:47 +0330] "GET /32px.png HTTP/2.0" 200 11202 "https://charsooq.com/foreign-shopping" "Mozilla/5.0 (Windows NT 10.0; Win64; x64) AppleWebKit/537.36 (KHTML, like Gecko) Chrome/151.0.0.0 Safari/537.36"
89.38.245.149 - - [28/Aug/2026:00:10:47 +0330] "GET /16px.png HTTP/2.0" 200 9783 "https://charsooq.com/foreign-shopping" "Mozilla/5.0 (Windows NT 10.0; Win64; x64) AppleWebKit/537.36 (KHTML, like Gecko) Chrome/151.0.0.0 Safari/537.36"
89.38.245.149 - - [28/Aug/2026:00:10:47 +0330] "GET /favicon.ico HTTP/2.0" 200 3035 "https://charsooq.com/foreign-shopping" "Mozilla/5.0 (Windows NT 10.0; Win64; x64) AppleWebKit/537.36 (KHTML, like Gecko) Chrome/151.0.0.0 Safari/537.36"
185.242.226.108 - - [28/Aug/2026:00:11:14 +0330] "GET / HTTP/1.1" 301 169 "-" "Mozilla/5.0 (Windows NT 10.0; Win64; x64) AppleWebKit/537.36 (KHTML, like Gecko) Chrome/88.0.4324.190 Safari/537.36"
52.167.144.172 - - [28/Aug/2026:00:11:25 +0330] "GET /shop/pg/1AgreementInfo/ HTTP/2.0" 200 33746 "-" "Mozilla/5.0 AppleWebKit/537.36 (KHTML, like Gecko; compatible; bingbot/2.0; +http://www.bing.com/bingbot.htm) Chrome/116.0.1938.76 Safari/537.36"
127.0.0.1 - - [28/Aug/2026:00:11:35 +0330] "GET /api/v1/categories-amazon HTTP/1.1" 200 34230 "-" "node"
172.16.20.25 - - [28/Aug/2026:00:11:35 +0330] "GET / HTTP/1.1" 200 338470 "-" "Mozilla/5.0 (compatible; PRTG Network Monitor (www.paessler.com); Windows)"
127.0.0.1 - - [28/Aug/2026:00:11:45 +0330] "GET /api/v2/article-show/buy-original-sneakers HTTP/1.1" 200 211312 "-" "node"
127.0.0.1 - - [28/Aug/2026:00:11:45 +0330] "GET /api/v1/categories-amazon HTTP/1.1" 200 34230 "-" "node"
52.167.144.18 - - [28/Aug/2026:00:11:46 +0330] "GET /articles/buy-original-sneakers HTTP/2.0" 200 114109 "-" "Mozilla/5.0 AppleWebKit/537.36 (KHTML, like Gecko; compatible; bingbot/2.0; +http://www.bing.com/bingbot.htm) Chrome/116.0.1938.76 Safari/537.36"
89.38.245.149 - - [28/Aug/2026:00:11:52 +0330] "GET /amazon/products?page=1&category=beauty-personal-care-men-s-grooming&_rsc=s86k6 HTTP/2.0" 200 1550 "https://charsooq.com/foreign-shopping" "Mozilla/5.0 (Windows NT 10.0; Win64; x64) AppleWebKit/537.36 (KHTML, like Gecko) Chrome/151.0.0.0 Safari/537.36"
89.38.245.149 - - [28/Aug/2026:00:11:52 +0330] "GET /amazon/products?page=1&category=beauty-personal-care-fragrance&_rsc=s86k6 HTTP/2.0" 200 1543 "https://charsooq.com/foreign-shopping" "Mozilla/5.0 (Windows NT 10.0; Win64; x64) AppleWebKit/537.36 (KHTML, like Gecko) Chrome/151.0.0.0 Safari/537.36"
89.38.245.149 - - [28/Aug/2026:00:11:52 +0330] "GET /amazon/products?page=1&category=home-kitchen-home-d-cor-products&_rsc=s86k6 HTTP/2.0" 200 1536 "https://charsooq.com/foreign-shopping" "Mozilla/5.0 (Windows NT 10.0; Win64; x64) AppleWebKit/537.36 (KHTML, like Gecko) Chrome/151.0.0.0 Safari/537.36"
89.38.245.149 - - [28/Aug/2026:00:11:52 +0330] "GET /amazon/products?page=1&category=home-kitchen-irons-steamers&_rsc=s86k6 HTTP/2.0" 200 1538 "https://charsooq.com/foreign-shopping" "Mozilla/5.0 (Windows NT 10.0; Win64; x64) AppleWebKit/537.36 (KHTML, like Gecko) Chrome/151.0.0.0 Safari/537.36"
89.38.245.149 - - [28/Aug/2026:00:11:52 +0330] "GET /amazon/products?page=1&category=books-health-fitness-dieting&_rsc=s86k6 HTTP/2.0" 200 1541 "https://charsooq.com/foreign-shopping" "Mozilla/5.0 (Windows NT 10.0; Win64; x64) AppleWebKit/537.36 (KHTML, like Gecko) Chrome/151.0.0.0 Safari/537.36"
89.38.245.149 - - [28/Aug/2026:00:11:52 +0330] "GET /amazon/products?page=1&category=books-business-money&_rsc=s86k6 HTTP/2.0" 200 1530 "https://charsooq.com/foreign-shopping" "Mozilla/5.0 (Windows NT 10.0; Win64; x64) AppleWebKit/537.36 (KHTML, like Gecko) Chrome/151.0.0.0 Safari/537.36"
89.38.245.149 - - [28/Aug/2026:00:11:52 +0330] "GET /amazon/products?page=1&category=books-science-math&_rsc=s86k6 HTTP/2.0" 200 1527 "https://charsooq.com/foreign-shopping" "Mozilla/5.0 (Windows NT 10.0; Win64; x64) AppleWebKit/537.36 (KHTML, like Gecko) Chrome/151.0.0.0 Safari/537.36"
127.0.0.1 - - [28/Aug/2026:00:11:55 +0330] "GET /api/v1/show-products-offers/Iketoiletconversion HTTP/1.1" 301 169 "-" "node"
127.0.0.1 - - [28/Aug/2026:00:11:55 +0330] "GET /api/v1/show-products-offers/NORDKISA HTTP/1.1" 301 169 "-" "node"
89.38.245.149 - - [28/Aug/2026:00:11:55 +0330] "GET /products-offer?page=1&_rsc=s86k6 HTTP/2.0" 200 1470 "https://charsooq.com/foreign-shopping" "Mozilla/5.0 (Windows NT 10.0; Win64; x64) AppleWebKit/537.36 (KHTML, like Gecko) Chrome/151.0.0.0 Safari/537.36"
127.0.0.1 - - [28/Aug/2026:00:11:55 +0330] "GET /api/v1/show-products-offers/Evolution14Grip HTTP/1.1" 301 169 "-" "node"
127.0.0.1 - - [28/Aug/2026:00:11:55 +0330] "GET /api/v1/show-products-offers/TrekkerIIcap HTTP/1.1" 301 169 "-" "node"
127.0.0.1 - - [28/Aug/2026:00:11:56 +0330] "GET /api/v1/show-products-offers/NORDKISA HTTP/1.1" 200 1533 "-" "node"
