4.204.200.136 - - [28/Aug/2026:01:24:19 +0330] "GET /btx25.php HTTP/1.1" 200 288650 "-" "-"
4.204.200.136 - - [28/Aug/2026:01:24:20 +0330] "GET /radio.php HTTP/1.1" 301 169 "-" "-"
127.0.0.1 - - [28/Aug/2026:01:24:21 +0330] "GET /api/v1/article-old-show/radio HTTP/1.1" 404 170 "-" "node"
127.0.0.1 - - [28/Aug/2026:01:24:21 +0330] "GET /api/v1/categories-amazon HTTP/1.1" 200 34199 "-" "node"
4.204.200.136 - - [28/Aug/2026:01:24:22 +0330] "GET /radio.php HTTP/1.1" 200 288650 "-" "-"
4.204.200.136 - - [28/Aug/2026:01:24:23 +0330] "GET /dex.php HTTP/1.1" 301 169 "-" "-"
127.0.0.1 - - [28/Aug/2026:01:24:23 +0330] "GET /api/v1/article-old-show/dex HTTP/1.1" 404 170 "-" "node"
127.0.0.1 - - [28/Aug/2026:01:24:24 +0330] "GET /api/v1/categories-amazon HTTP/1.1" 200 34230 "-" "node"
4.204.200.136 - - [28/Aug/2026:01:24:24 +0330] "GET /dex.php HTTP/1.1" 200 288634 "-" "-"
4.204.200.136 - - [28/Aug/2026:01:24:26 +0330] "GET //404.php HTTP/1.1" 301 169 "-" "-"
4.204.200.136 - - [28/Aug/2026:01:24:26 +0330] "GET //404.php HTTP/1.1" 308 18 "-" "-"
127.0.0.1 - - [28/Aug/2026:01:24:26 +0330] "GET /api/v1/article-old-show/404 HTTP/1.1" 404 170 "-" "node"
127.0.0.1 - - [28/Aug/2026:01:24:27 +0330] "GET /api/v1/categories-amazon HTTP/1.1" 200 34230 "-" "node"
4.204.200.136 - - [28/Aug/2026:01:24:27 +0330] "GET /404.php HTTP/1.1" 200 288634 "-" "-"
4.204.200.136 - - [28/Aug/2026:01:24:28 +0330] "GET //403.php HTTP/1.1" 301 169 "-" "-"
4.204.200.136 - - [28/Aug/2026:01:24:28 +0330] "GET //403.php HTTP/1.1" 308 18 "-" "-"
127.0.0.1 - - [28/Aug/2026:01:24:29 +0330] "GET /api/v1/article-old-show/403 HTTP/1.1" 404 170 "-" "node"
127.0.0.1 - - [28/Aug/2026:01:24:29 +0330] "GET /api/v1/categories-amazon HTTP/1.1" 200 34199 "-" "node"
4.204.200.136 - - [28/Aug/2026:01:24:30 +0330] "GET /403.php HTTP/1.1" 200 288642 "-" "-"
4.204.200.136 - - [28/Aug/2026:01:24:31 +0330] "GET /giodywky.php HTTP/1.1" 301 169 "-" "-"
127.0.0.1 - - [28/Aug/2026:01:24:31 +0330] "GET /api/v1/article-old-show/giodywky HTTP/1.1" 404 170 "-" "node"
127.0.0.1 - - [28/Aug/2026:01:24:32 +0330] "GET /api/v1/categories-amazon HTTP/1.1" 200 34230 "-" "node"
4.204.200.136 - - [28/Aug/2026:01:24:32 +0330] "GET /giodywky.php HTTP/1.1" 200 288654 "-" "-"
4.204.200.136 - - [28/Aug/2026:01:24:33 +0330] "GET /inx.php HTTP/1.1" 301 169 "-" "-"
127.0.0.1 - - [28/Aug/2026:01:24:33 +0330] "GET /api/v1/article-old-show/inx HTTP/1.1" 404 170 "-" "node"
127.0.0.1 - - [28/Aug/2026:01:24:34 +0330] "GET /api/v2/sliders HTTP/1.1" 200 7479 "-" "node"
127.0.0.1 - - [28/Aug/2026:01:24:34 +0330] "GET /api/v1/categories-amazon HTTP/1.1" 200 34230 "-" "node"
4.204.200.136 - - [28/Aug/2026:01:24:34 +0330] "GET /inx.php HTTP/1.1" 200 288634 "-" "-"
127.0.0.1 - - [28/Aug/2026:01:24:35 +0330] "GET /api/v1/categories-amazon HTTP/1.1" 200 34230 "-" "node"
127.0.0.1 - - [28/Aug/2026:01:24:35 +0330] "GET /api/v1/robot HTTP/1.1" 200 666 "-" "node"
126.209.124.163 - - [28/Aug/2026:01:24:35 +0330] "GET /robots.txt HTTP/2.0" 200 696 "-" "Mozilla/5.0 (Macintosh; Intel Mac OS X 10_15_7) AppleWebKit/537.36 (KHTML, like Gecko) Chrome/133.0.0.0 Safari/537.36"
127.0.0.1 - - [28/Aug/2026:01:24:36 +0330] "GET /api/v2/page-data HTTP/1.1" 200 36854 "-" "node"
172.16.20.25 - - [28/Aug/2026:01:24:36 +0330] "GET / HTTP/1.1" 200 338453 "-" "Mozilla/5.0 (compatible; PRTG Network Monitor (www.paessler.com); Windows)"
127.0.0.1 - - [28/Aug/2026:01:24:37 +0330] "GET /api/v2/article-show/Learn-about-smart-toys HTTP/1.1" 200 37162 "-" "node"
127.0.0.1 - - [28/Aug/2026:01:24:38 +0330] "GET /api/v1/categories-amazon HTTP/1.1" 200 34199 "-" "node"
177.196.190.37 - - [28/Aug/2026:01:24:38 +0330] "GET /articles/Learn-about-smart-toys HTTP/2.0" 200 95238 "-" "Mozilla/5.0 (Macintosh; Intel Mac OS X 10_15_7) AppleWebKit/537.36 (KHTML, like Gecko) Chrome/133.0.0.0 Safari/537.36"
127.0.0.1 - - [28/Aug/2026:01:25:00 +0330] "GET /api/v2/article-show/Hair-Dryer-Buying-Guide HTTP/1.1" 200 48898 "-" "node"
127.0.0.1 - - [28/Aug/2026:01:25:01 +0330] "GET /api/v1/categories-amazon HTTP/1.1" 200 34230 "-" "node"
31.96.143.30 - - [28/Aug/2026:01:25:01 +0330] "GET /articles/Hair-Dryer-Buying-Guide HTTP/2.0" 200 97245 "https://charsooq.com" "Mozilla/5.0 (Windows NT 10.0; Win64; x64) AppleWebKit/537.36 (KHTML, like Gecko) Chrome/144.0.0.0 Safari/537.36 Edg/144.0.0.0"
127.0.0.1 - - [28/Aug/2026:01:25:34 +0330] "GET /api/v1/categories-amazon HTTP/1.1" 200 34199 "-" "node"
172.16.20.25 - - [28/Aug/2026:01:25:34 +0330] "GET / HTTP/1.1" 200 338470 "-" "Mozilla/5.0 (compatible; PRTG Network Monitor (www.paessler.com); Windows)"
127.0.0.1 - - [28/Aug/2026:01:26:34 +0330] "GET /api/v2/sliders HTTP/1.1" 200 7479 "-" "node"
127.0.0.1 - - [28/Aug/2026:01:26:35 +0330] "GET /api/v1/categories-amazon HTTP/1.1" 200 34199 "-" "node"
127.0.0.1 - - [28/Aug/2026:01:26:36 +0330] "GET /api/v2/page-data HTTP/1.1" 200 36854 "-" "node"
172.16.20.25 - - [28/Aug/2026:01:26:36 +0330] "GET / HTTP/1.1" 200 338501 "-" "Mozilla/5.0 (compatible; PRTG Network Monitor (www.paessler.com); Windows)"
127.0.0.1 - - [28/Aug/2026:01:27:17 +0330] "GET /api/v3/product-show/amz-B09VCR969M?amazon_region=undefined HTTP/1.1" 301 169 "-" "node"
127.0.0.1 - - [28/Aug/2026:01:27:17 +0330] "GET /api/v3/product-show/amz-B09VCR969M?amazon_region= HTTP/1.1" 301 169 "-" "node"
127.0.0.1 - - [28/Aug/2026:01:27:18 +0330] "GET /api/v3/product-show/amz-B09VCR969M?amazon_region= HTTP/1.1" 200 5837 "-" "node"
127.0.0.1 - - [28/Aug/2026:01:27:18 +0330] "GET /api/v1/categories-amazon HTTP/1.1" 200 34199 "-" "node"
127.0.0.1 - - [28/Aug/2026:01:27:18 +0330] "GET /api/v3/product-show/amz-B09VCR969M?amazon_region=undefined HTTP/1.1" 200 5837 "-" "node"
142.250.33.37 - - [28/Aug/2026:01:27:18 +0330] "GET /.well-known/assetlinks.json HTTP/1.1" 404 84238 "-" "GoogleAssociationService"
127.0.0.1 - - [28/Aug/2026:01:27:18 +0330] "GET /api/v1/categories-amazon HTTP/1.1" 200 34199 "-" "node"
127.0.0.1 - - [28/Aug/2026:01:27:18 +0330] "GET /api/v1/categories-amazon HTTP/1.1" 200 34199 "-" "node"
142.250.32.6 - - [28/Aug/2026:01:27:18 +0330] "GET /.well-known/assetlinks.json HTTP/1.1" 404 84225 "-" "GoogleAssociationService"
105.168.132.7 - - [28/Aug/2026:01:27:20 +0330] "GET /product/amz-B09VCR969M/razer-viper-v2-pro-wireless-gaming-mouse-58g-30k-dpi-optical-sensor-90-hour-battery-usb-c-black HTTP/2.0" 200 104191 "https://charsooq.com" "Mozilla/5.0 (Windows NT 10.0; Win64; x64) AppleWebKit/537.36 (KHTML, like Gecko) Chrome/144.0.0.0 Safari/537.36 Edg/144.0.0.0"
127.0.0.1 - - [28/Aug/2026:01:27:35 +0330] "GET /api/v1/categories-amazon HTTP/1.1" 200 34199 "-" "node"
172.16.20.25 - - [28/Aug/2026:01:27:35 +0330] "GET / HTTP/1.1" 200 338446 "-" "Mozilla/5.0 (compatible; PRTG Network Monitor (www.paessler.com); Windows)"
127.0.0.1 - - [28/Aug/2026:01:27:55 +0330] "GET /api/v1/show-products-offers/BeachSunset HTTP/1.1" 301 169 "-" "node"
127.0.0.1 - - [28/Aug/2026:01:27:55 +0330] "GET /api/v1/show-products-offers/BeachSunset HTTP/1.1" 200 3714 "-" "node"
127.0.0.1 - - [28/Aug/2026:01:27:56 +0330] "GET /api/v1/categories-amazon HTTP/1.1" 200 34199 "-" "node"
157.41.240.189 - - [28/Aug/2026:01:27:56 +0330] "GET /products/BeachSunset/%D9%BE%D8%A7%D9%84%D8%AA-%D8%B3%D8%A7%DB%8C%D9%87-%DB%B9-%D8%B1%D9%86%DA%AF-%D8%B4%DB%8C%DA%AF%D9%84%D9%85 HTTP/2.0" 200 100479 "https://charsooq.com" "Mozilla/5.0 (Macintosh; Intel Mac OS X 10_15_7) AppleWebKit/537.36 (KHTML, like Gecko) Chrome/144.0.0.0 Safari/537.36"
127.0.0.1 - - [28/Aug/2026:01:28:04 +0330] "GET /api/v3/product-show/amz-B00BH0PZBG?amazon_region=emirates-amazon HTTP/1.1" 301 169 "-" "node"
127.0.0.1 - - [28/Aug/2026:01:28:04 +0330] "GET /api/v3/product-show/amz-B00BH0PZBG?amazon_region= HTTP/1.1" 301 169 "-" "node"
127.0.0.1 - - [28/Aug/2026:01:28:04 +0330] "GET /api/v1/categories-amazon HTTP/1.1" 200 34199 "-" "node"
127.0.0.1 - - [28/Aug/2026:01:28:04 +0330] "GET /api/v1/categories-amazon HTTP/1.1" 200 34199 "-" "node"
142.250.32.6 - - [28/Aug/2026:01:28:04 +0330] "GET /.well-known/assetlinks.json HTTP/1.1" 404 84238 "-" "GoogleAssociationService"
142.250.32.7 - - [28/Aug/2026:01:28:04 +0330] "GET /.well-known/assetlinks.json HTTP/1.1" 404 84238 "-" "GoogleAssociationService"
127.0.0.1 - - [28/Aug/2026:01:28:04 +0330] "GET /api/v3/product-show/amz-B00BH0PZBG?amazon_region= HTTP/1.1" 200 6170 "-" "node"
127.0.0.1 - - [28/Aug/2026:01:28:04 +0330] "GET /api/v3/product-show/amz-B00BH0PZBG?amazon_region=emirates-amazon HTTP/1.1" 200 6170 "-" "node"
127.0.0.1 - - [28/Aug/2026:01:28:05 +0330] "GET /api/v1/categories-amazon HTTP/1.1" 200 34230 "-" "node"
40.77.167.14 - - [28/Aug/2026:01:28:05 +0330] "GET /?u=281239980200 HTTP/2.0" 200 35178 "-" "Mozilla/5.0 AppleWebKit/537.36 (KHTML, like Gecko; compatible; bingbot/2.0; +http://www.bing.com/bingbot.htm) Chrome/116.0.1938.76 Safari/537.36"
188.128.68.46 - - [28/Aug/2026:01:28:05 +0330] "GET /product/amz-B00BH0PZBG/desitin-maximum-strength-baby-diaper-rash-cream-with-40-zinc-oxide-for-treatment-relief-prevention-hypoallergenic-phthalate-paraben-free-paste-16-oz?amazon-region=emirates-amazon HTTP/2.0" 200 106823 "https://charsooq.com" "Mozilla/5.0 (Windows NT 10.0; Win64; x64) AppleWebKit/537.36 (KHTML, like Gecko) Chrome/143.0.0.0 Safari/537.36"
40.77.167.14 - - [28/Aug/2026:01:28:07 +0330] "GET /?u=20310278001100 HTTP/2.0" 200 32943 "-" "Mozilla/5.0 AppleWebKit/537.36 (KHTML, like Gecko; compatible; bingbot/2.0; +http://www.bing.com/bingbot.htm) Chrome/116.0.1938.76 Safari/537.36"
40.77.167.14 - - [28/Aug/2026:01:28:08 +0330] "GET /?u=65812153839703 HTTP/2.0" 200 32022 "-" "Mozilla/5.0 AppleWebKit/537.36 (KHTML, like Gecko; compatible; bingbot/2.0; +http://www.bing.com/bingbot.htm) Chrome/116.0.1938.76 Safari/537.36"
40.77.167.14 - - [28/Aug/2026:01:28:10 +0330] "GET /?u=176066235618 HTTP/2.0" 200 32567 "-" "Mozilla/5.0 AppleWebKit/537.36 (KHTML, like Gecko; compatible; bingbot/2.0; +http://www.bing.com/bingbot.htm) Chrome/116.0.1938.76 Safari/537.36"
52.167.144.172 - - [28/Aug/2026:01:28:10 +0330] "GET /?u=7411931823501 HTTP/2.0" 200 33207 "-" "Mozilla/5.0 AppleWebKit/537.36 (KHTML, like Gecko; compatible; bingbot/2.0; +http://www.bing.com/bingbot.htm) Chrome/116.0.1938.76 Safari/537.36"
40.77.167.14 - - [28/Aug/2026:01:28:11 +0330] "GET /?u=09511119223400 HTTP/2.0" 200 36346 "-" "Mozilla/5.0 AppleWebKit/537.36 (KHTML, like Gecko; compatible; bingbot/2.0; +http://www.bing.com/bingbot.htm) Chrome/116.0.1938.76 Safari/537.36"
40.77.167.14 - - [28/Aug/2026:01:28:13 +0330] "GET /?u=788295388002 HTTP/2.0" 200 33873 "-" "Mozilla/5.0 AppleWebKit/537.36 (KHTML, like Gecko; compatible; bingbot/2.0; +http://www.bing.com/bingbot.htm) Chrome/116.0.1938.76 Safari/537.36"
157.55.39.196 - - [28/Aug/2026:01:28:15 +0330] "GET /?u=7121715340300 HTTP/2.0" 200 33698 "-" "Mozilla/5.0 AppleWebKit/537.36 (KHTML, like Gecko; compatible; bingbot/2.0; +http://www.bing.com/bingbot.htm) Chrome/116.0.1938.76 Safari/537.36"
127.0.0.1 - - [28/Aug/2026:01:28:17 +0330] "GET /api/v3/product-show/amz-B07H3MKZ9V?amazon_region=undefined HTTP/1.1" 301 169 "-" "node"
127.0.0.1 - - [28/Aug/2026:01:28:17 +0330] "GET /api/v3/product-show/amz-B07H3MKZ9V?amazon_region= HTTP/1.1" 301 169 "-" "node"
127.0.0.1 - - [28/Aug/2026:01:28:18 +0330] "GET /api/v3/product-show/amz-B07H3MKZ9V?amazon_region= HTTP/1.1" 200 23786 "-" "node"
127.0.0.1 - - [28/Aug/2026:01:28:18 +0330] "GET /api/v3/product-show/amz-B07H3MKZ9V?amazon_region=undefined HTTP/1.1" 200 23809 "-" "node"
127.0.0.1 - - [28/Aug/2026:01:28:19 +0330] "GET /api/v1/categories-amazon HTTP/1.1" 200 34199 "-" "node"
88.175.179.71 - - [28/Aug/2026:01:28:19 +0330] "GET /product/amz-B07H3MKZ9V/rockville-rpm1470-14-channel-6000w-powered-mixer-wusb-effects14-xdr2-mic-presblack HTTP/2.0" 200 114255 "https://charsooq.com" "Mozilla/5.0 (Windows NT 10.0; Win64; x64) AppleWebKit/537.36 (KHTML, like Gecko) Chrome/143.0.0.0 Safari/537.36"
52.167.144.172 - - [28/Aug/2026:01:28:19 +0330] "GET /?u=2072870024604 HTTP/2.0" 200 32225 "-" "Mozilla/5.0 AppleWebKit/537.36 (KHTML, like Gecko; compatible; bingbot/2.0; +http://www.bing.com/bingbot.htm) Chrome/116.0.1938.76 Safari/537.36"
190.92.213.129 - - [28/Aug/2026:01:28:32 +0330] "HEAD /foreign-shopping HTTP/2.0" 308 0 "-" "Mozilla/5.0 (Macintosh; Intel Mac OS X 10_15_7) AppleWebKit/537.36 (KHTML, like Gecko) Chrome/119.0.0.0 Safari/537.36"
119.8.172.237 - - [28/Aug/2026:01:28:32 +0330] "HEAD /china HTTP/2.0" 308 0 "-" "Mozilla/5.0 (Windows NT 10.0; Win64; x64) AppleWebKit/537.36 (KHTML, like Gecko) Chrome/116.0.0.0 Safari/537.36"
190.92.213.129 - - [28/Aug/2026:01:28:33 +0330] "GET /foreign-shopping HTTP/2.0" 308 37 "-" "Mozilla/5.0 (Macintosh; Intel Mac OS X 10_15_7) AppleWebKit/537.36 (KHTML, like Gecko) Chrome/119.0.0.0 Safari/537.36"
119.8.172.237 - - [28/Aug/2026:01:28:33 +0330] "GET /china HTTP/2.0" 308 26 "-" "Mozilla/5.0 (Windows NT 10.0; Win64; x64) AppleWebKit/537.36 (KHTML, like Gecko) Chrome/116.0.0.0 Safari/537.36"
127.0.0.1 - - [28/Aug/2026:01:28:34 +0330] "GET /api/v2/sliders HTTP/1.1" 200 7479 "-" "node"
127.0.0.1 - - [28/Aug/2026:01:28:35 +0330] "GET /api/v1/categories-amazon HTTP/1.1" 200 34199 "-" "node"
127.0.0.1 - - [28/Aug/2026:01:28:36 +0330] "GET /api/v2/page-data HTTP/1.1" 200 36854 "-" "node"
172.16.20.25 - - [28/Aug/2026:01:28:36 +0330] "GET / HTTP/1.1" 200 338509 "-" "Mozilla/5.0 (compatible; PRTG Network Monitor (www.paessler.com); Windows)"
127.0.0.1 - - [28/Aug/2026:01:28:39 +0330] "GET /api/v3/product-show/amz-B0CKB9WK3F?amazon_region=undefined HTTP/1.1" 301 169 "-" "node"
127.0.0.1 - - [28/Aug/2026:01:28:39 +0330] "GET /api/v3/product-show/amz-B0CKB9WK3F?amazon_region= HTTP/1.1" 301 169 "-" "node"
127.0.0.1 - - [28/Aug/2026:01:28:39 +0330] "GET /api/v3/product-show/amz-B0CKB9WK3F?amazon_region=undefined HTTP/1.1" 200 13129 "-" "node"
127.0.0.1 - - [28/Aug/2026:01:28:39 +0330] "GET /api/v3/product-show/amz-B0CKB9WK3F?amazon_region= HTTP/1.1" 200 13129 "-" "node"
127.0.0.1 - - [28/Aug/2026:01:28:40 +0330] "GET /api/v1/categories-amazon HTTP/1.1" 200 34230 "-" "node"
157.36.24.55 - - [28/Aug/2026:01:28:40 +0330] "GET /product/amz-B0CKB9WK3F/hori-fighting-stick-mini-for-ps5-ps4-and-pc-officially-licensed-by-sony HTTP/2.0" 200 107301 "https://charsooq.com" "Mozilla/5.0 (Windows NT 10.0; Win64; x64) AppleWebKit/537.36 (KHTML, like Gecko) Chrome/144.0.0.0 Safari/537.36 Edg/144.0.0.0"
66.249.77.99 - - [28/Aug/2026:01:28:53 +0330] "GET /?u=18401109993703 HTTP/1.1" 200 33094 "-" "Mozilla/5.0 (Linux; Android 6.0.1; Nexus 5X Build/MMB29P) AppleWebKit/537.36 (KHTML, like Gecko) Chrome/151.0.7922.173 Mobile Safari/537.36 (compatible; Googlebot/2.1; +http://www.google.com/bot.html)"
5.127.23.220 - - [28/Aug/2026:01:29:06 +0330] "GET /storage/uploads/nhXINZtSdb2bXp426fZ1CKsNQrKZSGOgcbLqbEA2.webp HTTP/1.1" 301 169 "https://www.google.com/" "Mozilla/5.0 (iPhone; CPU iPhone OS 15_8_3 like Mac OS X) AppleWebKit/605.1.15 (KHTML, like Gecko) Version/15.6.6 Mobile/15E148 Safari/604.1"
5.127.23.220 - - [28/Aug/2026:01:29:07 +0330] "GET /storage/uploads/nhXINZtSdb2bXp426fZ1CKsNQrKZSGOgcbLqbEA2.webp HTTP/2.0" 200 13558 "https://www.google.com/" "Mozilla/5.0 (iPhone; CPU iPhone OS 15_8_3 like Mac OS X) AppleWebKit/605.1.15 (KHTML, like Gecko) Version/15.6.6 Mobile/15E148 Safari/604.1"
127.0.0.1 - - [28/Aug/2026:01:29:35 +0330] "GET /api/v1/categories-amazon HTTP/1.1" 200 34199 "-" "node"
172.16.20.25 - - [28/Aug/2026:01:29:35 +0330] "GET / HTTP/1.1" 200 338478 "-" "Mozilla/5.0 (compatible; PRTG Network Monitor (www.paessler.com); Windows)"
127.0.0.1 - - [28/Aug/2026:01:29:35 +0330] "GET /api/v2/article-show/The-Best-Digital-Currency HTTP/1.1" 404 170 "-" "node"
40.77.167.14 - - [28/Aug/2026:01:29:36 +0330] "GET /?u=9830630197805 HTTP/2.0" 200 33515 "-" "Mozilla/5.0 AppleWebKit/537.36 (KHTML, like Gecko; compatible; bingbot/2.0; +http://www.bing.com/bingbot.htm) Chrome/116.0.1938.76 Safari/537.36"
127.0.0.1 - - [28/Aug/2026:01:29:36 +0330] "GET /api/v1/categories-amazon HTTP/1.1" 200 34199 "-" "node"
205.188.103.15 - - [28/Aug/2026:01:29:37 +0330] "GET /articles/The-Best-Digital-Currency HTTP/1.1" 200 83908 "-" "Mozilla/5.0 (compatible; ExaSearchBot/1.0; +https://crawler.exa.ai/)"
40.77.167.14 - - [28/Aug/2026:01:29:37 +0330] "GET /?u=0014222828601 HTTP/2.0" 200 33060 "-" "Mozilla/5.0 AppleWebKit/537.36 (KHTML, like Gecko; compatible; bingbot/2.0; +http://www.bing.com/bingbot.htm) Chrome/116.0.1938.76 Safari/537.36"
40.77.167.14 - - [28/Aug/2026:01:29:39 +0330] "GET /?u=5883963366701 HTTP/2.0" 200 32679 "-" "Mozilla/5.0 AppleWebKit/537.36 (KHTML, like Gecko; compatible; bingbot/2.0; +http://www.bing.com/bingbot.htm) Chrome/116.0.1938.76 Safari/537.36"
52.167.144.172 - - [28/Aug/2026:01:29:52 +0330] "GET /?u=5117027446801 HTTP/2.0" 200 32686 "-" "Mozilla/5.0 AppleWebKit/537.36 (KHTML, like Gecko; compatible; bingbot/2.0; +http://www.bing.com/bingbot.htm) Chrome/116.0.1938.76 Safari/537.36"
157.55.39.196 - - [28/Aug/2026:01:29:52 +0330] "GET /?u=00280289084307 HTTP/2.0" 200 33501 "-" "Mozilla/5.0 AppleWebKit/537.36 (KHTML, like Gecko; compatible; bingbot/2.0; +http://www.bing.com/bingbot.htm) Chrome/116.0.1938.76 Safari/537.36"
52.167.144.172 - - [28/Aug/2026:01:29:54 +0330] "GET /?u=33283266942902 HTTP/2.0" 200 34242 "-" "Mozilla/5.0 AppleWebKit/537.36 (KHTML, like Gecko; compatible; bingbot/2.0; +http://www.bing.com/bingbot.htm) Chrome/116.0.1938.76 Safari/537.36"
52.167.144.172 - - [28/Aug/2026:01:29:55 +0330] "GET /?u=92122192306204 HTTP/2.0" 200 33520 "-" "Mozilla/5.0 AppleWebKit/537.36 (KHTML, like Gecko; compatible; bingbot/2.0; +http://www.bing.com/bingbot.htm) Chrome/116.0.1938.76 Safari/537.36"
40.77.167.14 - - [28/Aug/2026:01:29:57 +0330] "GET /?u=12170136648702 HTTP/2.0" 200 34163 "-" "Mozilla/5.0 AppleWebKit/537.36 (KHTML, like Gecko; compatible; bingbot/2.0; +http://www.bing.com/bingbot.htm) Chrome/116.0.1938.76 Safari/537.36"
157.55.39.196 - - [28/Aug/2026:01:29:58 +0330] "GET /?u=874678683303 HTTP/2.0" 200 33531 "-" "Mozilla/5.0 AppleWebKit/537.36 (KHTML, like Gecko; compatible; bingbot/2.0; +http://www.bing.com/bingbot.htm) Chrome/116.0.1938.76 Safari/537.36"
40.77.167.14 - - [28/Aug/2026:01:29:59 +0330] "GET /?u=3166525483604 HTTP/2.0" 200 32303 "-" "Mozilla/5.0 AppleWebKit/537.36 (KHTML, like Gecko; compatible; bingbot/2.0; +http://www.bing.com/bingbot.htm) Chrome/116.0.1938.76 Safari/537.36"
157.55.39.196 - - [28/Aug/2026:01:30:26 +0330] "GET /?u=58800123140601 HTTP/2.0" 200 34081 "-" "Mozilla/5.0 AppleWebKit/537.36 (KHTML, like Gecko; compatible; bingbot/2.0; +http://www.bing.com/bingbot.htm) Chrome/116.0.1938.76 Safari/537.36"
127.0.0.1 - - [28/Aug/2026:01:30:34 +0330] "GET /api/v2/sliders HTTP/1.1" 200 7479 "-" "node"
127.0.0.1 - - [28/Aug/2026:01:30:34 +0330] "GET /api/v1/categories-amazon HTTP/1.1" 200 34199 "-" "node"
127.0.0.1 - - [28/Aug/2026:01:30:36 +0330] "GET /api/v2/page-data HTTP/1.1" 200 36854 "-" "node"
172.16.20.25 - - [28/Aug/2026:01:30:36 +0330] "GET / HTTP/1.1" 200 338501 "-" "Mozilla/5.0 (compatible; PRTG Network Monitor (www.paessler.com); Windows)"
127.0.0.1 - - [28/Aug/2026:01:30:44 +0330] "GET /api/v2/article-show/Best-Way-buy-from-amazon HTTP/1.1" 200 100081 "-" "node"
127.0.0.1 - - [28/Aug/2026:01:30:44 +0330] "GET /api/v2/article-show/Best-Way-buy-from-amazon HTTP/1.1" 200 100104 "-" "node"
127.0.0.1 - - [28/Aug/2026:01:30:44 +0330] "GET /api/v2/article-show/Best-Way-buy-from-amazon HTTP/1.1" 200 100081 "-" "node"
127.0.0.1 - - [28/Aug/2026:01:30:44 +0330] "GET /api/v2/article-show/Best-Way-buy-from-amazon HTTP/1.1" 200 100081 "-" "node"
127.0.0.1 - - [28/Aug/2026:01:30:45 +0330] "GET /api/v1/categories-amazon HTTP/1.1" 200 34230 "-" "node"
127.0.0.1 - - [28/Aug/2026:01:30:45 +0330] "GET /api/v1/categories-amazon HTTP/1.1" 200 34199 "-" "node"
127.0.0.1 - - [28/Aug/2026:01:30:45 +0330] "GET /api/v1/categories-amazon HTTP/1.1" 200 34230 "-" "node"
127.0.0.1 - - [28/Aug/2026:01:30:45 +0330] "GET /api/v2/article-show/Best-Way-buy-from-amazon HTTP/1.1" 200 100081 "-" "node"
185.152.251.236 - - [28/Aug/2026:01:30:46 +0330] "GET /articles/Best-Way-buy-from-amazon HTTP/2.0" 200 103751 "-" "Mozilla/5.0 (iPhone; CPU iPhone OS 13_2_3 like Mac OS X) AppleWebKit/605.1.15 (KHTML, like Gecko) Version/13.0.3 Mobile/15E148 Safari/604.1"
47.128.21.201 - - [28/Aug/2026:01:30:46 +0330] "GET /articles/Best-Way-buy-from-amazon HTTP/2.0" 200 103751 "-" "Mozilla/5.0 (Linux; Android 5.0) AppleWebKit/537.36 (KHTML, like Gecko) Mobile Safari/537.36 (compatible; Bytespider; spider-feedback@bytedance.com)"
47.128.27.223 - - [28/Aug/2026:01:30:46 +0330] "GET /articles/Best-Way-buy-from-amazon HTTP/2.0" 200 103751 "-" "Mozilla/5.0 (Linux; Android 5.0) AppleWebKit/537.36 (KHTML, like Gecko) Mobile Safari/537.36 (compatible; Bytespider; spider-feedback@bytedance.com)"
47.128.21.201 - - [28/Aug/2026:01:30:46 +0330] "GET /_next/static/chunks/fd9d1056-9ff99acbd7fb9fe8.js HTTP/2.0" 200 53744 "https://charsooq.com/articles/Best-Way-buy-from-amazon" "Mozilla/5.0 (Linux; Android 5.0) AppleWebKit/537.36 (KHTML, like Gecko) Mobile Safari/537.36 (compatible; Bytespider; spider-feedback@bytedance.com)"
185.152.251.236 - - [28/Aug/2026:01:30:46 +0330] "GET /_next/static/chunks/webpack-f27042854bafc0d3.js HTTP/2.0" 200 2127 "https://charsooq.com/articles/Best-Way-buy-from-amazon" "Mozilla/5.0 (iPhone; CPU iPhone OS 13_2_3 like Mac OS X) AppleWebKit/605.1.15 (KHTML, like Gecko) Version/13.0.3 Mobile/15E148 Safari/604.1"
185.152.251.236 - - [28/Aug/2026:01:30:46 +0330] "GET /_next/static/chunks/fd9d1056-9ff99acbd7fb9fe8.js HTTP/2.0" 200 53744 "https://charsooq.com/articles/Best-Way-buy-from-amazon" "Mozilla/5.0 (iPhone; CPU iPhone OS 13_2_3 like Mac OS X) AppleWebKit/605.1.15 (KHTML, like Gecko) Version/13.0.3 Mobile/15E148 Safari/604.1"
185.152.251.236 - - [28/Aug/2026:01:30:46 +0330] "GET /_next/static/chunks/main-app-9964935a240c0d39.js HTTP/2.0" 200 471 "https://charsooq.com/articles/Best-Way-buy-from-amazon" "Mozilla/5.0 (iPhone; CPU iPhone OS 13_2_3 like Mac OS X) AppleWebKit/605.1.15 (KHTML, like Gecko) Version/13.0.3 Mobile/15E148 Safari/604.1"
185.152.251.236 - - [28/Aug/2026:01:30:46 +0330] "GET /_next/static/chunks/app/articles/%5Bslug%5D/not-found-a2aec68dc87351df.js HTTP/2.0" 200 284 "https://charsooq.com/articles/Best-Way-buy-from-amazon" "Mozilla/5.0 (iPhone; CPU iPhone OS 13_2_3 like Mac OS X) AppleWebKit/605.1.15 (KHTML, like Gecko) Version/13.0.3 Mobile/15E148 Safari/604.1"
185.152.251.236 - - [28/Aug/2026:01:30:46 +0330] "GET /_next/static/chunks/2972-d7980624b2014943.js HTTP/2.0" 200 8732 "https://charsooq.com/articles/Best-Way-buy-from-amazon" "Mozilla/5.0 (iPhone; CPU iPhone OS 13_2_3 like Mac OS X) AppleWebKit/605.1.15 (KHTML, like Gecko) Version/13.0.3 Mobile/15E148 Safari/604.1"
185.152.251.236 - - [28/Aug/2026:01:30:46 +0330] "GET /_next/static/chunks/2117-828e02dc1643a950.js HTTP/2.0" 200 32001 "https://charsooq.com/articles/Best-Way-buy-from-amazon" "Mozilla/5.0 (iPhone; CPU iPhone OS 13_2_3 like Mac OS X) AppleWebKit/605.1.15 (KHTML, like Gecko) Version/13.0.3 Mobile/15E148 Safari/604.1"
47.128.21.201 - - [28/Aug/2026:01:30:46 +0330] "GET /_next/static/chunks/main-app-9964935a240c0d39.js HTTP/2.0" 200 471 "https://charsooq.com/articles/Best-Way-buy-from-amazon" "Mozilla/5.0 (Linux; Android 5.0) AppleWebKit/537.36 (KHTML, like Gecko) Mobile Safari/537.36 (compatible; Bytespider; spider-feedback@bytedance.com)"
47.128.21.201 - - [28/Aug/2026:01:30:46 +0330] "GET /_next/static/chunks/app/articles/%5Bslug%5D/not-found-a2aec68dc87351df.js HTTP/2.0" 200 284 "https://charsooq.com/articles/Best-Way-buy-from-amazon" "Mozilla/5.0 (Linux; Android 5.0) AppleWebKit/537.36 (KHTML, like Gecko) Mobile Safari/537.36 (compatible; Bytespider; spider-feedback@bytedance.com)"
47.128.21.201 - - [28/Aug/2026:01:30:46 +0330] "GET /_next/static/chunks/webpack-f27042854bafc0d3.js HTTP/2.0" 200 2127 "https://charsooq.com/articles/Best-Way-buy-from-amazon" "Mozilla/5.0 (Linux; Android 5.0) AppleWebKit/537.36 (KHTML, like Gecko) Mobile Safari/537.36 (compatible; Bytespider; spider-feedback@bytedance.com)"
47.128.21.201 - - [28/Aug/2026:01:30:46 +0330] "GET /_next/static/chunks/2117-828e02dc1643a950.js HTTP/2.0" 200 32001 "https://charsooq.com/articles/Best-Way-buy-from-amazon" "Mozilla/5.0 (Linux; Android 5.0) AppleWebKit/537.36 (KHTML, like Gecko) Mobile Safari/537.36 (compatible; Bytespider; spider-feedback@bytedance.com)"
47.128.21.201 - - [28/Aug/2026:01:30:46 +0330] "GET /_next/static/chunks/2972-d7980624b2014943.js HTTP/2.0" 200 8732 "https://charsooq.com/articles/Best-Way-buy-from-amazon" "Mozilla/5.0 (Linux; Android 5.0) AppleWebKit/537.36 (KHTML, like Gecko) Mobile Safari/537.36 (compatible; Bytespider; spider-feedback@bytedance.com)"
47.128.21.201 - - [28/Aug/2026:01:30:46 +0330] "GET /_next/static/chunks/4438-ac5ce0d4a5fd9e15.js HTTP/2.0" 200 8260 "https://charsooq.com/articles/Best-Way-buy-from-amazon" "Mozilla/5.0 (Linux; Android 5.0) AppleWebKit/537.36 (KHTML, like Gecko) Mobile Safari/537.36 (compatible; Bytespider; spider-feedback@bytedance.com)"
47.128.21.201 - - [28/Aug/2026:01:30:46 +0330] "GET /_next/static/chunks/1580-575957d688ae25ac.js HTTP/2.0" 200 12089 "https://charsooq.com/articles/Best-Way-buy-from-amazon" "Mozilla/5.0 (Linux; Android 5.0) AppleWebKit/537.36 (KHTML, like Gecko) Mobile Safari/537.36 (compatible; Bytespider; spider-feedback@bytedance.com)"
185.152.251.236 - - [28/Aug/2026:01:30:46 +0330] "GET /_next/static/chunks/1580-575957d688ae25ac.js HTTP/2.0" 200 12089 "https://charsooq.com/articles/Best-Way-buy-from-amazon" "Mozilla/5.0 (iPhone; CPU iPhone OS 13_2_3 like Mac OS X) AppleWebKit/605.1.15 (KHTML, like Gecko) Version/13.0.3 Mobile/15E148 Safari/604.1"
185.152.251.236 - - [28/Aug/2026:01:30:46 +0330] "GET /_next/static/chunks/4438-ac5ce0d4a5fd9e15.js HTTP/2.0" 200 8260 "https://charsooq.com/articles/Best-Way-buy-from-amazon" "Mozilla/5.0 (iPhone; CPU iPhone OS 13_2_3 like Mac OS X) AppleWebKit/605.1.15 (KHTML, like Gecko) Version/13.0.3 Mobile/15E148 Safari/604.1"
127.0.0.1 - - [28/Aug/2026:01:30:46 +0330] "GET /api/v1/categories-amazon HTTP/1.1" 200 34199 "-" "node"
127.0.0.1 - - [28/Aug/2026:01:30:46 +0330] "GET /api/v1/categories-amazon HTTP/1.1" 200 34199 "-" "node"
172.120.167.181 - - [28/Aug/2026:01:30:47 +0330] "GET /articles/Best-Way-buy-from-amazon HTTP/2.0" 200 103751 "-" "Mozilla/5.0 (iPhone; CPU iPhone OS 13_2_3 like Mac OS X) AppleWebKit/605.1.15 (KHTML, like Gecko) Version/13.0.3 Mobile/15E148 Safari/604.1"
127.0.0.1 - - [28/Aug/2026:01:30:47 +0330] "GET /api/v1/categories-amazon HTTP/1.1" 200 34199 "-" "node"
47.128.21.201 - - [28/Aug/2026:01:30:47 +0330] "GET /_next/static/chunks/3462-b3fd13ed1d4f90e2.js HTTP/2.0" 200 1833 "https://charsooq.com/articles/Best-Way-buy-from-amazon" "Mozilla/5.0 (Linux; Android 5.0) AppleWebKit/537.36 (KHTML, like Gecko) Mobile Safari/537.36 (compatible; Bytespider; spider-feedback@bytedance.com)"
185.152.251.236 - - [28/Aug/2026:01:30:47 +0330] "GET /_next/static/chunks/3462-b3fd13ed1d4f90e2.js HTTP/2.0" 200 1833 "https://charsooq.com/articles/Best-Way-buy-from-amazon" "Mozilla/5.0 (iPhone; CPU iPhone OS 13_2_3 like Mac OS X) AppleWebKit/605.1.15 (KHTML, like Gecko) Version/13.0.3 Mobile/15E148 Safari/604.1"
116.98.1.184 - - [28/Aug/2026:01:30:47 +0330] "GET /articles/Best-Way-buy-from-amazon HTTP/2.0" 200 103751 "-" "Mozilla/5.0 (Windows NT 10.0; Win64; x64) AppleWebKit/537.36 (KHTML, like Gecko) Chrome/142.0.0.0 Safari/537.36"
185.152.251.236 - - [28/Aug/2026:01:30:47 +0330] "GET /_next/static/chunks/6137-97a90ba21cd4a885.js HTTP/2.0" 200 6706 "https://charsooq.com/articles/Best-Way-buy-from-amazon" "Mozilla/5.0 (iPhone; CPU iPhone OS 13_2_3 like Mac OS X) AppleWebKit/605.1.15 (KHTML, like Gecko) Version/13.0.3 Mobile/15E148 Safari/604.1"
127.0.0.1 - - [28/Aug/2026:01:30:47 +0330] "GET /api/v1/categories-amazon HTTP/1.1" 200 34199 "-" "node"
185.152.251.236 - - [28/Aug/2026:01:30:47 +0330] "GET /_next/static/chunks/5878-8c4517462d65e9a5.js HTTP/2.0" 200 5170 "https://charsooq.com/articles/Best-Way-buy-from-amazon" "Mozilla/5.0 (iPhone; CPU iPhone OS 13_2_3 like Mac OS X) AppleWebKit/605.1.15 (KHTML, like Gecko) Version/13.0.3 Mobile/15E148 Safari/604.1"
185.152.251.236 - - [28/Aug/2026:01:30:47 +0330] "GET /_next/static/chunks/3013-a9939c72e4a38977.js HTTP/2.0" 200 6860 "https://charsooq.com/articles/Best-Way-buy-from-amazon" "Mozilla/5.0 (iPhone; CPU iPhone OS 13_2_3 like Mac OS X) AppleWebKit/605.1.15 (KHTML, like Gecko) Version/13.0.3 Mobile/15E148 Safari/604.1"
47.128.29.91 - - [28/Aug/2026:01:30:47 +0330] "GET /articles/Best-Way-buy-from-amazon HTTP/2.0" 200 103751 "-" "Mozilla/5.0 (Linux; Android 5.0) AppleWebKit/537.36 (KHTML, like Gecko) Mobile Safari/537.36 (compatible; Bytespider; spider-feedback@bytedance.com)"
185.152.251.236 - - [28/Aug/2026:01:30:47 +0330] "GET /_next/static/chunks/1493-5bf6477734a442f1.js HTTP/2.0" 200 3468 "https://charsooq.com/articles/Best-Way-buy-from-amazon" "Mozilla/5.0 (iPhone; CPU iPhone OS 13_2_3 like Mac OS X) AppleWebKit/605.1.15 (KHTML, like Gecko) Version/13.0.3 Mobile/15E148 Safari/604.1"
209.242.195.16 - - [28/Aug/2026:01:30:47 +0330] "GET /articles/Best-Way-buy-from-amazon HTTP/2.0" 200 103751 "-" "Mozilla/5.0 (iPhone; CPU iPhone OS 13_2_3 like Mac OS X) AppleWebKit/605.1.15 (KHTML, like Gecko) Version/13.0.3 Mobile/15E148 Safari/604.1"
47.128.21.201 - - [28/Aug/2026:01:30:47 +0330] "GET /_next/static/chunks/6137-97a90ba21cd4a885.js HTTP/2.0" 200 6706 "https://charsooq.com/articles/Best-Way-buy-from-amazon" "Mozilla/5.0 (Linux; Android 5.0) AppleWebKit/537.36 (KHTML, like Gecko) Mobile Safari/537.36 (compatible; Bytespider; spider-feedback@bytedance.com)"
47.128.21.201 - - [28/Aug/2026:01:30:47 +0330] "GET /_next/static/chunks/6818-72710ec856a66515.js HTTP/2.0" 200 2700 "https://charsooq.com/articles/Best-Way-buy-from-amazon" "Mozilla/5.0 (Linux; Android 5.0) AppleWebKit/537.36 (KHTML, like Gecko) Mobile Safari/537.36 (compatible; Bytespider; spider-feedback@bytedance.com)"
47.128.21.201 - - [28/Aug/2026:01:30:47 +0330] "GET /_next/static/chunks/3013-a9939c72e4a38977.js HTTP/2.0" 200 6860 "https://charsooq.com/articles/Best-Way-buy-from-amazon" "Mozilla/5.0 (Linux; Android 5.0) AppleWebKit/537.36 (KHTML, like Gecko) Mobile Safari/537.36 (compatible; Bytespider; spider-feedback@bytedance.com)"
47.128.21.201 - - [28/Aug/2026:01:30:47 +0330] "GET /_next/static/chunks/5878-8c4517462d65e9a5.js HTTP/2.0" 200 5170 "https://charsooq.com/articles/Best-Way-buy-from-amazon" "Mozilla/5.0 (Linux; Android 5.0) AppleWebKit/537.36 (KHTML, like Gecko) Mobile Safari/537.36 (compatible; Bytespider; spider-feedback@bytedance.com)"
127.0.0.1 - - [28/Aug/2026:01:30:47 +0330] "GET /storage/01HXCRS1RYQP8A8M3XSY1M37KW.webp HTTP/1.1" 200 100148 "-" "node"
172.120.167.181 - - [28/Aug/2026:01:30:47 +0330] "GET /_next/image?url=%2Fassets%2Fimages%2Ficons%2Ftelegram-icon.png&w=64&q=75 HTTP/2.0" 200 2500 "https://charsooq.com/articles/Best-Way-buy-from-amazon" "Mozilla/5.0 (iPhone; CPU iPhone OS 13_2_3 like Mac OS X) AppleWebKit/605.1.15 (KHTML, like Gecko) Version/13.0.3 Mobile/15E148 Safari/604.1"
172.120.167.181 - - [28/Aug/2026:01:30:47 +0330] "GET /_next/static/css/302d83c05ad27d8b.css HTTP/2.0" 200 369 "https://charsooq.com/articles/Best-Way-buy-from-amazon" "Mozilla/5.0 (iPhone; CPU iPhone OS 13_2_3 like Mac OS X) AppleWebKit/605.1.15 (KHTML, like Gecko) Version/13.0.3 Mobile/15E148 Safari/604.1"
172.120.167.181 - - [28/Aug/2026:01:30:47 +0330] "GET /_next/static/css/2c9caab41af7e337.css HTTP/2.0" 200 3175 "https://charsooq.com/articles/Best-Way-buy-from-amazon" "Mozilla/5.0 (iPhone; CPU iPhone OS 13_2_3 like Mac OS X) AppleWebKit/605.1.15 (KHTML, like Gecko) Version/13.0.3 Mobile/15E148 Safari/604.1"
172.120.167.181 - - [28/Aug/2026:01:30:47 +0330] "GET /_next/static/css/1fd47d1e4f3a64a0.css HTTP/2.0" 200 5002 "https://charsooq.com/articles/Best-Way-buy-from-amazon" "Mozilla/5.0 (iPhone; CPU iPhone OS 13_2_3 like Mac OS X) AppleWebKit/605.1.15 (KHTML, like Gecko) Version/13.0.3 Mobile/15E148 Safari/604.1"
172.120.167.181 - - [28/Aug/2026:01:30:47 +0330] "GET /assets/images/icons/instagram1.png HTTP/2.0" 206 500 "https://charsooq.com/articles/Best-Way-buy-from-amazon" "Mozilla/5.0 (iPhone; CPU iPhone OS 13_2_3 like Mac OS X) AppleWebKit/605.1.15 (KHTML, like Gecko) Version/13.0.3 Mobile/15E148 Safari/604.1"
172.120.167.181 - - [28/Aug/2026:01:30:47 +0330] "GET /assets/images/icons/whatsapp.png HTTP/2.0" 206 500 "https://charsooq.com/articles/Best-Way-buy-from-amazon" "Mozilla/5.0 (iPhone; CPU iPhone OS 13_2_3 like Mac OS X) AppleWebKit/605.1.15 (KHTML, like Gecko) Version/13.0.3 Mobile/15E148 Safari/604.1"
172.120.167.181 - - [28/Aug/2026:01:30:47 +0330] "GET /assets/images/icons/telegram.png HTTP/2.0" 206 500 "https://charsooq.com/articles/Best-Way-buy-from-amazon" "Mozilla/5.0 (iPhone; CPU iPhone OS 13_2_3 like Mac OS X) AppleWebKit/605.1.15 (KHTML, like Gecko) Version/13.0.3 Mobile/15E148 Safari/604.1"
172.120.167.181 - - [28/Aug/2026:01:30:47 +0330] "GET /_next/static/css/91447b978d7716af.css HTTP/2.0" 200 20418 "https://charsooq.com/articles/Best-Way-buy-from-amazon" "Mozilla/5.0 (iPhone; CPU iPhone OS 13_2_3 like Mac OS X) AppleWebKit/605.1.15 (KHTML, like Gecko) Version/13.0.3 Mobile/15E148 Safari/604.1"
172.120.167.181 - - [28/Aug/2026:01:30:47 +0330] "GET /_next/static/chunks/webpack-f27042854bafc0d3.js HTTP/2.0" 200 2127 "https://charsooq.com/articles/Best-Way-buy-from-amazon" "Mozilla/5.0 (iPhone; CPU iPhone OS 13_2_3 like Mac OS X) AppleWebKit/605.1.15 (KHTML, like Gecko) Version/13.0.3 Mobile/15E148 Safari/604.1"
172.120.167.181 - - [28/Aug/2026:01:30:47 +0330] "GET /_next/static/chunks/main-app-9964935a240c0d39.js HTTP/2.0" 200 471 "https://charsooq.com/articles/Best-Way-buy-from-amazon" "Mozilla/5.0 (iPhone; CPU iPhone OS 13_2_3 like Mac OS X) AppleWebKit/605.1.15 (KHTML, like Gecko) Version/13.0.3 Mobile/15E148 Safari/604.1"
172.120.167.181 - - [28/Aug/2026:01:30:47 +0330] "GET /_next/static/chunks/app/articles/%5Bslug%5D/not-found-a2aec68dc87351df.js HTTP/2.0" 200 284 "https://charsooq.com/articles/Best-Way-buy-from-amazon" "Mozilla/5.0 (iPhone; CPU iPhone OS 13_2_3 like Mac OS X) AppleWebKit/605.1.15 (KHTML, like Gecko) Version/13.0.3 Mobile/15E148 Safari/604.1"
172.120.167.181 - - [28/Aug/2026:01:30:47 +0330] "GET /_next/static/chunks/2972-d7980624b2014943.js HTTP/2.0" 200 8732 "https://charsooq.com/articles/Best-Way-buy-from-amazon" "Mozilla/5.0 (iPhone; CPU iPhone OS 13_2_3 like Mac OS X) AppleWebKit/605.1.15 (KHTML, like Gecko) Version/13.0.3 Mobile/15E148 Safari/604.1"
172.120.167.181 - - [28/Aug/2026:01:30:47 +0330] "GET /_next/static/chunks/4438-ac5ce0d4a5fd9e15.js HTTP/2.0" 200 8260 "https://charsooq.com/articles/Best-Way-buy-from-amazon" "Mozilla/5.0 (iPhone; CPU iPhone OS 13_2_3 like Mac OS X) AppleWebKit/605.1.15 (KHTML, like Gecko) Version/13.0.3 Mobile/15E148 Safari/604.1"
172.120.167.181 - - [28/Aug/2026:01:30:47 +0330] "GET /_next/static/chunks/1580-575957d688ae25ac.js HTTP/2.0" 200 12089 "https://charsooq.com/articles/Best-Way-buy-from-amazon" "Mozilla/5.0 (iPhone; CPU iPhone OS 13_2_3 like Mac OS X) AppleWebKit/605.1.15 (KHTML, like Gecko) Version/13.0.3 Mobile/15E148 Safari/604.1"
172.120.167.181 - - [28/Aug/2026:01:30:47 +0330] "GET /_next/static/chunks/3462-b3fd13ed1d4f90e2.js HTTP/2.0" 200 1833 "https://charsooq.com/articles/Best-Way-buy-from-amazon" "Mozilla/5.0 (iPhone; CPU iPhone OS 13_2_3 like Mac OS X) AppleWebKit/605.1.15 (KHTML, like Gecko) Version/13.0.3 Mobile/15E148 Safari/604.1"
172.120.167.181 - - [28/Aug/2026:01:30:47 +0330] "GET /_next/static/chunks/6137-97a90ba21cd4a885.js HTTP/2.0" 200 6706 "https://charsooq.com/articles/Best-Way-buy-from-amazon" "Mozilla/5.0 (iPhone; CPU iPhone OS 13_2_3 like Mac OS X) AppleWebKit/605.1.15 (KHTML, like Gecko) Version/13.0.3 Mobile/15E148 Safari/604.1"
172.120.167.181 - - [28/Aug/2026:01:30:47 +0330] "GET /_next/static/chunks/5878-8c4517462d65e9a5.js HTTP/2.0" 200 5170 "https://charsooq.com/articles/Best-Way-buy-from-amazon" "Mozilla/5.0 (iPhone; CPU iPhone OS 13_2_3 like Mac OS X) AppleWebKit/605.1.15 (KHTML, like Gecko) Version/13.0.3 Mobile/15E148 Safari/604.1"
172.120.167.181 - - [28/Aug/2026:01:30:47 +0330] "GET /_next/static/chunks/3013-a9939c72e4a38977.js HTTP/2.0" 200 6860 "https://charsooq.com/articles/Best-Way-buy-from-amazon" "Mozilla/5.0 (iPhone; CPU iPhone OS 13_2_3 like Mac OS X) AppleWebKit/605.1.15 (KHTML, like Gecko) Version/13.0.3 Mobile/15E148 Safari/604.1"
172.120.167.181 - - [28/Aug/2026:01:30:47 +0330] "GET /_next/static/chunks/6818-72710ec856a66515.js HTTP/2.0" 200 2700 "https://charsooq.com/articles/Best-Way-buy-from-amazon" "Mozilla/5.0 (iPhone; CPU iPhone OS 13_2_3 like Mac OS X) AppleWebKit/605.1.15 (KHTML, like Gecko) Version/13.0.3 Mobile/15E148 Safari/604.1"
172.120.167.181 - - [28/Aug/2026:01:30:47 +0330] "GET /_next/static/chunks/9227-c2a8061d3143118a.js HTTP/2.0" 200 2320 "https://charsooq.com/articles/Best-Way-buy-from-amazon" "Mozilla/5.0 (iPhone; CPU iPhone OS 13_2_3 like Mac OS X) AppleWebKit/605.1.15 (KHTML, like Gecko) Version/13.0.3 Mobile/15E148 Safari/604.1"
172.120.167.181 - - [28/Aug/2026:01:30:47 +0330] "GET /_next/static/chunks/1493-5bf6477734a442f1.js HTTP/2.0" 200 3468 "https://charsooq.com/articles/Best-Way-buy-from-amazon" "Mozilla/5.0 (iPhone; CPU iPhone OS 13_2_3 like Mac OS X) AppleWebKit/605.1.15 (KHTML, like Gecko) Version/13.0.3 Mobile/15E148 Safari/604.1"
172.120.167.181 - - [28/Aug/2026:01:30:47 +0330] "GET /_next/static/chunks/8230-1cded471f36e4c61.js HTTP/2.0" 200 5411 "https://charsooq.com/articles/Best-Way-buy-from-amazon" "Mozilla/5.0 (iPhone; CPU iPhone OS 13_2_3 like Mac OS X) AppleWebKit/605.1.15 (KHTML, like Gecko) Version/13.0.3 Mobile/15E148 Safari/604.1"
172.120.167.181 - - [28/Aug/2026:01:30:47 +0330] "GET /_next/static/chunks/8003-81602ee8b36ef204.js HTTP/2.0" 200 2418 "https://charsooq.com/articles/Best-Way-buy-from-amazon" "Mozilla/5.0 (iPhone; CPU iPhone OS 13_2_3 like Mac OS X) AppleWebKit/605.1.15 (KHTML, like Gecko) Version/13.0.3 Mobile/15E148 Safari/604.1"
45.80.164.121 - - [28/Aug/2026:01:30:47 +0330] "GET /storage/uploads/f3JE5BetcKhdeINRORM51AT0JQkGSKhy3xTXxgEA.webp HTTP/2.0" 206 500 "https://charsooq.com/" "Mozilla/5.0 (iPhone; CPU iPhone OS 13_2_3 like Mac OS X) AppleWebKit/605.1.15 (KHTML, like Gecko) Version/13.0.3 Mobile/15E148 Safari/604.1"
185.152.251.236 - - [28/Aug/2026:01:30:47 +0330] "GET /_next/static/chunks/6818-72710ec856a66515.js HTTP/2.0" 200 2700 "https://charsooq.com/articles/Best-Way-buy-from-amazon" "Mozilla/5.0 (iPhone; CPU iPhone OS 13_2_3 like Mac OS X) AppleWebKit/605.1.15 (KHTML, like Gecko) Version/13.0.3 Mobile/15E148 Safari/604.1"
172.120.167.181 - - [28/Aug/2026:01:30:47 +0330] "GET /_next/static/chunks/9064-bc53da8ff6805f5a.js HTTP/2.0" 200 4703 "https://charsooq.com/articles/Best-Way-buy-from-amazon" "Mozilla/5.0 (iPhone; CPU iPhone OS 13_2_3 like Mac OS X) AppleWebKit/605.1.15 (KHTML, like Gecko) Version/13.0.3 Mobile/15E148 Safari/604.1"
172.120.167.181 - - [28/Aug/2026:01:30:47 +0330] "GET /_next/static/chunks/4216-78fe3424349836f6.js HTTP/2.0" 200 7011 "https://charsooq.com/articles/Best-Way-buy-from-amazon" "Mozilla/5.0 (iPhone; CPU iPhone OS 13_2_3 like Mac OS X) AppleWebKit/605.1.15 (KHTML, like Gecko) Version/13.0.3 Mobile/15E148 Safari/604.1"
172.120.167.181 - - [28/Aug/2026:01:30:47 +0330] "GET /_next/static/chunks/3134-367eb482f3be54c2.js HTTP/2.0" 200 2334 "https://charsooq.com/articles/Best-Way-buy-from-amazon" "Mozilla/5.0 (iPhone; CPU iPhone OS 13_2_3 like Mac OS X) AppleWebKit/605.1.15 (KHTML, like Gecko) Version/13.0.3 Mobile/15E148 Safari/604.1"
172.120.167.181 - - [28/Aug/2026:01:30:47 +0330] "GET /_next/static/chunks/9470-129db663fb54ce77.js HTTP/2.0" 200 3092 "https://charsooq.com/articles/Best-Way-buy-from-amazon" "Mozilla/5.0 (iPhone; CPU iPhone OS 13_2_3 like Mac OS X) AppleWebKit/605.1.15 (KHTML, like Gecko) Version/13.0.3 Mobile/15E148 Safari/604.1"
172.120.167.181 - - [28/Aug/2026:01:30:47 +0330] "GET /_next/static/chunks/8472-05374d6b6d91921f.js HTTP/2.0" 200 9473 "https://charsooq.com/articles/Best-Way-buy-from-amazon" "Mozilla/5.0 (iPhone; CPU iPhone OS 13_2_3 like Mac OS X) AppleWebKit/605.1.15 (KHTML, like Gecko) Version/13.0.3 Mobile/15E148 Safari/604.1"
172.120.167.181 - - [28/Aug/2026:01:30:47 +0330] "GET /_next/static/chunks/84-b6c070b37c66d77f.js HTTP/2.0" 200 2597 "https://charsooq.com/articles/Best-Way-buy-from-amazon" "Mozilla/5.0 (iPhone; CPU iPhone OS 13_2_3 like Mac OS X) AppleWebKit/605.1.15 (KHTML, like Gecko) Version/13.0.3 Mobile/15E148 Safari/604.1"
172.120.167.181 - - [28/Aug/2026:01:30:47 +0330] "GET /_next/static/chunks/873-fa2a34145b7f655b.js HTTP/2.0" 200 64908 "https://charsooq.com/articles/Best-Way-buy-from-amazon" "Mozilla/5.0 (iPhone; CPU iPhone OS 13_2_3 like Mac OS X) AppleWebKit/605.1.15 (KHTML, like Gecko) Version/13.0.3 Mobile/15E148 Safari/604.1"
172.120.167.181 - - [28/Aug/2026:01:30:47 +0330] "GET /_next/static/chunks/app/layout-cb550aa8118c7c2c.js HTTP/2.0" 200 11535 "https://charsooq.com/articles/Best-Way-buy-from-amazon" "Mozilla/5.0 (iPhone; CPU iPhone OS 13_2_3 like Mac OS X) AppleWebKit/605.1.15 (KHTML, like Gecko) Version/13.0.3 Mobile/15E148 Safari/604.1"
172.120.167.181 - - [28/Aug/2026:01:30:47 +0330] "GET /_next/static/chunks/app/error-094d5bcef522249f.js HTTP/2.0" 200 673 "https://charsooq.com/articles/Best-Way-buy-from-amazon" "Mozilla/5.0 (iPhone; CPU iPhone OS 13_2_3 like Mac OS X) AppleWebKit/605.1.15 (KHTML, like Gecko) Version/13.0.3 Mobile/15E148 Safari/604.1"
172.120.167.181 - - [28/Aug/2026:01:30:47 +0330] "GET /_next/image?url=https%3A%2F%2Fpanel.charsooq.com%2Fstorage%2F01HXCRS1RYQP8A8M3XSY1M37KW.webp&w=1200&q=75 HTTP/2.0" 200 26638 "https://charsooq.com/articles/Best-Way-buy-from-amazon" "Mozilla/5.0 (iPhone; CPU iPhone OS 13_2_3 like Mac OS X) AppleWebKit/605.1.15 (KHTML, like Gecko) Version/13.0.3 Mobile/15E148 Safari/604.1"
172.120.167.181 - - [28/Aug/2026:01:30:47 +0330] "GET /_next/static/chunks/fd9d1056-9ff99acbd7fb9fe8.js HTTP/2.0" 200 53744 "https://charsooq.com/articles/Best-Way-buy-from-amazon" "Mozilla/5.0 (iPhone; CPU iPhone OS 13_2_3 like Mac OS X) AppleWebKit/605.1.15 (KHTML, like Gecko) Version/13.0.3 Mobile/15E148 Safari/604.1"
172.120.167.181 - - [28/Aug/2026:01:30:47 +0330] "GET /_next/static/chunks/2117-828e02dc1643a950.js HTTP/2.0" 200 32001 "https://charsooq.com/articles/Best-Way-buy-from-amazon" "Mozilla/5.0 (iPhone; CPU iPhone OS 13_2_3 like Mac OS X) AppleWebKit/605.1.15 (KHTML, like Gecko) Version/13.0.3 Mobile/15E148 Safari/604.1"
172.120.167.181 - - [28/Aug/2026:01:30:47 +0330] "GET /_next/static/chunks/app/articles/%5Bslug%5D/page-eab29444fd759c7a.js HTTP/2.0" 200 6410 "https://charsooq.com/articles/Best-Way-buy-from-amazon" "Mozilla/5.0 (iPhone; CPU iPhone OS 13_2_3 like Mac OS X) AppleWebKit/605.1.15 (KHTML, like Gecko) Version/13.0.3 Mobile/15E148 Safari/604.1"
47.128.29.91 - - [28/Aug/2026:01:30:47 +0330] "GET /_next/static/chunks/6137-97a90ba21cd4a885.js HTTP/2.0" 200 6706 "https://charsooq.com/articles/Best-Way-buy-from-amazon" "Mozilla/5.0 (Linux; Android 5.0) AppleWebKit/537.36 (KHTML, like Gecko) Mobile Safari/537.36 (compatible; Bytespider; spider-feedback@bytedance.com)"
47.128.21.201 - - [28/Aug/2026:01:30:47 +0330] "GET /_next/static/chunks/8003-81602ee8b36ef204.js HTTP/2.0" 200 2418 "https://charsooq.com/articles/Best-Way-buy-from-amazon" "Mozilla/5.0 (Linux; Android 5.0) AppleWebKit/537.36 (KHTML, like Gecko) Mobile Safari/537.36 (compatible; Bytespider; spider-feedback@bytedance.com)"
185.152.251.236 - - [28/Aug/2026:01:30:47 +0330] "GET /_next/static/chunks/8230-1cded471f36e4c61.js HTTP/2.0" 200 5411 "https://charsooq.com/articles/Best-Way-buy-from-amazon" "Mozilla/5.0 (iPhone; CPU iPhone OS 13_2_3 like Mac OS X) AppleWebKit/605.1.15 (KHTML, like Gecko) Version/13.0.3 Mobile/15E148 Safari/604.1"
209.242.195.16 - - [28/Aug/2026:01:30:47 +0330] "GET /_next/static/chunks/5878-8c4517462d65e9a5.js HTTP/2.0" 200 5170 "https://charsooq.com/articles/Best-Way-buy-from-amazon" "Mozilla/5.0 (iPhone; CPU iPhone OS 13_2_3 like Mac OS X) AppleWebKit/605.1.15 (KHTML, like Gecko) Version/13.0.3 Mobile/15E148 Safari/604.1"
209.242.195.16 - - [28/Aug/2026:01:30:47 +0330] "GET /_next/static/chunks/3013-a9939c72e4a38977.js HTTP/2.0" 200 6860 "https://charsooq.com/articles/Best-Way-buy-from-amazon" "Mozilla/5.0 (iPhone; CPU iPhone OS 13_2_3 like Mac OS X) AppleWebKit/605.1.15 (KHTML, like Gecko) Version/13.0.3 Mobile/15E148 Safari/604.1"
209.242.195.16 - - [28/Aug/2026:01:30:47 +0330] "GET /_next/static/chunks/1493-5bf6477734a442f1.js HTTP/2.0" 200 3468 "https://charsooq.com/articles/Best-Way-buy-from-amazon" "Mozilla/5.0 (iPhone; CPU iPhone OS 13_2_3 like Mac OS X) AppleWebKit/605.1.15 (KHTML, like Gecko) Version/13.0.3 Mobile/15E148 Safari/604.1"
209.242.195.16 - - [28/Aug/2026:01:30:47 +0330] "GET /_next/static/chunks/6818-72710ec856a66515.js HTTP/2.0" 200 2700 "https://charsooq.com/articles/Best-Way-buy-from-amazon" "Mozilla/5.0 (iPhone; CPU iPhone OS 13_2_3 like Mac OS X) AppleWebKit/605.1.15 (KHTML, like Gecko) Version/13.0.3 Mobile/15E148 Safari/604.1"
209.242.195.16 - - [28/Aug/2026:01:30:47 +0330] "GET /_next/static/chunks/8003-81602ee8b36ef204.js HTTP/2.0" 200 2418 "https://charsooq.com/articles/Best-Way-buy-from-amazon" "Mozilla/5.0 (iPhone; CPU iPhone OS 13_2_3 like Mac OS X) AppleWebKit/605.1.15 (KHTML, like Gecko) Version/13.0.3 Mobile/15E148 Safari/604.1"
209.242.195.16 - - [28/Aug/2026:01:30:47 +0330] "GET /_next/static/chunks/8230-1cded471f36e4c61.js HTTP/2.0" 200 5411 "https://charsooq.com/articles/Best-Way-buy-from-amazon" "Mozilla/5.0 (iPhone; CPU iPhone OS 13_2_3 like Mac OS X) AppleWebKit/605.1.15 (KHTML, like Gecko) Version/13.0.3 Mobile/15E148 Safari/604.1"
209.242.195.16 - - [28/Aug/2026:01:30:47 +0330] "GET /_next/static/chunks/app/articles/%5Bslug%5D/page-eab29444fd759c7a.js HTTP/2.0" 200 6410 "https://charsooq.com/articles/Best-Way-buy-from-amazon" "Mozilla/5.0 (iPhone; CPU iPhone OS 13_2_3 like Mac OS X) AppleWebKit/605.1.15 (KHTML, like Gecko) Version/13.0.3 Mobile/15E148 Safari/604.1"
209.242.195.16 - - [28/Aug/2026:01:30:47 +0330] "GET /_next/static/chunks/9227-c2a8061d3143118a.js HTTP/2.0" 200 2320 "https://charsooq.com/articles/Best-Way-buy-from-amazon" "Mozilla/5.0 (iPhone; CPU iPhone OS 13_2_3 like Mac OS X) AppleWebKit/605.1.15 (KHTML, like Gecko) Version/13.0.3 Mobile/15E148 Safari/604.1"
209.242.195.16 - - [28/Aug/2026:01:30:47 +0330] "GET /_next/static/chunks/4216-78fe3424349836f6.js HTTP/2.0" 200 7011 "https://charsooq.com/articles/Best-Way-buy-from-amazon" "Mozilla/5.0 (iPhone; CPU iPhone OS 13_2_3 like Mac OS X) AppleWebKit/605.1.15 (KHTML, like Gecko) Version/13.0.3 Mobile/15E148 Safari/604.1"
209.242.195.16 - - [28/Aug/2026:01:30:47 +0330] "GET /_next/static/chunks/9064-bc53da8ff6805f5a.js HTTP/2.0" 200 4703 "https://charsooq.com/articles/Best-Way-buy-from-amazon" "Mozilla/5.0 (iPhone; CPU iPhone OS 13_2_3 like Mac OS X) AppleWebKit/605.1.15 (KHTML, like Gecko) Version/13.0.3 Mobile/15E148 Safari/604.1"
47.128.27.223 - - [28/Aug/2026:01:30:47 +0330] "GET /storage/uploads/f3JE5BetcKhdeINRORM51AT0JQkGSKhy3xTXxgEA.webp HTTP/2.0" 206 500 "https://charsooq.com/" "Mozilla/5.0 (Linux; Android 5.0) AppleWebKit/537.36 (KHTML, like Gecko) Mobile Safari/537.36 (compatible; Bytespider; spider-feedback@bytedance.com)"
47.128.27.223 - - [28/Aug/2026:01:30:47 +0330] "GET /storage/uploads/htTRkJaS8xp1pGKwgkUQOIgOfO98xYQxmpIA9aBd.webp HTTP/2.0" 206 500 "https://charsooq.com/" "Mozilla/5.0 (Linux; Android 5.0) AppleWebKit/537.36 (KHTML, like Gecko) Mobile Safari/537.36 (compatible; Bytespider; spider-feedback@bytedance.com)"
47.128.27.223 - - [28/Aug/2026:01:30:47 +0330] "GET /storage/uploads/pdxcddaA88OobWNOrSVFhqtSADjPBhZ239KOCNJ5.webp HTTP/2.0" 206 500 "https://charsooq.com/" "Mozilla/5.0 (Linux; Android 5.0) AppleWebKit/537.36 (KHTML, like Gecko) Mobile Safari/537.36 (compatible; Bytespider; spider-feedback@bytedance.com)"
47.128.27.223 - - [28/Aug/2026:01:30:47 +0330] "GET /storage/uploads/Q9xquWJAxh36fx1lWmTIsRwlj1bXOW07Sz6PxLat.webp HTTP/2.0" 206 500 "https://charsooq.com/" "Mozilla/5.0 (Linux; Android 5.0) AppleWebKit/537.36 (KHTML, like Gecko) Mobile Safari/537.36 (compatible; Bytespider; spider-feedback@bytedance.com)"
47.128.27.223 - - [28/Aug/2026:01:30:47 +0330] "GET /storage/uploads/Gx7CdnSveXtlcIqNgcsg2Rf5ZIGFR0uy4jMeDnGJ.webp HTTP/2.0" 206 500 "https://charsooq.com/" "Mozilla/5.0 (Linux; Android 5.0) AppleWebKit/537.36 (KHTML, like Gecko) Mobile Safari/537.36 (compatible; Bytespider; spider-feedback@bytedance.com)"
47.128.27.223 - - [28/Aug/2026:01:30:47 +0330] "GET /storage/uploads/mDTo6A0UQ0RBNRiSVpr5g770z350WDiJnYJ4ssD4.webp HTTP/2.0" 206 500 "https://charsooq.com/" "Mozilla/5.0 (Linux; Android 5.0) AppleWebKit/537.36 (KHTML, like Gecko) Mobile Safari/537.36 (compatible; Bytespider; spider-feedback@bytedance.com)"
209.242.195.16 - - [28/Aug/2026:01:30:47 +0330] "GET /_next/static/chunks/9470-129db663fb54ce77.js HTTP/2.0" 200 3092 "https://charsooq.com/articles/Best-Way-buy-from-amazon" "Mozilla/5.0 (iPhone; CPU iPhone OS 13_2_3 like Mac OS X) AppleWebKit/605.1.15 (KHTML, like Gecko) Version/13.0.3 Mobile/15E148 Safari/604.1"
209.242.195.16 - - [28/Aug/2026:01:30:47 +0330] "GET /_next/static/chunks/3134-367eb482f3be54c2.js HTTP/2.0" 200 2334 "https://charsooq.com/articles/Best-Way-buy-from-amazon" "Mozilla/5.0 (iPhone; CPU iPhone OS 13_2_3 like Mac OS X) AppleWebKit/605.1.15 (KHTML, like Gecko) Version/13.0.3 Mobile/15E148 Safari/604.1"
209.242.195.16 - - [28/Aug/2026:01:30:47 +0330] "GET /_next/static/chunks/8472-05374d6b6d91921f.js HTTP/2.0" 200 9473 "https://charsooq.com/articles/Best-Way-buy-from-amazon" "Mozilla/5.0 (iPhone; CPU iPhone OS 13_2_3 like Mac OS X) AppleWebKit/605.1.15 (KHTML, like Gecko) Version/13.0.3 Mobile/15E148 Safari/604.1"
