127.0.0.1 - - [28/Aug/2026:00:17:35 +0330] "GET /api/v2/page-data HTTP/1.1" 200 36854 "-" "node"
172.16.20.25 - - [28/Aug/2026:00:17:35 +0330] "GET / HTTP/1.1" 200 338501 "-" "Mozilla/5.0 (compatible; PRTG Network Monitor (www.paessler.com); Windows)"
89.38.245.149 - - [28/Aug/2026:00:17:36 +0330] "GET /manifest.json HTTP/2.0" 304 0 "https://charsooq.com/amazon/products?page=1&category=clothing-shoes-jewelry" "Mozilla/5.0 (Windows NT 10.0; Win64; x64) AppleWebKit/537.36 (KHTML, like Gecko) Chrome/151.0.0.0 Safari/537.36"
89.38.245.149 - - [28/Aug/2026:00:17:37 +0330] "GET /16px.png HTTP/2.0" 304 0 "https://charsooq.com/amazon/products?page=1&category=clothing-shoes-jewelry" "Mozilla/5.0 (Windows NT 10.0; Win64; x64) AppleWebKit/537.36 (KHTML, like Gecko) Chrome/151.0.0.0 Safari/537.36"
211.47.121.130 - - [28/Aug/2026:00:17:41 +0330] "POST /HNAP1/ HTTP/1.0" 301 169 "-" "-"
203.166.155.118 - - [28/Aug/2026:00:17:52 +0330] "GET /preference.html HTTP/2.0" 200 4527 "-" "Mozilla/5.0 (iPhone; CPU iPhone OS 26_3_0 like Mac OS X) AppleWebKit/605.1.15 (KHTML, like Gecko) CriOS/144.0.7559.95 Mobile/15E148 Safari/604.1"
205.188.37.24 - - [28/Aug/2026:00:17:58 +0330] "GET / HTTP/2.0" 302 673 "-" "Mozilla/5.0 (iPhone; CPU iPhone OS 26_3_0 like Mac OS X) AppleWebKit/605.1.15 (KHTML, like Gecko) CriOS/144.0.7559.95 Mobile/15E148 Safari/604.1"
205.188.37.24 - - [28/Aug/2026:00:17:59 +0330] "GET /admin HTTP/2.0" 302 697 "-" "Mozilla/5.0 (iPhone; CPU iPhone OS 26_3_0 like Mac OS X) AppleWebKit/605.1.15 (KHTML, like Gecko) CriOS/144.0.7559.95 Mobile/15E148 Safari/604.1"
205.188.37.24 - - [28/Aug/2026:00:18:01 +0330] "GET /admin/login HTTP/2.0" 200 9449 "-" "Mozilla/5.0 (iPhone; CPU iPhone OS 26_3_0 like Mac OS X) AppleWebKit/605.1.15 (KHTML, like Gecko) CriOS/144.0.7559.95 Mobile/15E148 Safari/604.1"
205.188.37.24 - - [28/Aug/2026:00:18:01 +0330] "GET /css/filament/forms/forms.css?v=3.2.119.0 HTTP/2.0" 200 86577 "https://panel.charsooq.com/admin/login" "Mozilla/5.0 (iPhone; CPU iPhone OS 26_3_0 like Mac OS X) AppleWebKit/605.1.15 (KHTML, like Gecko) CriOS/144.0.7559.95 Mobile/15E148 Safari/604.1"
205.188.37.24 - - [28/Aug/2026:00:18:01 +0330] "GET /css/filament/support/support.css?v=3.2.119.0 HTTP/2.0" 200 3147 "https://panel.charsooq.com/admin/login" "Mozilla/5.0 (iPhone; CPU iPhone OS 26_3_0 like Mac OS X) AppleWebKit/605.1.15 (KHTML, like Gecko) CriOS/144.0.7559.95 Mobile/15E148 Safari/604.1"
205.188.37.24 - - [28/Aug/2026:00:18:01 +0330] "GET /assets/fonts/iransans/_iransans.css HTTP/2.0" 200 237 "https://panel.charsooq.com/admin/login" "Mozilla/5.0 (iPhone; CPU iPhone OS 26_3_0 like Mac OS X) AppleWebKit/605.1.15 (KHTML, like Gecko) CriOS/144.0.7559.95 Mobile/15E148 Safari/604.1"
205.188.37.24 - - [28/Aug/2026:00:18:01 +0330] "GET /assets/img/charsooq-logo.png HTTP/2.0" 200 13494 "https://panel.charsooq.com/admin/login" "Mozilla/5.0 (iPhone; CPU iPhone OS 26_3_0 like Mac OS X) AppleWebKit/605.1.15 (KHTML, like Gecko) CriOS/144.0.7559.95 Mobile/15E148 Safari/604.1"
205.188.37.24 - - [28/Aug/2026:00:18:01 +0330] "GET /build/assets/theme-ed8f3cdd.css HTTP/2.0" 200 116608 "https://panel.charsooq.com/admin/login" "Mozilla/5.0 (iPhone; CPU iPhone OS 26_3_0 like Mac OS X) AppleWebKit/605.1.15 (KHTML, like Gecko) CriOS/144.0.7559.95 Mobile/15E148 Safari/604.1"
205.188.37.24 - - [28/Aug/2026:00:18:01 +0330] "GET /js/filament/support/support.js?v=3.2.119.0 HTTP/2.0" 200 131642 "https://panel.charsooq.com/admin/login" "Mozilla/5.0 (iPhone; CPU iPhone OS 26_3_0 like Mac OS X) AppleWebKit/605.1.15 (KHTML, like Gecko) CriOS/144.0.7559.95 Mobile/15E148 Safari/604.1"
205.188.37.24 - - [28/Aug/2026:00:18:02 +0330] "GET /js/mohamedsabil83/filament-forms-tinyeditor/tiny-editor.js?v=2.3.3.0 HTTP/2.0" 200 1428 "https://panel.charsooq.com/admin/login" "Mozilla/5.0 (iPhone; CPU iPhone OS 26_3_0 like Mac OS X) AppleWebKit/605.1.15 (KHTML, like Gecko) CriOS/144.0.7559.95 Mobile/15E148 Safari/604.1"
205.188.37.24 - - [28/Aug/2026:00:18:02 +0330] "GET /js/filament/notifications/notifications.js?v=3.2.119.0 HTTP/2.0" 200 7199 "https://panel.charsooq.com/admin/login" "Mozilla/5.0 (iPhone; CPU iPhone OS 26_3_0 like Mac OS X) AppleWebKit/605.1.15 (KHTML, like Gecko) CriOS/144.0.7559.95 Mobile/15E148 Safari/604.1"
205.188.37.24 - - [28/Aug/2026:00:18:02 +0330] "GET /js/filament/support/async-alpine.js?v=3.2.119.0 HTTP/2.0" 200 5266 "https://panel.charsooq.com/admin/login" "Mozilla/5.0 (iPhone; CPU iPhone OS 26_3_0 like Mac OS X) AppleWebKit/605.1.15 (KHTML, like Gecko) CriOS/144.0.7559.95 Mobile/15E148 Safari/604.1"
205.188.37.24 - - [28/Aug/2026:00:18:02 +0330] "GET /js/filament/filament/app.js?v=3.2.119.0 HTTP/2.0" 200 8074 "https://panel.charsooq.com/admin/login" "Mozilla/5.0 (iPhone; CPU iPhone OS 26_3_0 like Mac OS X) AppleWebKit/605.1.15 (KHTML, like Gecko) CriOS/144.0.7559.95 Mobile/15E148 Safari/604.1"
205.188.37.24 - - [28/Aug/2026:00:18:02 +0330] "GET /js/filament/filament/echo.js?v=3.2.119.0 HTTP/2.0" 200 91558 "https://panel.charsooq.com/admin/login" "Mozilla/5.0 (iPhone; CPU iPhone OS 26_3_0 like Mac OS X) AppleWebKit/605.1.15 (KHTML, like Gecko) CriOS/144.0.7559.95 Mobile/15E148 Safari/604.1"
205.188.37.24 - - [28/Aug/2026:00:18:03 +0330] "GET /livewire/livewire.min.js?id=38dc8241 HTTP/2.0" 499 0 "https://panel.charsooq.com/admin/login" "Mozilla/5.0 (iPhone; CPU iPhone OS 26_3_0 like Mac OS X) AppleWebKit/605.1.15 (KHTML, like Gecko) CriOS/144.0.7559.95 Mobile/15E148 Safari/604.1"
52.167.144.172 - - [28/Aug/2026:00:18:06 +0330] "GET /?u=0672299170000 HTTP/2.0" 200 33931 "-" "Mozilla/5.0 AppleWebKit/537.36 (KHTML, like Gecko; compatible; bingbot/2.0; +http://www.bing.com/bingbot.htm) Chrome/116.0.1938.76 Safari/537.36"
127.0.0.1 - - [28/Aug/2026:00:18:34 +0330] "GET /api/v2/sliders HTTP/1.1" 200 7479 "-" "node"
127.0.0.1 - - [28/Aug/2026:00:18:34 +0330] "GET /api/v1/categories-amazon HTTP/1.1" 200 34199 "-" "node"
172.16.20.25 - - [28/Aug/2026:00:18:35 +0330] "GET / HTTP/1.1" 200 338422 "-" "Mozilla/5.0 (compatible; PRTG Network Monitor (www.paessler.com); Windows)"
127.0.0.1 - - [28/Aug/2026:00:18:40 +0330] "GET /api/v1/categories-product?store=amazon&category=clothing-shoes-jewelry-women&count=24&page=1&minprice=0&maxprice=10000&ratings=&sortby= HTTP/1.1" 301 169 "-" "node"
127.0.0.1 - - [28/Aug/2026:00:18:41 +0330] "GET /api/v1/categories-product?store=amazon&category=clothing-shoes-jewelry-women&count=24&page=1&minprice=0&maxprice=10000&ratings=&sortby= HTTP/1.1" 200 35408 "-" "node"
89.38.245.149 - - [28/Aug/2026:00:18:41 +0330] "GET /amazon/products?page=1&category=clothing-shoes-jewelry-women&_rsc=ezw0f HTTP/2.0" 200 37162 "https://charsooq.com/amazon/products?page=1&category=clothing-shoes-jewelry" "Mozilla/5.0 (Windows NT 10.0; Win64; x64) AppleWebKit/537.36 (KHTML, like Gecko) Chrome/151.0.0.0 Safari/537.36"
89.38.245.149 - - [28/Aug/2026:00:18:43 +0330] "GET /32px.png HTTP/2.0" 304 0 "https://charsooq.com/amazon/products?page=1&category=clothing-shoes-jewelry-women" "Mozilla/5.0 (Windows NT 10.0; Win64; x64) AppleWebKit/537.36 (KHTML, like Gecko) Chrome/151.0.0.0 Safari/537.36"
127.0.0.1 - - [28/Aug/2026:00:18:43 +0330] "GET /api/v3/product-show/amz-B0CL73CZ93?amazon_region= HTTP/1.1" 301 169 "-" "node"
127.0.0.1 - - [28/Aug/2026:00:18:43 +0330] "GET /api/v3/product-show/amz-B0CJ55HF5K?amazon_region= HTTP/1.1" 301 169 "-" "node"
127.0.0.1 - - [28/Aug/2026:00:18:43 +0330] "GET /api/v3/product-show/amz-B0CG14Y3F3?amazon_region= HTTP/1.1" 301 169 "-" "node"
127.0.0.1 - - [28/Aug/2026:00:18:43 +0330] "GET /api/v3/product-show/amz-B0CD1Y89D1?amazon_region= HTTP/1.1" 301 169 "-" "node"
127.0.0.1 - - [28/Aug/2026:00:18:43 +0330] "GET /api/v3/product-show/amz-B06XWHY2S4?amazon_region= HTTP/1.1" 301 169 "-" "node"
127.0.0.1 - - [28/Aug/2026:00:18:43 +0330] "GET /api/v3/product-show/amz-B0CL73CZ93?amazon_region= HTTP/1.1" 200 11293 "-" "node"
89.38.245.149 - - [28/Aug/2026:00:18:43 +0330] "GET /product/amz-B0CL73CZ93/slouchy-hobo-bags-for-women-tote-bag-retro-pu-leather-crossbody-bag-soft-shoulder-purses-handbags-large-capacity-2pcs?_rsc=1998i HTTP/2.0" 200 2860 "https://charsooq.com/amazon/products?page=1&category=clothing-shoes-jewelry-women" "Mozilla/5.0 (Windows NT 10.0; Win64; x64) AppleWebKit/537.36 (KHTML, like Gecko) Chrome/151.0.0.0 Safari/537.36"
127.0.0.1 - - [28/Aug/2026:00:18:43 +0330] "GET /api/v3/product-show/amz-B0CJ55HF5K?amazon_region= HTTP/1.1" 200 5291 "-" "node"
127.0.0.1 - - [28/Aug/2026:00:18:43 +0330] "GET /api/v3/product-show/amz-B0CG14Y3F3?amazon_region= HTTP/1.1" 200 15157 "-" "node"
89.38.245.149 - - [28/Aug/2026:00:18:43 +0330] "GET /product/amz-B0CJ55HF5K/heshe-genuine-leather-tote-top-handle-bag-shoulder-bags-for-women-leather-crossbody-purse-trendy?_rsc=1998i HTTP/2.0" 200 2856 "https://charsooq.com/amazon/products?page=1&category=clothing-shoes-jewelry-women" "Mozilla/5.0 (Windows NT 10.0; Win64; x64) AppleWebKit/537.36 (KHTML, like Gecko) Chrome/151.0.0.0 Safari/537.36"
89.38.245.149 - - [28/Aug/2026:00:18:43 +0330] "GET /product/amz-B0CG14Y3F3/kukoo-small-crossbody-bags-for-women-cell-phone-purse-wallet-bag-pu-leather-with-shoulder-strap?_rsc=1998i HTTP/2.0" 200 2824 "https://charsooq.com/amazon/products?page=1&category=clothing-shoes-jewelry-women" "Mozilla/5.0 (Windows NT 10.0; Win64; x64) AppleWebKit/537.36 (KHTML, like Gecko) Chrome/151.0.0.0 Safari/537.36"
127.0.0.1 - - [28/Aug/2026:00:18:43 +0330] "GET /api/v3/product-show/amz-B06XWHY2S4?amazon_region= HTTP/1.1" 200 11224 "-" "node"
127.0.0.1 - - [28/Aug/2026:00:18:43 +0330] "GET /api/v3/product-show/amz-B0CD1Y89D1?amazon_region= HTTP/1.1" 200 5230 "-" "node"
89.38.245.149 - - [28/Aug/2026:00:18:43 +0330] "GET /product/amz-B06XWHY2S4/tommy-hilfiger-womens-jaden-plus-tote?_rsc=1998i HTTP/2.0" 200 2717 "https://charsooq.com/amazon/products?page=1&category=clothing-shoes-jewelry-women" "Mozilla/5.0 (Windows NT 10.0; Win64; x64) AppleWebKit/537.36 (KHTML, like Gecko) Chrome/151.0.0.0 Safari/537.36"
89.38.245.149 - - [28/Aug/2026:00:18:43 +0330] "GET /product/amz-B0CD1Y89D1/heshe-genuine-leather-crossbody-bags-for-women-top-handle-bag-tote-purse-ladies-designer-hobo-satchel?_rsc=1998i HTTP/2.0" 200 2855 "https://charsooq.com/amazon/products?page=1&category=clothing-shoes-jewelry-women" "Mozilla/5.0 (Windows NT 10.0; Win64; x64) AppleWebKit/537.36 (KHTML, like Gecko) Chrome/151.0.0.0 Safari/537.36"
127.0.0.1 - - [28/Aug/2026:00:18:43 +0330] "GET /api/v3/product-show/amz-B0BD3LWCCT?amazon_region= HTTP/1.1" 301 169 "-" "node"
127.0.0.1 - - [28/Aug/2026:00:18:43 +0330] "GET /api/v3/product-show/amz-B08Y681LZ9?amazon_region= HTTP/1.1" 301 169 "-" "node"
127.0.0.1 - - [28/Aug/2026:00:18:43 +0330] "GET /api/v3/product-show/amz-B0B7KKP1T3?amazon_region= HTTP/1.1" 301 169 "-" "node"
127.0.0.1 - - [28/Aug/2026:00:18:44 +0330] "GET /api/v3/product-show/amz-B0BD3LWCCT?amazon_region= HTTP/1.1" 200 9730 "-" "node"
89.38.245.149 - - [28/Aug/2026:00:18:44 +0330] "GET /product/amz-B0BD3LWCCT/boshiya-nurse-watch-nursing-watch-for-nurse-medical-professionals-and-students-medical-watch-with-second-hand-for-nurses-easy-to-read-waterproof-1224-hour-display-silicone-band?_rsc=1998i HTTP/2.0" 200 3334 "https://charsooq.com/amazon/products?page=1&category=clothing-shoes-jewelry-women" "Mozilla/5.0 (Windows NT 10.0; Win64; x64) AppleWebKit/537.36 (KHTML, like Gecko) Chrome/151.0.0.0 Safari/537.36"
127.0.0.1 - - [28/Aug/2026:00:18:44 +0330] "GET /api/v3/product-show/amz-B0B7KKP1T3?amazon_region= HTTP/1.1" 200 11364 "-" "node"
127.0.0.1 - - [28/Aug/2026:00:18:44 +0330] "GET /api/v3/product-show/amz-B08Y681LZ9?amazon_region= HTTP/1.1" 200 17878 "-" "node"
89.38.245.149 - - [28/Aug/2026:00:18:44 +0330] "GET /product/amz-B08Y681LZ9/skechers-womens-hillcrest-pure-escapade-sneaker?_rsc=1998i HTTP/2.0" 200 2806 "https://charsooq.com/amazon/products?page=1&category=clothing-shoes-jewelry-women" "Mozilla/5.0 (Windows NT 10.0; Win64; x64) AppleWebKit/537.36 (KHTML, like Gecko) Chrome/151.0.0.0 Safari/537.36"
89.38.245.149 - - [28/Aug/2026:00:18:44 +0330] "GET /product/amz-B0B7KKP1T3/skechers-womens-go-walk-5-alive?_rsc=1998i HTTP/2.0" 200 2732 "https://charsooq.com/amazon/products?page=1&category=clothing-shoes-jewelry-women" "Mozilla/5.0 (Windows NT 10.0; Win64; x64) AppleWebKit/537.36 (KHTML, like Gecko) Chrome/151.0.0.0 Safari/537.36"
127.0.0.1 - - [28/Aug/2026:00:18:44 +0330] "GET /api/v3/product-show/amz-B08Y69DJ3C?amazon_region= HTTP/1.1" 301 169 "-" "node"
127.0.0.1 - - [28/Aug/2026:00:18:44 +0330] "GET /api/v3/product-show/amz-B00A2N88S6?amazon_region= HTTP/1.1" 301 169 "-" "node"
127.0.0.1 - - [28/Aug/2026:00:18:44 +0330] "GET /api/v3/product-show/amz-B08Y69DJ3C?amazon_region= HTTP/1.1" 200 18370 "-" "node"
89.38.245.149 - - [28/Aug/2026:00:18:44 +0330] "GET /product/amz-B08Y69DJ3C/skechers-womens-hillcrest-pure-escapade-sneaker?_rsc=1998i HTTP/2.0" 200 2804 "https://charsooq.com/amazon/products?page=1&category=clothing-shoes-jewelry-women" "Mozilla/5.0 (Windows NT 10.0; Win64; x64) AppleWebKit/537.36 (KHTML, like Gecko) Chrome/151.0.0.0 Safari/537.36"
127.0.0.1 - - [28/Aug/2026:00:18:44 +0330] "GET /api/v3/product-show/amz-B00A2N88S6?amazon_region= HTTP/1.1" 200 11996 "-" "node"
89.38.245.149 - - [28/Aug/2026:00:18:44 +0330] "GET /product/amz-B00A2N88S6/ray-ban-rb4165-justin-rectangular-sunglasses?_rsc=1998i HTTP/2.0" 200 3024 "https://charsooq.com/amazon/products?page=1&category=clothing-shoes-jewelry-women" "Mozilla/5.0 (Windows NT 10.0; Win64; x64) AppleWebKit/537.36 (KHTML, like Gecko) Chrome/151.0.0.0 Safari/537.36"
127.0.0.1 - - [28/Aug/2026:00:18:45 +0330] "GET /api/v3/product-show/amz-B096NM3FGX?amazon_region= HTTP/1.1" 301 169 "-" "node"
127.0.0.1 - - [28/Aug/2026:00:18:45 +0330] "GET /api/v3/product-show/amz-B08CRJM5TV?amazon_region= HTTP/1.1" 301 169 "-" "node"
127.0.0.1 - - [28/Aug/2026:00:18:45 +0330] "GET /api/v3/product-show/amz-B096NM3FGX?amazon_region= HTTP/1.1" 200 13224 "-" "node"
89.38.245.149 - - [28/Aug/2026:00:18:45 +0330] "GET /product/amz-B096NM3FGX/columbia-womens-redmond-iii-waterproof-hiking-shoe?_rsc=1998i HTTP/2.0" 200 2935 "https://charsooq.com/amazon/products?page=1&category=clothing-shoes-jewelry-women" "Mozilla/5.0 (Windows NT 10.0; Win64; x64) AppleWebKit/537.36 (KHTML, like Gecko) Chrome/151.0.0.0 Safari/537.36"
127.0.0.1 - - [28/Aug/2026:00:18:45 +0330] "GET /api/v3/product-show/amz-B08CRJM5TV?amazon_region= HTTP/1.1" 200 9248 "-" "node"
89.38.245.149 - - [28/Aug/2026:00:18:45 +0330] "GET /product/amz-B08CRJM5TV/momo-joker-mask-scary-halloween-latex-masks-for-adult-horror-clown-full-head-with-wig-cosplay-costume-party-prop?_rsc=1998i HTTP/2.0" 200 2997 "https://charsooq.com/amazon/products?page=1&category=clothing-shoes-jewelry-women" "Mozilla/5.0 (Windows NT 10.0; Win64; x64) AppleWebKit/537.36 (KHTML, like Gecko) Chrome/151.0.0.0 Safari/537.36"
89.38.245.149 - - [28/Aug/2026:00:18:45 +0330] "GET /manifest.json HTTP/2.0" 304 0 "https://charsooq.com/amazon/products?page=1&category=clothing-shoes-jewelry-women" "Mozilla/5.0 (Windows NT 10.0; Win64; x64) AppleWebKit/537.36 (KHTML, like Gecko) Chrome/151.0.0.0 Safari/537.36"
89.38.245.149 - - [28/Aug/2026:00:18:46 +0330] "GET /16px.png HTTP/2.0" 304 0 "https://charsooq.com/amazon/products?page=1&category=clothing-shoes-jewelry-women" "Mozilla/5.0 (Windows NT 10.0; Win64; x64) AppleWebKit/537.36 (KHTML, like Gecko) Chrome/151.0.0.0 Safari/537.36"
127.0.0.1 - - [28/Aug/2026:00:18:48 +0330] "GET /api/v3/product-show/amz-B0CCCQ7SSW?amazon_region= HTTP/1.1" 301 169 "-" "node"
127.0.0.1 - - [28/Aug/2026:00:18:48 +0330] "GET /api/v3/product-show/amz-B0CHF917DM?amazon_region= HTTP/1.1" 301 169 "-" "node"
127.0.0.1 - - [28/Aug/2026:00:18:48 +0330] "GET /api/v3/product-show/amz-B0CT4MWJXD?amazon_region= HTTP/1.1" 301 169 "-" "node"
127.0.0.1 - - [28/Aug/2026:00:18:48 +0330] "GET /api/v3/product-show/amz-B078HDKBP9?amazon_region= HTTP/1.1" 301 169 "-" "node"
127.0.0.1 - - [28/Aug/2026:00:18:48 +0330] "GET /api/v3/product-show/amz-B0CCCQ7SSW?amazon_region= HTTP/1.1" 200 9201 "-" "node"
127.0.0.1 - - [28/Aug/2026:00:18:48 +0330] "GET /api/v3/product-show/amz-B0CT4MWJXD?amazon_region= HTTP/1.1" 200 8849 "-" "node"
89.38.245.149 - - [28/Aug/2026:00:18:48 +0330] "GET /product/amz-B0CCCQ7SSW/jiashibo-womens-steel-toe-work-boots-multifunctional-protective-footwear-slip-resistant-puncture-resistant-shock-absorbing-reflective-stripe-durable-lightweight-comfortable-6-inch?_rsc=1998i HTTP/2.0" 200 3114 "https://charsooq.com/amazon/products?page=1&category=clothing-shoes-jewelry-women" "Mozilla/5.0 (Windows NT 10.0; Win64; x64) AppleWebKit/537.36 (KHTML, like Gecko) Chrome/151.0.0.0 Safari/537.36"
89.38.245.149 - - [28/Aug/2026:00:18:48 +0330] "GET /product/amz-B0CT4MWJXD/asics-mens-court-flytefoam-3-tennis-shoes?_rsc=1998i HTTP/2.0" 200 3153 "https://charsooq.com/amazon/products?page=1&category=clothing-shoes-jewelry-women" "Mozilla/5.0 (Windows NT 10.0; Win64; x64) AppleWebKit/537.36 (KHTML, like Gecko) Chrome/151.0.0.0 Safari/537.36"
127.0.0.1 - - [28/Aug/2026:00:18:48 +0330] "GET /api/v3/product-show/amz-B078HDKBP9?amazon_region= HTTP/1.1" 200 13323 "-" "node"
89.38.245.149 - - [28/Aug/2026:00:18:48 +0330] "GET /product/amz-B078HDKBP9/ray-ban-rb4184-square-sunglasses-blackgreen-54-mm?_rsc=1998i HTTP/2.0" 200 2820 "https://charsooq.com/amazon/products?page=1&category=clothing-shoes-jewelry-women" "Mozilla/5.0 (Windows NT 10.0; Win64; x64) AppleWebKit/537.36 (KHTML, like Gecko) Chrome/151.0.0.0 Safari/537.36"
127.0.0.1 - - [28/Aug/2026:00:18:48 +0330] "GET /api/v3/product-show/amz-B0CHF917DM?amazon_region= HTTP/1.1" 200 14570 "-" "node"
89.38.245.149 - - [28/Aug/2026:00:18:48 +0330] "GET /product/amz-B0CHF917DM/wrangler-womens-wallet-wristlet-long-purse-clutch-large-capacity?_rsc=1998i HTTP/2.0" 200 2758 "https://charsooq.com/amazon/products?page=1&category=clothing-shoes-jewelry-women" "Mozilla/5.0 (Windows NT 10.0; Win64; x64) AppleWebKit/537.36 (KHTML, like Gecko) Chrome/151.0.0.0 Safari/537.36"
127.0.0.1 - - [28/Aug/2026:00:19:35 +0330] "GET /api/v1/categories-amazon HTTP/1.1" 200 34230 "-" "node"
127.0.0.1 - - [28/Aug/2026:00:19:36 +0330] "GET /api/v2/page-data HTTP/1.1" 200 36854 "-" "node"
172.16.20.25 - - [28/Aug/2026:00:19:36 +0330] "GET / HTTP/1.1" 200 338509 "-" "Mozilla/5.0 (compatible; PRTG Network Monitor (www.paessler.com); Windows)"
127.0.0.1 - - [28/Aug/2026:00:20:34 +0330] "GET /api/v2/sliders HTTP/1.1" 200 7479 "-" "node"
127.0.0.1 - - [28/Aug/2026:00:20:35 +0330] "GET /api/v1/categories-amazon HTTP/1.1" 200 34230 "-" "node"
172.16.20.25 - - [28/Aug/2026:00:20:35 +0330] "GET / HTTP/1.1" 200 338470 "-" "Mozilla/5.0 (compatible; PRTG Network Monitor (www.paessler.com); Windows)"
127.0.0.1 - - [28/Aug/2026:00:21:21 +0330] "GET /api/v1/categories-amazon HTTP/1.1" 200 34230 "-" "node"
47.128.42.34 - - [28/Aug/2026:00:21:21 +0330] "GET /content/upload/1/root/perfume-form-winter_w500_h500.jpg HTTP/2.0" 404 163270 "https://zibabash.loxblog.com/" "Mozilla/5.0 (Linux; Android 5.0) AppleWebKit/537.36 (KHTML, like Gecko) Mobile Safari/537.36 (compatible; Bytespider; spider-feedback@bytedance.com)"
40.77.167.143 - - [28/Aug/2026:00:21:28 +0330] "GET /?u=5234566450402 HTTP/2.0" 200 34306 "-" "Mozilla/5.0 AppleWebKit/537.36 (KHTML, like Gecko; compatible; bingbot/2.0; +http://www.bing.com/bingbot.htm) Chrome/116.0.1938.76 Safari/537.36"
40.77.167.143 - - [28/Aug/2026:00:21:29 +0330] "GET /?u=18101158718503 HTTP/2.0" 200 33675 "-" "Mozilla/5.0 AppleWebKit/537.36 (KHTML, like Gecko; compatible; bingbot/2.0; +http://www.bing.com/bingbot.htm) Chrome/116.0.1938.76 Safari/537.36"
40.77.167.143 - - [28/Aug/2026:00:21:31 +0330] "GET /?u=0709212694100 HTTP/2.0" 200 34356 "-" "Mozilla/5.0 AppleWebKit/537.36 (KHTML, like Gecko; compatible; bingbot/2.0; +http://www.bing.com/bingbot.htm) Chrome/116.0.1938.76 Safari/537.36"
52.167.144.211 - - [28/Aug/2026:00:21:33 +0330] "GET /?u=25627174202100 HTTP/2.0" 200 35184 "-" "Mozilla/5.0 AppleWebKit/537.36 (KHTML, like Gecko; compatible; bingbot/2.0; +http://www.bing.com/bingbot.htm) Chrome/116.0.1938.76 Safari/537.36"
52.167.144.211 - - [28/Aug/2026:00:21:34 +0330] "GET /?u=02117102835300 HTTP/2.0" 200 32478 "-" "Mozilla/5.0 AppleWebKit/537.36 (KHTML, like Gecko; compatible; bingbot/2.0; +http://www.bing.com/bingbot.htm) Chrome/116.0.1938.76 Safari/537.36"
127.0.0.1 - - [28/Aug/2026:00:21:35 +0330] "GET /api/v1/categories-amazon HTTP/1.1" 200 34230 "-" "node"
127.0.0.1 - - [28/Aug/2026:00:21:35 +0330] "GET /api/v2/page-data HTTP/1.1" 200 36854 "-" "node"
172.16.20.25 - - [28/Aug/2026:00:21:35 +0330] "GET / HTTP/1.1" 200 338509 "-" "Mozilla/5.0 (compatible; PRTG Network Monitor (www.paessler.com); Windows)"
52.167.144.211 - - [28/Aug/2026:00:21:36 +0330] "GET /?u=5693144889400 HTTP/2.0" 200 33098 "-" "Mozilla/5.0 AppleWebKit/537.36 (KHTML, like Gecko; compatible; bingbot/2.0; +http://www.bing.com/bingbot.htm) Chrome/116.0.1938.76 Safari/537.36"
157.55.39.195 - - [28/Aug/2026:00:21:37 +0330] "GET /?u=18615147531400 HTTP/2.0" 200 33961 "-" "Mozilla/5.0 AppleWebKit/537.36 (KHTML, like Gecko; compatible; bingbot/2.0; +http://www.bing.com/bingbot.htm) Chrome/116.0.1938.76 Safari/537.36"
157.55.39.195 - - [28/Aug/2026:00:21:39 +0330] "GET /?u=18872289930001 HTTP/2.0" 200 34465 "-" "Mozilla/5.0 AppleWebKit/537.36 (KHTML, like Gecko; compatible; bingbot/2.0; +http://www.bing.com/bingbot.htm) Chrome/116.0.1938.76 Safari/537.36"
157.55.39.195 - - [28/Aug/2026:00:21:42 +0330] "GET /?u=1582225864605 HTTP/2.0" 200 33076 "-" "Mozilla/5.0 AppleWebKit/537.36 (KHTML, like Gecko; compatible; bingbot/2.0; +http://www.bing.com/bingbot.htm) Chrome/116.0.1938.76 Safari/537.36"
40.77.167.143 - - [28/Aug/2026:00:21:42 +0330] "GET /?u=28762152867801 HTTP/2.0" 200 31140 "-" "Mozilla/5.0 AppleWebKit/537.36 (KHTML, like Gecko; compatible; bingbot/2.0; +http://www.bing.com/bingbot.htm) Chrome/116.0.1938.76 Safari/537.36"
40.77.167.143 - - [28/Aug/2026:00:21:44 +0330] "GET /?u=200662297000 HTTP/2.0" 200 36652 "-" "Mozilla/5.0 AppleWebKit/537.36 (KHTML, like Gecko; compatible; bingbot/2.0; +http://www.bing.com/bingbot.htm) Chrome/116.0.1938.76 Safari/537.36"
40.77.167.143 - - [28/Aug/2026:00:21:46 +0330] "GET /?u=6151993402700 HTTP/2.0" 200 35539 "-" "Mozilla/5.0 AppleWebKit/537.36 (KHTML, like Gecko; compatible; bingbot/2.0; +http://www.bing.com/bingbot.htm) Chrome/116.0.1938.76 Safari/537.36"
52.167.144.211 - - [28/Aug/2026:00:21:46 +0330] "GET /?u=790988496100 HTTP/2.0" 200 35844 "-" "Mozilla/5.0 AppleWebKit/537.36 (KHTML, like Gecko; compatible; bingbot/2.0; +http://www.bing.com/bingbot.htm) Chrome/116.0.1938.76 Safari/537.36"
106.15.62.99 - - [28/Aug/2026:00:21:58 +0330] "GET /data/conf/version.txt HTTP/1.1" 308 53 "-" "python-requests/2.27.1"
40.77.167.143 - - [28/Aug/2026:00:21:58 +0330] "GET /?u=28596110213000 HTTP/2.0" 200 32749 "-" "Mozilla/5.0 AppleWebKit/537.36 (KHTML, like Gecko; compatible; bingbot/2.0; +http://www.bing.com/bingbot.htm) Chrome/116.0.1938.76 Safari/537.36"
127.0.0.1 - - [28/Aug/2026:00:22:00 +0330] "GET /api/v1/categories-amazon HTTP/1.1" 200 34199 "-" "node"
106.15.62.99 - - [28/Aug/2026:00:22:00 +0330] "GET /data/conf/version.txt HTTP/1.1" 404 84237 "-" "python-requests/2.27.1"
220.181.108.82 - - [28/Aug/2026:00:22:19 +0330] "GET /product/amz-B09YHB12S7/360-Rice-and-Grain-Storage-Container-Cereal-Dispenser-Dry-Food-Dispenser-Rice-Bucket-Grain-Storage-Container-Family-Pack-6-Grid-11-4in HTTP/1.1" 301 169 "-" "Mozilla/5.0 (compatible; Baiduspider/2.0; +http://www.baidu.com/search/spider.html)"
127.0.0.1 - - [28/Aug/2026:00:22:20 +0330] "GET /api/v3/product-show/amz-B09YHB12S7?amazon_region=undefined HTTP/1.1" 301 169 "-" "node"
127.0.0.1 - - [28/Aug/2026:00:22:20 +0330] "GET /api/v3/product-show/amz-B09YHB12S7?amazon_region= HTTP/1.1" 301 169 "-" "node"
127.0.0.1 - - [28/Aug/2026:00:22:20 +0330] "GET /api/v3/product-show/amz-B09YHB12S7?amazon_region=undefined HTTP/1.1" 200 9185 "-" "node"
127.0.0.1 - - [28/Aug/2026:00:22:20 +0330] "GET /api/v3/product-show/amz-B09YHB12S7?amazon_region= HTTP/1.1" 200 9178 "-" "node"
127.0.0.1 - - [28/Aug/2026:00:22:21 +0330] "GET /api/v1/categories-amazon HTTP/1.1" 200 34230 "-" "node"
220.181.108.145 - - [28/Aug/2026:00:22:22 +0330] "GET /product/amz-B09YHB12S7/360-Rice-and-Grain-Storage-Container-Cereal-Dispenser-Dry-Food-Dispenser-Rice-Bucket-Grain-Storage-Container-Family-Pack-6-Grid-11-4in HTTP/2.0" 200 107207 "-" "Mozilla/5.0 (compatible; Baiduspider/2.0; +http://www.baidu.com/search/spider.html)"
116.179.37.175 - - [28/Aug/2026:00:22:28 +0330] "POST /api/v3/other-amazon-url HTTP/1.1" 200 243 "https://charsooq.com/" "Mozilla/5.0 (compatible; Baiduspider-render/2.0; +http://www.baidu.com/search/spider.html)"
127.0.0.1 - - [28/Aug/2026:00:22:34 +0330] "GET /api/v2/sliders HTTP/1.1" 200 7479 "-" "node"
127.0.0.1 - - [28/Aug/2026:00:22:35 +0330] "GET /api/v1/categories-amazon HTTP/1.1" 200 34230 "-" "node"
172.16.20.25 - - [28/Aug/2026:00:22:35 +0330] "GET / HTTP/1.1" 200 338438 "-" "Mozilla/5.0 (compatible; PRTG Network Monitor (www.paessler.com); Windows)"
89.38.245.149 - - [28/Aug/2026:00:22:35 +0330] "GET /help?_rsc=1998i HTTP/2.0" 200 1528 "https://charsooq.com/amazon/products?page=1&category=clothing-shoes-jewelry-women" "Mozilla/5.0 (Windows NT 10.0; Win64; x64) AppleWebKit/537.36 (KHTML, like Gecko) Chrome/151.0.0.0 Safari/537.36"
89.38.245.149 - - [28/Aug/2026:00:22:35 +0330] "GET /ebay?_rsc=1998i HTTP/2.0" 200 1456 "https://charsooq.com/amazon/products?page=1&category=clothing-shoes-jewelry-women" "Mozilla/5.0 (Windows NT 10.0; Win64; x64) AppleWebKit/537.36 (KHTML, like Gecko) Chrome/151.0.0.0 Safari/537.36"
40.77.167.143 - - [28/Aug/2026:00:22:36 +0330] "GET /?u=71639271275800 HTTP/2.0" 200 34525 "-" "Mozilla/5.0 AppleWebKit/537.36 (KHTML, like Gecko; compatible; bingbot/2.0; +http://www.bing.com/bingbot.htm) Chrome/116.0.1938.76 Safari/537.36"
66.249.77.100 - - [28/Aug/2026:00:22:45 +0330] "GET /?u=21808260873104 HTTP/1.1" 200 32332 "-" "Mozilla/5.0 (Linux; Android 6.0.1; Nexus 5X Build/MMB29P) AppleWebKit/537.36 (KHTML, like Gecko) Chrome/151.0.7922.173 Mobile Safari/537.36 (compatible; Googlebot/2.1; +http://www.google.com/bot.html)"
40.77.167.143 - - [28/Aug/2026:00:22:46 +0330] "GET /?u=9382694432401 HTTP/2.0" 200 33887 "-" "Mozilla/5.0 AppleWebKit/537.36 (KHTML, like Gecko; compatible; bingbot/2.0; +http://www.bing.com/bingbot.htm) Chrome/116.0.1938.76 Safari/537.36"
66.249.77.100 - - [28/Aug/2026:00:23:00 +0330] "GET /?u=1301953157508 HTTP/1.1" 200 33006 "-" "Mozilla/5.0 (Linux; Android 6.0.1; Nexus 5X Build/MMB29P) AppleWebKit/537.36 (KHTML, like Gecko) Chrome/151.0.7922.173 Mobile Safari/537.36 (compatible; Googlebot/2.1; +http://www.google.com/bot.html)"
127.0.0.1 - - [28/Aug/2026:00:23:35 +0330] "GET /api/v1/categories-amazon HTTP/1.1" 200 34230 "-" "node"
127.0.0.1 - - [28/Aug/2026:00:23:35 +0330] "GET /api/v2/page-data HTTP/1.1" 200 36854 "-" "node"
172.16.20.25 - - [28/Aug/2026:00:23:35 +0330] "GET / HTTP/1.1" 200 338501 "-" "Mozilla/5.0 (compatible; PRTG Network Monitor (www.paessler.com); Windows)"
5.211.219.61 - - [28/Aug/2026:00:23:55 +0330] "GET /_next/static/css/302d83c05ad27d8b.css HTTP/2.0" 200 369 "-" "Mozilla/5.0 (Linux; Android 10; K) AppleWebKit/537.36 (KHTML, like Gecko) Chrome/151.0.0.0 Mobile Safari/537.36"
5.211.219.61 - - [28/Aug/2026:00:23:55 +0330] "GET /_next/static/css/2c9caab41af7e337.css HTTP/2.0" 200 3175 "-" "Mozilla/5.0 (Linux; Android 10; K) AppleWebKit/537.36 (KHTML, like Gecko) Chrome/151.0.0.0 Mobile Safari/537.36"
5.211.219.61 - - [28/Aug/2026:00:23:55 +0330] "GET /_next/static/css/91447b978d7716af.css HTTP/2.0" 200 20418 "-" "Mozilla/5.0 (Linux; Android 10; K) AppleWebKit/537.36 (KHTML, like Gecko) Chrome/151.0.0.0 Mobile Safari/537.36"
5.211.219.61 - - [28/Aug/2026:00:23:55 +0330] "GET /_next/static/css/1fd47d1e4f3a64a0.css HTTP/2.0" 200 5002 "-" "Mozilla/5.0 (Linux; Android 10; K) AppleWebKit/537.36 (KHTML, like Gecko) Chrome/151.0.0.0 Mobile Safari/537.36"
5.211.219.61 - - [28/Aug/2026:00:23:55 +0330] "GET /_next/static/chunks/polyfills-42372ed130431b0a.js HTTP/2.0" 200 39627 "-" "Mozilla/5.0 (Linux; Android 10; K) AppleWebKit/537.36 (KHTML, like Gecko) Chrome/151.0.0.0 Mobile Safari/537.36"
127.0.0.1 - - [28/Aug/2026:00:23:55 +0330] "GET /api/v1/categories-amazon HTTP/1.1" 200 34199 "-" "node"
5.211.219.61 - - [28/Aug/2026:00:23:56 +0330] "GET /_next/static/media/c7178acf770b8f1a-s.p.ttf HTTP/2.0" 200 35704 "https://charsooq.com/calculator" "Mozilla/5.0 (Linux; Android 10; K) AppleWebKit/537.36 (KHTML, like Gecko) Chrome/151.0.0.0 Mobile Safari/537.36"
5.211.219.61 - - [28/Aug/2026:00:23:56 +0330] "GET /calculator HTTP/2.0" 200 84590 "https://www.google.com/" "Mozilla/5.0 (Linux; Android 10; K) AppleWebKit/537.36 (KHTML, like Gecko) Chrome/151.0.0.0 Mobile Safari/537.36"
5.211.219.61 - - [28/Aug/2026:00:23:56 +0330] "GET /_next/static/media/d36c74da9a95e091-s.p.ttf HTTP/2.0" 200 35196 "https://charsooq.com/calculator" "Mozilla/5.0 (Linux; Android 10; K) AppleWebKit/537.36 (KHTML, like Gecko) Chrome/151.0.0.0 Mobile Safari/537.36"
5.211.219.61 - - [28/Aug/2026:00:23:56 +0330] "GET /_next/image?url=%2Fassets%2Fimages%2Fhome%2Ffaq-bg2.png&w=1080&q=75 HTTP/2.0" 200 89606 "https://charsooq.com/calculator" "Mozilla/5.0 (Linux; Android 10; K) AppleWebKit/537.36 (KHTML, like Gecko) Chrome/151.0.0.0 Mobile Safari/537.36"
5.211.219.61 - - [28/Aug/2026:00:23:56 +0330] "GET /_next/image?url=%2Fassets%2Fimages%2Fhome%2Ffaq-bg3.png&w=1200&q=75 HTTP/2.0" 200 167576 "https://charsooq.com/calculator" "Mozilla/5.0 (Linux; Android 10; K) AppleWebKit/537.36 (KHTML, like Gecko) Chrome/151.0.0.0 Mobile Safari/537.36"
5.211.219.61 - - [28/Aug/2026:00:23:56 +0330] "GET /_next/image?url=%2Fassets%2Fimages%2Ficons%2Ftelegram-icon.png&w=128&q=75 HTTP/2.0" 200 5724 "https://charsooq.com/calculator" "Mozilla/5.0 (Linux; Android 10; K) AppleWebKit/537.36 (KHTML, like Gecko) Chrome/151.0.0.0 Mobile Safari/537.36"
5.211.219.61 - - [28/Aug/2026:00:23:56 +0330] "GET /assets/images/icons/us-icon.png HTTP/2.0" 200 426 "https://charsooq.com/calculator" "Mozilla/5.0 (Linux; Android 10; K) AppleWebKit/537.36 (KHTML, like Gecko) Chrome/151.0.0.0 Mobile Safari/537.36"
5.211.219.61 - - [28/Aug/2026:00:23:56 +0330] "GET /assets/images/icons/instagram1.png HTTP/2.0" 200 1556 "https://charsooq.com/calculator" "Mozilla/5.0 (Linux; Android 10; K) AppleWebKit/537.36 (KHTML, like Gecko) Chrome/151.0.0.0 Mobile Safari/537.36"
5.211.219.61 - - [28/Aug/2026:00:23:56 +0330] "GET /assets/images/icons/whatsapp.png HTTP/2.0" 200 763 "https://charsooq.com/calculator" "Mozilla/5.0 (Linux; Android 10; K) AppleWebKit/537.36 (KHTML, like Gecko) Chrome/151.0.0.0 Mobile Safari/537.36"
5.211.219.61 - - [28/Aug/2026:00:23:56 +0330] "GET /assets/images/icons/telegram.png HTTP/2.0" 200 1179 "https://charsooq.com/calculator" "Mozilla/5.0 (Linux; Android 10; K) AppleWebKit/537.36 (KHTML, like Gecko) Chrome/151.0.0.0 Mobile Safari/537.36"
5.211.219.61 - - [28/Aug/2026:00:23:56 +0330] "GET /_next/static/chunks/webpack-f27042854bafc0d3.js HTTP/2.0" 200 2127 "https://charsooq.com/calculator" "Mozilla/5.0 (Linux; Android 10; K) AppleWebKit/537.36 (KHTML, like Gecko) Chrome/151.0.0.0 Mobile Safari/537.36"
5.211.219.61 - - [28/Aug/2026:00:23:56 +0330] "GET /_next/static/chunks/fd9d1056-9ff99acbd7fb9fe8.js HTTP/2.0" 200 53744 "https://charsooq.com/calculator" "Mozilla/5.0 (Linux; Android 10; K) AppleWebKit/537.36 (KHTML, like Gecko) Chrome/151.0.0.0 Mobile Safari/537.36"
5.211.219.61 - - [28/Aug/2026:00:23:56 +0330] "GET /_next/static/chunks/2117-828e02dc1643a950.js HTTP/2.0" 200 32001 "https://charsooq.com/calculator" "Mozilla/5.0 (Linux; Android 10; K) AppleWebKit/537.36 (KHTML, like Gecko) Chrome/151.0.0.0 Mobile Safari/537.36"
5.211.219.61 - - [28/Aug/2026:00:23:56 +0330] "GET /_next/static/chunks/main-app-9964935a240c0d39.js HTTP/2.0" 200 471 "https://charsooq.com/calculator" "Mozilla/5.0 (Linux; Android 10; K) AppleWebKit/537.36 (KHTML, like Gecko) Chrome/151.0.0.0 Mobile Safari/537.36"
5.211.219.61 - - [28/Aug/2026:00:23:56 +0330] "GET /_next/static/chunks/4438-ac5ce0d4a5fd9e15.js HTTP/2.0" 200 8260 "https://charsooq.com/calculator" "Mozilla/5.0 (Linux; Android 10; K) AppleWebKit/537.36 (KHTML, like Gecko) Chrome/151.0.0.0 Mobile Safari/537.36"
5.211.219.61 - - [28/Aug/2026:00:23:56 +0330] "GET /_next/static/chunks/6137-97a90ba21cd4a885.js HTTP/2.0" 200 6706 "https://charsooq.com/calculator" "Mozilla/5.0 (Linux; Android 10; K) AppleWebKit/537.36 (KHTML, like Gecko) Chrome/151.0.0.0 Mobile Safari/537.36"
5.211.219.61 - - [28/Aug/2026:00:23:56 +0330] "GET /_next/static/chunks/3462-b3fd13ed1d4f90e2.js HTTP/2.0" 200 1833 "https://charsooq.com/calculator" "Mozilla/5.0 (Linux; Android 10; K) AppleWebKit/537.36 (KHTML, like Gecko) Chrome/151.0.0.0 Mobile Safari/537.36"
5.211.219.61 - - [28/Aug/2026:00:23:56 +0330] "GET /_next/static/chunks/3013-a9939c72e4a38977.js HTTP/2.0" 200 6860 "https://charsooq.com/calculator" "Mozilla/5.0 (Linux; Android 10; K) AppleWebKit/537.36 (KHTML, like Gecko) Chrome/151.0.0.0 Mobile Safari/537.36"
5.211.219.61 - - [28/Aug/2026:00:23:56 +0330] "GET /_next/static/chunks/5878-8c4517462d65e9a5.js HTTP/2.0" 200 5170 "https://charsooq.com/calculator" "Mozilla/5.0 (Linux; Android 10; K) AppleWebKit/537.36 (KHTML, like Gecko) Chrome/151.0.0.0 Mobile Safari/537.36"
5.211.219.61 - - [28/Aug/2026:00:23:56 +0330] "GET /_next/static/chunks/2034-b6ee9baf8082b7dc.js HTTP/2.0" 200 10926 "https://charsooq.com/calculator" "Mozilla/5.0 (Linux; Android 10; K) AppleWebKit/537.36 (KHTML, like Gecko) Chrome/151.0.0.0 Mobile Safari/537.36"
5.211.219.61 - - [28/Aug/2026:00:23:56 +0330] "GET /_next/static/chunks/5605-342a49848bbf0c11.js HTTP/2.0" 200 6777 "https://charsooq.com/calculator" "Mozilla/5.0 (Linux; Android 10; K) AppleWebKit/537.36 (KHTML, like Gecko) Chrome/151.0.0.0 Mobile Safari/537.36"
5.211.219.61 - - [28/Aug/2026:00:23:56 +0330] "GET /_next/static/chunks/app/calculator/page-173ebce368fa72cd.js HTTP/2.0" 200 3357 "https://charsooq.com/calculator" "Mozilla/5.0 (Linux; Android 10; K) AppleWebKit/537.36 (KHTML, like Gecko) Chrome/151.0.0.0 Mobile Safari/537.36"
5.211.219.61 - - [28/Aug/2026:00:23:56 +0330] "GET /_next/static/chunks/2972-d7980624b2014943.js HTTP/2.0" 200 8732 "https://charsooq.com/calculator" "Mozilla/5.0 (Linux; Android 10; K) AppleWebKit/537.36 (KHTML, like Gecko) Chrome/151.0.0.0 Mobile Safari/537.36"
5.211.219.61 - - [28/Aug/2026:00:23:56 +0330] "GET /_next/static/chunks/1580-575957d688ae25ac.js HTTP/2.0" 200 12089 "https://charsooq.com/calculator" "Mozilla/5.0 (Linux; Android 10; K) AppleWebKit/537.36 (KHTML, like Gecko) Chrome/151.0.0.0 Mobile Safari/537.36"
5.211.219.61 - - [28/Aug/2026:00:23:56 +0330] "GET /_next/static/chunks/6818-72710ec856a66515.js HTTP/2.0" 200 2700 "https://charsooq.com/calculator" "Mozilla/5.0 (Linux; Android 10; K) AppleWebKit/537.36 (KHTML, like Gecko) Chrome/151.0.0.0 Mobile Safari/537.36"
5.211.219.61 - - [28/Aug/2026:00:23:56 +0330] "GET /_next/static/chunks/5763-e3689baff1695fd1.js HTTP/2.0" 200 4387 "https://charsooq.com/calculator" "Mozilla/5.0 (Linux; Android 10; K) AppleWebKit/537.36 (KHTML, like Gecko) Chrome/151.0.0.0 Mobile Safari/537.36"
5.211.219.61 - - [28/Aug/2026:00:23:56 +0330] "GET /_next/static/chunks/9064-bc53da8ff6805f5a.js HTTP/2.0" 200 4703 "https://charsooq.com/calculator" "Mozilla/5.0 (Linux; Android 10; K) AppleWebKit/537.36 (KHTML, like Gecko) Chrome/151.0.0.0 Mobile Safari/537.36"
5.211.219.61 - - [28/Aug/2026:00:23:56 +0330] "GET /_next/static/chunks/1493-5bf6477734a442f1.js HTTP/2.0" 200 3468 "https://charsooq.com/calculator" "Mozilla/5.0 (Linux; Android 10; K) AppleWebKit/537.36 (KHTML, like Gecko) Chrome/151.0.0.0 Mobile Safari/537.36"
5.211.219.61 - - [28/Aug/2026:00:23:56 +0330] "GET /_next/static/chunks/1592-00644b699e0ed4d8.js HTTP/2.0" 200 7980 "https://charsooq.com/calculator" "Mozilla/5.0 (Linux; Android 10; K) AppleWebKit/537.36 (KHTML, like Gecko) Chrome/151.0.0.0 Mobile Safari/537.36"
5.211.219.61 - - [28/Aug/2026:00:23:56 +0330] "GET /_next/static/chunks/8003-81602ee8b36ef204.js HTTP/2.0" 200 2418 "https://charsooq.com/calculator" "Mozilla/5.0 (Linux; Android 10; K) AppleWebKit/537.36 (KHTML, like Gecko) Chrome/151.0.0.0 Mobile Safari/537.36"
5.211.219.61 - - [28/Aug/2026:00:23:56 +0330] "GET /_next/static/chunks/169-68dabecb1c163108.js HTTP/2.0" 200 6555 "https://charsooq.com/calculator" "Mozilla/5.0 (Linux; Android 10; K) AppleWebKit/537.36 (KHTML, like Gecko) Chrome/151.0.0.0 Mobile Safari/537.36"
5.211.219.61 - - [28/Aug/2026:00:23:56 +0330] "GET /_next/static/chunks/9227-c2a8061d3143118a.js HTTP/2.0" 200 2320 "https://charsooq.com/calculator" "Mozilla/5.0 (Linux; Android 10; K) AppleWebKit/537.36 (KHTML, like Gecko) Chrome/151.0.0.0 Mobile Safari/537.36"
5.211.219.61 - - [28/Aug/2026:00:23:56 +0330] "GET /_next/static/chunks/1188-8347881a51d7e866.js HTTP/2.0" 200 3364 "https://charsooq.com/calculator" "Mozilla/5.0 (Linux; Android 10; K) AppleWebKit/537.36 (KHTML, like Gecko) Chrome/151.0.0.0 Mobile Safari/537.36"
5.211.219.61 - - [28/Aug/2026:00:23:56 +0330] "GET /_next/static/chunks/7463-8c14f85f0b9a94fe.js HTTP/2.0" 200 3339 "https://charsooq.com/calculator" "Mozilla/5.0 (Linux; Android 10; K) AppleWebKit/537.36 (KHTML, like Gecko) Chrome/151.0.0.0 Mobile Safari/537.36"
5.211.219.61 - - [28/Aug/2026:00:23:56 +0330] "GET /_next/static/chunks/300-72da8991edf2ed5a.js HTTP/2.0" 200 33594 "https://charsooq.com/calculator" "Mozilla/5.0 (Linux; Android 10; K) AppleWebKit/537.36 (KHTML, like Gecko) Chrome/151.0.0.0 Mobile Safari/537.36"
5.211.219.61 - - [28/Aug/2026:00:23:56 +0330] "GET /_next/static/chunks/2177-53f14356cddc2711.js HTTP/2.0" 200 3254 "https://charsooq.com/calculator" "Mozilla/5.0 (Linux; Android 10; K) AppleWebKit/537.36 (KHTML, like Gecko) Chrome/151.0.0.0 Mobile Safari/537.36"
5.211.219.61 - - [28/Aug/2026:00:23:56 +0330] "GET /_next/static/chunks/app/page-759df78f59703adb.js HTTP/2.0" 200 1959 "https://charsooq.com/calculator" "Mozilla/5.0 (Linux; Android 10; K) AppleWebKit/537.36 (KHTML, like Gecko) Chrome/151.0.0.0 Mobile Safari/537.36"
5.211.219.61 - - [28/Aug/2026:00:23:56 +0330] "GET /_next/static/chunks/4216-78fe3424349836f6.js HTTP/2.0" 200 7011 "https://charsooq.com/calculator" "Mozilla/5.0 (Linux; Android 10; K) AppleWebKit/537.36 (KHTML, like Gecko) Chrome/151.0.0.0 Mobile Safari/537.36"
5.211.219.61 - - [28/Aug/2026:00:23:56 +0330] "GET /_next/static/chunks/3134-367eb482f3be54c2.js HTTP/2.0" 200 2334 "https://charsooq.com/calculator" "Mozilla/5.0 (Linux; Android 10; K) AppleWebKit/537.36 (KHTML, like Gecko) Chrome/151.0.0.0 Mobile Safari/537.36"
5.211.219.61 - - [28/Aug/2026:00:23:56 +0330] "GET /_next/static/chunks/9470-129db663fb54ce77.js HTTP/2.0" 200 3092 "https://charsooq.com/calculator" "Mozilla/5.0 (Linux; Android 10; K) AppleWebKit/537.36 (KHTML, like Gecko) Chrome/151.0.0.0 Mobile Safari/537.36"
5.211.219.61 - - [28/Aug/2026:00:23:56 +0330] "GET /_next/static/chunks/8472-05374d6b6d91921f.js HTTP/2.0" 200 9473 "https://charsooq.com/calculator" "Mozilla/5.0 (Linux; Android 10; K) AppleWebKit/537.36 (KHTML, like Gecko) Chrome/151.0.0.0 Mobile Safari/537.36"
5.211.219.61 - - [28/Aug/2026:00:23:56 +0330] "GET /_next/static/chunks/873-fa2a34145b7f655b.js HTTP/2.0" 200 64908 "https://charsooq.com/calculator" "Mozilla/5.0 (Linux; Android 10; K) AppleWebKit/537.36 (KHTML, like Gecko) Chrome/151.0.0.0 Mobile Safari/537.36"
5.211.219.61 - - [28/Aug/2026:00:23:56 +0330] "GET /_next/static/chunks/84-b6c070b37c66d77f.js HTTP/2.0" 200 2597 "https://charsooq.com/calculator" "Mozilla/5.0 (Linux; Android 10; K) AppleWebKit/537.36 (KHTML, like Gecko) Chrome/151.0.0.0 Mobile Safari/537.36"
5.211.219.61 - - [28/Aug/2026:00:23:56 +0330] "GET /_next/static/chunks/app/layout-cb550aa8118c7c2c.js HTTP/2.0" 200 11535 "https://charsooq.com/calculator" "Mozilla/5.0 (Linux; Android 10; K) AppleWebKit/537.36 (KHTML, like Gecko) Chrome/151.0.0.0 Mobile Safari/537.36"
5.211.219.61 - - [28/Aug/2026:00:23:56 +0330] "GET /_next/static/chunks/app/error-094d5bcef522249f.js HTTP/2.0" 200 673 "https://charsooq.com/calculator" "Mozilla/5.0 (Linux; Android 10; K) AppleWebKit/537.36 (KHTML, like Gecko) Chrome/151.0.0.0 Mobile Safari/537.36"
5.211.219.61 - - [28/Aug/2026:00:23:56 +0330] "GET /_next/image?url=%2Fassets%2Fimages%2Ficons%2Fenamad-icon.png&w=256&q=75 HTTP/2.0" 200 2578 "https://charsooq.com/" "Mozilla/5.0 (Linux; Android 10; K) AppleWebKit/537.36 (KHTML, like Gecko) Chrome/151.0.0.0 Mobile Safari/537.36"
5.211.219.61 - - [28/Aug/2026:00:23:57 +0330] "GET /manifest.json HTTP/2.0" 200 334 "https://charsooq.com/calculator" "Mozilla/5.0 (Linux; Android 10; K) AppleWebKit/537.36 (KHTML, like Gecko) Chrome/151.0.0.0 Mobile Safari/537.36"
5.211.219.61 - - [28/Aug/2026:00:23:57 +0330] "GET /pwa-icon-180.png HTTP/2.0" 200 10221 "https://charsooq.com/calculator" "Mozilla/5.0 (Linux; Android 10; K) AppleWebKit/537.36 (KHTML, like Gecko) Chrome/151.0.0.0 Mobile Safari/537.36"
5.211.219.61 - - [28/Aug/2026:00:23:57 +0330] "GET /favicon.ico HTTP/2.0" 200 3035 "https://charsooq.com/calculator" "Mozilla/5.0 (Linux; Android 10; K) AppleWebKit/537.36 (KHTML, like Gecko) Chrome/151.0.0.0 Mobile Safari/537.36"
5.211.219.61 - - [28/Aug/2026:00:23:57 +0330] "GET /_next/static/chunks/1495.b45bb862bd3e18ec.js HTTP/2.0" 200 779 "https://charsooq.com/calculator" "Mozilla/5.0 (Linux; Android 10; K) AppleWebKit/537.36 (KHTML, like Gecko) Chrome/151.0.0.0 Mobile Safari/537.36"
5.211.219.61 - - [28/Aug/2026:00:23:57 +0330] "GET /_next/static/chunks/4922.b90b86ef20984235.js HTTP/2.0" 200 425 "https://charsooq.com/calculator" "Mozilla/5.0 (Linux; Android 10; K) AppleWebKit/537.36 (KHTML, like Gecko) Chrome/151.0.0.0 Mobile Safari/537.36"
5.211.219.61 - - [28/Aug/2026:00:23:57 +0330] "GET /_next/static/chunks/415.9bf722adfc74e289.js HTTP/2.0" 200 8742 "https://charsooq.com/calculator" "Mozilla/5.0 (Linux; Android 10; K) AppleWebKit/537.36 (KHTML, like Gecko) Chrome/151.0.0.0 Mobile Safari/537.36"
5.211.219.61 - - [28/Aug/2026:00:23:57 +0330] "GET /pwa-icon-180.png HTTP/2.0" 304 0 "https://charsooq.com/calculator" "Mozilla/5.0 (Linux; Android 10; K) AppleWebKit/537.36 (KHTML, like Gecko) Chrome/151.0.0.0 Mobile Safari/537.36"
5.211.219.61 - - [28/Aug/2026:00:23:57 +0330] "GET /checkout?_rsc=bqr1v HTTP/2.0" 200 1690 "https://charsooq.com/calculator" "Mozilla/5.0 (Linux; Android 10; K) AppleWebKit/537.36 (KHTML, like Gecko) Chrome/151.0.0.0 Mobile Safari/537.36"
5.211.219.61 - - [28/Aug/2026:00:23:57 +0330] "GET /?_rsc=bqr1v HTTP/2.0" 200 13557 "https://charsooq.com/calculator" "Mozilla/5.0 (Linux; Android 10; K) AppleWebKit/537.36 (KHTML, like Gecko) Chrome/151.0.0.0 Mobile Safari/537.36"
5.211.219.61 - - [28/Aug/2026:00:23:57 +0330] "GET /_next/static/chunks/app/checkout/layout-d7cf06d0dc8d6df6.js HTTP/2.0" 200 39421 "https://charsooq.com/calculator" "Mozilla/5.0 (Linux; Android 10; K) AppleWebKit/537.36 (KHTML, like Gecko) Chrome/151.0.0.0 Mobile Safari/537.36"
127.0.0.1 - - [28/Aug/2026:00:23:57 +0330] "GET /api/v2/sliders HTTP/1.1" 200 7478 "-" "node"
5.211.219.61 - - [28/Aug/2026:00:23:57 +0330] "GET /api/v1/calculator-index HTTP/2.0" 200 1549 "https://charsooq.com/" "Mozilla/5.0 (Linux; Android 10; K) AppleWebKit/537.36 (KHTML, like Gecko) Chrome/151.0.0.0 Mobile Safari/537.36"
5.211.219.61 - - [28/Aug/2026:00:24:07 +0330] "GET /about-us?_rsc=bqr1v HTTP/2.0" 200 1364 "https://charsooq.com/calculator" "Mozilla/5.0 (Linux; Android 10; K) AppleWebKit/537.36 (KHTML, like Gecko) Chrome/151.0.0.0 Mobile Safari/537.36"
5.211.219.61 - - [28/Aug/2026:00:24:07 +0330] "GET /help?_rsc=bqr1v HTTP/2.0" 200 1528 "https://charsooq.com/calculator" "Mozilla/5.0 (Linux; Android 10; K) AppleWebKit/537.36 (KHTML, like Gecko) Chrome/151.0.0.0 Mobile Safari/537.36"
5.211.219.61 - - [28/Aug/2026:00:24:07 +0330] "GET /_next/static/chunks/app/help/layout-bafecda7f594b8aa.js HTTP/2.0" 200 4169 "https://charsooq.com/calculator" "Mozilla/5.0 (Linux; Android 10; K) AppleWebKit/537.36 (KHTML, like Gecko) Chrome/151.0.0.0 Mobile Safari/537.36"
5.211.219.61 - - [28/Aug/2026:00:24:07 +0330] "GET /faq?_rsc=bqr1v HTTP/2.0" 200 1359 "https://charsooq.com/calculator" "Mozilla/5.0 (Linux; Android 10; K) AppleWebKit/537.36 (KHTML, like Gecko) Chrome/151.0.0.0 Mobile Safari/537.36"
127.0.0.1 - - [28/Aug/2026:00:24:18 +0330] "GET /api/v1/cart-index HTTP/1.1" 200 17462 "-" "node"
127.0.0.1 - - [28/Aug/2026:00:24:18 +0330] "GET /api/v1/article-page?region=china HTTP/1.1" 200 12231 "-" "node"
127.0.0.1 - - [28/Aug/2026:00:24:19 +0330] "GET /api/v1/categories-amazon HTTP/1.1" 200 34199 "-" "node"
162.120.187.29 - - [28/Aug/2026:00:24:19 +0330] "GET /china HTTP/2.0" 200 120161 "https://www.google.com/" "Mozilla/5.0 (Linux; Android 10; K) AppleWebKit/537.36 (KHTML, like Gecko) Chrome/151.0.0.0 Mobile Safari/537.36"
52.167.144.211 - - [28/Aug/2026:00:24:20 +0330] "GET /?u=95812283117001 HTTP/2.0" 200 33504 "-" "Mozilla/5.0 AppleWebKit/537.36 (KHTML, like Gecko; compatible; bingbot/2.0; +http://www.bing.com/bingbot.htm) Chrome/116.0.1938.76 Safari/537.36"
127.0.0.1 - - [28/Aug/2026:00:24:35 +0330] "GET /api/v1/categories-amazon HTTP/1.1" 200 34230 "-" "node"
172.16.20.25 - - [28/Aug/2026:00:24:35 +0330] "GET / HTTP/1.1" 200 338468 "-" "Mozilla/5.0 (compatible; PRTG Network Monitor (www.paessler.com); Windows)"
40.77.167.143 - - [28/Aug/2026:00:24:47 +0330] "GET /?u=06088106540100 HTTP/2.0" 200 35347 "-" "Mozilla/5.0 AppleWebKit/537.36 (KHTML, like Gecko; compatible; bingbot/2.0; +http://www.bing.com/bingbot.htm) Chrome/116.0.1938.76 Safari/537.36"
127.0.0.1 - - [28/Aug/2026:00:25:34 +0330] "GET /api/v2/sliders HTTP/1.1" 200 7479 "-" "node"
127.0.0.1 - - [28/Aug/2026:00:25:35 +0330] "GET /api/v1/categories-amazon HTTP/1.1" 200 34230 "-" "node"
127.0.0.1 - - [28/Aug/2026:00:25:36 +0330] "GET /api/v2/page-data HTTP/1.1" 200 36854 "-" "node"
172.16.20.25 - - [28/Aug/2026:00:25:36 +0330] "GET / HTTP/1.1" 200 338499 "-" "Mozilla/5.0 (compatible; PRTG Network Monitor (www.paessler.com); Windows)"
59.15.154.120 - - [28/Aug/2026:00:26:30 +0330] "GET /preference.html HTTP/1.1" 200 4540 "-" "Go-http-client/1.1"
31.13.127.39 - - [28/Aug/2026:00:26:31 +0330] "GET /assets/images/icons/logo2.png HTTP/2.0" 200 3035 "-" "facebookexternalhit/1.1 (+http://www.facebook.com/externalhit_uatext.php)"
127.0.0.1 - - [28/Aug/2026:00:26:34 +0330] "GET /api/v1/categories-amazon HTTP/1.1" 200 34199 "-" "node"
172.16.20.25 - - [28/Aug/2026:00:26:35 +0330] "GET / HTTP/1.1" 200 338470 "-" "Mozilla/5.0 (compatible; PRTG Network Monitor (www.paessler.com); Windows)"
66.249.77.97 - - [28/Aug/2026:00:26:35 +0330] "GET /storage/uploads/xejsQuSI9xOMWRnAdN8dUfkgybGxb2nvLaqSeeBV.webp HTTP/1.1" 301 169 "-" "Googlebot-Image/1.0"
66.249.77.100 - - [28/Aug/2026:00:26:35 +0330] "GET /storage/uploads/xejsQuSI9xOMWRnAdN8dUfkgybGxb2nvLaqSeeBV.webp HTTP/1.1" 200 15000 "-" "Googlebot-Image/1.0"
127.0.0.1 - - [28/Aug/2026:00:26:43 +0330] "GET /api/v3/product-show/amz-B0CCXCG79B?amazon_region=undefined HTTP/1.1" 301 169 "-" "node"
127.0.0.1 - - [28/Aug/2026:00:26:43 +0330] "GET /api/v3/product-show/amz-B0CCXCG79B?amazon_region= HTTP/1.1" 301 169 "-" "node"
127.0.0.1 - - [28/Aug/2026:00:26:43 +0330] "GET /api/v3/product-show/amz-B0CCXCG79B?amazon_region= HTTP/1.1" 200 9029 "-" "node"
127.0.0.1 - - [28/Aug/2026:00:26:43 +0330] "GET /api/v3/product-show/amz-B0CCXCG79B?amazon_region=undefined HTTP/1.1" 200 9029 "-" "node"
127.0.0.1 - - [28/Aug/2026:00:26:44 +0330] "GET /api/v1/categories-amazon HTTP/1.1" 200 34230 "-" "node"
40.77.167.25 - - [28/Aug/2026:00:26:44 +0330] "GET /product/amz-B0CCXCG79B/Celestron-Starsense-Explorer-12-Smartphone-app-Enabled-Dobsonian-Telescope HTTP/2.0" 200 106629 "-" "Mozilla/5.0 AppleWebKit/537.36 (KHTML, like Gecko; compatible; bingbot/2.0; +http://www.bing.com/bingbot.htm) Chrome/116.0.1938.76 Safari/537.36"
127.0.0.1 - - [28/Aug/2026:00:27:22 +0330] "GET /api/v1/robot HTTP/1.1" 200 666 "-" "node"
107.173.225.115 - - [28/Aug/2026:00:27:22 +0330] "GET /robots.txt HTTP/1.1" 200 708 "-" "Mozilla/5.0 (compatible; ExaSearchBot/1.0; +https://crawler.exa.ai/)"
157.55.39.195 - - [28/Aug/2026:00:27:26 +0330] "GET /?u=74030192302203 HTTP/2.0" 200 34125 "-" "Mozilla/5.0 AppleWebKit/537.36 (KHTML, like Gecko; compatible; bingbot/2.0; +http://www.bing.com/bingbot.htm) Chrome/116.0.1938.76 Safari/537.36"
157.55.39.195 - - [28/Aug/2026:00:27:28 +0330] "GET /?u=50345229560502 HTTP/2.0" 200 32503 "-" "Mozilla/5.0 AppleWebKit/537.36 (KHTML, like Gecko; compatible; bingbot/2.0; +http://www.bing.com/bingbot.htm) Chrome/116.0.1938.76 Safari/537.36"
40.77.167.143 - - [28/Aug/2026:00:27:29 +0330] "GET /?u=17964290894300 HTTP/2.0" 200 33316 "-" "Mozilla/5.0 AppleWebKit/537.36 (KHTML, like Gecko; compatible; bingbot/2.0; +http://www.bing.com/bingbot.htm) Chrome/116.0.1938.76 Safari/537.36"
40.77.167.143 - - [28/Aug/2026:00:27:31 +0330] "GET /?u=0992124170605 HTTP/2.0" 200 33562 "-" "Mozilla/5.0 AppleWebKit/537.36 (KHTML, like Gecko; compatible; bingbot/2.0; +http://www.bing.com/bingbot.htm) Chrome/116.0.1938.76 Safari/537.36"
127.0.0.1 - - [28/Aug/2026:00:27:34 +0330] "GET /api/v2/sliders HTTP/1.1" 200 7479 "-" "node"
127.0.0.1 - - [28/Aug/2026:00:27:35 +0330] "GET /api/v1/categories-amazon HTTP/1.1" 200 34199 "-" "node"
52.167.144.211 - - [28/Aug/2026:00:27:35 +0330] "GET /?u=9397615241500 HTTP/2.0" 200 33142 "-" "Mozilla/5.0 AppleWebKit/537.36 (KHTML, like Gecko; compatible; bingbot/2.0; +http://www.bing.com/bingbot.htm) Chrome/116.0.1938.76 Safari/537.36"
127.0.0.1 - - [28/Aug/2026:00:27:36 +0330] "GET /api/v2/page-data HTTP/1.1" 200 36854 "-" "node"
172.16.20.25 - - [28/Aug/2026:00:27:36 +0330] "GET / HTTP/1.1" 200 338501 "-" "Mozilla/5.0 (compatible; PRTG Network Monitor (www.paessler.com); Windows)"
52.167.144.211 - - [28/Aug/2026:00:27:37 +0330] "GET /?u=3690997026105 HTTP/2.0" 200 33432 "-" "Mozilla/5.0 AppleWebKit/537.36 (KHTML, like Gecko; compatible; bingbot/2.0; +http://www.bing.com/bingbot.htm) Chrome/116.0.1938.76 Safari/537.36"
