152.233.34.226 - - [28/Aug/2026:01:58:31 +0330] "GET /_next/image?url=https%3A%2F%2Fpanel.charsooq.com%2Fstorage%2F01K86B6Z46YEXTNEG22HH3V6JD.jpg&w=640&q=75 HTTP/2.0" 304 0 "https://charsooq.com/" "Mozilla/5.0 (Linux; Android 10; K) AppleWebKit/537.36 (KHTML, like Gecko) Chrome/152.0.0.0 Mobile Safari/537.36"
127.0.0.1 - - [28/Aug/2026:01:58:31 +0330] "GET /api/v1/article-old-show/%D9%85%D8%B9%D8%B1%D9%81%DB%8C-%D8%A8%D8%B1%D9%86%D8%AF-%DA%AF%D9%88%DA%86%DB%8C-gucci HTTP/1.1" 200 10328 "-" "node"
127.0.0.1 - - [28/Aug/2026:01:58:33 +0330] "GET /api/v1/categories-amazon HTTP/1.1" 200 34230 "-" "node"
46.1.105.131 - - [28/Aug/2026:01:58:33 +0330] "GET /%D9%85%D8%B9%D8%B1%D9%81%DB%8C-%D8%A8%D8%B1%D9%86%D8%AF-%DA%AF%D9%88%DA%86%DB%8C-gucci HTTP/2.0" 200 87187 "https://charsooq.com" "Mozilla/5.0 (Windows NT 10.0; Win64; x64) AppleWebKit/537.36 (KHTML, like Gecko) Chrome/144.0.0.0 Safari/537.36 Edg/144.0.0.0"
127.0.0.1 - - [28/Aug/2026:01:58:34 +0330] "GET /api/v2/sliders HTTP/1.1" 200 7478 "-" "node"
152.233.34.226 - - [28/Aug/2026:01:58:34 +0330] "GET /articles/valentine-gift-for-him?_rsc=19zvn HTTP/2.0" 200 1787 "https://charsooq.com/" "Mozilla/5.0 (Linux; Android 10; K) AppleWebKit/537.36 (KHTML, like Gecko) Chrome/152.0.0.0 Mobile Safari/537.36"
127.0.0.1 - - [28/Aug/2026:01:58:34 +0330] "GET /api/v2/article-show/valentine-gift-for-him HTTP/1.1" 200 44919 "-" "node"
127.0.0.1 - - [28/Aug/2026:01:58:34 +0330] "GET /api/v1/categories-amazon HTTP/1.1" 200 34230 "-" "node"
152.233.34.226 - - [28/Aug/2026:01:58:35 +0330] "GET /articles/luxury-fathers-day-gift-dubai?_rsc=19zvn HTTP/2.0" 200 1883 "https://charsooq.com/" "Mozilla/5.0 (Linux; Android 10; K) AppleWebKit/537.36 (KHTML, like Gecko) Chrome/152.0.0.0 Mobile Safari/537.36"
127.0.0.1 - - [28/Aug/2026:01:58:35 +0330] "GET /api/v2/article-show/luxury-fathers-day-gift-dubai HTTP/1.1" 200 71324 "-" "node"
127.0.0.1 - - [28/Aug/2026:01:58:35 +0330] "GET /api/v2/page-data HTTP/1.1" 200 36854 "-" "node"
172.16.20.25 - - [28/Aug/2026:01:58:35 +0330] "GET / HTTP/1.1" 200 338499 "-" "Mozilla/5.0 (compatible; PRTG Network Monitor (www.paessler.com); Windows)"
152.233.34.226 - - [28/Aug/2026:01:58:35 +0330] "GET /articles/christmas-k-beauty-trends?_rsc=19zvn HTTP/2.0" 200 1883 "https://charsooq.com/" "Mozilla/5.0 (Linux; Android 10; K) AppleWebKit/537.36 (KHTML, like Gecko) Chrome/152.0.0.0 Mobile Safari/537.36"
127.0.0.1 - - [28/Aug/2026:01:58:36 +0330] "GET /api/v2/article-show/christmas-k-beauty-trends HTTP/1.1" 200 99443 "-" "node"
152.233.34.226 - - [28/Aug/2026:01:58:36 +0330] "GET /articles/dyson-hair-dryer?_rsc=19zvn HTTP/2.0" 200 1825 "https://charsooq.com/" "Mozilla/5.0 (Linux; Android 10; K) AppleWebKit/537.36 (KHTML, like Gecko) Chrome/152.0.0.0 Mobile Safari/537.36"
127.0.0.1 - - [28/Aug/2026:01:58:37 +0330] "GET /api/v2/article-show/dyson-hair-dryer HTTP/1.1" 200 223931 "-" "node"
40.77.167.149 - - [28/Aug/2026:01:59:28 +0330] "GET /?u=8278878088612 HTTP/2.0" 200 32168 "-" "Mozilla/5.0 AppleWebKit/537.36 (KHTML, like Gecko; compatible; bingbot/2.0; +http://www.bing.com/bingbot.htm) Chrome/116.0.1938.76 Safari/537.36"
40.77.167.149 - - [28/Aug/2026:01:59:31 +0330] "GET /?u=18609237662313 HTTP/2.0" 200 32771 "-" "Mozilla/5.0 AppleWebKit/537.36 (KHTML, like Gecko; compatible; bingbot/2.0; +http://www.bing.com/bingbot.htm) Chrome/116.0.1938.76 Safari/537.36"
40.77.167.149 - - [28/Aug/2026:01:59:32 +0330] "GET /?u=92870240867902 HTTP/2.0" 200 32334 "-" "Mozilla/5.0 AppleWebKit/537.36 (KHTML, like Gecko; compatible; bingbot/2.0; +http://www.bing.com/bingbot.htm) Chrome/116.0.1938.76 Safari/537.36"
157.55.39.197 - - [28/Aug/2026:01:59:33 +0330] "GET /?u=1969068073403 HTTP/2.0" 200 33085 "-" "Mozilla/5.0 AppleWebKit/537.36 (KHTML, like Gecko; compatible; bingbot/2.0; +http://www.bing.com/bingbot.htm) Chrome/116.0.1938.76 Safari/537.36"
127.0.0.1 - - [28/Aug/2026:01:59:34 +0330] "GET /api/v1/categories-amazon HTTP/1.1" 200 34230 "-" "node"
172.16.20.25 - - [28/Aug/2026:01:59:35 +0330] "GET / HTTP/1.1" 200 338468 "-" "Mozilla/5.0 (compatible; PRTG Network Monitor (www.paessler.com); Windows)"
157.55.39.197 - - [28/Aug/2026:01:59:35 +0330] "GET /?u=10245223215501 HTTP/2.0" 200 32991 "-" "Mozilla/5.0 AppleWebKit/537.36 (KHTML, like Gecko; compatible; bingbot/2.0; +http://www.bing.com/bingbot.htm) Chrome/116.0.1938.76 Safari/537.36"
66.249.77.101 - - [28/Aug/2026:01:59:36 +0330] "GET /?u=8067222515909 HTTP/1.1" 200 31402 "-" "Mozilla/5.0 (compatible; Googlebot/2.1; +http://www.google.com/bot.html)"
157.55.39.197 - - [28/Aug/2026:01:59:37 +0330] "GET /?u=0621318431804 HTTP/2.0" 200 32930 "-" "Mozilla/5.0 AppleWebKit/537.36 (KHTML, like Gecko; compatible; bingbot/2.0; +http://www.bing.com/bingbot.htm) Chrome/116.0.1938.76 Safari/537.36"
40.77.167.48 - - [28/Aug/2026:01:59:37 +0330] "GET /?u=3383275907514 HTTP/2.0" 200 32876 "-" "Mozilla/5.0 AppleWebKit/537.36 (KHTML, like Gecko; compatible; bingbot/2.0; +http://www.bing.com/bingbot.htm) Chrome/116.0.1938.76 Safari/537.36"
40.77.167.48 - - [28/Aug/2026:01:59:39 +0330] "GET /?u=982703127419 HTTP/2.0" 200 31938 "-" "Mozilla/5.0 AppleWebKit/537.36 (KHTML, like Gecko; compatible; bingbot/2.0; +http://www.bing.com/bingbot.htm) Chrome/116.0.1938.76 Safari/537.36"
40.77.167.48 - - [28/Aug/2026:01:59:41 +0330] "GET /?u=9982288930300 HTTP/2.0" 200 34408 "-" "Mozilla/5.0 AppleWebKit/537.36 (KHTML, like Gecko; compatible; bingbot/2.0; +http://www.bing.com/bingbot.htm) Chrome/116.0.1938.76 Safari/537.36"
40.77.167.149 - - [28/Aug/2026:01:59:42 +0330] "GET /?u=1827032665300 HTTP/2.0" 200 32425 "-" "Mozilla/5.0 AppleWebKit/537.36 (KHTML, like Gecko; compatible; bingbot/2.0; +http://www.bing.com/bingbot.htm) Chrome/116.0.1938.76 Safari/537.36"
40.77.167.149 - - [28/Aug/2026:01:59:43 +0330] "GET /?u=8807333024700 HTTP/2.0" 200 35478 "-" "Mozilla/5.0 AppleWebKit/537.36 (KHTML, like Gecko; compatible; bingbot/2.0; +http://www.bing.com/bingbot.htm) Chrome/116.0.1938.76 Safari/537.36"
40.77.167.149 - - [28/Aug/2026:01:59:45 +0330] "GET /?u=46080244204003 HTTP/2.0" 200 32461 "-" "Mozilla/5.0 AppleWebKit/537.36 (KHTML, like Gecko; compatible; bingbot/2.0; +http://www.bing.com/bingbot.htm) Chrome/116.0.1938.76 Safari/537.36"
40.77.167.48 - - [28/Aug/2026:01:59:53 +0330] "GET /?u=0319035013200 HTTP/2.0" 200 34256 "-" "Mozilla/5.0 AppleWebKit/537.36 (KHTML, like Gecko; compatible; bingbot/2.0; +http://www.bing.com/bingbot.htm) Chrome/116.0.1938.76 Safari/537.36"
40.77.167.48 - - [28/Aug/2026:01:59:54 +0330] "GET /?u=21848244371001 HTTP/2.0" 200 32607 "-" "Mozilla/5.0 AppleWebKit/537.36 (KHTML, like Gecko; compatible; bingbot/2.0; +http://www.bing.com/bingbot.htm) Chrome/116.0.1938.76 Safari/537.36"
127.0.0.1 - - [28/Aug/2026:02:00:14 +0330] "GET /api/v3/product-show/amz-B001AS90CA?amazon_region=undefined HTTP/1.1" 301 169 "-" "node"
127.0.0.1 - - [28/Aug/2026:02:00:14 +0330] "GET /api/v3/product-show/amz-B001AS90CA?amazon_region= HTTP/1.1" 301 169 "-" "node"
127.0.0.1 - - [28/Aug/2026:02:00:14 +0330] "GET /api/v3/product-show/amz-B001AS90CA?amazon_region= HTTP/1.1" 200 11177 "-" "node"
127.0.0.1 - - [28/Aug/2026:02:00:14 +0330] "GET /api/v3/product-show/amz-B001AS90CA?amazon_region=undefined HTTP/1.1" 200 11177 "-" "node"
127.0.0.1 - - [28/Aug/2026:02:00:15 +0330] "GET /api/v1/categories-amazon HTTP/1.1" 200 34230 "-" "node"
201.46.20.238 - - [28/Aug/2026:02:00:15 +0330] "GET /product/amz-B001AS90CA/winware-stainless-steel-24-quart-stock-pot-with-coversilver HTTP/2.0" 200 104625 "https://charsooq.com" "Mozilla/5.0 (Windows NT 10.0; Win64; x64) AppleWebKit/537.36 (KHTML, like Gecko) Chrome/145.0.0.0 Safari/537.36 Edg/145.0.0.0"
69.63.184.43 - - [28/Aug/2026:02:00:22 +0330] "GET / HTTP/2.0" 302 375 "-" "Mozilla/5.0 (Windows NT 10.0; Win64; x64) AppleWebKit/537.36 (KHTML, like Gecko) Chrome/145.0.0.0 Safari/537.36 (compatible; meta-webindexer/1.1 (+https://developers.facebook.com/docs/sharing/webmasters/crawler))"
173.252.95.40 - - [28/Aug/2026:02:00:24 +0330] "GET /admin HTTP/2.0" 302 399 "-" "Mozilla/5.0 (Windows NT 10.0; Win64; x64) AppleWebKit/537.36 (KHTML, like Gecko) Chrome/145.0.0.0 Safari/537.36 (compatible; meta-webindexer/1.1 (+https://developers.facebook.com/docs/sharing/webmasters/crawler))"
173.252.82.5 - - [28/Aug/2026:02:00:27 +0330] "GET /admin/login HTTP/2.0" 200 9383 "-" "Mozilla/5.0 (Windows NT 10.0; Win64; x64) AppleWebKit/537.36 (KHTML, like Gecko) Chrome/145.0.0.0 Safari/537.36 (compatible; meta-webindexer/1.1 (+https://developers.facebook.com/docs/sharing/webmasters/crawler))"
173.252.69.38 - - [28/Aug/2026:02:00:27 +0330] "GET /assets/fonts/iransans/_iransans.css HTTP/2.0" 200 237 "https://panel.charsooq.com/admin/login" "Mozilla/5.0 (Windows NT 10.0; Win64; x64) AppleWebKit/537.36 (KHTML, like Gecko) Chrome/145.0.0.0 Safari/537.36 (compatible; meta-webindexer/1.1 (+https://developers.facebook.com/docs/sharing/webmasters/crawler))"
173.252.70.47 - - [28/Aug/2026:02:00:27 +0330] "GET /css/filament/support/support.css?v=3.2.119.0 HTTP/2.0" 200 3147 "https://panel.charsooq.com/admin/login" "Mozilla/5.0 (Windows NT 10.0; Win64; x64) AppleWebKit/537.36 (KHTML, like Gecko) Chrome/145.0.0.0 Safari/537.36 (compatible; meta-webindexer/1.1 (+https://developers.facebook.com/docs/sharing/webmasters/crawler))"
173.252.82.59 - - [28/Aug/2026:02:00:27 +0330] "GET /js/mohamedsabil83/filament-forms-tinyeditor/tiny-editor.js?v=2.3.3.0 HTTP/2.0" 200 1428 "https://panel.charsooq.com/admin/login" "Mozilla/5.0 (Windows NT 10.0; Win64; x64) AppleWebKit/537.36 (KHTML, like Gecko) Chrome/145.0.0.0 Safari/537.36 (compatible; meta-webindexer/1.1 (+https://developers.facebook.com/docs/sharing/webmasters/crawler))"
173.252.95.50 - - [28/Aug/2026:02:00:27 +0330] "GET /js/filament/notifications/notifications.js?v=3.2.119.0 HTTP/2.0" 200 7199 "https://panel.charsooq.com/admin/login" "Mozilla/5.0 (Windows NT 10.0; Win64; x64) AppleWebKit/537.36 (KHTML, like Gecko) Chrome/145.0.0.0 Safari/537.36 (compatible; meta-webindexer/1.1 (+https://developers.facebook.com/docs/sharing/webmasters/crawler))"
69.63.184.27 - - [28/Aug/2026:02:00:28 +0330] "GET /css/filament/forms/forms.css?v=3.2.119.0 HTTP/2.0" 200 86577 "https://panel.charsooq.com/admin/login" "Mozilla/5.0 (Windows NT 10.0; Win64; x64) AppleWebKit/537.36 (KHTML, like Gecko) Chrome/145.0.0.0 Safari/537.36 (compatible; meta-webindexer/1.1 (+https://developers.facebook.com/docs/sharing/webmasters/crawler))"
173.252.82.79 - - [28/Aug/2026:02:00:28 +0330] "GET /build/assets/theme-ed8f3cdd.css HTTP/2.0" 200 116608 "https://panel.charsooq.com/admin/login" "Mozilla/5.0 (Windows NT 10.0; Win64; x64) AppleWebKit/537.36 (KHTML, like Gecko) Chrome/145.0.0.0 Safari/537.36 (compatible; meta-webindexer/1.1 (+https://developers.facebook.com/docs/sharing/webmasters/crawler))"
173.252.95.33 - - [28/Aug/2026:02:00:28 +0330] "GET /js/filament/support/async-alpine.js?v=3.2.119.0 HTTP/2.0" 200 5266 "https://panel.charsooq.com/admin/login" "Mozilla/5.0 (Windows NT 10.0; Win64; x64) AppleWebKit/537.36 (KHTML, like Gecko) Chrome/145.0.0.0 Safari/537.36 (compatible; meta-webindexer/1.1 (+https://developers.facebook.com/docs/sharing/webmasters/crawler))"
69.63.184.10 - - [28/Aug/2026:02:00:28 +0330] "GET /js/filament/filament/app.js?v=3.2.119.0 HTTP/2.0" 200 8074 "https://panel.charsooq.com/admin/login" "Mozilla/5.0 (Windows NT 10.0; Win64; x64) AppleWebKit/537.36 (KHTML, like Gecko) Chrome/145.0.0.0 Safari/537.36 (compatible; meta-webindexer/1.1 (+https://developers.facebook.com/docs/sharing/webmasters/crawler))"
173.252.82.48 - - [28/Aug/2026:02:00:29 +0330] "GET /assets/fonts/iransans/IRANSansWeb(FaNum).woff HTTP/2.0" 200 35161 "https://panel.charsooq.com/assets/fonts/iransans/_iransans.css" "Mozilla/5.0 (Windows NT 10.0; Win64; x64) AppleWebKit/537.36 (KHTML, like Gecko) Chrome/145.0.0.0 Safari/537.36 (compatible; meta-webindexer/1.1 (+https://developers.facebook.com/docs/sharing/webmasters/crawler))"
69.63.184.31 - - [28/Aug/2026:02:00:30 +0330] "GET /livewire/livewire.min.js?id=38dc8241 HTTP/2.0" 200 143899 "https://panel.charsooq.com/admin/login" "Mozilla/5.0 (Windows NT 10.0; Win64; x64) AppleWebKit/537.36 (KHTML, like Gecko) Chrome/145.0.0.0 Safari/537.36 (compatible; meta-webindexer/1.1 (+https://developers.facebook.com/docs/sharing/webmasters/crawler))"
173.252.70.19 - - [28/Aug/2026:02:00:31 +0330] "GET /js/filament/filament/echo.js?v=3.2.119.0 HTTP/2.0" 200 91558 "https://panel.charsooq.com/admin/login" "Mozilla/5.0 (Windows NT 10.0; Win64; x64) AppleWebKit/537.36 (KHTML, like Gecko) Chrome/145.0.0.0 Safari/537.36 (compatible; meta-webindexer/1.1 (+https://developers.facebook.com/docs/sharing/webmasters/crawler))"
127.0.0.1 - - [28/Aug/2026:02:00:34 +0330] "GET /api/v2/sliders HTTP/1.1" 200 7479 "-" "node"
127.0.0.1 - - [28/Aug/2026:02:00:35 +0330] "GET /api/v1/categories-amazon HTTP/1.1" 200 34230 "-" "node"
127.0.0.1 - - [28/Aug/2026:02:00:36 +0330] "GET /api/v2/page-data HTTP/1.1" 200 36854 "-" "node"
172.16.20.25 - - [28/Aug/2026:02:00:36 +0330] "GET / HTTP/1.1" 200 338499 "-" "Mozilla/5.0 (compatible; PRTG Network Monitor (www.paessler.com); Windows)"
192.178.7.96 - - [28/Aug/2026:02:01:04 +0330] "GET /_next/image?url=%2Fassets%2Fimages%2Ficons%2Ftelegram-icon.png&w=128&q=75 HTTP/1.1" 200 10067 "-" "Googlebot-Image/1.0"
199.247.16.83 - - [28/Aug/2026:02:01:20 +0330] "GET / HTTP/1.0" 301 169 "-" "Mozilla/5.0 (Linux; Android 9; Infinix X625D) AppleWebKit/537.36 (KHTML, like Gecko) Chrome/81.0.4044.117 Mobile Safari/537.36"
127.0.0.1 - - [28/Aug/2026:02:01:35 +0330] "GET /api/v1/categories-amazon HTTP/1.1" 200 34230 "-" "node"
172.16.20.25 - - [28/Aug/2026:02:01:35 +0330] "GET / HTTP/1.1" 200 338478 "-" "Mozilla/5.0 (compatible; PRTG Network Monitor (www.paessler.com); Windows)"
127.0.0.1 - - [28/Aug/2026:02:02:10 +0330] "GET /api/v3/product-show/amz-B0CDGFXHV7?amazon_region=emirates-amazon HTTP/1.1" 301 169 "-" "node"
127.0.0.1 - - [28/Aug/2026:02:02:10 +0330] "GET /api/v3/product-show/amz-B0CDGFXHV7?amazon_region= HTTP/1.1" 301 169 "-" "node"
127.0.0.1 - - [28/Aug/2026:02:02:10 +0330] "GET /api/v3/product-show/amz-B0CDGFXHV7?amazon_region= HTTP/1.1" 200 29601 "-" "node"
127.0.0.1 - - [28/Aug/2026:02:02:10 +0330] "GET /api/v3/product-show/amz-B0CDGFXHV7?amazon_region=emirates-amazon HTTP/1.1" 200 29570 "-" "node"
127.0.0.1 - - [28/Aug/2026:02:02:11 +0330] "GET /api/v1/categories-amazon HTTP/1.1" 200 34199 "-" "node"
112.206.1.87 - - [28/Aug/2026:02:02:11 +0330] "GET /product/amz-B0CDGFXHV7/teamgee-laptop-screen-extender-14-full-hd-portable-monitor-for-laptop-with-dual-speakers-flexible-kickstand-plug-play-laptop-monitor-extender-fits-13-17-laptops-of-winsmacdexandroid?amazon-region=emirates-amazon HTTP/2.0" 200 107313 "https://charsooq.com" "Mozilla/5.0 (Windows NT 10.0; Win64; x64) AppleWebKit/537.36 (KHTML, like Gecko) Chrome/144.0.0.0 Safari/537.36 Edg/144.0.0.0"
66.249.77.99 - - [28/Aug/2026:02:02:14 +0330] "GET /?u=4687459688502 HTTP/1.1" 200 33194 "-" "Mozilla/5.0 (Linux; Android 6.0.1; Nexus 5X Build/MMB29P) AppleWebKit/537.36 (KHTML, like Gecko) Chrome/151.0.7922.173 Mobile Safari/537.36 (compatible; Googlebot/2.1; +http://www.google.com/bot.html)"
127.0.0.1 - - [28/Aug/2026:02:02:34 +0330] "GET /api/v2/sliders HTTP/1.1" 200 7479 "-" "node"
127.0.0.1 - - [28/Aug/2026:02:02:35 +0330] "GET /api/v1/categories-amazon HTTP/1.1" 200 34199 "-" "node"
127.0.0.1 - - [28/Aug/2026:02:02:36 +0330] "GET /api/v2/page-data HTTP/1.1" 200 36854 "-" "node"
172.16.20.25 - - [28/Aug/2026:02:02:36 +0330] "GET / HTTP/1.1" 200 338501 "-" "Mozilla/5.0 (compatible; PRTG Network Monitor (www.paessler.com); Windows)"
127.0.0.1 - - [28/Aug/2026:02:02:47 +0330] "GET /api/v2/article-show/Color-lens-shopping-guide HTTP/1.1" 200 53362 "-" "node"
5.120.21.209 - - [28/Aug/2026:02:02:48 +0330] "GET /_next/static/css/302d83c05ad27d8b.css HTTP/2.0" 200 369 "-" "Mozilla/5.0 (Linux; Android 10; K) AppleWebKit/537.36 (KHTML, like Gecko) Chrome/151.0.0.0 Mobile Safari/537.36"
5.120.21.209 - - [28/Aug/2026:02:02:48 +0330] "GET /_next/static/css/91447b978d7716af.css HTTP/2.0" 200 20418 "-" "Mozilla/5.0 (Linux; Android 10; K) AppleWebKit/537.36 (KHTML, like Gecko) Chrome/151.0.0.0 Mobile Safari/537.36"
5.120.21.209 - - [28/Aug/2026:02:02:48 +0330] "GET /_next/static/css/2c9caab41af7e337.css HTTP/2.0" 200 3175 "-" "Mozilla/5.0 (Linux; Android 10; K) AppleWebKit/537.36 (KHTML, like Gecko) Chrome/151.0.0.0 Mobile Safari/537.36"
5.120.21.209 - - [28/Aug/2026:02:02:48 +0330] "GET /_next/static/css/1fd47d1e4f3a64a0.css HTTP/2.0" 200 5002 "-" "Mozilla/5.0 (Linux; Android 10; K) AppleWebKit/537.36 (KHTML, like Gecko) Chrome/151.0.0.0 Mobile Safari/537.36"
5.120.21.209 - - [28/Aug/2026:02:02:48 +0330] "GET /_next/static/chunks/polyfills-42372ed130431b0a.js HTTP/2.0" 200 39627 "-" "Mozilla/5.0 (Linux; Android 10; K) AppleWebKit/537.36 (KHTML, like Gecko) Chrome/151.0.0.0 Mobile Safari/537.36"
127.0.0.1 - - [28/Aug/2026:02:02:48 +0330] "GET /api/v1/categories-amazon HTTP/1.1" 200 34199 "-" "node"
5.120.21.209 - - [28/Aug/2026:02:02:48 +0330] "GET /articles/Color-lens-shopping-guide HTTP/2.0" 200 97719 "https://www.google.com/" "Mozilla/5.0 (Linux; Android 10; K) AppleWebKit/537.36 (KHTML, like Gecko) Chrome/151.0.0.0 Mobile Safari/537.36"
5.120.21.209 - - [28/Aug/2026:02:02:48 +0330] "GET /_next/image?url=%2Fassets%2Fimages%2Ficons%2Ftelegram-icon.png&w=128&q=75 HTTP/2.0" 200 5724 "https://charsooq.com/articles/Color-lens-shopping-guide" "Mozilla/5.0 (Linux; Android 10; K) AppleWebKit/537.36 (KHTML, like Gecko) Chrome/151.0.0.0 Mobile Safari/537.36"
127.0.0.1 - - [28/Aug/2026:02:02:49 +0330] "GET /storage/01HKJARJB9AZCKNRSGKTCBDQZ1.webp HTTP/1.1" 200 100374 "-" "node"
5.120.21.209 - - [28/Aug/2026:02:02:49 +0330] "GET /_next/static/media/d36c74da9a95e091-s.p.ttf HTTP/2.0" 200 35196 "https://charsooq.com/articles/Color-lens-shopping-guide" "Mozilla/5.0 (Linux; Android 10; K) AppleWebKit/537.36 (KHTML, like Gecko) Chrome/151.0.0.0 Mobile Safari/537.36"
5.120.21.209 - - [28/Aug/2026:02:02:49 +0330] "GET /_next/static/media/c7178acf770b8f1a-s.p.ttf HTTP/2.0" 200 35704 "https://charsooq.com/articles/Color-lens-shopping-guide" "Mozilla/5.0 (Linux; Android 10; K) AppleWebKit/537.36 (KHTML, like Gecko) Chrome/151.0.0.0 Mobile Safari/537.36"
5.120.21.209 - - [28/Aug/2026:02:02:49 +0330] "GET /_next/image?url=https%3A%2F%2Fpanel.charsooq.com%2Fstorage%2F01HKJARJB9AZCKNRSGKTCBDQZ1.webp&w=3840&q=75 HTTP/2.0" 200 25744 "https://charsooq.com/articles/Color-lens-shopping-guide" "Mozilla/5.0 (Linux; Android 10; K) AppleWebKit/537.36 (KHTML, like Gecko) Chrome/151.0.0.0 Mobile Safari/537.36"
5.120.21.209 - - [28/Aug/2026:02:02:49 +0330] "GET /assets/images/icons/instagram1.png HTTP/2.0" 200 1556 "https://charsooq.com/articles/Color-lens-shopping-guide" "Mozilla/5.0 (Linux; Android 10; K) AppleWebKit/537.36 (KHTML, like Gecko) Chrome/151.0.0.0 Mobile Safari/537.36"
5.120.21.209 - - [28/Aug/2026:02:02:49 +0330] "GET /assets/images/icons/whatsapp.png HTTP/2.0" 200 763 "https://charsooq.com/articles/Color-lens-shopping-guide" "Mozilla/5.0 (Linux; Android 10; K) AppleWebKit/537.36 (KHTML, like Gecko) Chrome/151.0.0.0 Mobile Safari/537.36"
5.120.21.209 - - [28/Aug/2026:02:02:49 +0330] "GET /assets/images/icons/telegram.png HTTP/2.0" 200 1179 "https://charsooq.com/articles/Color-lens-shopping-guide" "Mozilla/5.0 (Linux; Android 10; K) AppleWebKit/537.36 (KHTML, like Gecko) Chrome/151.0.0.0 Mobile Safari/537.36"
5.120.21.209 - - [28/Aug/2026:02:02:49 +0330] "GET /_next/static/chunks/webpack-f27042854bafc0d3.js HTTP/2.0" 200 2127 "https://charsooq.com/articles/Color-lens-shopping-guide" "Mozilla/5.0 (Linux; Android 10; K) AppleWebKit/537.36 (KHTML, like Gecko) Chrome/151.0.0.0 Mobile Safari/537.36"
5.120.21.209 - - [28/Aug/2026:02:02:49 +0330] "GET /_next/static/chunks/main-app-9964935a240c0d39.js HTTP/2.0" 200 471 "https://charsooq.com/articles/Color-lens-shopping-guide" "Mozilla/5.0 (Linux; Android 10; K) AppleWebKit/537.36 (KHTML, like Gecko) Chrome/151.0.0.0 Mobile Safari/537.36"
5.120.21.209 - - [28/Aug/2026:02:02:49 +0330] "GET /_next/static/chunks/app/articles/%5Bslug%5D/not-found-a2aec68dc87351df.js HTTP/2.0" 200 284 "https://charsooq.com/articles/Color-lens-shopping-guide" "Mozilla/5.0 (Linux; Android 10; K) AppleWebKit/537.36 (KHTML, like Gecko) Chrome/151.0.0.0 Mobile Safari/537.36"
5.120.21.209 - - [28/Aug/2026:02:02:49 +0330] "GET /_next/static/chunks/2972-d7980624b2014943.js HTTP/2.0" 200 8732 "https://charsooq.com/articles/Color-lens-shopping-guide" "Mozilla/5.0 (Linux; Android 10; K) AppleWebKit/537.36 (KHTML, like Gecko) Chrome/151.0.0.0 Mobile Safari/537.36"
5.120.21.209 - - [28/Aug/2026:02:02:49 +0330] "GET /_next/static/chunks/2117-828e02dc1643a950.js HTTP/2.0" 200 32001 "https://charsooq.com/articles/Color-lens-shopping-guide" "Mozilla/5.0 (Linux; Android 10; K) AppleWebKit/537.36 (KHTML, like Gecko) Chrome/151.0.0.0 Mobile Safari/537.36"
5.120.21.209 - - [28/Aug/2026:02:02:49 +0330] "GET /_next/static/chunks/fd9d1056-9ff99acbd7fb9fe8.js HTTP/2.0" 200 53744 "https://charsooq.com/articles/Color-lens-shopping-guide" "Mozilla/5.0 (Linux; Android 10; K) AppleWebKit/537.36 (KHTML, like Gecko) Chrome/151.0.0.0 Mobile Safari/537.36"
5.120.21.209 - - [28/Aug/2026:02:02:49 +0330] "GET /_next/static/chunks/1580-575957d688ae25ac.js HTTP/2.0" 200 12089 "https://charsooq.com/articles/Color-lens-shopping-guide" "Mozilla/5.0 (Linux; Android 10; K) AppleWebKit/537.36 (KHTML, like Gecko) Chrome/151.0.0.0 Mobile Safari/537.36"
5.120.21.209 - - [28/Aug/2026:02:02:49 +0330] "GET /_next/static/chunks/4438-ac5ce0d4a5fd9e15.js HTTP/2.0" 200 8260 "https://charsooq.com/articles/Color-lens-shopping-guide" "Mozilla/5.0 (Linux; Android 10; K) AppleWebKit/537.36 (KHTML, like Gecko) Chrome/151.0.0.0 Mobile Safari/537.36"
5.120.21.209 - - [28/Aug/2026:02:02:49 +0330] "GET /_next/static/chunks/6137-97a90ba21cd4a885.js HTTP/2.0" 200 6706 "https://charsooq.com/articles/Color-lens-shopping-guide" "Mozilla/5.0 (Linux; Android 10; K) AppleWebKit/537.36 (KHTML, like Gecko) Chrome/151.0.0.0 Mobile Safari/537.36"
5.120.21.209 - - [28/Aug/2026:02:02:49 +0330] "GET /_next/static/chunks/3462-b3fd13ed1d4f90e2.js HTTP/2.0" 200 1833 "https://charsooq.com/articles/Color-lens-shopping-guide" "Mozilla/5.0 (Linux; Android 10; K) AppleWebKit/537.36 (KHTML, like Gecko) Chrome/151.0.0.0 Mobile Safari/537.36"
5.120.21.209 - - [28/Aug/2026:02:02:49 +0330] "GET /_next/static/chunks/3013-a9939c72e4a38977.js HTTP/2.0" 200 6860 "https://charsooq.com/articles/Color-lens-shopping-guide" "Mozilla/5.0 (Linux; Android 10; K) AppleWebKit/537.36 (KHTML, like Gecko) Chrome/151.0.0.0 Mobile Safari/537.36"
5.120.21.209 - - [28/Aug/2026:02:02:49 +0330] "GET /_next/static/chunks/6818-72710ec856a66515.js HTTP/2.0" 200 2700 "https://charsooq.com/articles/Color-lens-shopping-guide" "Mozilla/5.0 (Linux; Android 10; K) AppleWebKit/537.36 (KHTML, like Gecko) Chrome/151.0.0.0 Mobile Safari/537.36"
5.120.21.209 - - [28/Aug/2026:02:02:49 +0330] "GET /_next/static/chunks/5878-8c4517462d65e9a5.js HTTP/2.0" 200 5170 "https://charsooq.com/articles/Color-lens-shopping-guide" "Mozilla/5.0 (Linux; Android 10; K) AppleWebKit/537.36 (KHTML, like Gecko) Chrome/151.0.0.0 Mobile Safari/537.36"
5.120.21.209 - - [28/Aug/2026:02:02:49 +0330] "GET /_next/static/chunks/1493-5bf6477734a442f1.js HTTP/2.0" 200 3468 "https://charsooq.com/articles/Color-lens-shopping-guide" "Mozilla/5.0 (Linux; Android 10; K) AppleWebKit/537.36 (KHTML, like Gecko) Chrome/151.0.0.0 Mobile Safari/537.36"
5.120.21.209 - - [28/Aug/2026:02:02:49 +0330] "GET /_next/static/chunks/8003-81602ee8b36ef204.js HTTP/2.0" 200 2418 "https://charsooq.com/articles/Color-lens-shopping-guide" "Mozilla/5.0 (Linux; Android 10; K) AppleWebKit/537.36 (KHTML, like Gecko) Chrome/151.0.0.0 Mobile Safari/537.36"
5.120.21.209 - - [28/Aug/2026:02:02:49 +0330] "GET /_next/static/chunks/9227-c2a8061d3143118a.js HTTP/2.0" 200 2320 "https://charsooq.com/articles/Color-lens-shopping-guide" "Mozilla/5.0 (Linux; Android 10; K) AppleWebKit/537.36 (KHTML, like Gecko) Chrome/151.0.0.0 Mobile Safari/537.36"
5.120.21.209 - - [28/Aug/2026:02:02:49 +0330] "GET /_next/static/chunks/8230-1cded471f36e4c61.js HTTP/2.0" 200 5411 "https://charsooq.com/articles/Color-lens-shopping-guide" "Mozilla/5.0 (Linux; Android 10; K) AppleWebKit/537.36 (KHTML, like Gecko) Chrome/151.0.0.0 Mobile Safari/537.36"
5.120.21.209 - - [28/Aug/2026:02:02:49 +0330] "GET /_next/static/chunks/app/articles/%5Bslug%5D/page-eab29444fd759c7a.js HTTP/2.0" 200 6410 "https://charsooq.com/articles/Color-lens-shopping-guide" "Mozilla/5.0 (Linux; Android 10; K) AppleWebKit/537.36 (KHTML, like Gecko) Chrome/151.0.0.0 Mobile Safari/537.36"
5.120.21.209 - - [28/Aug/2026:02:02:49 +0330] "GET /_next/static/chunks/9064-bc53da8ff6805f5a.js HTTP/2.0" 200 4703 "https://charsooq.com/articles/Color-lens-shopping-guide" "Mozilla/5.0 (Linux; Android 10; K) AppleWebKit/537.36 (KHTML, like Gecko) Chrome/151.0.0.0 Mobile Safari/537.36"
5.120.21.209 - - [28/Aug/2026:02:02:49 +0330] "GET /_next/static/chunks/3134-367eb482f3be54c2.js HTTP/2.0" 200 2334 "https://charsooq.com/articles/Color-lens-shopping-guide" "Mozilla/5.0 (Linux; Android 10; K) AppleWebKit/537.36 (KHTML, like Gecko) Chrome/151.0.0.0 Mobile Safari/537.36"
5.120.21.209 - - [28/Aug/2026:02:02:49 +0330] "GET /_next/static/chunks/4216-78fe3424349836f6.js HTTP/2.0" 200 7011 "https://charsooq.com/articles/Color-lens-shopping-guide" "Mozilla/5.0 (Linux; Android 10; K) AppleWebKit/537.36 (KHTML, like Gecko) Chrome/151.0.0.0 Mobile Safari/537.36"
5.120.21.209 - - [28/Aug/2026:02:02:49 +0330] "GET /_next/static/chunks/9470-129db663fb54ce77.js HTTP/2.0" 200 3092 "https://charsooq.com/articles/Color-lens-shopping-guide" "Mozilla/5.0 (Linux; Android 10; K) AppleWebKit/537.36 (KHTML, like Gecko) Chrome/151.0.0.0 Mobile Safari/537.36"
5.120.21.209 - - [28/Aug/2026:02:02:49 +0330] "GET /_next/static/chunks/8472-05374d6b6d91921f.js HTTP/2.0" 200 9473 "https://charsooq.com/articles/Color-lens-shopping-guide" "Mozilla/5.0 (Linux; Android 10; K) AppleWebKit/537.36 (KHTML, like Gecko) Chrome/151.0.0.0 Mobile Safari/537.36"
5.120.21.209 - - [28/Aug/2026:02:02:49 +0330] "GET /_next/static/chunks/84-b6c070b37c66d77f.js HTTP/2.0" 200 2597 "https://charsooq.com/articles/Color-lens-shopping-guide" "Mozilla/5.0 (Linux; Android 10; K) AppleWebKit/537.36 (KHTML, like Gecko) Chrome/151.0.0.0 Mobile Safari/537.36"
5.120.21.209 - - [28/Aug/2026:02:02:49 +0330] "GET /_next/static/chunks/app/error-094d5bcef522249f.js HTTP/2.0" 200 673 "https://charsooq.com/articles/Color-lens-shopping-guide" "Mozilla/5.0 (Linux; Android 10; K) AppleWebKit/537.36 (KHTML, like Gecko) Chrome/151.0.0.0 Mobile Safari/537.36"
5.120.21.209 - - [28/Aug/2026:02:02:49 +0330] "GET /_next/static/chunks/app/layout-cb550aa8118c7c2c.js HTTP/2.0" 200 11535 "https://charsooq.com/articles/Color-lens-shopping-guide" "Mozilla/5.0 (Linux; Android 10; K) AppleWebKit/537.36 (KHTML, like Gecko) Chrome/151.0.0.0 Mobile Safari/537.36"
5.120.21.209 - - [28/Aug/2026:02:02:49 +0330] "GET /_next/static/chunks/873-fa2a34145b7f655b.js HTTP/2.0" 200 64908 "https://charsooq.com/articles/Color-lens-shopping-guide" "Mozilla/5.0 (Linux; Android 10; K) AppleWebKit/537.36 (KHTML, like Gecko) Chrome/151.0.0.0 Mobile Safari/537.36"
5.120.21.209 - - [28/Aug/2026:02:02:50 +0330] "GET /_next/static/chunks/1495.b45bb862bd3e18ec.js HTTP/2.0" 200 779 "https://charsooq.com/articles/Color-lens-shopping-guide" "Mozilla/5.0 (Linux; Android 10; K) AppleWebKit/537.36 (KHTML, like Gecko) Chrome/151.0.0.0 Mobile Safari/537.36"
5.120.21.209 - - [28/Aug/2026:02:02:50 +0330] "GET /_next/static/chunks/415.9bf722adfc74e289.js HTTP/2.0" 200 8742 "https://charsooq.com/articles/Color-lens-shopping-guide" "Mozilla/5.0 (Linux; Android 10; K) AppleWebKit/537.36 (KHTML, like Gecko) Chrome/151.0.0.0 Mobile Safari/537.36"
5.120.21.209 - - [28/Aug/2026:02:02:50 +0330] "GET /checkout?_rsc=1i7dt HTTP/2.0" 200 1690 "https://charsooq.com/articles/Color-lens-shopping-guide" "Mozilla/5.0 (Linux; Android 10; K) AppleWebKit/537.36 (KHTML, like Gecko) Chrome/151.0.0.0 Mobile Safari/537.36"
5.120.21.209 - - [28/Aug/2026:02:02:50 +0330] "GET /?_rsc=1i7dt HTTP/2.0" 200 13557 "https://charsooq.com/articles/Color-lens-shopping-guide" "Mozilla/5.0 (Linux; Android 10; K) AppleWebKit/537.36 (KHTML, like Gecko) Chrome/151.0.0.0 Mobile Safari/537.36"
127.0.0.1 - - [28/Aug/2026:02:02:50 +0330] "GET /api/v1/article-most-view?count=3 HTTP/1.1" 301 169 "-" "node"
127.0.0.1 - - [28/Aug/2026:02:02:50 +0330] "GET /api/v1/article-future?count=4 HTTP/1.1" 301 169 "-" "node"
127.0.0.1 - - [28/Aug/2026:02:02:50 +0330] "GET /api/v1/articles?count=8&page=1 HTTP/1.1" 301 169 "-" "node"
127.0.0.1 - - [28/Aug/2026:02:02:50 +0330] "GET /api/v1/article-most-view?count=3 HTTP/1.1" 200 806767 "-" "node"
127.0.0.1 - - [28/Aug/2026:02:02:50 +0330] "GET /api/v1/articles?count=8&page=1 HTTP/1.1" 200 22411 "-" "node"
127.0.0.1 - - [28/Aug/2026:02:02:50 +0330] "GET /api/v1/article-future?count=4 HTTP/1.1" 200 932766 "-" "node"
5.120.21.209 - - [28/Aug/2026:02:02:50 +0330] "GET /articles?_rsc=1i7dt HTTP/2.0" 200 7120 "https://charsooq.com/articles/Color-lens-shopping-guide" "Mozilla/5.0 (Linux; Android 10; K) AppleWebKit/537.36 (KHTML, like Gecko) Chrome/151.0.0.0 Mobile Safari/537.36"
5.120.21.209 - - [28/Aug/2026:02:02:51 +0330] "GET /_next/static/chunks/4922.b90b86ef20984235.js HTTP/2.0" 200 425 "https://charsooq.com/articles/Color-lens-shopping-guide" "Mozilla/5.0 (Linux; Android 10; K) AppleWebKit/537.36 (KHTML, like Gecko) Chrome/151.0.0.0 Mobile Safari/537.36"
5.120.21.209 - - [28/Aug/2026:02:02:51 +0330] "GET /_next/static/chunks/5763-e3689baff1695fd1.js HTTP/2.0" 200 4387 "https://charsooq.com/articles/Color-lens-shopping-guide" "Mozilla/5.0 (Linux; Android 10; K) AppleWebKit/537.36 (KHTML, like Gecko) Chrome/151.0.0.0 Mobile Safari/537.36"
5.120.21.209 - - [28/Aug/2026:02:02:51 +0330] "GET /_next/static/chunks/app/checkout/layout-d7cf06d0dc8d6df6.js HTTP/2.0" 200 39421 "https://charsooq.com/articles/Color-lens-shopping-guide" "Mozilla/5.0 (Linux; Android 10; K) AppleWebKit/537.36 (KHTML, like Gecko) Chrome/151.0.0.0 Mobile Safari/537.36"
5.120.21.209 - - [28/Aug/2026:02:02:51 +0330] "GET /_next/static/chunks/2034-b6ee9baf8082b7dc.js HTTP/2.0" 200 10926 "https://charsooq.com/articles/Color-lens-shopping-guide" "Mozilla/5.0 (Linux; Android 10; K) AppleWebKit/537.36 (KHTML, like Gecko) Chrome/151.0.0.0 Mobile Safari/537.36"
5.120.21.209 - - [28/Aug/2026:02:02:51 +0330] "GET /_next/static/chunks/5605-342a49848bbf0c11.js HTTP/2.0" 200 6777 "https://charsooq.com/articles/Color-lens-shopping-guide" "Mozilla/5.0 (Linux; Android 10; K) AppleWebKit/537.36 (KHTML, like Gecko) Chrome/151.0.0.0 Mobile Safari/537.36"
5.120.21.209 - - [28/Aug/2026:02:02:51 +0330] "GET /_next/static/chunks/1592-00644b699e0ed4d8.js HTTP/2.0" 200 7980 "https://charsooq.com/articles/Color-lens-shopping-guide" "Mozilla/5.0 (Linux; Android 10; K) AppleWebKit/537.36 (KHTML, like Gecko) Chrome/151.0.0.0 Mobile Safari/537.36"
5.120.21.209 - - [28/Aug/2026:02:02:51 +0330] "GET /_next/static/chunks/169-68dabecb1c163108.js HTTP/2.0" 200 6555 "https://charsooq.com/articles/Color-lens-shopping-guide" "Mozilla/5.0 (Linux; Android 10; K) AppleWebKit/537.36 (KHTML, like Gecko) Chrome/151.0.0.0 Mobile Safari/537.36"
5.120.21.209 - - [28/Aug/2026:02:02:51 +0330] "GET /_next/static/chunks/1188-8347881a51d7e866.js HTTP/2.0" 200 3364 "https://charsooq.com/articles/Color-lens-shopping-guide" "Mozilla/5.0 (Linux; Android 10; K) AppleWebKit/537.36 (KHTML, like Gecko) Chrome/151.0.0.0 Mobile Safari/537.36"
5.120.21.209 - - [28/Aug/2026:02:02:51 +0330] "GET /_next/static/chunks/7463-8c14f85f0b9a94fe.js HTTP/2.0" 200 3339 "https://charsooq.com/articles/Color-lens-shopping-guide" "Mozilla/5.0 (Linux; Android 10; K) AppleWebKit/537.36 (KHTML, like Gecko) Chrome/151.0.0.0 Mobile Safari/537.36"
5.120.21.209 - - [28/Aug/2026:02:02:51 +0330] "GET /_next/static/chunks/2177-53f14356cddc2711.js HTTP/2.0" 200 3254 "https://charsooq.com/articles/Color-lens-shopping-guide" "Mozilla/5.0 (Linux; Android 10; K) AppleWebKit/537.36 (KHTML, like Gecko) Chrome/151.0.0.0 Mobile Safari/537.36"
5.120.21.209 - - [28/Aug/2026:02:02:51 +0330] "GET /_next/static/chunks/app/page-759df78f59703adb.js HTTP/2.0" 200 1959 "https://charsooq.com/articles/Color-lens-shopping-guide" "Mozilla/5.0 (Linux; Android 10; K) AppleWebKit/537.36 (KHTML, like Gecko) Chrome/151.0.0.0 Mobile Safari/537.36"
5.120.21.209 - - [28/Aug/2026:02:02:51 +0330] "GET /_next/static/chunks/300-72da8991edf2ed5a.js HTTP/2.0" 200 33594 "https://charsooq.com/articles/Color-lens-shopping-guide" "Mozilla/5.0 (Linux; Android 10; K) AppleWebKit/537.36 (KHTML, like Gecko) Chrome/151.0.0.0 Mobile Safari/537.36"
5.120.21.209 - - [28/Aug/2026:02:02:51 +0330] "GET /_next/static/chunks/app/articles/page-324f669561f38a6f.js HTTP/2.0" 200 5209 "https://charsooq.com/articles/Color-lens-shopping-guide" "Mozilla/5.0 (Linux; Android 10; K) AppleWebKit/537.36 (KHTML, like Gecko) Chrome/151.0.0.0 Mobile Safari/537.36"
157.55.39.197 - - [28/Aug/2026:02:02:52 +0330] "GET /?u=8860990385703 HTTP/2.0" 200 33493 "-" "Mozilla/5.0 AppleWebKit/537.36 (KHTML, like Gecko; compatible; bingbot/2.0; +http://www.bing.com/bingbot.htm) Chrome/116.0.1938.76 Safari/537.36"
5.120.21.209 - - [28/Aug/2026:02:02:52 +0330] "GET /manifest.json HTTP/2.0" 200 334 "https://charsooq.com/articles/Color-lens-shopping-guide" "Mozilla/5.0 (Linux; Android 10; K) AppleWebKit/537.36 (KHTML, like Gecko) Chrome/151.0.0.0 Mobile Safari/537.36"
5.120.21.209 - - [28/Aug/2026:02:02:52 +0330] "GET /pwa-icon-180.png HTTP/2.0" 200 10221 "https://charsooq.com/articles/Color-lens-shopping-guide" "Mozilla/5.0 (Linux; Android 10; K) AppleWebKit/537.36 (KHTML, like Gecko) Chrome/151.0.0.0 Mobile Safari/537.36"
5.120.21.209 - - [28/Aug/2026:02:02:52 +0330] "GET /favicon.ico HTTP/2.0" 200 3035 "https://charsooq.com/articles/Color-lens-shopping-guide" "Mozilla/5.0 (Linux; Android 10; K) AppleWebKit/537.36 (KHTML, like Gecko) Chrome/151.0.0.0 Mobile Safari/537.36"
5.120.21.209 - - [28/Aug/2026:02:02:52 +0330] "GET /pwa-icon-180.png HTTP/2.0" 304 0 "https://charsooq.com/articles/Color-lens-shopping-guide" "Mozilla/5.0 (Linux; Android 10; K) AppleWebKit/537.36 (KHTML, like Gecko) Chrome/151.0.0.0 Mobile Safari/537.36"
66.249.77.99 - - [28/Aug/2026:02:03:06 +0330] "GET /?u=14727182777501 HTTP/1.1" 200 33717 "-" "Mozilla/5.0 (Linux; Android 6.0.1; Nexus 5X Build/MMB29P) AppleWebKit/537.36 (KHTML, like Gecko) Chrome/151.0.7922.173 Mobile Safari/537.36 (compatible; Googlebot/2.1; +http://www.google.com/bot.html)"
66.249.77.99 - - [28/Aug/2026:02:03:12 +0330] "GET /?u=80908118113802 HTTP/1.1" 200 32681 "-" "Mozilla/5.0 (Linux; Android 6.0.1; Nexus 5X Build/MMB29P) AppleWebKit/537.36 (KHTML, like Gecko) Chrome/151.0.7922.173 Mobile Safari/537.36 (compatible; Googlebot/2.1; +http://www.google.com/bot.html)"
127.0.0.1 - - [28/Aug/2026:02:03:17 +0330] "GET /api/v3/product-show/amz-B0CN2SF1LL?amazon_region=undefined HTTP/1.1" 301 169 "-" "node"
127.0.0.1 - - [28/Aug/2026:02:03:17 +0330] "GET /api/v3/product-show/amz-B0CN2SF1LL?amazon_region= HTTP/1.1" 301 169 "-" "node"
127.0.0.1 - - [28/Aug/2026:02:03:17 +0330] "GET /api/v3/product-show/amz-B0CN2SF1LL?amazon_region= HTTP/1.1" 200 10140 "-" "node"
127.0.0.1 - - [28/Aug/2026:02:03:17 +0330] "GET /api/v3/product-show/amz-B0CN2SF1LL?amazon_region=undefined HTTP/1.1" 200 10140 "-" "node"
127.0.0.1 - - [28/Aug/2026:02:03:18 +0330] "GET /api/v1/categories-amazon HTTP/1.1" 200 34199 "-" "node"
196.75.172.115 - - [28/Aug/2026:02:03:18 +0330] "GET /product/amz-B0CN2SF1LL/robot-vacuum-and-mop-combo-3-in-1-mopping-robotic-vacuum-with-schedule-appbluetoothalexa-1600pa-max-suction-self-charging-robot-vacuum-cleaner-slim-ideal-for-hard-floor-pet-hair-carpet HTTP/2.0" 200 107428 "https://charsooq.com" "Mozilla/5.0 (Windows NT 10.0; Win64; x64) AppleWebKit/537.36 (KHTML, like Gecko) Chrome/144.0.0.0 Safari/537.36 Edg/144.0.0.0"
199.247.1.31 - - [28/Aug/2026:02:03:31 +0330] "GET / HTTP/2.0" 302 331 "-" "Mozilla/5.0 (Linux; Android 9; LM-X420) AppleWebKit/537.36 (KHTML, like Gecko) Chrome/87.0.4280.101 Mobile Safari/537.36"
127.0.0.1 - - [28/Aug/2026:02:03:32 +0330] "GET /api/v1/categories-amazon HTTP/1.1" 200 34230 "-" "node"
199.247.1.31 - - [28/Aug/2026:02:03:32 +0330] "GET / HTTP/2.0" 200 106225 "https://185.215.124.174/" "Mozilla/5.0 (Linux; Android 9; LM-X420) AppleWebKit/537.36 (KHTML, like Gecko) Chrome/87.0.4280.101 Mobile Safari/537.36"
127.0.0.1 - - [28/Aug/2026:02:03:34 +0330] "GET /api/v2/sliders HTTP/1.1" 200 7479 "-" "node"
127.0.0.1 - - [28/Aug/2026:02:03:35 +0330] "GET /api/v1/categories-amazon HTTP/1.1" 200 34230 "-" "node"
172.16.20.25 - - [28/Aug/2026:02:03:35 +0330] "GET / HTTP/1.1" 200 338336 "-" "Mozilla/5.0 (compatible; PRTG Network Monitor (www.paessler.com); Windows)"
199.247.1.31 - - [28/Aug/2026:02:03:37 +0330] "GET / HTTP/1.1" 301 169 "-" "Mozilla/5.0 (Linux; Android 9; LM-X420) AppleWebKit/537.36 (KHTML, like Gecko) Chrome/87.0.4280.101 Mobile Safari/537.36"
40.77.167.149 - - [28/Aug/2026:02:03:45 +0330] "GET / HTTP/2.0" 200 34326 "-" "Mozilla/5.0 AppleWebKit/537.36 (KHTML, like Gecko; compatible; bingbot/2.0; +http://www.bing.com/bingbot.htm) Chrome/116.0.1938.76 Safari/537.36"
127.0.0.1 - - [28/Aug/2026:02:04:35 +0330] "GET /api/v1/categories-amazon HTTP/1.1" 200 34199 "-" "node"
127.0.0.1 - - [28/Aug/2026:02:04:35 +0330] "GET /api/v2/page-data HTTP/1.1" 200 36854 "-" "node"
172.16.20.25 - - [28/Aug/2026:02:04:36 +0330] "GET / HTTP/1.1" 200 338359 "-" "Mozilla/5.0 (compatible; PRTG Network Monitor (www.paessler.com); Windows)"
127.0.0.1 - - [28/Aug/2026:02:04:36 +0330] "GET /api/v1/categories-amazon HTTP/1.1" 200 34230 "-" "node"
152.233.6.129 - - [28/Aug/2026:02:04:36 +0330] "GET /.well-known/passkey-endpoints HTTP/2.0" 404 83937 "-" "com.apple.AuthenticationServicesCore.AuthenticationServicesAgent/8624.2.5.10.8 CFNetwork/3860.600.12 Darwin/25.5.0"
157.55.39.197 - - [28/Aug/2026:02:05:14 +0330] "GET /?u=46270211140401 HTTP/2.0" 200 32798 "-" "Mozilla/5.0 AppleWebKit/537.36 (KHTML, like Gecko; compatible; bingbot/2.0; +http://www.bing.com/bingbot.htm) Chrome/116.0.1938.76 Safari/537.36"
157.55.39.197 - - [28/Aug/2026:02:05:16 +0330] "GET /?u=8106684190003 HTTP/2.0" 200 32431 "-" "Mozilla/5.0 AppleWebKit/537.36 (KHTML, like Gecko; compatible; bingbot/2.0; +http://www.bing.com/bingbot.htm) Chrome/116.0.1938.76 Safari/537.36"
157.55.39.197 - - [28/Aug/2026:02:05:18 +0330] "GET /?u=10101174220000 HTTP/2.0" 200 35056 "-" "Mozilla/5.0 AppleWebKit/537.36 (KHTML, like Gecko; compatible; bingbot/2.0; +http://www.bing.com/bingbot.htm) Chrome/116.0.1938.76 Safari/537.36"
40.77.167.48 - - [28/Aug/2026:02:05:22 +0330] "GET /?u=16291232834300 HTTP/2.0" 200 32763 "-" "Mozilla/5.0 AppleWebKit/537.36 (KHTML, like Gecko; compatible; bingbot/2.0; +http://www.bing.com/bingbot.htm) Chrome/116.0.1938.76 Safari/537.36"
66.249.77.99 - - [28/Aug/2026:02:05:23 +0330] "GET /?u=8399181516501 HTTP/1.1" 200 32913 "-" "Mozilla/5.0 (Linux; Android 6.0.1; Nexus 5X Build/MMB29P) AppleWebKit/537.36 (KHTML, like Gecko) Chrome/151.0.7922.173 Mobile Safari/537.36 (compatible; Googlebot/2.1; +http://www.google.com/bot.html)"
40.77.167.48 - - [28/Aug/2026:02:05:24 +0330] "GET /?u=79083226297408 HTTP/2.0" 200 34425 "-" "Mozilla/5.0 AppleWebKit/537.36 (KHTML, like Gecko; compatible; bingbot/2.0; +http://www.bing.com/bingbot.htm) Chrome/116.0.1938.76 Safari/537.36"
40.77.167.48 - - [28/Aug/2026:02:05:26 +0330] "GET /?u=74097137059905 HTTP/2.0" 200 33236 "-" "Mozilla/5.0 AppleWebKit/537.36 (KHTML, like Gecko; compatible; bingbot/2.0; +http://www.bing.com/bingbot.htm) Chrome/116.0.1938.76 Safari/537.36"
157.55.39.197 - - [28/Aug/2026:02:05:26 +0330] "GET /?u=46875243716108 HTTP/2.0" 200 32120 "-" "Mozilla/5.0 AppleWebKit/537.36 (KHTML, like Gecko; compatible; bingbot/2.0; +http://www.bing.com/bingbot.htm) Chrome/116.0.1938.76 Safari/537.36"
40.77.167.48 - - [28/Aug/2026:02:05:28 +0330] "GET /?u=0823259426402 HTTP/2.0" 200 34562 "-" "Mozilla/5.0 AppleWebKit/537.36 (KHTML, like Gecko; compatible; bingbot/2.0; +http://www.bing.com/bingbot.htm) Chrome/116.0.1938.76 Safari/537.36"
157.55.39.197 - - [28/Aug/2026:02:05:28 +0330] "GET /?u=287609577000 HTTP/2.0" 200 33755 "-" "Mozilla/5.0 AppleWebKit/537.36 (KHTML, like Gecko; compatible; bingbot/2.0; +http://www.bing.com/bingbot.htm) Chrome/116.0.1938.76 Safari/537.36"
157.55.39.197 - - [28/Aug/2026:02:05:31 +0330] "GET /?u=20491259756901 HTTP/2.0" 200 33397 "-" "Mozilla/5.0 AppleWebKit/537.36 (KHTML, like Gecko; compatible; bingbot/2.0; +http://www.bing.com/bingbot.htm) Chrome/116.0.1938.76 Safari/537.36"
40.77.167.149 - - [28/Aug/2026:02:05:32 +0330] "GET /?u=1019117480100 HTTP/2.0" 200 33734 "-" "Mozilla/5.0 AppleWebKit/537.36 (KHTML, like Gecko; compatible; bingbot/2.0; +http://www.bing.com/bingbot.htm) Chrome/116.0.1938.76 Safari/537.36"
127.0.0.1 - - [28/Aug/2026:02:05:34 +0330] "GET /api/v2/sliders HTTP/1.1" 200 7479 "-" "node"
157.55.39.197 - - [28/Aug/2026:02:05:34 +0330] "GET /?u=20274208719101 HTTP/2.0" 200 34306 "-" "Mozilla/5.0 AppleWebKit/537.36 (KHTML, like Gecko; compatible; bingbot/2.0; +http://www.bing.com/bingbot.htm) Chrome/116.0.1938.76 Safari/537.36"
127.0.0.1 - - [28/Aug/2026:02:05:35 +0330] "GET /api/v1/categories-amazon HTTP/1.1" 200 34199 "-" "node"
172.16.20.25 - - [28/Aug/2026:02:05:35 +0330] "GET / HTTP/1.1" 200 338470 "-" "Mozilla/5.0 (compatible; PRTG Network Monitor (www.paessler.com); Windows)"
127.0.0.1 - - [28/Aug/2026:02:05:47 +0330] "GET /api/v1/categories-amazon HTTP/1.1" 200 34230 "-" "node"
120.27.11.28 - - [28/Aug/2026:02:05:47 +0330] "GET /contact-us HTTP/1.1" 200 89460 "-" "Mozilla/5.0 (Windows NT 10.0; Win64; x64) AppleWebKit/537.36 (KHTML, like Gecko) Chrome/114.0.0.0 Safari/537.36 Edg/114.0.1823.58"
66.249.77.99 - - [28/Aug/2026:02:06:06 +0330] "GET /?u=74118262257800 HTTP/1.1" 200 35748 "-" "Mozilla/5.0 (Linux; Android 6.0.1; Nexus 5X Build/MMB29P) AppleWebKit/537.36 (KHTML, like Gecko) Chrome/151.0.7922.173 Mobile Safari/537.36 (compatible; Googlebot/2.1; +http://www.google.com/bot.html)"
127.0.0.1 - - [28/Aug/2026:02:06:34 +0330] "GET /api/v1/categories-amazon HTTP/1.1" 200 34230 "-" "node"
127.0.0.1 - - [28/Aug/2026:02:06:35 +0330] "GET /api/v2/page-data HTTP/1.1" 200 36854 "-" "node"
172.16.20.25 - - [28/Aug/2026:02:06:35 +0330] "GET / HTTP/1.1" 200 338501 "-" "Mozilla/5.0 (compatible; PRTG Network Monitor (www.paessler.com); Windows)"
45.248.122.208 - - [28/Aug/2026:02:06:36 +0330] "CONNECT hcaptcha.com:443 HTTP/1.1" 400 157 "-" "-"
45.248.122.208 - - [28/Aug/2026:02:06:36 +0330] "\x05\x01\x00" 400 157 "-" "-"
157.55.39.197 - - [28/Aug/2026:02:06:44 +0330] "GET /?sitemap313.xml HTTP/2.0" 200 738989 "-" "Mozilla/5.0 AppleWebKit/537.36 (KHTML, like Gecko; compatible; bingbot/2.0; +http://www.bing.com/bingbot.htm) Chrome/116.0.1938.76 Safari/537.36"
127.0.0.1 - - [28/Aug/2026:02:07:22 +0330] "GET /api/v3/product-show/amz-B0CDDY8F9L?amazon_region=undefined HTTP/1.1" 301 169 "-" "node"
127.0.0.1 - - [28/Aug/2026:02:07:22 +0330] "GET /api/v3/product-show/amz-B0CDDY8F9L?amazon_region= HTTP/1.1" 301 169 "-" "node"
127.0.0.1 - - [28/Aug/2026:02:07:22 +0330] "GET /api/v3/product-show/amz-B0CDDY8F9L?amazon_region=undefined HTTP/1.1" 200 17250 "-" "node"
127.0.0.1 - - [28/Aug/2026:02:07:22 +0330] "GET /api/v3/product-show/amz-B0CDDY8F9L?amazon_region= HTTP/1.1" 200 17250 "-" "node"
127.0.0.1 - - [28/Aug/2026:02:07:23 +0330] "GET /api/v1/categories-amazon HTTP/1.1" 200 34199 "-" "node"
52.167.144.143 - - [28/Aug/2026:02:07:24 +0330] "GET /product/amz-B0CDDY8F9L/GoPro-HERO12-Black-Waterproof-Action-Camera-with-5-3K60-Ultra-HD-Video-27MP-Photos-HDR-1-1-9-Image-Sensor-Live-Streaming-Webcam-Stabilization HTTP/2.0" 200 111818 "-" "Mozilla/5.0 AppleWebKit/537.36 (KHTML, like Gecko; compatible; bingbot/2.0; +http://www.bing.com/bingbot.htm) Chrome/116.0.1938.76 Safari/537.36"
127.0.0.1 - - [28/Aug/2026:02:07:24 +0330] "GET /api/v3/product-show/amz-B093TZP7HM?amazon_region=undefined HTTP/1.1" 301 169 "-" "node"
127.0.0.1 - - [28/Aug/2026:02:07:24 +0330] "GET /api/v3/product-show/amz-B093TZP7HM?amazon_region= HTTP/1.1" 301 169 "-" "node"
127.0.0.1 - - [28/Aug/2026:02:07:24 +0330] "GET /api/v3/product-show/amz-B093TZP7HM?amazon_region=undefined HTTP/1.1" 200 31949 "-" "node"
127.0.0.1 - - [28/Aug/2026:02:07:24 +0330] "GET /api/v3/product-show/amz-B093TZP7HM?amazon_region= HTTP/1.1" 200 31980 "-" "node"
127.0.0.1 - - [28/Aug/2026:02:07:25 +0330] "GET /api/v1/categories-amazon HTTP/1.1" 200 34199 "-" "node"
52.167.144.143 - - [28/Aug/2026:02:07:26 +0330] "GET /product/amz-B093TZP7HM/Reebok-Classic-Leather-Sneaker HTTP/2.0" 200 108581 "-" "Mozilla/5.0 AppleWebKit/537.36 (KHTML, like Gecko; compatible; bingbot/2.0; +http://www.bing.com/bingbot.htm) Chrome/116.0.1938.76 Safari/537.36"
127.0.0.1 - - [28/Aug/2026:02:07:34 +0330] "GET /api/v2/sliders HTTP/1.1" 200 7479 "-" "node"
127.0.0.1 - - [28/Aug/2026:02:07:34 +0330] "GET /api/v1/categories-amazon HTTP/1.1" 200 34230 "-" "node"
172.16.20.25 - - [28/Aug/2026:02:07:34 +0330] "GET / HTTP/1.1" 200 338470 "-" "Mozilla/5.0 (compatible; PRTG Network Monitor (www.paessler.com); Windows)"
40.77.167.149 - - [28/Aug/2026:02:08:30 +0330] "GET /?u=03195169380400 HTTP/2.0" 200 35167 "-" "Mozilla/5.0 AppleWebKit/537.36 (KHTML, like Gecko; compatible; bingbot/2.0; +http://www.bing.com/bingbot.htm) Chrome/116.0.1938.76 Safari/537.36"
40.77.167.149 - - [28/Aug/2026:02:08:31 +0330] "GET /?u=24178230785602 HTTP/2.0" 200 33599 "-" "Mozilla/5.0 AppleWebKit/537.36 (KHTML, like Gecko; compatible; bingbot/2.0; +http://www.bing.com/bingbot.htm) Chrome/116.0.1938.76 Safari/537.36"
40.77.167.149 - - [28/Aug/2026:02:08:33 +0330] "GET /?u=0227853498903 HTTP/2.0" 200 31857 "-" "Mozilla/5.0 AppleWebKit/537.36 (KHTML, like Gecko; compatible; bingbot/2.0; +http://www.bing.com/bingbot.htm) Chrome/116.0.1938.76 Safari/537.36"
52.167.144.216 - - [28/Aug/2026:02:08:34 +0330] "GET /?u=85124270073504 HTTP/2.0" 200 31599 "-" "Mozilla/5.0 AppleWebKit/537.36 (KHTML, like Gecko; compatible; bingbot/2.0; +http://www.bing.com/bingbot.htm) Chrome/116.0.1938.76 Safari/537.36"
127.0.0.1 - - [28/Aug/2026:02:08:34 +0330] "GET /api/v1/categories-amazon HTTP/1.1" 200 34199 "-" "node"
5.210.114.57 - - [28/Aug/2026:02:08:35 +0330] "GET /_next/static/css/2c9caab41af7e337.css HTTP/2.0" 200 3175 "-" "Mozilla/5.0 (Linux; Android 10; K) AppleWebKit/537.36 (KHTML, like Gecko) Chrome/151.0.0.0 Mobile Safari/537.36"
5.210.114.57 - - [28/Aug/2026:02:08:35 +0330] "GET /_next/static/css/302d83c05ad27d8b.css HTTP/2.0" 200 369 "-" "Mozilla/5.0 (Linux; Android 10; K) AppleWebKit/537.36 (KHTML, like Gecko) Chrome/151.0.0.0 Mobile Safari/537.36"
5.210.114.57 - - [28/Aug/2026:02:08:35 +0330] "GET /_next/static/css/91447b978d7716af.css HTTP/2.0" 200 20418 "-" "Mozilla/5.0 (Linux; Android 10; K) AppleWebKit/537.36 (KHTML, like Gecko) Chrome/151.0.0.0 Mobile Safari/537.36"
127.0.0.1 - - [28/Aug/2026:02:08:35 +0330] "GET /api/v2/page-data HTTP/1.1" 200 36854 "-" "node"
172.16.20.25 - - [28/Aug/2026:02:08:35 +0330] "GET / HTTP/1.1" 200 338469 "-" "Mozilla/5.0 (compatible; PRTG Network Monitor (www.paessler.com); Windows)"
5.210.114.57 - - [28/Aug/2026:02:08:35 +0330] "GET /_next/static/css/1fd47d1e4f3a64a0.css HTTP/2.0" 200 5002 "-" "Mozilla/5.0 (Linux; Android 10; K) AppleWebKit/537.36 (KHTML, like Gecko) Chrome/151.0.0.0 Mobile Safari/537.36"
127.0.0.1 - - [28/Aug/2026:02:08:35 +0330] "GET /api/v2/sliders HTTP/1.1" 200 7479 "-" "node"
5.210.114.57 - - [28/Aug/2026:02:08:35 +0330] "GET /_next/static/chunks/polyfills-42372ed130431b0a.js HTTP/2.0" 200 39627 "-" "Mozilla/5.0 (Linux; Android 10; K) AppleWebKit/537.36 (KHTML, like Gecko) Chrome/151.0.0.0 Mobile Safari/537.36"
127.0.0.1 - - [28/Aug/2026:02:08:36 +0330] "GET /api/v1/categories-amazon HTTP/1.1" 200 34199 "-" "node"
5.210.114.57 - - [28/Aug/2026:02:08:36 +0330] "GET /_next/image?url=%2Fassets%2Fimages%2Fhome%2Fcategory%2Fshoes.jpg&w=1920&q=75 HTTP/2.0" 200 13250 "https://charsooq.com/" "Mozilla/5.0 (Linux; Android 10; K) AppleWebKit/537.36 (KHTML, like Gecko) Chrome/151.0.0.0 Mobile Safari/537.36"
5.210.114.57 - - [28/Aug/2026:02:08:37 +0330] "GET /_next/static/media/c7178acf770b8f1a-s.p.ttf HTTP/2.0" 200 35704 "https://charsooq.com/" "Mozilla/5.0 (Linux; Android 10; K) AppleWebKit/537.36 (KHTML, like Gecko) Chrome/151.0.0.0 Mobile Safari/537.36"
5.210.114.57 - - [28/Aug/2026:02:08:37 +0330] "GET /_next/static/media/d36c74da9a95e091-s.p.ttf HTTP/2.0" 200 35196 "https://charsooq.com/" "Mozilla/5.0 (Linux; Android 10; K) AppleWebKit/537.36 (KHTML, like Gecko) Chrome/151.0.0.0 Mobile Safari/537.36"
5.210.114.57 - - [28/Aug/2026:02:08:37 +0330] "GET /_next/image?url=%2Fassets%2Fimages%2Fhome%2Fcategory%2Fcosmetic.jpg&w=1920&q=75 HTTP/2.0" 200 15462 "https://charsooq.com/" "Mozilla/5.0 (Linux; Android 10; K) AppleWebKit/537.36 (KHTML, like Gecko) Chrome/151.0.0.0 Mobile Safari/537.36"
5.210.114.57 - - [28/Aug/2026:02:08:37 +0330] "GET /_next/image?url=%2Fassets%2Fimages%2Fhome%2Fhome-instagram2.webp&w=1920&q=75 HTTP/2.0" 200 10150 "https://charsooq.com/" "Mozilla/5.0 (Linux; Android 10; K) AppleWebKit/537.36 (KHTML, like Gecko) Chrome/151.0.0.0 Mobile Safari/537.36"
5.210.114.57 - - [28/Aug/2026:02:08:37 +0330] "GET /_next/image?url=%2Fassets%2Fimages%2Fhome%2Fhome-telegram2.webp&w=1920&q=75 HTTP/2.0" 200 16878 "https://charsooq.com/" "Mozilla/5.0 (Linux; Android 10; K) AppleWebKit/537.36 (KHTML, like Gecko) Chrome/151.0.0.0 Mobile Safari/537.36"
5.210.114.57 - - [28/Aug/2026:02:08:37 +0330] "GET /_next/image?url=%2Fassets%2Fimages%2Ficons%2Ftelegram-icon.png&w=128&q=75 HTTP/2.0" 200 5724 "https://charsooq.com/" "Mozilla/5.0 (Linux; Android 10; K) AppleWebKit/537.36 (KHTML, like Gecko) Chrome/151.0.0.0 Mobile Safari/537.36"
