104.164.223.150 - - [28/Aug/2026:01:31:20 +0330] "GET /articles?_rsc=wlmmc HTTP/2.0" 200 2708 "https://charsooq.com/articles/Best-Way-buy-from-amazon" "Mozilla/5.0 (iPhone; CPU iPhone OS 13_2_3 like Mac OS X) AppleWebKit/605.1.15 (KHTML, like Gecko) Version/13.0.3 Mobile/15E148 Safari/604.1"
127.0.0.1 - - [28/Aug/2026:01:31:20 +0330] "GET /api/v1/categories-amazon HTTP/1.1" 404 325 "-" "node"
45.10.194.2 - - [28/Aug/2026:01:31:20 +0330] "GET /articles/Best-Way-buy-from-amazon HTTP/2.0" 200 98458 "-" "Mozilla/5.0 (iPhone; CPU iPhone OS 13_2_3 like Mac OS X) AppleWebKit/605.1.15 (KHTML, like Gecko) Version/13.0.3 Mobile/15E148 Safari/604.1"
192.144.88.97 - - [28/Aug/2026:01:31:21 +0330] "GET /assets/images/icons/instagram1.png HTTP/2.0" 206 500 "https://charsooq.com/articles/Best-Way-buy-from-amazon" "Mozilla/5.0 (iPhone; CPU iPhone OS 13_2_3 like Mac OS X) AppleWebKit/605.1.15 (KHTML, like Gecko) Version/13.0.3 Mobile/15E148 Safari/604.1"
47.128.22.133 - - [28/Aug/2026:01:31:21 +0330] "GET /?_rsc=wlmmc HTTP/2.0" 200 13562 "https://charsooq.com/articles/Best-Way-buy-from-amazon" "Mozilla/5.0 (Linux; Android 5.0) AppleWebKit/537.36 (KHTML, like Gecko) Mobile Safari/537.36 (compatible; Bytespider; spider-feedback@bytedance.com)"
127.0.0.1 - - [28/Aug/2026:01:31:21 +0330] "GET /api/v1/categories-amazon HTTP/1.1" 404 325 "-" "node"
127.0.0.1 - - [28/Aug/2026:01:31:21 +0330] "GET /api/v1/article-most-view?count=3 HTTP/1.1" 301 169 "-" "node"
127.0.0.1 - - [28/Aug/2026:01:31:21 +0330] "GET /api/v1/article-future?count=4 HTTP/1.1" 301 169 "-" "node"
127.0.0.1 - - [28/Aug/2026:01:31:21 +0330] "GET /api/v1/articles?count=8&page=1 HTTP/1.1" 301 169 "-" "node"
47.128.27.223 - - [28/Aug/2026:01:31:21 +0330] "GET /?_rsc=wlmmc HTTP/2.0" 200 13562 "https://charsooq.com/articles/Best-Way-buy-from-amazon" "Mozilla/5.0 (Linux; Android 5.0) AppleWebKit/537.36 (KHTML, like Gecko) Mobile Safari/537.36 (compatible; Bytespider; spider-feedback@bytedance.com)"
127.0.0.1 - - [28/Aug/2026:01:31:21 +0330] "GET /api/v1/article-future?count=4 HTTP/1.1" 404 325 "-" "node"
127.0.0.1 - - [28/Aug/2026:01:31:21 +0330] "GET /api/v1/article-most-view?count=3 HTTP/1.1" 404 325 "-" "node"
127.0.0.1 - - [28/Aug/2026:01:31:21 +0330] "GET /api/v1/articles?count=8&page=1 HTTP/1.1" 404 325 "-" "node"
47.128.22.133 - - [28/Aug/2026:01:31:21 +0330] "GET /articles?_rsc=wlmmc HTTP/2.0" 200 2704 "https://charsooq.com/articles/Best-Way-buy-from-amazon" "Mozilla/5.0 (Linux; Android 5.0) AppleWebKit/537.36 (KHTML, like Gecko) Mobile Safari/537.36 (compatible; Bytespider; spider-feedback@bytedance.com)"
181.46.136.8 - - [28/Aug/2026:01:31:21 +0330] "GET /articles/Best-Way-buy-from-amazon HTTP/2.0" 200 98458 "-" "Mozilla/5.0 (iPhone; CPU iPhone OS 13_2_3 like Mac OS X) AppleWebKit/605.1.15 (KHTML, like Gecko) Version/13.0.3 Mobile/15E148 Safari/604.1"
192.144.88.97 - - [28/Aug/2026:01:31:21 +0330] "GET /assets/images/icons/whatsapp.png HTTP/2.0" 206 500 "https://charsooq.com/articles/Best-Way-buy-from-amazon" "Mozilla/5.0 (iPhone; CPU iPhone OS 13_2_3 like Mac OS X) AppleWebKit/605.1.15 (KHTML, like Gecko) Version/13.0.3 Mobile/15E148 Safari/604.1"
192.144.88.97 - - [28/Aug/2026:01:31:21 +0330] "GET /assets/images/icons/telegram.png HTTP/2.0" 206 500 "https://charsooq.com/articles/Best-Way-buy-from-amazon" "Mozilla/5.0 (iPhone; CPU iPhone OS 13_2_3 like Mac OS X) AppleWebKit/605.1.15 (KHTML, like Gecko) Version/13.0.3 Mobile/15E148 Safari/604.1"
127.0.0.1 - - [28/Aug/2026:01:31:21 +0330] "GET /api/v1/article-most-view?count=3 HTTP/1.1" 301 169 "-" "node"
127.0.0.1 - - [28/Aug/2026:01:31:21 +0330] "GET /api/v1/article-future?count=4 HTTP/1.1" 301 169 "-" "node"
127.0.0.1 - - [28/Aug/2026:01:31:21 +0330] "GET /api/v1/articles?count=8&page=1 HTTP/1.1" 301 169 "-" "node"
127.0.0.1 - - [28/Aug/2026:01:31:21 +0330] "GET /api/v1/article-future?count=4 HTTP/1.1" 404 325 "-" "node"
127.0.0.1 - - [28/Aug/2026:01:31:21 +0330] "GET /api/v1/articles?count=8&page=1 HTTP/1.1" 404 325 "-" "node"
127.0.0.1 - - [28/Aug/2026:01:31:21 +0330] "GET /api/v1/article-most-view?count=3 HTTP/1.1" 404 325 "-" "node"
47.128.27.223 - - [28/Aug/2026:01:31:21 +0330] "GET /articles?_rsc=wlmmc HTTP/2.0" 200 2708 "https://charsooq.com/articles/Best-Way-buy-from-amazon" "Mozilla/5.0 (Linux; Android 5.0) AppleWebKit/537.36 (KHTML, like Gecko) Mobile Safari/537.36 (compatible; Bytespider; spider-feedback@bytedance.com)"
176.223.190.124 - - [28/Aug/2026:01:31:21 +0330] "GET /_next/image?url=%2Fassets%2Fimages%2Ficons%2Ftelegram-icon.png&w=64&q=75 HTTP/2.0" 200 2500 "https://charsooq.com/articles/Best-Way-buy-from-amazon" "Mozilla/5.0 (iPhone; CPU iPhone OS 13_2_3 like Mac OS X) AppleWebKit/605.1.15 (KHTML, like Gecko) Version/13.0.3 Mobile/15E148 Safari/604.1"
176.223.190.124 - - [28/Aug/2026:01:31:21 +0330] "GET /_next/static/css/302d83c05ad27d8b.css HTTP/2.0" 200 369 "https://charsooq.com/articles/Best-Way-buy-from-amazon" "Mozilla/5.0 (iPhone; CPU iPhone OS 13_2_3 like Mac OS X) AppleWebKit/605.1.15 (KHTML, like Gecko) Version/13.0.3 Mobile/15E148 Safari/604.1"
176.223.190.124 - - [28/Aug/2026:01:31:21 +0330] "GET /_next/static/css/2c9caab41af7e337.css HTTP/2.0" 200 3175 "https://charsooq.com/articles/Best-Way-buy-from-amazon" "Mozilla/5.0 (iPhone; CPU iPhone OS 13_2_3 like Mac OS X) AppleWebKit/605.1.15 (KHTML, like Gecko) Version/13.0.3 Mobile/15E148 Safari/604.1"
176.223.190.124 - - [28/Aug/2026:01:31:21 +0330] "GET /_next/static/css/1fd47d1e4f3a64a0.css HTTP/2.0" 200 5002 "https://charsooq.com/articles/Best-Way-buy-from-amazon" "Mozilla/5.0 (iPhone; CPU iPhone OS 13_2_3 like Mac OS X) AppleWebKit/605.1.15 (KHTML, like Gecko) Version/13.0.3 Mobile/15E148 Safari/604.1"
176.223.190.124 - - [28/Aug/2026:01:31:21 +0330] "GET /_next/image?url=https%3A%2F%2Fpanel.charsooq.com%2Fstorage%2F01HXCRS1RYQP8A8M3XSY1M37KW.webp&w=1200&q=75 HTTP/2.0" 200 26638 "https://charsooq.com/articles/Best-Way-buy-from-amazon" "Mozilla/5.0 (iPhone; CPU iPhone OS 13_2_3 like Mac OS X) AppleWebKit/605.1.15 (KHTML, like Gecko) Version/13.0.3 Mobile/15E148 Safari/604.1"
176.223.190.124 - - [28/Aug/2026:01:31:21 +0330] "GET /_next/static/css/91447b978d7716af.css HTTP/2.0" 200 20418 "https://charsooq.com/articles/Best-Way-buy-from-amazon" "Mozilla/5.0 (iPhone; CPU iPhone OS 13_2_3 like Mac OS X) AppleWebKit/605.1.15 (KHTML, like Gecko) Version/13.0.3 Mobile/15E148 Safari/604.1"
192.144.88.97 - - [28/Aug/2026:01:31:21 +0330] "GET /_next/static/chunks/webpack-f27042854bafc0d3.js HTTP/2.0" 200 2127 "https://charsooq.com/articles/Best-Way-buy-from-amazon" "Mozilla/5.0 (iPhone; CPU iPhone OS 13_2_3 like Mac OS X) AppleWebKit/605.1.15 (KHTML, like Gecko) Version/13.0.3 Mobile/15E148 Safari/604.1"
192.144.88.97 - - [28/Aug/2026:01:31:21 +0330] "GET /_next/static/chunks/2972-d7980624b2014943.js HTTP/2.0" 200 8732 "https://charsooq.com/articles/Best-Way-buy-from-amazon" "Mozilla/5.0 (iPhone; CPU iPhone OS 13_2_3 like Mac OS X) AppleWebKit/605.1.15 (KHTML, like Gecko) Version/13.0.3 Mobile/15E148 Safari/604.1"
192.144.88.97 - - [28/Aug/2026:01:31:21 +0330] "GET /_next/static/chunks/2117-828e02dc1643a950.js HTTP/2.0" 200 32001 "https://charsooq.com/articles/Best-Way-buy-from-amazon" "Mozilla/5.0 (iPhone; CPU iPhone OS 13_2_3 like Mac OS X) AppleWebKit/605.1.15 (KHTML, like Gecko) Version/13.0.3 Mobile/15E148 Safari/604.1"
192.144.88.97 - - [28/Aug/2026:01:31:21 +0330] "GET /_next/static/chunks/fd9d1056-9ff99acbd7fb9fe8.js HTTP/2.0" 200 53744 "https://charsooq.com/articles/Best-Way-buy-from-amazon" "Mozilla/5.0 (iPhone; CPU iPhone OS 13_2_3 like Mac OS X) AppleWebKit/605.1.15 (KHTML, like Gecko) Version/13.0.3 Mobile/15E148 Safari/604.1"
127.0.0.1 - - [28/Aug/2026:01:31:21 +0330] "GET /api/v1/article-most-view?count=3 HTTP/1.1" 301 169 "-" "node"
127.0.0.1 - - [28/Aug/2026:01:31:21 +0330] "GET /api/v1/article-future?count=4 HTTP/1.1" 301 169 "-" "node"
127.0.0.1 - - [28/Aug/2026:01:31:21 +0330] "GET /api/v1/articles?count=8&page=1 HTTP/1.1" 301 169 "-" "node"
192.144.88.97 - - [28/Aug/2026:01:31:21 +0330] "GET /_next/static/chunks/main-app-9964935a240c0d39.js HTTP/2.0" 200 471 "https://charsooq.com/articles/Best-Way-buy-from-amazon" "Mozilla/5.0 (iPhone; CPU iPhone OS 13_2_3 like Mac OS X) AppleWebKit/605.1.15 (KHTML, like Gecko) Version/13.0.3 Mobile/15E148 Safari/604.1"
192.144.88.97 - - [28/Aug/2026:01:31:21 +0330] "GET /_next/static/chunks/app/articles/%5Bslug%5D/not-found-a2aec68dc87351df.js HTTP/2.0" 200 284 "https://charsooq.com/articles/Best-Way-buy-from-amazon" "Mozilla/5.0 (iPhone; CPU iPhone OS 13_2_3 like Mac OS X) AppleWebKit/605.1.15 (KHTML, like Gecko) Version/13.0.3 Mobile/15E148 Safari/604.1"
103.240.165.220 - - [28/Aug/2026:01:31:21 +0330] "GET /?_rsc=wlmmc HTTP/2.0" 200 13562 "https://charsooq.com/articles/Best-Way-buy-from-amazon" "Mozilla/5.0 (iPhone; CPU iPhone OS 13_2_3 like Mac OS X) AppleWebKit/605.1.15 (KHTML, like Gecko) Version/13.0.3 Mobile/15E148 Safari/604.1"
127.0.0.1 - - [28/Aug/2026:01:31:21 +0330] "GET /api/v1/article-most-view?count=3 HTTP/1.1" 404 325 "-" "node"
127.0.0.1 - - [28/Aug/2026:01:31:21 +0330] "GET /api/v1/article-future?count=4 HTTP/1.1" 404 325 "-" "node"
127.0.0.1 - - [28/Aug/2026:01:31:21 +0330] "GET /api/v1/articles?count=8&page=1 HTTP/1.1" 404 325 "-" "node"
103.240.165.220 - - [28/Aug/2026:01:31:21 +0330] "GET /articles?_rsc=wlmmc HTTP/2.0" 200 2808 "https://charsooq.com/articles/Best-Way-buy-from-amazon" "Mozilla/5.0 (iPhone; CPU iPhone OS 13_2_3 like Mac OS X) AppleWebKit/605.1.15 (KHTML, like Gecko) Version/13.0.3 Mobile/15E148 Safari/604.1"
192.144.88.97 - - [28/Aug/2026:01:31:21 +0330] "GET /_next/static/chunks/1580-575957d688ae25ac.js HTTP/2.0" 200 12089 "https://charsooq.com/articles/Best-Way-buy-from-amazon" "Mozilla/5.0 (iPhone; CPU iPhone OS 13_2_3 like Mac OS X) AppleWebKit/605.1.15 (KHTML, like Gecko) Version/13.0.3 Mobile/15E148 Safari/604.1"
192.144.88.97 - - [28/Aug/2026:01:31:22 +0330] "GET /_next/static/chunks/4438-ac5ce0d4a5fd9e15.js HTTP/2.0" 200 8260 "https://charsooq.com/articles/Best-Way-buy-from-amazon" "Mozilla/5.0 (iPhone; CPU iPhone OS 13_2_3 like Mac OS X) AppleWebKit/605.1.15 (KHTML, like Gecko) Version/13.0.3 Mobile/15E148 Safari/604.1"
103.74.132.156 - - [28/Aug/2026:01:31:22 +0330] "GET /storage/uploads/Gx7CdnSveXtlcIqNgcsg2Rf5ZIGFR0uy4jMeDnGJ.webp HTTP/2.0" 206 500 "https://charsooq.com/" "Mozilla/5.0 (iPhone; CPU iPhone OS 13_2_3 like Mac OS X) AppleWebKit/605.1.15 (KHTML, like Gecko) Version/13.0.3 Mobile/15E148 Safari/604.1"
103.74.132.156 - - [28/Aug/2026:01:31:22 +0330] "GET /storage/uploads/mDTo6A0UQ0RBNRiSVpr5g770z350WDiJnYJ4ssD4.webp HTTP/2.0" 206 500 "https://charsooq.com/" "Mozilla/5.0 (iPhone; CPU iPhone OS 13_2_3 like Mac OS X) AppleWebKit/605.1.15 (KHTML, like Gecko) Version/13.0.3 Mobile/15E148 Safari/604.1"
127.0.0.1 - - [28/Aug/2026:01:31:22 +0330] "GET /api/v1/categories-amazon HTTP/1.1" 404 325 "-" "node"
176.223.190.124 - - [28/Aug/2026:01:31:22 +0330] "GET /assets/images/icons/instagram1.png HTTP/2.0" 206 500 "https://charsooq.com/articles/Best-Way-buy-from-amazon" "Mozilla/5.0 (iPhone; CPU iPhone OS 13_2_3 like Mac OS X) AppleWebKit/605.1.15 (KHTML, like Gecko) Version/13.0.3 Mobile/15E148 Safari/604.1"
192.144.88.97 - - [28/Aug/2026:01:31:22 +0330] "GET /_next/static/chunks/6137-97a90ba21cd4a885.js HTTP/2.0" 200 6706 "https://charsooq.com/articles/Best-Way-buy-from-amazon" "Mozilla/5.0 (iPhone; CPU iPhone OS 13_2_3 like Mac OS X) AppleWebKit/605.1.15 (KHTML, like Gecko) Version/13.0.3 Mobile/15E148 Safari/604.1"
127.0.0.1 - - [28/Aug/2026:01:31:22 +0330] "GET /api/v1/categories-amazon HTTP/1.1" 404 325 "-" "node"
192.144.88.97 - - [28/Aug/2026:01:31:22 +0330] "GET /_next/static/chunks/3462-b3fd13ed1d4f90e2.js HTTP/2.0" 200 1833 "https://charsooq.com/articles/Best-Way-buy-from-amazon" "Mozilla/5.0 (iPhone; CPU iPhone OS 13_2_3 like Mac OS X) AppleWebKit/605.1.15 (KHTML, like Gecko) Version/13.0.3 Mobile/15E148 Safari/604.1"
192.144.88.97 - - [28/Aug/2026:01:31:22 +0330] "GET /_next/static/chunks/3013-a9939c72e4a38977.js HTTP/2.0" 200 6860 "https://charsooq.com/articles/Best-Way-buy-from-amazon" "Mozilla/5.0 (iPhone; CPU iPhone OS 13_2_3 like Mac OS X) AppleWebKit/605.1.15 (KHTML, like Gecko) Version/13.0.3 Mobile/15E148 Safari/604.1"
192.144.88.97 - - [28/Aug/2026:01:31:22 +0330] "GET /_next/static/chunks/5878-8c4517462d65e9a5.js HTTP/2.0" 200 5170 "https://charsooq.com/articles/Best-Way-buy-from-amazon" "Mozilla/5.0 (iPhone; CPU iPhone OS 13_2_3 like Mac OS X) AppleWebKit/605.1.15 (KHTML, like Gecko) Version/13.0.3 Mobile/15E148 Safari/604.1"
192.144.88.97 - - [28/Aug/2026:01:31:22 +0330] "GET /_next/static/chunks/6818-72710ec856a66515.js HTTP/2.0" 200 2700 "https://charsooq.com/articles/Best-Way-buy-from-amazon" "Mozilla/5.0 (iPhone; CPU iPhone OS 13_2_3 like Mac OS X) AppleWebKit/605.1.15 (KHTML, like Gecko) Version/13.0.3 Mobile/15E148 Safari/604.1"
201.182.161.136 - - [28/Aug/2026:01:31:22 +0330] "GET /articles/Best-Way-buy-from-amazon HTTP/2.0" 200 98458 "-" "Mozilla/5.0 (iPhone; CPU iPhone OS 13_2_3 like Mac OS X) AppleWebKit/605.1.15 (KHTML, like Gecko) Version/13.0.3 Mobile/15E148 Safari/604.1"
176.223.190.124 - - [28/Aug/2026:01:31:22 +0330] "GET /assets/images/icons/telegram.png HTTP/2.0" 206 500 "https://charsooq.com/articles/Best-Way-buy-from-amazon" "Mozilla/5.0 (iPhone; CPU iPhone OS 13_2_3 like Mac OS X) AppleWebKit/605.1.15 (KHTML, like Gecko) Version/13.0.3 Mobile/15E148 Safari/604.1"
176.223.190.124 - - [28/Aug/2026:01:31:22 +0330] "GET /assets/images/icons/whatsapp.png HTTP/2.0" 206 500 "https://charsooq.com/articles/Best-Way-buy-from-amazon" "Mozilla/5.0 (iPhone; CPU iPhone OS 13_2_3 like Mac OS X) AppleWebKit/605.1.15 (KHTML, like Gecko) Version/13.0.3 Mobile/15E148 Safari/604.1"
176.223.190.124 - - [28/Aug/2026:01:31:22 +0330] "GET /_next/static/chunks/webpack-f27042854bafc0d3.js HTTP/2.0" 200 2127 "https://charsooq.com/articles/Best-Way-buy-from-amazon" "Mozilla/5.0 (iPhone; CPU iPhone OS 13_2_3 like Mac OS X) AppleWebKit/605.1.15 (KHTML, like Gecko) Version/13.0.3 Mobile/15E148 Safari/604.1"
192.144.88.97 - - [28/Aug/2026:01:31:22 +0330] "GET /_next/static/chunks/8003-81602ee8b36ef204.js HTTP/2.0" 200 2418 "https://charsooq.com/articles/Best-Way-buy-from-amazon" "Mozilla/5.0 (iPhone; CPU iPhone OS 13_2_3 like Mac OS X) AppleWebKit/605.1.15 (KHTML, like Gecko) Version/13.0.3 Mobile/15E148 Safari/604.1"
192.144.88.97 - - [28/Aug/2026:01:31:22 +0330] "GET /_next/static/chunks/1493-5bf6477734a442f1.js HTTP/2.0" 200 3468 "https://charsooq.com/articles/Best-Way-buy-from-amazon" "Mozilla/5.0 (iPhone; CPU iPhone OS 13_2_3 like Mac OS X) AppleWebKit/605.1.15 (KHTML, like Gecko) Version/13.0.3 Mobile/15E148 Safari/604.1"
192.144.88.97 - - [28/Aug/2026:01:31:22 +0330] "GET /_next/static/chunks/9227-c2a8061d3143118a.js HTTP/2.0" 200 2320 "https://charsooq.com/articles/Best-Way-buy-from-amazon" "Mozilla/5.0 (iPhone; CPU iPhone OS 13_2_3 like Mac OS X) AppleWebKit/605.1.15 (KHTML, like Gecko) Version/13.0.3 Mobile/15E148 Safari/604.1"
192.144.88.97 - - [28/Aug/2026:01:31:22 +0330] "GET /_next/static/chunks/app/articles/%5Bslug%5D/page-eab29444fd759c7a.js HTTP/2.0" 200 6410 "https://charsooq.com/articles/Best-Way-buy-from-amazon" "Mozilla/5.0 (iPhone; CPU iPhone OS 13_2_3 like Mac OS X) AppleWebKit/605.1.15 (KHTML, like Gecko) Version/13.0.3 Mobile/15E148 Safari/604.1"
201.149.104.95 - - [28/Aug/2026:01:31:22 +0330] "GET /articles/Best-Way-buy-from-amazon HTTP/2.0" 200 98458 "-" "Mozilla/5.0 (Windows NT 10.0; Win64; x64) AppleWebKit/537.36 (KHTML, like Gecko) Chrome/142.0.0.0 Safari/537.36"
192.144.88.97 - - [28/Aug/2026:01:31:22 +0330] "GET /_next/static/chunks/8230-1cded471f36e4c61.js HTTP/2.0" 200 5411 "https://charsooq.com/articles/Best-Way-buy-from-amazon" "Mozilla/5.0 (iPhone; CPU iPhone OS 13_2_3 like Mac OS X) AppleWebKit/605.1.15 (KHTML, like Gecko) Version/13.0.3 Mobile/15E148 Safari/604.1"
192.144.88.97 - - [28/Aug/2026:01:31:22 +0330] "GET /_next/static/chunks/9064-bc53da8ff6805f5a.js HTTP/2.0" 200 4703 "https://charsooq.com/articles/Best-Way-buy-from-amazon" "Mozilla/5.0 (iPhone; CPU iPhone OS 13_2_3 like Mac OS X) AppleWebKit/605.1.15 (KHTML, like Gecko) Version/13.0.3 Mobile/15E148 Safari/604.1"
192.144.88.97 - - [28/Aug/2026:01:31:22 +0330] "GET /_next/static/chunks/3134-367eb482f3be54c2.js HTTP/2.0" 200 2334 "https://charsooq.com/articles/Best-Way-buy-from-amazon" "Mozilla/5.0 (iPhone; CPU iPhone OS 13_2_3 like Mac OS X) AppleWebKit/605.1.15 (KHTML, like Gecko) Version/13.0.3 Mobile/15E148 Safari/604.1"
192.144.88.97 - - [28/Aug/2026:01:31:22 +0330] "GET /_next/static/chunks/4216-78fe3424349836f6.js HTTP/2.0" 200 7011 "https://charsooq.com/articles/Best-Way-buy-from-amazon" "Mozilla/5.0 (iPhone; CPU iPhone OS 13_2_3 like Mac OS X) AppleWebKit/605.1.15 (KHTML, like Gecko) Version/13.0.3 Mobile/15E148 Safari/604.1"
176.223.190.124 - - [28/Aug/2026:01:31:22 +0330] "GET /_next/static/chunks/2117-828e02dc1643a950.js HTTP/2.0" 200 32001 "https://charsooq.com/articles/Best-Way-buy-from-amazon" "Mozilla/5.0 (iPhone; CPU iPhone OS 13_2_3 like Mac OS X) AppleWebKit/605.1.15 (KHTML, like Gecko) Version/13.0.3 Mobile/15E148 Safari/604.1"
176.223.190.124 - - [28/Aug/2026:01:31:22 +0330] "GET /_next/static/chunks/fd9d1056-9ff99acbd7fb9fe8.js HTTP/2.0" 200 53744 "https://charsooq.com/articles/Best-Way-buy-from-amazon" "Mozilla/5.0 (iPhone; CPU iPhone OS 13_2_3 like Mac OS X) AppleWebKit/605.1.15 (KHTML, like Gecko) Version/13.0.3 Mobile/15E148 Safari/604.1"
192.144.88.97 - - [28/Aug/2026:01:31:22 +0330] "GET /_next/static/chunks/9470-129db663fb54ce77.js HTTP/2.0" 200 3092 "https://charsooq.com/articles/Best-Way-buy-from-amazon" "Mozilla/5.0 (iPhone; CPU iPhone OS 13_2_3 like Mac OS X) AppleWebKit/605.1.15 (KHTML, like Gecko) Version/13.0.3 Mobile/15E148 Safari/604.1"
192.144.88.97 - - [28/Aug/2026:01:31:22 +0330] "GET /_next/static/chunks/84-b6c070b37c66d77f.js HTTP/2.0" 200 2597 "https://charsooq.com/articles/Best-Way-buy-from-amazon" "Mozilla/5.0 (iPhone; CPU iPhone OS 13_2_3 like Mac OS X) AppleWebKit/605.1.15 (KHTML, like Gecko) Version/13.0.3 Mobile/15E148 Safari/604.1"
192.144.88.97 - - [28/Aug/2026:01:31:22 +0330] "GET /_next/static/chunks/8472-05374d6b6d91921f.js HTTP/2.0" 200 9473 "https://charsooq.com/articles/Best-Way-buy-from-amazon" "Mozilla/5.0 (iPhone; CPU iPhone OS 13_2_3 like Mac OS X) AppleWebKit/605.1.15 (KHTML, like Gecko) Version/13.0.3 Mobile/15E148 Safari/604.1"
45.10.194.2 - - [28/Aug/2026:01:31:22 +0330] "GET /?_rsc=wlmmc HTTP/2.0" 200 13562 "https://charsooq.com/articles/Best-Way-buy-from-amazon" "Mozilla/5.0 (iPhone; CPU iPhone OS 13_2_3 like Mac OS X) AppleWebKit/605.1.15 (KHTML, like Gecko) Version/13.0.3 Mobile/15E148 Safari/604.1"
127.0.0.1 - - [28/Aug/2026:01:31:22 +0330] "GET /api/v1/article-most-view?count=3 HTTP/1.1" 301 169 "-" "node"
127.0.0.1 - - [28/Aug/2026:01:31:22 +0330] "GET /api/v1/article-future?count=4 HTTP/1.1" 301 169 "-" "node"
155.94.200.76 - - [28/Aug/2026:01:31:22 +0330] "GET /storage/uploads/f3JE5BetcKhdeINRORM51AT0JQkGSKhy3xTXxgEA.webp HTTP/2.0" 206 500 "https://charsooq.com/" "Mozilla/5.0 (iPhone; CPU iPhone OS 13_2_3 like Mac OS X) AppleWebKit/605.1.15 (KHTML, like Gecko) Version/13.0.3 Mobile/15E148 Safari/604.1"
155.94.200.76 - - [28/Aug/2026:01:31:22 +0330] "GET /storage/uploads/mDTo6A0UQ0RBNRiSVpr5g770z350WDiJnYJ4ssD4.webp HTTP/2.0" 206 500 "https://charsooq.com/" "Mozilla/5.0 (iPhone; CPU iPhone OS 13_2_3 like Mac OS X) AppleWebKit/605.1.15 (KHTML, like Gecko) Version/13.0.3 Mobile/15E148 Safari/604.1"
155.94.200.76 - - [28/Aug/2026:01:31:22 +0330] "GET /storage/uploads/Gx7CdnSveXtlcIqNgcsg2Rf5ZIGFR0uy4jMeDnGJ.webp HTTP/2.0" 206 500 "https://charsooq.com/" "Mozilla/5.0 (iPhone; CPU iPhone OS 13_2_3 like Mac OS X) AppleWebKit/605.1.15 (KHTML, like Gecko) Version/13.0.3 Mobile/15E148 Safari/604.1"
155.94.200.76 - - [28/Aug/2026:01:31:22 +0330] "GET /storage/uploads/htTRkJaS8xp1pGKwgkUQOIgOfO98xYQxmpIA9aBd.webp HTTP/2.0" 206 500 "https://charsooq.com/" "Mozilla/5.0 (iPhone; CPU iPhone OS 13_2_3 like Mac OS X) AppleWebKit/605.1.15 (KHTML, like Gecko) Version/13.0.3 Mobile/15E148 Safari/604.1"
127.0.0.1 - - [28/Aug/2026:01:31:22 +0330] "GET /api/v1/articles?count=8&page=1 HTTP/1.1" 301 169 "-" "node"
192.144.88.97 - - [28/Aug/2026:01:31:22 +0330] "GET /_next/static/chunks/873-fa2a34145b7f655b.js HTTP/2.0" 200 64908 "https://charsooq.com/articles/Best-Way-buy-from-amazon" "Mozilla/5.0 (iPhone; CPU iPhone OS 13_2_3 like Mac OS X) AppleWebKit/605.1.15 (KHTML, like Gecko) Version/13.0.3 Mobile/15E148 Safari/604.1"
127.0.0.1 - - [28/Aug/2026:01:31:22 +0330] "GET /api/v1/article-future?count=4 HTTP/1.1" 404 325 "-" "node"
127.0.0.1 - - [28/Aug/2026:01:31:22 +0330] "GET /api/v1/articles?count=8&page=1 HTTP/1.1" 404 325 "-" "node"
127.0.0.1 - - [28/Aug/2026:01:31:22 +0330] "GET /api/v1/article-most-view?count=3 HTTP/1.1" 404 325 "-" "node"
45.10.194.2 - - [28/Aug/2026:01:31:22 +0330] "GET /articles?_rsc=wlmmc HTTP/2.0" 200 2887 "https://charsooq.com/articles/Best-Way-buy-from-amazon" "Mozilla/5.0 (iPhone; CPU iPhone OS 13_2_3 like Mac OS X) AppleWebKit/605.1.15 (KHTML, like Gecko) Version/13.0.3 Mobile/15E148 Safari/604.1"
192.144.88.97 - - [28/Aug/2026:01:31:23 +0330] "GET /_next/static/chunks/app/error-094d5bcef522249f.js HTTP/2.0" 200 673 "https://charsooq.com/articles/Best-Way-buy-from-amazon" "Mozilla/5.0 (iPhone; CPU iPhone OS 13_2_3 like Mac OS X) AppleWebKit/605.1.15 (KHTML, like Gecko) Version/13.0.3 Mobile/15E148 Safari/604.1"
192.144.88.97 - - [28/Aug/2026:01:31:23 +0330] "GET /_next/static/chunks/app/layout-cb550aa8118c7c2c.js HTTP/2.0" 200 11535 "https://charsooq.com/articles/Best-Way-buy-from-amazon" "Mozilla/5.0 (iPhone; CPU iPhone OS 13_2_3 like Mac OS X) AppleWebKit/605.1.15 (KHTML, like Gecko) Version/13.0.3 Mobile/15E148 Safari/604.1"
103.74.132.156 - - [28/Aug/2026:01:31:23 +0330] "GET /storage/uploads/pdxcddaA88OobWNOrSVFhqtSADjPBhZ239KOCNJ5.webp HTTP/2.0" 206 500 "https://charsooq.com/" "Mozilla/5.0 (iPhone; CPU iPhone OS 13_2_3 like Mac OS X) AppleWebKit/605.1.15 (KHTML, like Gecko) Version/13.0.3 Mobile/15E148 Safari/604.1"
103.74.132.156 - - [28/Aug/2026:01:31:23 +0330] "GET /storage/uploads/LHDV1p7C9Y6JgVXjvKGBwt8PHrZQqAmw3veRsNFi.webp HTTP/2.0" 206 500 "https://charsooq.com/" "Mozilla/5.0 (iPhone; CPU iPhone OS 13_2_3 like Mac OS X) AppleWebKit/605.1.15 (KHTML, like Gecko) Version/13.0.3 Mobile/15E148 Safari/604.1"
176.223.190.124 - - [28/Aug/2026:01:31:23 +0330] "GET /_next/static/chunks/main-app-9964935a240c0d39.js HTTP/2.0" 200 471 "https://charsooq.com/articles/Best-Way-buy-from-amazon" "Mozilla/5.0 (iPhone; CPU iPhone OS 13_2_3 like Mac OS X) AppleWebKit/605.1.15 (KHTML, like Gecko) Version/13.0.3 Mobile/15E148 Safari/604.1"
103.74.132.156 - - [28/Aug/2026:01:31:23 +0330] "GET /storage/uploads/QWm4GJpuyxHggY2tniWpJppw0GglJqs2xDjhOr0K.webp HTTP/2.0" 206 500 "https://charsooq.com/" "Mozilla/5.0 (iPhone; CPU iPhone OS 13_2_3 like Mac OS X) AppleWebKit/605.1.15 (KHTML, like Gecko) Version/13.0.3 Mobile/15E148 Safari/604.1"
103.74.132.156 - - [28/Aug/2026:01:31:23 +0330] "GET /storage/uploads/Q9xquWJAxh36fx1lWmTIsRwlj1bXOW07Sz6PxLat.webp HTTP/2.0" 206 500 "https://charsooq.com/" "Mozilla/5.0 (iPhone; CPU iPhone OS 13_2_3 like Mac OS X) AppleWebKit/605.1.15 (KHTML, like Gecko) Version/13.0.3 Mobile/15E148 Safari/604.1"
103.74.132.156 - - [28/Aug/2026:01:31:23 +0330] "GET /storage/uploads/OMpWQscGvwuGK5LuCdnnP74NudOTLp6F8EVznCLA.webp HTTP/2.0" 206 500 "https://charsooq.com/" "Mozilla/5.0 (iPhone; CPU iPhone OS 13_2_3 like Mac OS X) AppleWebKit/605.1.15 (KHTML, like Gecko) Version/13.0.3 Mobile/15E148 Safari/604.1"
176.223.190.124 - - [28/Aug/2026:01:31:23 +0330] "GET /_next/static/chunks/app/articles/%5Bslug%5D/not-found-a2aec68dc87351df.js HTTP/2.0" 200 284 "https://charsooq.com/articles/Best-Way-buy-from-amazon" "Mozilla/5.0 (iPhone; CPU iPhone OS 13_2_3 like Mac OS X) AppleWebKit/605.1.15 (KHTML, like Gecko) Version/13.0.3 Mobile/15E148 Safari/604.1"
176.223.190.124 - - [28/Aug/2026:01:31:23 +0330] "GET /_next/static/chunks/2972-d7980624b2014943.js HTTP/2.0" 200 8732 "https://charsooq.com/articles/Best-Way-buy-from-amazon" "Mozilla/5.0 (iPhone; CPU iPhone OS 13_2_3 like Mac OS X) AppleWebKit/605.1.15 (KHTML, like Gecko) Version/13.0.3 Mobile/15E148 Safari/604.1"
176.223.190.124 - - [28/Aug/2026:01:31:23 +0330] "GET /_next/static/chunks/1580-575957d688ae25ac.js HTTP/2.0" 200 12089 "https://charsooq.com/articles/Best-Way-buy-from-amazon" "Mozilla/5.0 (iPhone; CPU iPhone OS 13_2_3 like Mac OS X) AppleWebKit/605.1.15 (KHTML, like Gecko) Version/13.0.3 Mobile/15E148 Safari/604.1"
176.223.190.124 - - [28/Aug/2026:01:31:23 +0330] "GET /_next/static/chunks/4438-ac5ce0d4a5fd9e15.js HTTP/2.0" 200 8260 "https://charsooq.com/articles/Best-Way-buy-from-amazon" "Mozilla/5.0 (iPhone; CPU iPhone OS 13_2_3 like Mac OS X) AppleWebKit/605.1.15 (KHTML, like Gecko) Version/13.0.3 Mobile/15E148 Safari/604.1"
176.223.190.124 - - [28/Aug/2026:01:31:23 +0330] "GET /_next/static/chunks/3013-a9939c72e4a38977.js HTTP/2.0" 200 6860 "https://charsooq.com/articles/Best-Way-buy-from-amazon" "Mozilla/5.0 (iPhone; CPU iPhone OS 13_2_3 like Mac OS X) AppleWebKit/605.1.15 (KHTML, like Gecko) Version/13.0.3 Mobile/15E148 Safari/604.1"
176.223.190.124 - - [28/Aug/2026:01:31:23 +0330] "GET /_next/static/chunks/6137-97a90ba21cd4a885.js HTTP/2.0" 200 6706 "https://charsooq.com/articles/Best-Way-buy-from-amazon" "Mozilla/5.0 (iPhone; CPU iPhone OS 13_2_3 like Mac OS X) AppleWebKit/605.1.15 (KHTML, like Gecko) Version/13.0.3 Mobile/15E148 Safari/604.1"
176.223.190.124 - - [28/Aug/2026:01:31:23 +0330] "GET /_next/static/chunks/3462-b3fd13ed1d4f90e2.js HTTP/2.0" 200 1833 "https://charsooq.com/articles/Best-Way-buy-from-amazon" "Mozilla/5.0 (iPhone; CPU iPhone OS 13_2_3 like Mac OS X) AppleWebKit/605.1.15 (KHTML, like Gecko) Version/13.0.3 Mobile/15E148 Safari/604.1"
103.74.132.156 - - [28/Aug/2026:01:31:23 +0330] "GET /storage/uploads/gB8Ex0zS0AwH1B7xxp7i1kneY77LiTtGbcBCAsOX.webp HTTP/2.0" 206 500 "https://charsooq.com/" "Mozilla/5.0 (iPhone; CPU iPhone OS 13_2_3 like Mac OS X) AppleWebKit/605.1.15 (KHTML, like Gecko) Version/13.0.3 Mobile/15E148 Safari/604.1"
192.144.88.97 - - [28/Aug/2026:01:31:23 +0330] "GET /_next/static/chunks/1495.b45bb862bd3e18ec.js HTTP/2.0" 200 779 "https://charsooq.com/articles/Best-Way-buy-from-amazon" "Mozilla/5.0 (iPhone; CPU iPhone OS 13_2_3 like Mac OS X) AppleWebKit/605.1.15 (KHTML, like Gecko) Version/13.0.3 Mobile/15E148 Safari/604.1"
192.144.88.97 - - [28/Aug/2026:01:31:23 +0330] "GET /_next/static/chunks/415.9bf722adfc74e289.js HTTP/2.0" 200 8742 "https://charsooq.com/articles/Best-Way-buy-from-amazon" "Mozilla/5.0 (iPhone; CPU iPhone OS 13_2_3 like Mac OS X) AppleWebKit/605.1.15 (KHTML, like Gecko) Version/13.0.3 Mobile/15E148 Safari/604.1"
176.223.190.124 - - [28/Aug/2026:01:31:23 +0330] "GET /_next/static/chunks/5878-8c4517462d65e9a5.js HTTP/2.0" 200 5170 "https://charsooq.com/articles/Best-Way-buy-from-amazon" "Mozilla/5.0 (iPhone; CPU iPhone OS 13_2_3 like Mac OS X) AppleWebKit/605.1.15 (KHTML, like Gecko) Version/13.0.3 Mobile/15E148 Safari/604.1"
127.0.0.1 - - [28/Aug/2026:01:31:23 +0330] "GET /api/v1/article-most-view?count=3 HTTP/1.1" 301 169 "-" "node"
127.0.0.1 - - [28/Aug/2026:01:31:23 +0330] "GET /api/v1/article-future?count=4 HTTP/1.1" 301 169 "-" "node"
127.0.0.1 - - [28/Aug/2026:01:31:23 +0330] "GET /api/v1/articles?count=8&page=1 HTTP/1.1" 301 169 "-" "node"
192.144.88.97 - - [28/Aug/2026:01:31:23 +0330] "GET /checkout?_rsc=wlmmc HTTP/2.0" 200 1690 "https://charsooq.com/articles/Best-Way-buy-from-amazon" "Mozilla/5.0 (iPhone; CPU iPhone OS 13_2_3 like Mac OS X) AppleWebKit/605.1.15 (KHTML, like Gecko) Version/13.0.3 Mobile/15E148 Safari/604.1"
192.144.88.97 - - [28/Aug/2026:01:31:23 +0330] "GET /?_rsc=wlmmc HTTP/2.0" 200 13562 "https://charsooq.com/articles/Best-Way-buy-from-amazon" "Mozilla/5.0 (iPhone; CPU iPhone OS 13_2_3 like Mac OS X) AppleWebKit/605.1.15 (KHTML, like Gecko) Version/13.0.3 Mobile/15E148 Safari/604.1"
127.0.0.1 - - [28/Aug/2026:01:31:23 +0330] "GET /api/v1/articles?count=8&page=1 HTTP/1.1" 404 325 "-" "node"
127.0.0.1 - - [28/Aug/2026:01:31:23 +0330] "GET /api/v1/article-most-view?count=3 HTTP/1.1" 404 325 "-" "node"
127.0.0.1 - - [28/Aug/2026:01:31:23 +0330] "GET /api/v1/article-future?count=4 HTTP/1.1" 404 325 "-" "node"
192.144.88.97 - - [28/Aug/2026:01:31:23 +0330] "GET /articles?_rsc=wlmmc HTTP/2.0" 200 2796 "https://charsooq.com/articles/Best-Way-buy-from-amazon" "Mozilla/5.0 (iPhone; CPU iPhone OS 13_2_3 like Mac OS X) AppleWebKit/605.1.15 (KHTML, like Gecko) Version/13.0.3 Mobile/15E148 Safari/604.1"
176.223.190.124 - - [28/Aug/2026:01:31:23 +0330] "GET /_next/static/chunks/1493-5bf6477734a442f1.js HTTP/2.0" 200 3468 "https://charsooq.com/articles/Best-Way-buy-from-amazon" "Mozilla/5.0 (iPhone; CPU iPhone OS 13_2_3 like Mac OS X) AppleWebKit/605.1.15 (KHTML, like Gecko) Version/13.0.3 Mobile/15E148 Safari/604.1"
127.0.0.1 - - [28/Aug/2026:01:31:23 +0330] "GET /api/v1/article-most-view?count=3 HTTP/1.1" 301 169 "-" "node"
127.0.0.1 - - [28/Aug/2026:01:31:23 +0330] "GET /api/v1/article-future?count=4 HTTP/1.1" 301 169 "-" "node"
127.0.0.1 - - [28/Aug/2026:01:31:23 +0330] "GET /api/v1/articles?count=8&page=1 HTTP/1.1" 301 169 "-" "node"
128.242.235.113 - - [28/Aug/2026:01:31:23 +0330] "GET /_next/static/media/c7178acf770b8f1a-s.p.ttf HTTP/2.0" 200 35704 "https://charsooq.com/articles/Best-Way-buy-from-amazon" "Mozilla/5.0 (Windows NT 10.0; Win64; x64) AppleWebKit/537.36 (KHTML, like Gecko) Chrome/142.0.0.0 Safari/537.36"
176.223.190.124 - - [28/Aug/2026:01:31:23 +0330] "GET /_next/static/chunks/6818-72710ec856a66515.js HTTP/2.0" 200 2700 "https://charsooq.com/articles/Best-Way-buy-from-amazon" "Mozilla/5.0 (iPhone; CPU iPhone OS 13_2_3 like Mac OS X) AppleWebKit/605.1.15 (KHTML, like Gecko) Version/13.0.3 Mobile/15E148 Safari/604.1"
128.242.235.113 - - [28/Aug/2026:01:31:23 +0330] "GET /_next/static/media/d36c74da9a95e091-s.p.ttf HTTP/2.0" 200 35196 "https://charsooq.com/articles/Best-Way-buy-from-amazon" "Mozilla/5.0 (Windows NT 10.0; Win64; x64) AppleWebKit/537.36 (KHTML, like Gecko) Chrome/142.0.0.0 Safari/537.36"
176.223.190.124 - - [28/Aug/2026:01:31:23 +0330] "GET /_next/static/chunks/8003-81602ee8b36ef204.js HTTP/2.0" 200 2418 "https://charsooq.com/articles/Best-Way-buy-from-amazon" "Mozilla/5.0 (iPhone; CPU iPhone OS 13_2_3 like Mac OS X) AppleWebKit/605.1.15 (KHTML, like Gecko) Version/13.0.3 Mobile/15E148 Safari/604.1"
176.223.190.124 - - [28/Aug/2026:01:31:23 +0330] "GET /_next/static/chunks/8230-1cded471f36e4c61.js HTTP/2.0" 200 5411 "https://charsooq.com/articles/Best-Way-buy-from-amazon" "Mozilla/5.0 (iPhone; CPU iPhone OS 13_2_3 like Mac OS X) AppleWebKit/605.1.15 (KHTML, like Gecko) Version/13.0.3 Mobile/15E148 Safari/604.1"
176.223.190.124 - - [28/Aug/2026:01:31:23 +0330] "GET /_next/static/chunks/9227-c2a8061d3143118a.js HTTP/2.0" 200 2320 "https://charsooq.com/articles/Best-Way-buy-from-amazon" "Mozilla/5.0 (iPhone; CPU iPhone OS 13_2_3 like Mac OS X) AppleWebKit/605.1.15 (KHTML, like Gecko) Version/13.0.3 Mobile/15E148 Safari/604.1"
127.0.0.1 - - [28/Aug/2026:01:31:23 +0330] "GET /api/v1/article-most-view?count=3 HTTP/1.1" 404 325 "-" "node"
176.223.190.124 - - [28/Aug/2026:01:31:23 +0330] "GET /_next/static/chunks/app/articles/%5Bslug%5D/page-eab29444fd759c7a.js HTTP/2.0" 200 6410 "https://charsooq.com/articles/Best-Way-buy-from-amazon" "Mozilla/5.0 (iPhone; CPU iPhone OS 13_2_3 like Mac OS X) AppleWebKit/605.1.15 (KHTML, like Gecko) Version/13.0.3 Mobile/15E148 Safari/604.1"
176.223.190.124 - - [28/Aug/2026:01:31:23 +0330] "GET /_next/static/chunks/9064-bc53da8ff6805f5a.js HTTP/2.0" 200 4703 "https://charsooq.com/articles/Best-Way-buy-from-amazon" "Mozilla/5.0 (iPhone; CPU iPhone OS 13_2_3 like Mac OS X) AppleWebKit/605.1.15 (KHTML, like Gecko) Version/13.0.3 Mobile/15E148 Safari/604.1"
127.0.0.1 - - [28/Aug/2026:01:31:23 +0330] "GET /api/v1/article-future?count=4 HTTP/1.1" 404 325 "-" "node"
127.0.0.1 - - [28/Aug/2026:01:31:23 +0330] "GET /api/v1/articles?count=8&page=1 HTTP/1.1" 404 325 "-" "node"
176.223.190.124 - - [28/Aug/2026:01:31:23 +0330] "GET /_next/static/chunks/4216-78fe3424349836f6.js HTTP/2.0" 200 7011 "https://charsooq.com/articles/Best-Way-buy-from-amazon" "Mozilla/5.0 (iPhone; CPU iPhone OS 13_2_3 like Mac OS X) AppleWebKit/605.1.15 (KHTML, like Gecko) Version/13.0.3 Mobile/15E148 Safari/604.1"
128.242.235.113 - - [28/Aug/2026:01:31:23 +0330] "GET /?_rsc=wlmmc HTTP/2.0" 200 13562 "https://charsooq.com/articles/Best-Way-buy-from-amazon" "Mozilla/5.0 (Windows NT 10.0; Win64; x64) AppleWebKit/537.36 (KHTML, like Gecko) Chrome/142.0.0.0 Safari/537.36"
128.242.235.113 - - [28/Aug/2026:01:31:23 +0330] "GET /articles?_rsc=wlmmc HTTP/2.0" 200 2887 "https://charsooq.com/articles/Best-Way-buy-from-amazon" "Mozilla/5.0 (Windows NT 10.0; Win64; x64) AppleWebKit/537.36 (KHTML, like Gecko) Chrome/142.0.0.0 Safari/537.36"
192.144.88.97 - - [28/Aug/2026:01:31:23 +0330] "GET /_next/static/chunks/4922.b90b86ef20984235.js HTTP/2.0" 200 425 "https://charsooq.com/articles/Best-Way-buy-from-amazon" "Mozilla/5.0 (iPhone; CPU iPhone OS 13_2_3 like Mac OS X) AppleWebKit/605.1.15 (KHTML, like Gecko) Version/13.0.3 Mobile/15E148 Safari/604.1"
192.144.88.97 - - [28/Aug/2026:01:31:23 +0330] "GET /_next/static/chunks/app/articles/page-324f669561f38a6f.js HTTP/2.0" 200 5209 "https://charsooq.com/articles/Best-Way-buy-from-amazon" "Mozilla/5.0 (iPhone; CPU iPhone OS 13_2_3 like Mac OS X) AppleWebKit/605.1.15 (KHTML, like Gecko) Version/13.0.3 Mobile/15E148 Safari/604.1"
192.144.88.97 - - [28/Aug/2026:01:31:23 +0330] "GET /_next/static/chunks/5763-e3689baff1695fd1.js HTTP/2.0" 200 4387 "https://charsooq.com/articles/Best-Way-buy-from-amazon" "Mozilla/5.0 (iPhone; CPU iPhone OS 13_2_3 like Mac OS X) AppleWebKit/605.1.15 (KHTML, like Gecko) Version/13.0.3 Mobile/15E148 Safari/604.1"
192.144.88.97 - - [28/Aug/2026:01:31:23 +0330] "GET /_next/static/chunks/2034-b6ee9baf8082b7dc.js HTTP/2.0" 200 10926 "https://charsooq.com/articles/Best-Way-buy-from-amazon" "Mozilla/5.0 (iPhone; CPU iPhone OS 13_2_3 like Mac OS X) AppleWebKit/605.1.15 (KHTML, like Gecko) Version/13.0.3 Mobile/15E148 Safari/604.1"
192.144.88.97 - - [28/Aug/2026:01:31:23 +0330] "GET /_next/static/chunks/5605-342a49848bbf0c11.js HTTP/2.0" 200 6777 "https://charsooq.com/articles/Best-Way-buy-from-amazon" "Mozilla/5.0 (iPhone; CPU iPhone OS 13_2_3 like Mac OS X) AppleWebKit/605.1.15 (KHTML, like Gecko) Version/13.0.3 Mobile/15E148 Safari/604.1"
192.144.88.97 - - [28/Aug/2026:01:31:23 +0330] "GET /_next/static/chunks/app/checkout/layout-d7cf06d0dc8d6df6.js HTTP/2.0" 200 39421 "https://charsooq.com/articles/Best-Way-buy-from-amazon" "Mozilla/5.0 (iPhone; CPU iPhone OS 13_2_3 like Mac OS X) AppleWebKit/605.1.15 (KHTML, like Gecko) Version/13.0.3 Mobile/15E148 Safari/604.1"
176.223.190.124 - - [28/Aug/2026:01:31:23 +0330] "GET /_next/static/chunks/9470-129db663fb54ce77.js HTTP/2.0" 200 3092 "https://charsooq.com/articles/Best-Way-buy-from-amazon" "Mozilla/5.0 (iPhone; CPU iPhone OS 13_2_3 like Mac OS X) AppleWebKit/605.1.15 (KHTML, like Gecko) Version/13.0.3 Mobile/15E148 Safari/604.1"
176.223.190.124 - - [28/Aug/2026:01:31:24 +0330] "GET /_next/static/chunks/3134-367eb482f3be54c2.js HTTP/2.0" 200 2334 "https://charsooq.com/articles/Best-Way-buy-from-amazon" "Mozilla/5.0 (iPhone; CPU iPhone OS 13_2_3 like Mac OS X) AppleWebKit/605.1.15 (KHTML, like Gecko) Version/13.0.3 Mobile/15E148 Safari/604.1"
176.223.190.124 - - [28/Aug/2026:01:31:24 +0330] "GET /_next/static/chunks/8472-05374d6b6d91921f.js HTTP/2.0" 200 9473 "https://charsooq.com/articles/Best-Way-buy-from-amazon" "Mozilla/5.0 (iPhone; CPU iPhone OS 13_2_3 like Mac OS X) AppleWebKit/605.1.15 (KHTML, like Gecko) Version/13.0.3 Mobile/15E148 Safari/604.1"
176.223.190.124 - - [28/Aug/2026:01:31:24 +0330] "GET /_next/static/chunks/84-b6c070b37c66d77f.js HTTP/2.0" 200 2597 "https://charsooq.com/articles/Best-Way-buy-from-amazon" "Mozilla/5.0 (iPhone; CPU iPhone OS 13_2_3 like Mac OS X) AppleWebKit/605.1.15 (KHTML, like Gecko) Version/13.0.3 Mobile/15E148 Safari/604.1"
176.223.190.124 - - [28/Aug/2026:01:31:24 +0330] "GET /_next/static/chunks/873-fa2a34145b7f655b.js HTTP/2.0" 200 64908 "https://charsooq.com/articles/Best-Way-buy-from-amazon" "Mozilla/5.0 (iPhone; CPU iPhone OS 13_2_3 like Mac OS X) AppleWebKit/605.1.15 (KHTML, like Gecko) Version/13.0.3 Mobile/15E148 Safari/604.1"
176.223.190.124 - - [28/Aug/2026:01:31:24 +0330] "GET /_next/static/chunks/app/error-094d5bcef522249f.js HTTP/2.0" 200 673 "https://charsooq.com/articles/Best-Way-buy-from-amazon" "Mozilla/5.0 (iPhone; CPU iPhone OS 13_2_3 like Mac OS X) AppleWebKit/605.1.15 (KHTML, like Gecko) Version/13.0.3 Mobile/15E148 Safari/604.1"
176.223.190.124 - - [28/Aug/2026:01:31:24 +0330] "GET /_next/static/chunks/app/layout-cb550aa8118c7c2c.js HTTP/2.0" 200 11535 "https://charsooq.com/articles/Best-Way-buy-from-amazon" "Mozilla/5.0 (iPhone; CPU iPhone OS 13_2_3 like Mac OS X) AppleWebKit/605.1.15 (KHTML, like Gecko) Version/13.0.3 Mobile/15E148 Safari/604.1"
127.0.0.1 - - [28/Aug/2026:01:31:24 +0330] "GET /api/v1/article-most-view?count=3 HTTP/1.1" 301 169 "-" "node"
127.0.0.1 - - [28/Aug/2026:01:31:24 +0330] "GET /api/v1/article-future?count=4 HTTP/1.1" 301 169 "-" "node"
127.0.0.1 - - [28/Aug/2026:01:31:24 +0330] "GET /api/v1/articles?count=8&page=1 HTTP/1.1" 301 169 "-" "node"
127.0.0.1 - - [28/Aug/2026:01:31:24 +0330] "GET /api/v1/article-most-view?count=3 HTTP/1.1" 404 325 "-" "node"
127.0.0.1 - - [28/Aug/2026:01:31:24 +0330] "GET /api/v1/article-future?count=4 HTTP/1.1" 404 325 "-" "node"
127.0.0.1 - - [28/Aug/2026:01:31:24 +0330] "GET /api/v1/articles?count=8&page=1 HTTP/1.1" 404 325 "-" "node"
155.94.200.76 - - [28/Aug/2026:01:31:24 +0330] "GET /storage/uploads/Q9xquWJAxh36fx1lWmTIsRwlj1bXOW07Sz6PxLat.webp HTTP/2.0" 206 500 "https://charsooq.com/" "Mozilla/5.0 (iPhone; CPU iPhone OS 13_2_3 like Mac OS X) AppleWebKit/605.1.15 (KHTML, like Gecko) Version/13.0.3 Mobile/15E148 Safari/604.1"
72.63.212.162 - - [28/Aug/2026:01:31:24 +0330] "GET /articles?_rsc=wlmmc HTTP/2.0" 200 2706 "https://charsooq.com/articles/Best-Way-buy-from-amazon" "Mozilla/5.0 (iPhone; CPU iPhone OS 13_2_3 like Mac OS X) AppleWebKit/605.1.15 (KHTML, like Gecko) Version/13.0.3 Mobile/15E148 Safari/604.1"
72.63.212.162 - - [28/Aug/2026:01:31:24 +0330] "GET /?_rsc=wlmmc HTTP/2.0" 200 13562 "https://charsooq.com/articles/Best-Way-buy-from-amazon" "Mozilla/5.0 (iPhone; CPU iPhone OS 13_2_3 like Mac OS X) AppleWebKit/605.1.15 (KHTML, like Gecko) Version/13.0.3 Mobile/15E148 Safari/604.1"
127.0.0.1 - - [28/Aug/2026:01:31:24 +0330] "GET /api/v1/categories-amazon HTTP/1.1" 404 325 "-" "node"
192.144.88.97 - - [28/Aug/2026:01:31:24 +0330] "GET /_next/static/chunks/1592-00644b699e0ed4d8.js HTTP/2.0" 200 7980 "https://charsooq.com/articles/Best-Way-buy-from-amazon" "Mozilla/5.0 (iPhone; CPU iPhone OS 13_2_3 like Mac OS X) AppleWebKit/605.1.15 (KHTML, like Gecko) Version/13.0.3 Mobile/15E148 Safari/604.1"
155.94.200.76 - - [28/Aug/2026:01:31:24 +0330] "GET /storage/uploads/gB8Ex0zS0AwH1B7xxp7i1kneY77LiTtGbcBCAsOX.webp HTTP/2.0" 206 500 "https://charsooq.com/" "Mozilla/5.0 (iPhone; CPU iPhone OS 13_2_3 like Mac OS X) AppleWebKit/605.1.15 (KHTML, like Gecko) Version/13.0.3 Mobile/15E148 Safari/604.1"
43.251.92.241 - - [28/Aug/2026:01:31:24 +0330] "GET /?_rsc=wlmmc HTTP/2.0" 200 100943 "-" "Mozilla/5.0 (Windows NT 10.0; Win64; x64) AppleWebKit/537.36 (KHTML, like Gecko) Chrome/151.0.0.0 Safari/537.36 Edg/151.0.0.0"
192.144.88.97 - - [28/Aug/2026:01:31:24 +0330] "GET /_next/static/chunks/169-68dabecb1c163108.js HTTP/2.0" 200 6555 "https://charsooq.com/articles/Best-Way-buy-from-amazon" "Mozilla/5.0 (iPhone; CPU iPhone OS 13_2_3 like Mac OS X) AppleWebKit/605.1.15 (KHTML, like Gecko) Version/13.0.3 Mobile/15E148 Safari/604.1"
155.94.200.76 - - [28/Aug/2026:01:31:24 +0330] "GET /storage/uploads/pdxcddaA88OobWNOrSVFhqtSADjPBhZ239KOCNJ5.webp HTTP/2.0" 206 500 "https://charsooq.com/" "Mozilla/5.0 (iPhone; CPU iPhone OS 13_2_3 like Mac OS X) AppleWebKit/605.1.15 (KHTML, like Gecko) Version/13.0.3 Mobile/15E148 Safari/604.1"
155.94.200.76 - - [28/Aug/2026:01:31:24 +0330] "GET /storage/uploads/QWm4GJpuyxHggY2tniWpJppw0GglJqs2xDjhOr0K.webp HTTP/2.0" 206 500 "https://charsooq.com/" "Mozilla/5.0 (iPhone; CPU iPhone OS 13_2_3 like Mac OS X) AppleWebKit/605.1.15 (KHTML, like Gecko) Version/13.0.3 Mobile/15E148 Safari/604.1"
155.94.200.76 - - [28/Aug/2026:01:31:24 +0330] "GET /storage/uploads/LHDV1p7C9Y6JgVXjvKGBwt8PHrZQqAmw3veRsNFi.webp HTTP/2.0" 206 500 "https://charsooq.com/" "Mozilla/5.0 (iPhone; CPU iPhone OS 13_2_3 like Mac OS X) AppleWebKit/605.1.15 (KHTML, like Gecko) Version/13.0.3 Mobile/15E148 Safari/604.1"
155.94.200.76 - - [28/Aug/2026:01:31:24 +0330] "GET /storage/uploads/OMpWQscGvwuGK5LuCdnnP74NudOTLp6F8EVznCLA.webp HTTP/2.0" 206 500 "https://charsooq.com/" "Mozilla/5.0 (iPhone; CPU iPhone OS 13_2_3 like Mac OS X) AppleWebKit/605.1.15 (KHTML, like Gecko) Version/13.0.3 Mobile/15E148 Safari/604.1"
192.144.88.97 - - [28/Aug/2026:01:31:24 +0330] "GET /_next/static/chunks/1188-8347881a51d7e866.js HTTP/2.0" 200 3364 "https://charsooq.com/articles/Best-Way-buy-from-amazon" "Mozilla/5.0 (iPhone; CPU iPhone OS 13_2_3 like Mac OS X) AppleWebKit/605.1.15 (KHTML, like Gecko) Version/13.0.3 Mobile/15E148 Safari/604.1"
192.144.88.97 - - [28/Aug/2026:01:31:24 +0330] "GET /_next/static/chunks/7463-8c14f85f0b9a94fe.js HTTP/2.0" 200 3339 "https://charsooq.com/articles/Best-Way-buy-from-amazon" "Mozilla/5.0 (iPhone; CPU iPhone OS 13_2_3 like Mac OS X) AppleWebKit/605.1.15 (KHTML, like Gecko) Version/13.0.3 Mobile/15E148 Safari/604.1"
192.144.88.97 - - [28/Aug/2026:01:31:24 +0330] "GET /_next/static/chunks/2177-53f14356cddc2711.js HTTP/2.0" 200 3254 "https://charsooq.com/articles/Best-Way-buy-from-amazon" "Mozilla/5.0 (iPhone; CPU iPhone OS 13_2_3 like Mac OS X) AppleWebKit/605.1.15 (KHTML, like Gecko) Version/13.0.3 Mobile/15E148 Safari/604.1"
192.144.88.97 - - [28/Aug/2026:01:31:24 +0330] "GET /_next/static/chunks/300-72da8991edf2ed5a.js HTTP/2.0" 200 33594 "https://charsooq.com/articles/Best-Way-buy-from-amazon" "Mozilla/5.0 (iPhone; CPU iPhone OS 13_2_3 like Mac OS X) AppleWebKit/605.1.15 (KHTML, like Gecko) Version/13.0.3 Mobile/15E148 Safari/604.1"
176.223.190.124 - - [28/Aug/2026:01:31:24 +0330] "GET /checkout?_rsc=wlmmc HTTP/2.0" 200 1690 "https://charsooq.com/articles/Best-Way-buy-from-amazon" "Mozilla/5.0 (iPhone; CPU iPhone OS 13_2_3 like Mac OS X) AppleWebKit/605.1.15 (KHTML, like Gecko) Version/13.0.3 Mobile/15E148 Safari/604.1"
176.223.190.124 - - [28/Aug/2026:01:31:24 +0330] "GET /?_rsc=wlmmc HTTP/2.0" 200 13562 "https://charsooq.com/articles/Best-Way-buy-from-amazon" "Mozilla/5.0 (iPhone; CPU iPhone OS 13_2_3 like Mac OS X) AppleWebKit/605.1.15 (KHTML, like Gecko) Version/13.0.3 Mobile/15E148 Safari/604.1"
127.0.0.1 - - [28/Aug/2026:01:31:24 +0330] "GET /api/v1/article-most-view?count=3 HTTP/1.1" 301 169 "-" "node"
127.0.0.1 - - [28/Aug/2026:01:31:24 +0330] "GET /api/v1/article-future?count=4 HTTP/1.1" 301 169 "-" "node"
127.0.0.1 - - [28/Aug/2026:01:31:24 +0330] "GET /api/v1/articles?count=8&page=1 HTTP/1.1" 301 169 "-" "node"
127.0.0.1 - - [28/Aug/2026:01:31:24 +0330] "GET /api/v1/article-future?count=4 HTTP/1.1" 404 325 "-" "node"
127.0.0.1 - - [28/Aug/2026:01:31:24 +0330] "GET /api/v1/article-most-view?count=3 HTTP/1.1" 404 325 "-" "node"
127.0.0.1 - - [28/Aug/2026:01:31:24 +0330] "GET /api/v1/articles?count=8&page=1 HTTP/1.1" 404 325 "-" "node"
176.223.190.124 - - [28/Aug/2026:01:31:24 +0330] "GET /articles?_rsc=wlmmc HTTP/2.0" 200 2798 "https://charsooq.com/articles/Best-Way-buy-from-amazon" "Mozilla/5.0 (iPhone; CPU iPhone OS 13_2_3 like Mac OS X) AppleWebKit/605.1.15 (KHTML, like Gecko) Version/13.0.3 Mobile/15E148 Safari/604.1"
127.0.0.1 - - [28/Aug/2026:01:31:24 +0330] "GET /api/v1/article-most-view?count=3 HTTP/1.1" 301 169 "-" "node"
127.0.0.1 - - [28/Aug/2026:01:31:24 +0330] "GET /api/v1/article-future?count=4 HTTP/1.1" 301 169 "-" "node"
127.0.0.1 - - [28/Aug/2026:01:31:24 +0330] "GET /api/v1/articles?count=8&page=1 HTTP/1.1" 301 169 "-" "node"
152.39.240.113 - - [28/Aug/2026:01:31:24 +0330] "GET /checkout?_rsc=wlmmc HTTP/2.0" 200 1690 "https://charsooq.com/articles/Best-Way-buy-from-amazon" "Mozilla/5.0 (iPhone; CPU iPhone OS 13_2_3 like Mac OS X) AppleWebKit/605.1.15 (KHTML, like Gecko) Version/13.0.3 Mobile/15E148 Safari/604.1"
128.242.235.113 - - [28/Aug/2026:01:31:24 +0330] "GET /32px.png HTTP/2.0" 200 11202 "https://charsooq.com/articles/Best-Way-buy-from-amazon" "Mozilla/5.0 (Windows NT 10.0; Win64; x64) AppleWebKit/537.36 (KHTML, like Gecko) Chrome/142.0.0.0 Safari/537.36"
128.242.235.113 - - [28/Aug/2026:01:31:24 +0330] "GET /manifest.json HTTP/2.0" 200 334 "https://charsooq.com/articles/Best-Way-buy-from-amazon" "Mozilla/5.0 (Windows NT 10.0; Win64; x64) AppleWebKit/537.36 (KHTML, like Gecko) Chrome/142.0.0.0 Safari/537.36"
152.39.240.113 - - [28/Aug/2026:01:31:24 +0330] "GET /?_rsc=wlmmc HTTP/2.0" 200 13562 "https://charsooq.com/articles/Best-Way-buy-from-amazon" "Mozilla/5.0 (iPhone; CPU iPhone OS 13_2_3 like Mac OS X) AppleWebKit/605.1.15 (KHTML, like Gecko) Version/13.0.3 Mobile/15E148 Safari/604.1"
127.0.0.1 - - [28/Aug/2026:01:31:24 +0330] "GET /api/v1/article-most-view?count=3 HTTP/1.1" 404 325 "-" "node"
127.0.0.1 - - [28/Aug/2026:01:31:24 +0330] "GET /api/v1/articles?count=8&page=1 HTTP/1.1" 404 325 "-" "node"
127.0.0.1 - - [28/Aug/2026:01:31:24 +0330] "GET /api/v1/article-future?count=4 HTTP/1.1" 404 325 "-" "node"
152.39.240.113 - - [28/Aug/2026:01:31:24 +0330] "GET /articles?_rsc=wlmmc HTTP/2.0" 200 2804 "https://charsooq.com/articles/Best-Way-buy-from-amazon" "Mozilla/5.0 (iPhone; CPU iPhone OS 13_2_3 like Mac OS X) AppleWebKit/605.1.15 (KHTML, like Gecko) Version/13.0.3 Mobile/15E148 Safari/604.1"
127.0.0.1 - - [28/Aug/2026:01:31:24 +0330] "GET /api/v1/article-most-view?count=3 HTTP/1.1" 301 169 "-" "node"
127.0.0.1 - - [28/Aug/2026:01:31:24 +0330] "GET /api/v1/article-future?count=4 HTTP/1.1" 301 169 "-" "node"
127.0.0.1 - - [28/Aug/2026:01:31:24 +0330] "GET /api/v1/articles?count=8&page=1 HTTP/1.1" 301 169 "-" "node"
192.144.88.97 - - [28/Aug/2026:01:31:24 +0330] "GET /_next/static/chunks/app/page-759df78f59703adb.js HTTP/2.0" 200 1959 "https://charsooq.com/articles/Best-Way-buy-from-amazon" "Mozilla/5.0 (iPhone; CPU iPhone OS 13_2_3 like Mac OS X) AppleWebKit/605.1.15 (KHTML, like Gecko) Version/13.0.3 Mobile/15E148 Safari/604.1"
127.0.0.1 - - [28/Aug/2026:01:31:24 +0330] "GET /api/v1/article-most-view?count=3 HTTP/1.1" 404 325 "-" "node"
127.0.0.1 - - [28/Aug/2026:01:31:24 +0330] "GET /api/v1/article-future?count=4 HTTP/1.1" 404 325 "-" "node"
127.0.0.1 - - [28/Aug/2026:01:31:24 +0330] "GET /api/v1/articles?count=8&page=1 HTTP/1.1" 404 325 "-" "node"
127.0.0.1 - - [28/Aug/2026:01:31:24 +0330] "GET /api/v1/categories-amazon HTTP/1.1" 404 325 "-" "node"
43.242.119.44 - - [28/Aug/2026:01:31:24 +0330] "GET /articles?_rsc=wlmmc HTTP/2.0" 200 79290 "-" "Mozilla/5.0 (Windows NT 10.0; Win64; x64) AppleWebKit/537.36 (KHTML, like Gecko) Chrome/151.0.0.0 Safari/537.36"
176.223.190.124 - - [28/Aug/2026:01:31:24 +0330] "GET /_next/static/chunks/4922.b90b86ef20984235.js HTTP/2.0" 200 425 "https://charsooq.com/articles/Best-Way-buy-from-amazon" "Mozilla/5.0 (iPhone; CPU iPhone OS 13_2_3 like Mac OS X) AppleWebKit/605.1.15 (KHTML, like Gecko) Version/13.0.3 Mobile/15E148 Safari/604.1"
176.223.190.124 - - [28/Aug/2026:01:31:24 +0330] "GET /_next/static/chunks/1495.b45bb862bd3e18ec.js HTTP/2.0" 200 779 "https://charsooq.com/articles/Best-Way-buy-from-amazon" "Mozilla/5.0 (iPhone; CPU iPhone OS 13_2_3 like Mac OS X) AppleWebKit/605.1.15 (KHTML, like Gecko) Version/13.0.3 Mobile/15E148 Safari/604.1"
176.223.190.124 - - [28/Aug/2026:01:31:24 +0330] "GET /_next/static/chunks/415.9bf722adfc74e289.js HTTP/2.0" 200 8742 "https://charsooq.com/articles/Best-Way-buy-from-amazon" "Mozilla/5.0 (iPhone; CPU iPhone OS 13_2_3 like Mac OS X) AppleWebKit/605.1.15 (KHTML, like Gecko) Version/13.0.3 Mobile/15E148 Safari/604.1"
176.223.190.124 - - [28/Aug/2026:01:31:24 +0330] "GET /_next/static/chunks/5763-e3689baff1695fd1.js HTTP/2.0" 200 4387 "https://charsooq.com/articles/Best-Way-buy-from-amazon" "Mozilla/5.0 (iPhone; CPU iPhone OS 13_2_3 like Mac OS X) AppleWebKit/605.1.15 (KHTML, like Gecko) Version/13.0.3 Mobile/15E148 Safari/604.1"
176.223.190.124 - - [28/Aug/2026:01:31:24 +0330] "GET /_next/static/chunks/1592-00644b699e0ed4d8.js HTTP/2.0" 200 7980 "https://charsooq.com/articles/Best-Way-buy-from-amazon" "Mozilla/5.0 (iPhone; CPU iPhone OS 13_2_3 like Mac OS X) AppleWebKit/605.1.15 (KHTML, like Gecko) Version/13.0.3 Mobile/15E148 Safari/604.1"
176.223.190.124 - - [28/Aug/2026:01:31:24 +0330] "GET /_next/static/chunks/2034-b6ee9baf8082b7dc.js HTTP/2.0" 200 10926 "https://charsooq.com/articles/Best-Way-buy-from-amazon" "Mozilla/5.0 (iPhone; CPU iPhone OS 13_2_3 like Mac OS X) AppleWebKit/605.1.15 (KHTML, like Gecko) Version/13.0.3 Mobile/15E148 Safari/604.1"
128.242.235.113 - - [28/Aug/2026:01:31:24 +0330] "GET /16px.png HTTP/2.0" 206 500 "https://charsooq.com/articles/Best-Way-buy-from-amazon" "Mozilla/5.0 (Windows NT 10.0; Win64; x64) AppleWebKit/537.36 (KHTML, like Gecko) Chrome/142.0.0.0 Safari/537.36"
128.242.235.113 - - [28/Aug/2026:01:31:24 +0330] "GET /favicon.ico HTTP/2.0" 200 3035 "https://charsooq.com/articles/Best-Way-buy-from-amazon" "Mozilla/5.0 (Windows NT 10.0; Win64; x64) AppleWebKit/537.36 (KHTML, like Gecko) Chrome/142.0.0.0 Safari/537.36"
127.0.0.1 - - [28/Aug/2026:01:31:25 +0330] "GET /api/v1/categories-amazon HTTP/1.1" 404 325 "-" "node"
