89.38.245.149 - - [28/Aug/2026:00:11:56 +0330] "GET /products/NORDKISA/%DA%A9%D9%85%D8%AF-%D9%84%D8%A8%D8%A7%D8%B3%DB%8C-%D8%A7%DB%8C%DA%A9%DB%8C%D8%A7-%D9%85%D8%AF%D9%84-nordkisa?_rsc=s86k6 HTTP/2.0" 200 2191 "https://charsooq.com/foreign-shopping" "Mozilla/5.0 (Windows NT 10.0; Win64; x64) AppleWebKit/537.36 (KHTML, like Gecko) Chrome/151.0.0.0 Safari/537.36"
127.0.0.1 - - [28/Aug/2026:00:11:56 +0330] "GET /api/v1/show-products-offers/TrekkerIIcap HTTP/1.1" 200 3238 "-" "node"
127.0.0.1 - - [28/Aug/2026:00:11:56 +0330] "GET /api/v1/show-products-offers/Iketoiletconversion HTTP/1.1" 200 3557 "-" "node"
89.38.245.149 - - [28/Aug/2026:00:11:56 +0330] "GET /products/TrekkerIIcap/%DA%A9%D9%84%D8%A7%D9%87-%D8%A2%D9%81%D8%AA%D8%A7%D8%A8%DB%8C-%D9%85%DB%8C%D9%84%D8%AA?_rsc=s86k6 HTTP/2.0" 200 2159 "https://charsooq.com/foreign-shopping" "Mozilla/5.0 (Windows NT 10.0; Win64; x64) AppleWebKit/537.36 (KHTML, like Gecko) Chrome/151.0.0.0 Safari/537.36"
89.38.245.149 - - [28/Aug/2026:00:11:56 +0330] "GET /products/Iketoiletconversion/%D8%AA%D8%A8%D8%AF%DB%8C%D9%84-%D8%AA%D9%88%D8%A7%D9%84%D8%AA-%D9%81%D8%B1%D9%86%DA%AF%DB%8C-%D8%A7%DB%8C%DA%A9%DB%8C%D8%A7?_rsc=s86k6 HTTP/2.0" 200 2255 "https://charsooq.com/foreign-shopping" "Mozilla/5.0 (Windows NT 10.0; Win64; x64) AppleWebKit/537.36 (KHTML, like Gecko) Chrome/151.0.0.0 Safari/537.36"
127.0.0.1 - - [28/Aug/2026:00:11:56 +0330] "GET /api/v1/show-products-offers/Evolution14Grip HTTP/1.1" 200 3036 "-" "node"
89.38.245.149 - - [28/Aug/2026:00:11:56 +0330] "GET /products/Evolution14Grip/%DA%86%D8%A7%D9%82%D9%88-%D9%88%DB%8C%DA%A9%D8%AA%D9%88%D8%B1%DB%8C%D9%86%D9%88%DA%A9%D8%B3?_rsc=s86k6 HTTP/2.0" 200 2221 "https://charsooq.com/foreign-shopping" "Mozilla/5.0 (Windows NT 10.0; Win64; x64) AppleWebKit/537.36 (KHTML, like Gecko) Chrome/151.0.0.0 Safari/537.36"
66.249.77.97 - - [28/Aug/2026:00:11:56 +0330] "GET /storage/uploads/5s9zGEfVfJZQHniA8Y41AGbj6otzYveYYnzn59NJ.webp HTTP/1.1" 301 169 "-" "Googlebot-Image/1.0"
66.249.77.99 - - [28/Aug/2026:00:11:58 +0330] "GET /storage/uploads/5s9zGEfVfJZQHniA8Y41AGbj6otzYveYYnzn59NJ.webp HTTP/1.1" 200 26638 "-" "Googlebot-Image/1.0"
127.0.0.1 - - [28/Aug/2026:00:12:34 +0330] "GET /api/v2/sliders HTTP/1.1" 200 7479 "-" "node"
127.0.0.1 - - [28/Aug/2026:00:12:35 +0330] "GET /api/v1/categories-amazon HTTP/1.1" 200 34230 "-" "node"
127.0.0.1 - - [28/Aug/2026:00:12:35 +0330] "GET /api/v2/page-data HTTP/1.1" 200 36854 "-" "node"
172.16.20.25 - - [28/Aug/2026:00:12:35 +0330] "GET / HTTP/1.1" 200 338501 "-" "Mozilla/5.0 (compatible; PRTG Network Monitor (www.paessler.com); Windows)"
216.73.217.50 - - [28/Aug/2026:00:12:39 +0330] "GET / HTTP/2.0" 302 375 "-" "Mozilla/5.0 AppleWebKit/537.36 (KHTML, like Gecko; compatible; ClaudeBot/1.0; +claudebot@anthropic.com)"
216.73.217.50 - - [28/Aug/2026:00:12:40 +0330] "GET /admin HTTP/2.0" 302 399 "https://panel.charsooq.com/" "Mozilla/5.0 AppleWebKit/537.36 (KHTML, like Gecko; compatible; ClaudeBot/1.0; +claudebot@anthropic.com)"
216.73.217.50 - - [28/Aug/2026:00:12:42 +0330] "GET /admin/login HTTP/2.0" 200 9378 "https://panel.charsooq.com/admin" "Mozilla/5.0 AppleWebKit/537.36 (KHTML, like Gecko; compatible; ClaudeBot/1.0; +claudebot@anthropic.com)"
157.55.39.195 - - [28/Aug/2026:00:12:54 +0330] "GET /?u=0819117489601 HTTP/2.0" 200 33324 "-" "Mozilla/5.0 AppleWebKit/537.36 (KHTML, like Gecko; compatible; bingbot/2.0; +http://www.bing.com/bingbot.htm) Chrome/116.0.1938.76 Safari/537.36"
52.167.144.172 - - [28/Aug/2026:00:12:58 +0330] "GET /?u=2118050824401 HTTP/2.0" 200 33249 "-" "Mozilla/5.0 AppleWebKit/537.36 (KHTML, like Gecko; compatible; bingbot/2.0; +http://www.bing.com/bingbot.htm) Chrome/116.0.1938.76 Safari/537.36"
52.167.144.172 - - [28/Aug/2026:00:13:00 +0330] "GET /?u=97190126969801 HTTP/2.0" 200 33784 "-" "Mozilla/5.0 AppleWebKit/537.36 (KHTML, like Gecko; compatible; bingbot/2.0; +http://www.bing.com/bingbot.htm) Chrome/116.0.1938.76 Safari/537.36"
52.167.144.172 - - [28/Aug/2026:00:13:02 +0330] "GET /?u=3847779376201 HTTP/2.0" 200 32770 "-" "Mozilla/5.0 AppleWebKit/537.36 (KHTML, like Gecko; compatible; bingbot/2.0; +http://www.bing.com/bingbot.htm) Chrome/116.0.1938.76 Safari/537.36"
52.167.144.140 - - [28/Aug/2026:00:13:03 +0330] "GET /?u=8267624003300 HTTP/2.0" 200 32958 "-" "Mozilla/5.0 AppleWebKit/537.36 (KHTML, like Gecko; compatible; bingbot/2.0; +http://www.bing.com/bingbot.htm) Chrome/116.0.1938.76 Safari/537.36"
52.167.144.140 - - [28/Aug/2026:00:13:05 +0330] "GET /?u=38207189727901 HTTP/2.0" 200 33942 "-" "Mozilla/5.0 AppleWebKit/537.36 (KHTML, like Gecko; compatible; bingbot/2.0; +http://www.bing.com/bingbot.htm) Chrome/116.0.1938.76 Safari/537.36"
52.167.144.140 - - [28/Aug/2026:00:13:07 +0330] "GET /?u=92960274062701 HTTP/2.0" 200 33570 "-" "Mozilla/5.0 AppleWebKit/537.36 (KHTML, like Gecko; compatible; bingbot/2.0; +http://www.bing.com/bingbot.htm) Chrome/116.0.1938.76 Safari/537.36"
157.55.39.195 - - [28/Aug/2026:00:13:08 +0330] "GET /?u=9982118091202 HTTP/2.0" 200 33187 "-" "Mozilla/5.0 AppleWebKit/537.36 (KHTML, like Gecko; compatible; bingbot/2.0; +http://www.bing.com/bingbot.htm) Chrome/116.0.1938.76 Safari/537.36"
52.167.144.140 - - [28/Aug/2026:00:13:09 +0330] "GET /?u=44102185060500 HTTP/2.0" 200 41484 "-" "Mozilla/5.0 AppleWebKit/537.36 (KHTML, like Gecko; compatible; bingbot/2.0; +http://www.bing.com/bingbot.htm) Chrome/116.0.1938.76 Safari/537.36"
157.55.39.195 - - [28/Aug/2026:00:13:11 +0330] "GET /?u=979727609300 HTTP/2.0" 200 35483 "-" "Mozilla/5.0 AppleWebKit/537.36 (KHTML, like Gecko; compatible; bingbot/2.0; +http://www.bing.com/bingbot.htm) Chrome/116.0.1938.76 Safari/537.36"
157.55.39.195 - - [28/Aug/2026:00:13:12 +0330] "GET /?u=63168191056007 HTTP/2.0" 200 32188 "-" "Mozilla/5.0 AppleWebKit/537.36 (KHTML, like Gecko; compatible; bingbot/2.0; +http://www.bing.com/bingbot.htm) Chrome/116.0.1938.76 Safari/537.36"
157.55.39.195 - - [28/Aug/2026:00:13:14 +0330] "GET /?u=30827206445400 HTTP/2.0" 200 35709 "-" "Mozilla/5.0 AppleWebKit/537.36 (KHTML, like Gecko; compatible; bingbot/2.0; +http://www.bing.com/bingbot.htm) Chrome/116.0.1938.76 Safari/537.36"
52.167.144.140 - - [28/Aug/2026:00:13:23 +0330] "GET /?u=6672149606000 HTTP/2.0" 200 33791 "-" "Mozilla/5.0 AppleWebKit/537.36 (KHTML, like Gecko; compatible; bingbot/2.0; +http://www.bing.com/bingbot.htm) Chrome/116.0.1938.76 Safari/537.36"
52.167.144.140 - - [28/Aug/2026:00:13:25 +0330] "GET /?u=1317956092900 HTTP/2.0" 200 33920 "-" "Mozilla/5.0 AppleWebKit/537.36 (KHTML, like Gecko; compatible; bingbot/2.0; +http://www.bing.com/bingbot.htm) Chrome/116.0.1938.76 Safari/537.36"
52.167.144.140 - - [28/Aug/2026:00:13:27 +0330] "GET /?u=61987117613300 HTTP/2.0" 200 33318 "-" "Mozilla/5.0 AppleWebKit/537.36 (KHTML, like Gecko; compatible; bingbot/2.0; +http://www.bing.com/bingbot.htm) Chrome/116.0.1938.76 Safari/537.36"
52.167.144.172 - - [28/Aug/2026:00:13:28 +0330] "GET /?u=12979139220701 HTTP/2.0" 200 33798 "-" "Mozilla/5.0 AppleWebKit/537.36 (KHTML, like Gecko; compatible; bingbot/2.0; +http://www.bing.com/bingbot.htm) Chrome/116.0.1938.76 Safari/537.36"
127.0.0.1 - - [28/Aug/2026:00:13:34 +0330] "GET /api/v1/categories-amazon HTTP/1.1" 200 34199 "-" "node"
172.16.20.25 - - [28/Aug/2026:00:13:35 +0330] "GET / HTTP/1.1" 200 338478 "-" "Mozilla/5.0 (compatible; PRTG Network Monitor (www.paessler.com); Windows)"
66.249.77.99 - - [28/Aug/2026:00:13:36 +0330] "GET /?u=92007227240608 HTTP/1.1" 200 31970 "-" "Mozilla/5.0 (Linux; Android 6.0.1; Nexus 5X Build/MMB29P) AppleWebKit/537.36 (KHTML, like Gecko) Chrome/151.0.7922.173 Mobile Safari/537.36 (compatible; Googlebot/2.1; +http://www.google.com/bot.html)"
127.0.0.1 - - [28/Aug/2026:00:14:06 +0330] "GET /api/v2/sliders HTTP/1.1" 200 7479 "-" "node"
127.0.0.1 - - [28/Aug/2026:00:14:06 +0330] "GET /api/v1/article-page?region=foreign-shopping HTTP/1.1" 200 6429 "-" "node"
127.0.0.1 - - [28/Aug/2026:00:14:06 +0330] "GET /api/v1/categories-amazon HTTP/1.1" 200 34230 "-" "node"
142.250.33.37 - - [28/Aug/2026:00:14:06 +0330] "GET /.well-known/traffic-advice HTTP/1.1" 404 84241 "-" "Chrome Privacy Preserving Prefetch Proxy"
127.0.0.1 - - [28/Aug/2026:00:14:06 +0330] "GET /api/v1/categories-amazon HTTP/1.1" 200 34199 "-" "node"
162.120.188.28 - - [28/Aug/2026:00:14:06 +0330] "GET /foreign-shopping HTTP/2.0" 200 113196 "https://www.google.com/" "Mozilla/5.0 (Linux; Android 10; K) AppleWebKit/537.36 (KHTML, like Gecko) Chrome/151.0.0.0 Mobile Safari/537.36"
127.0.0.1 - - [28/Aug/2026:00:14:34 +0330] "GET /api/v1/categories-amazon HTTP/1.1" 200 34230 "-" "node"
127.0.0.1 - - [28/Aug/2026:00:14:35 +0330] "GET /api/v2/page-data HTTP/1.1" 200 36854 "-" "node"
172.16.20.25 - - [28/Aug/2026:00:14:35 +0330] "GET / HTTP/1.1" 200 338501 "-" "Mozilla/5.0 (compatible; PRTG Network Monitor (www.paessler.com); Windows)"
66.249.77.96 - - [28/Aug/2026:00:15:25 +0330] "GET /storage/uploads/ERWqqDurXDXTQH25hii4xZGOkK64XdYEYff4cces.webp HTTP/1.1" 301 169 "-" "Googlebot-Image/1.0"
66.249.77.100 - - [28/Aug/2026:00:15:26 +0330] "GET /storage/uploads/ERWqqDurXDXTQH25hii4xZGOkK64XdYEYff4cces.webp HTTP/1.1" 200 49042 "-" "Googlebot-Image/1.0"
66.249.77.101 - - [28/Aug/2026:00:15:26 +0330] "GET /?u=76687127985709 HTTP/1.1" 200 33510 "-" "Mozilla/5.0 (Linux; Android 6.0.1; Nexus 5X Build/MMB29P) AppleWebKit/537.36 (KHTML, like Gecko) Chrome/151.0.7922.173 Mobile Safari/537.36 (compatible; Googlebot/2.1; +http://www.google.com/bot.html)"
127.0.0.1 - - [28/Aug/2026:00:15:34 +0330] "GET /api/v2/sliders HTTP/1.1" 200 7479 "-" "node"
127.0.0.1 - - [28/Aug/2026:00:15:35 +0330] "GET /api/v1/categories-amazon HTTP/1.1" 200 34230 "-" "node"
172.16.20.25 - - [28/Aug/2026:00:15:35 +0330] "GET / HTTP/1.1" 200 338470 "-" "Mozilla/5.0 (compatible; PRTG Network Monitor (www.paessler.com); Windows)"
5.117.170.15 - - [28/Aug/2026:00:15:42 +0330] "GET /_next/image?url=https%3A%2F%2Fpanel.charsooq.com%2Fstorage%2F01K3G78KBK02639K593VK9RFHM.jpg&w=1920&q=75 HTTP/2.0" 200 24548 "https://myactivity.google.com/" "Mozilla/5.0 (Linux; Android 10; K) AppleWebKit/537.36 (KHTML, like Gecko) Chrome/151.0.0.0 Mobile Safari/537.36"
127.0.0.1 - - [28/Aug/2026:00:15:42 +0330] "GET /storage/01K3G78KBK02639K593VK9RFHM.jpg HTTP/1.1" 200 80312 "-" "node"
127.0.0.1 - - [28/Aug/2026:00:16:14 +0330] "GET /api/v1/show-products-offers/Babycamera HTTP/1.1" 301 169 "-" "node"
127.0.0.1 - - [28/Aug/2026:00:16:14 +0330] "GET /api/v1/show-products-offers/OriginalCryBabySurpriseDoll HTTP/1.1" 301 169 "-" "node"
89.38.245.149 - - [28/Aug/2026:00:16:14 +0330] "GET /help?_rsc=s86k6 HTTP/2.0" 200 1528 "https://charsooq.com/foreign-shopping" "Mozilla/5.0 (Windows NT 10.0; Win64; x64) AppleWebKit/537.36 (KHTML, like Gecko) Chrome/151.0.0.0 Safari/537.36"
89.38.245.149 - - [28/Aug/2026:00:16:14 +0330] "GET /ebay?_rsc=s86k6 HTTP/2.0" 200 1456 "https://charsooq.com/foreign-shopping" "Mozilla/5.0 (Windows NT 10.0; Win64; x64) AppleWebKit/537.36 (KHTML, like Gecko) Chrome/151.0.0.0 Safari/537.36"
89.38.245.149 - - [28/Aug/2026:00:16:14 +0330] "GET /?_rsc=s86k6 HTTP/2.0" 200 13559 "https://charsooq.com/foreign-shopping" "Mozilla/5.0 (Windows NT 10.0; Win64; x64) AppleWebKit/537.36 (KHTML, like Gecko) Chrome/151.0.0.0 Safari/537.36"
127.0.0.1 - - [28/Aug/2026:00:16:14 +0330] "GET /api/v1/show-products-offers/OriginalCryBabySurpriseDoll HTTP/1.1" 200 1768 "-" "node"
127.0.0.1 - - [28/Aug/2026:00:16:14 +0330] "GET /api/v1/show-products-offers/Babycamera HTTP/1.1" 200 1444 "-" "node"
127.0.0.1 - - [28/Aug/2026:00:16:14 +0330] "GET /api/v1/show-products-offers/3DMagicPen HTTP/1.1" 301 169 "-" "node"
89.38.245.149 - - [28/Aug/2026:00:16:14 +0330] "GET /products/OriginalCryBabySurpriseDoll/%D8%B9%D8%B1%D9%88%D8%B3%DA%A9-%D8%B3%D9%88%D9%BE%D8%B1%D8%A7%DB%8C%D8%B2-%DA%A9%D8%B1%D8%A7%DB%8C-%D8%A8%DB%8C%D8%A8%DB%8C-%D8%A7%D9%88%D8%B1%D8%AC%DB%8C%D9%86%D8%A7%D9%84?_rsc=s86k6 HTTP/2.0" 200 2276 "https://charsooq.com/foreign-shopping" "Mozilla/5.0 (Windows NT 10.0; Win64; x64) AppleWebKit/537.36 (KHTML, like Gecko) Chrome/151.0.0.0 Safari/537.36"
89.38.245.149 - - [28/Aug/2026:00:16:14 +0330] "GET /products/Babycamera/%D8%AF%D9%88%D8%B1%D8%A8%DB%8C%D9%86-%D8%B9%DA%A9%D8%A7%D8%B3%DB%8C-%DA%A9%D9%88%D8%AF%DA%A9?_rsc=s86k6 HTTP/2.0" 200 2168 "https://charsooq.com/foreign-shopping" "Mozilla/5.0 (Windows NT 10.0; Win64; x64) AppleWebKit/537.36 (KHTML, like Gecko) Chrome/151.0.0.0 Safari/537.36"
127.0.0.1 - - [28/Aug/2026:00:16:14 +0330] "GET /api/v1/show-products-offers/PopMartSkullPanda HTTP/1.1" 301 169 "-" "node"
127.0.0.1 - - [28/Aug/2026:00:16:14 +0330] "GET /api/v1/show-products-offers/3DMagicPen HTTP/1.1" 200 1303 "-" "node"
127.0.0.1 - - [28/Aug/2026:00:16:14 +0330] "GET /api/v1/show-products-offers/StPetersburgWatercolor48ColorsWoodenBox HTTP/1.1" 301 169 "-" "node"
89.38.245.149 - - [28/Aug/2026:00:16:14 +0330] "GET /amazon?_rsc=s86k6 HTTP/2.0" 200 1461 "https://charsooq.com/foreign-shopping" "Mozilla/5.0 (Windows NT 10.0; Win64; x64) AppleWebKit/537.36 (KHTML, like Gecko) Chrome/151.0.0.0 Safari/537.36"
89.38.245.149 - - [28/Aug/2026:00:16:14 +0330] "GET /products/3DMagicPen/%D9%82%D9%84%D9%85-%D8%AC%D8%A7%D8%AF%D9%88%DB%8C%DB%8C-%D8%B3%D9%87-%D8%A8%D8%B9%D8%AF%DB%8C?_rsc=s86k6 HTTP/2.0" 200 2159 "https://charsooq.com/foreign-shopping" "Mozilla/5.0 (Windows NT 10.0; Win64; x64) AppleWebKit/537.36 (KHTML, like Gecko) Chrome/151.0.0.0 Safari/537.36"
127.0.0.1 - - [28/Aug/2026:00:16:14 +0330] "GET /api/v1/show-products-offers/PopMartSkullPanda HTTP/1.1" 200 1821 "-" "node"
127.0.0.1 - - [28/Aug/2026:00:16:14 +0330] "GET /api/v1/show-products-offers/StPetersburgWatercolor48ColorsWoodenBox HTTP/1.1" 200 4458 "-" "node"
89.38.245.149 - - [28/Aug/2026:00:16:14 +0330] "GET /products/PopMartSkullPanda/%D8%B9%D8%B1%D9%88%D8%B3%DA%A9-%D8%B3%D9%88%D9%BE%D8%B1%D8%A7%DB%8C%D8%B2-%D8%A7%D8%B3%DA%A9%D9%88%D9%84-%D9%BE%D8%A7%D9%86%D8%AF%D8%A7-%D8%A7%D9%88%D8%B1%D8%AC%DB%8C%D9%86%D8%A7%D9%84?_rsc=s86k6 HTTP/2.0" 200 2286 "https://charsooq.com/foreign-shopping" "Mozilla/5.0 (Windows NT 10.0; Win64; x64) AppleWebKit/537.36 (KHTML, like Gecko) Chrome/151.0.0.0 Safari/537.36"
89.38.245.149 - - [28/Aug/2026:00:16:14 +0330] "GET /products/StPetersburgWatercolor48ColorsWoodenBox/%D8%A2%D8%A8%D8%B1%D9%86%DA%AF-%D8%B3%D9%86-%D9%BE%D8%AA%D8%B1%D8%B2%D8%A8%D9%88%D8%B1%DA%AF-%DB%B4%DB%B8-%D8%B1%D9%86%DA%AF-%D8%AC%D8%B9%D8%A8%D9%87-%DA%86%D9%88%D8%A8%DB%8C?_rsc=s86k6 HTTP/2.0" 200 2332 "https://charsooq.com/foreign-shopping" "Mozilla/5.0 (Windows NT 10.0; Win64; x64) AppleWebKit/537.36 (KHTML, like Gecko) Chrome/151.0.0.0 Safari/537.36"
127.0.0.1 - - [28/Aug/2026:00:16:16 +0330] "GET /api/v2/page-data HTTP/1.1" 200 36854 "-" "node"
127.0.0.1 - - [28/Aug/2026:00:16:18 +0330] "GET /api/v1/show-products-offers/RondoBasicMarkerSet36Colors HTTP/1.1" 301 169 "-" "node"
89.38.245.149 - - [28/Aug/2026:00:16:18 +0330] "GET /turkey?_rsc=s86k6 HTTP/2.0" 200 1430 "https://charsooq.com/foreign-shopping" "Mozilla/5.0 (Windows NT 10.0; Win64; x64) AppleWebKit/537.36 (KHTML, like Gecko) Chrome/151.0.0.0 Safari/537.36"
127.0.0.1 - - [28/Aug/2026:00:16:18 +0330] "GET /api/v1/show-products-offers/RondoBasicMarkerSet36Colors HTTP/1.1" 200 4299 "-" "node"
89.38.245.149 - - [28/Aug/2026:00:16:18 +0330] "GET /products/RondoBasicMarkerSet36Colors/%D9%85%D8%A7%DA%98%DB%8C%DA%A9-%D8%B1%D8%A7%D9%86%D8%AF%D9%88-%D8%A8%DB%8C%D8%B3%DB%8C%DA%A9-%D8%B3%D8%AA-36-%D8%B1%D9%86%DA%AF?_rsc=s86k6 HTTP/2.0" 200 2278 "https://charsooq.com/foreign-shopping" "Mozilla/5.0 (Windows NT 10.0; Win64; x64) AppleWebKit/537.36 (KHTML, like Gecko) Chrome/151.0.0.0 Safari/537.36"
89.38.245.149 - - [28/Aug/2026:00:16:19 +0330] "GET /turkey?_rsc=1ujpq HTTP/2.0" 200 27176 "https://charsooq.com/foreign-shopping" "Mozilla/5.0 (Windows NT 10.0; Win64; x64) AppleWebKit/537.36 (KHTML, like Gecko) Chrome/151.0.0.0 Safari/537.36"
89.38.245.149 - - [28/Aug/2026:00:16:19 +0330] "GET /32px.png HTTP/2.0" 304 0 "https://charsooq.com/turkey" "Mozilla/5.0 (Windows NT 10.0; Win64; x64) AppleWebKit/537.36 (KHTML, like Gecko) Chrome/151.0.0.0 Safari/537.36"
127.0.0.1 - - [28/Aug/2026:00:16:19 +0330] "GET /api/v1/cart-index HTTP/1.1" 200 17477 "-" "node"
89.38.245.149 - - [28/Aug/2026:00:16:19 +0330] "GET /about-us?_rsc=qlw0h HTTP/2.0" 200 1364 "https://charsooq.com/turkey" "Mozilla/5.0 (Windows NT 10.0; Win64; x64) AppleWebKit/537.36 (KHTML, like Gecko) Chrome/151.0.0.0 Safari/537.36"
89.38.245.149 - - [28/Aug/2026:00:16:19 +0330] "GET /faq?_rsc=qlw0h HTTP/2.0" 200 1359 "https://charsooq.com/turkey" "Mozilla/5.0 (Windows NT 10.0; Win64; x64) AppleWebKit/537.36 (KHTML, like Gecko) Chrome/151.0.0.0 Safari/537.36"
89.38.245.149 - - [28/Aug/2026:00:16:19 +0330] "GET /ghavanincharsooq?_rsc=qlw0h HTTP/2.0" 200 1371 "https://charsooq.com/turkey" "Mozilla/5.0 (Windows NT 10.0; Win64; x64) AppleWebKit/537.36 (KHTML, like Gecko) Chrome/151.0.0.0 Safari/537.36"
89.38.245.149 - - [28/Aug/2026:00:16:19 +0330] "GET /contact-us?_rsc=qlw0h HTTP/2.0" 200 1366 "https://charsooq.com/turkey" "Mozilla/5.0 (Windows NT 10.0; Win64; x64) AppleWebKit/537.36 (KHTML, like Gecko) Chrome/151.0.0.0 Safari/537.36"
127.0.0.1 - - [28/Aug/2026:00:16:19 +0330] "GET /api/v1/article-page?region=turkey HTTP/1.1" 200 7329 "-" "node"
89.38.245.149 - - [28/Aug/2026:00:16:19 +0330] "GET /_next/image?url=%2Fassets%2Fimages%2Ficons%2Fenamad-icon.png&w=256&q=75 HTTP/2.0" 200 2578 "https://charsooq.com/" "Mozilla/5.0 (Windows NT 10.0; Win64; x64) AppleWebKit/537.36 (KHTML, like Gecko) Chrome/151.0.0.0 Safari/537.36"
89.38.245.149 - - [28/Aug/2026:00:16:19 +0330] "GET /32px.png HTTP/2.0" 304 0 "https://charsooq.com/turkey" "Mozilla/5.0 (Windows NT 10.0; Win64; x64) AppleWebKit/537.36 (KHTML, like Gecko) Chrome/151.0.0.0 Safari/537.36"
89.38.245.149 - - [28/Aug/2026:00:16:20 +0330] "GET /manifest.json HTTP/2.0" 304 0 "https://charsooq.com/turkey" "Mozilla/5.0 (Windows NT 10.0; Win64; x64) AppleWebKit/537.36 (KHTML, like Gecko) Chrome/151.0.0.0 Safari/537.36"
89.38.245.149 - - [28/Aug/2026:00:16:20 +0330] "GET /_next/static/chunks/app/turkey/page-b0b90c244501e4fb.js HTTP/2.0" 200 2649 "https://charsooq.com/turkey" "Mozilla/5.0 (Windows NT 10.0; Win64; x64) AppleWebKit/537.36 (KHTML, like Gecko) Chrome/151.0.0.0 Safari/537.36"
89.38.245.149 - - [28/Aug/2026:00:16:20 +0330] "GET /16px.png HTTP/2.0" 304 0 "https://charsooq.com/turkey" "Mozilla/5.0 (Windows NT 10.0; Win64; x64) AppleWebKit/537.36 (KHTML, like Gecko) Chrome/151.0.0.0 Safari/537.36"
89.38.245.149 - - [28/Aug/2026:00:16:20 +0330] "GET /_next/image?url=http%3A%2F%2Fpanel.charsooq.com%2Fstorage%2FDg3LnC5TwOAE1SpNq2aIabr1ofFo2m-metaaGVwc2lidXJhZGEuanBlZw%3D%3D-.jpg&w=256&q=75 HTTP/2.0" 200 2246 "https://charsooq.com/turkey" "Mozilla/5.0 (Windows NT 10.0; Win64; x64) AppleWebKit/537.36 (KHTML, like Gecko) Chrome/151.0.0.0 Safari/537.36"
89.38.245.149 - - [28/Aug/2026:00:16:20 +0330] "GET /_next/image?url=%2Fassets%2Fimages%2Fhome%2Fcategory%2Fturkey-banner%2Ftrendyol.png&w=1920&q=100 HTTP/2.0" 200 77230 "https://charsooq.com/turkey" "Mozilla/5.0 (Windows NT 10.0; Win64; x64) AppleWebKit/537.36 (KHTML, like Gecko) Chrome/151.0.0.0 Safari/537.36"
89.38.245.149 - - [28/Aug/2026:00:16:20 +0330] "GET /_next/image?url=http%3A%2F%2Fpanel.charsooq.com%2Fstorage%2FzPpU7vXPBiddsdz8YUaldgSqfRSy7I-metadHJlbmR5b2wuanBlZw%3D%3D-.jpg&w=256&q=75 HTTP/2.0" 200 2410 "https://charsooq.com/turkey" "Mozilla/5.0 (Windows NT 10.0; Win64; x64) AppleWebKit/537.36 (KHTML, like Gecko) Chrome/151.0.0.0 Safari/537.36"
89.38.245.149 - - [28/Aug/2026:00:16:20 +0330] "GET /_next/image?url=http%3A%2F%2Fpanel.charsooq.com%2Fstorage%2FADugvugGZNM8mJ2Ri8EJXokeWFTP2F-metabjExLmpwZWc%3D-.jpg&w=256&q=75 HTTP/2.0" 200 1970 "https://charsooq.com/turkey" "Mozilla/5.0 (Windows NT 10.0; Win64; x64) AppleWebKit/537.36 (KHTML, like Gecko) Chrome/151.0.0.0 Safari/537.36"
89.38.245.149 - - [28/Aug/2026:00:16:20 +0330] "GET /_next/image?url=http%3A%2F%2Fpanel.charsooq.com%2Fstorage%2FEBky3H2lrrhE94W5WADtF0zIy3xUSG-metaZ2l0dGlnaWRpeW9yLmpwZWc%3D-.jpg&w=256&q=75 HTTP/2.0" 200 2048 "https://charsooq.com/turkey" "Mozilla/5.0 (Windows NT 10.0; Win64; x64) AppleWebKit/537.36 (KHTML, like Gecko) Chrome/151.0.0.0 Safari/537.36"
127.0.0.1 - - [28/Aug/2026:00:16:20 +0330] "GET /storage/zPpU7vXPBiddsdz8YUaldgSqfRSy7I-metadHJlbmR5b2wuanBlZw==-.jpg HTTP/1.1" 301 169 "-" "node"
127.0.0.1 - - [28/Aug/2026:00:16:20 +0330] "GET /storage/ADugvugGZNM8mJ2Ri8EJXokeWFTP2F-metabjExLmpwZWc=-.jpg HTTP/1.1" 301 169 "-" "node"
127.0.0.1 - - [28/Aug/2026:00:16:20 +0330] "GET /storage/EBky3H2lrrhE94W5WADtF0zIy3xUSG-metaZ2l0dGlnaWRpeW9yLmpwZWc=-.jpg HTTP/1.1" 301 169 "-" "node"
127.0.0.1 - - [28/Aug/2026:00:16:20 +0330] "GET /storage/zPpU7vXPBiddsdz8YUaldgSqfRSy7I-metadHJlbmR5b2wuanBlZw==-.jpg HTTP/1.1" 200 6779 "-" "node"
127.0.0.1 - - [28/Aug/2026:00:16:20 +0330] "GET /storage/ADugvugGZNM8mJ2Ri8EJXokeWFTP2F-metabjExLmpwZWc=-.jpg HTTP/1.1" 200 6638 "-" "node"
127.0.0.1 - - [28/Aug/2026:00:16:20 +0330] "GET /storage/EBky3H2lrrhE94W5WADtF0zIy3xUSG-metaZ2l0dGlnaWRpeW9yLmpwZWc=-.jpg HTTP/1.1" 200 5677 "-" "node"
89.38.245.149 - - [28/Aug/2026:00:16:20 +0330] "GET /_next/image?url=%2Fassets%2Fimages%2Fhome%2Fcategory%2Fturkey-banner%2Fzara.png&w=1920&q=100 HTTP/2.0" 200 41874 "https://charsooq.com/turkey" "Mozilla/5.0 (Windows NT 10.0; Win64; x64) AppleWebKit/537.36 (KHTML, like Gecko) Chrome/151.0.0.0 Safari/537.36"
89.38.245.149 - - [28/Aug/2026:00:16:20 +0330] "GET /articles/black-friday-t12-amazon-turkey?_rsc=qlw0h HTTP/2.0" 200 1858 "https://charsooq.com/turkey" "Mozilla/5.0 (Windows NT 10.0; Win64; x64) AppleWebKit/537.36 (KHTML, like Gecko) Chrome/151.0.0.0 Safari/537.36"
89.38.245.149 - - [28/Aug/2026:00:16:20 +0330] "GET /articles/buy-original-sneakers?_rsc=qlw0h HTTP/2.0" 200 1874 "https://charsooq.com/turkey" "Mozilla/5.0 (Windows NT 10.0; Win64; x64) AppleWebKit/537.36 (KHTML, like Gecko) Chrome/151.0.0.0 Safari/537.36"
89.38.245.149 - - [28/Aug/2026:00:16:20 +0330] "GET /articles/zara-women?_rsc=qlw0h HTTP/2.0" 200 1881 "https://charsooq.com/turkey" "Mozilla/5.0 (Windows NT 10.0; Win64; x64) AppleWebKit/537.36 (KHTML, like Gecko) Chrome/151.0.0.0 Safari/537.36"
89.38.245.149 - - [28/Aug/2026:00:16:20 +0330] "GET /articles/buy-nike-turkey?_rsc=qlw0h HTTP/2.0" 200 1813 "https://charsooq.com/turkey" "Mozilla/5.0 (Windows NT 10.0; Win64; x64) AppleWebKit/537.36 (KHTML, like Gecko) Chrome/151.0.0.0 Safari/537.36"
127.0.0.1 - - [28/Aug/2026:00:16:20 +0330] "GET /api/v2/article-show/black-friday-t12-amazon-turkey HTTP/1.1" 200 157400 "-" "node"
127.0.0.1 - - [28/Aug/2026:00:16:20 +0330] "GET /api/v2/article-show/buy-original-sneakers HTTP/1.1" 200 211289 "-" "node"
127.0.0.1 - - [28/Aug/2026:00:16:20 +0330] "GET /api/v2/article-show/zara-women HTTP/1.1" 200 116957 "-" "node"
127.0.0.1 - - [28/Aug/2026:00:16:20 +0330] "GET /api/v2/article-show/buy-nike-turkey HTTP/1.1" 200 167424 "-" "node"
89.38.245.149 - - [28/Aug/2026:00:16:20 +0330] "GET /assets/images/home/comment-vector-up.svg HTTP/2.0" 304 0 "https://charsooq.com/turkey" "Mozilla/5.0 (Windows NT 10.0; Win64; x64) AppleWebKit/537.36 (KHTML, like Gecko) Chrome/151.0.0.0 Safari/537.36"
89.38.245.149 - - [28/Aug/2026:00:16:20 +0330] "GET /assets/images/home/comment-vector-down.svg HTTP/2.0" 304 0 "https://charsooq.com/turkey" "Mozilla/5.0 (Windows NT 10.0; Win64; x64) AppleWebKit/537.36 (KHTML, like Gecko) Chrome/151.0.0.0 Safari/537.36"
89.38.245.149 - - [28/Aug/2026:00:16:20 +0330] "GET /assets/images/home/sell-buy.svg HTTP/2.0" 304 0 "https://charsooq.com/turkey" "Mozilla/5.0 (Windows NT 10.0; Win64; x64) AppleWebKit/537.36 (KHTML, like Gecko) Chrome/151.0.0.0 Safari/537.36"
127.0.0.1 - - [28/Aug/2026:00:16:20 +0330] "GET /storage/01K86CG1QRVXB0PMTKY5EERBNB.jpg HTTP/1.1" 200 25489 "-" "node"
89.38.245.149 - - [28/Aug/2026:00:16:20 +0330] "GET /_next/image?url=https%3A%2F%2Fpanel.charsooq.com%2Fstorage%2F01K86CG1QRVXB0PMTKY5EERBNB.jpg&w=640&q=75 HTTP/2.0" 304 0 "https://charsooq.com/turkey" "Mozilla/5.0 (Windows NT 10.0; Win64; x64) AppleWebKit/537.36 (KHTML, like Gecko) Chrome/151.0.0.0 Safari/537.36"
127.0.0.1 - - [28/Aug/2026:00:16:20 +0330] "GET /storage/01K9HD1MWNHS2C6PKVV8AKKVJ8.webp HTTP/1.1" 200 98600 "-" "node"
89.38.245.149 - - [28/Aug/2026:00:16:20 +0330] "GET /_next/image?url=https%3A%2F%2Fpanel.charsooq.com%2Fstorage%2F01K9HD1MWNHS2C6PKVV8AKKVJ8.webp&w=640&q=75 HTTP/2.0" 200 20080 "https://charsooq.com/turkey" "Mozilla/5.0 (Windows NT 10.0; Win64; x64) AppleWebKit/537.36 (KHTML, like Gecko) Chrome/151.0.0.0 Safari/537.36"
127.0.0.1 - - [28/Aug/2026:00:16:20 +0330] "GET /storage/01JF30S9DFCE6K3CWCCAA6REYV.webp HTTP/1.1" 200 86312 "-" "node"
89.38.245.149 - - [28/Aug/2026:00:16:20 +0330] "GET /_next/image?url=https%3A%2F%2Fpanel.charsooq.com%2Fstorage%2F01JF30S9DFCE6K3CWCCAA6REYV.webp&w=640&q=75 HTTP/2.0" 200 19948 "https://charsooq.com/turkey" "Mozilla/5.0 (Windows NT 10.0; Win64; x64) AppleWebKit/537.36 (KHTML, like Gecko) Chrome/151.0.0.0 Safari/537.36"
127.0.0.1 - - [28/Aug/2026:00:16:20 +0330] "GET /storage/01J71KZ8W8DXNR700M38JVYVMK.webp HTTP/1.1" 200 86520 "-" "node"
89.38.245.149 - - [28/Aug/2026:00:16:20 +0330] "GET /_next/image?url=https%3A%2F%2Fpanel.charsooq.com%2Fstorage%2F01J71KZ8W8DXNR700M38JVYVMK.webp&w=640&q=75 HTTP/2.0" 200 18098 "https://charsooq.com/turkey" "Mozilla/5.0 (Windows NT 10.0; Win64; x64) AppleWebKit/537.36 (KHTML, like Gecko) Chrome/151.0.0.0 Safari/537.36"
127.0.0.1 - - [28/Aug/2026:00:16:20 +0330] "GET /storage/01J67AS0F7KXJ40NQWMBD3T5RT.webp HTTP/1.1" 200 69586 "-" "node"
89.38.245.149 - - [28/Aug/2026:00:16:20 +0330] "GET /_next/image?url=https%3A%2F%2Fpanel.charsooq.com%2Fstorage%2F01J67AS0F7KXJ40NQWMBD3T5RT.webp&w=640&q=75 HTTP/2.0" 200 6862 "https://charsooq.com/turkey" "Mozilla/5.0 (Windows NT 10.0; Win64; x64) AppleWebKit/537.36 (KHTML, like Gecko) Chrome/151.0.0.0 Safari/537.36"
89.38.245.149 - - [28/Aug/2026:00:16:21 +0330] "GET /assets/images/home/turkey/tukey-banner.webp HTTP/2.0" 200 107780 "https://charsooq.com/turkey" "Mozilla/5.0 (Windows NT 10.0; Win64; x64) AppleWebKit/537.36 (KHTML, like Gecko) Chrome/151.0.0.0 Safari/537.36"
89.38.245.149 - - [28/Aug/2026:00:16:24 +0330] "GET /help?tab=ebay-turkey-emirates-china&_rsc=qlw0h HTTP/2.0" 200 1558 "https://charsooq.com/turkey" "Mozilla/5.0 (Windows NT 10.0; Win64; x64) AppleWebKit/537.36 (KHTML, like Gecko) Chrome/151.0.0.0 Safari/537.36"
66.249.77.100 - - [28/Aug/2026:00:16:26 +0330] "GET /?u=1889655715801 HTTP/1.1" 200 32175 "-" "Mozilla/5.0 (Linux; Android 6.0.1; Nexus 5X Build/MMB29P) AppleWebKit/537.36 (KHTML, like Gecko) Chrome/151.0.7922.173 Mobile Safari/537.36 (compatible; Googlebot/2.1; +http://www.google.com/bot.html)"
89.38.245.149 - - [28/Aug/2026:00:16:28 +0330] "GET /assets/images/home/turkey/amazon.com.tr.webp HTTP/2.0" 200 113660 "https://charsooq.com/turkey" "Mozilla/5.0 (Windows NT 10.0; Win64; x64) AppleWebKit/537.36 (KHTML, like Gecko) Chrome/151.0.0.0 Safari/537.36"
89.38.245.149 - - [28/Aug/2026:00:16:28 +0330] "GET /assets/images/home/turkey/demet-multu.webp HTTP/2.0" 200 64836 "https://charsooq.com/turkey" "Mozilla/5.0 (Windows NT 10.0; Win64; x64) AppleWebKit/537.36 (KHTML, like Gecko) Chrome/151.0.0.0 Safari/537.36"
89.38.245.149 - - [28/Aug/2026:00:16:29 +0330] "GET /articles/buy-cheap-from-turkey?_rsc=qlw0h HTTP/2.0" 200 1881 "https://charsooq.com/turkey" "Mozilla/5.0 (Windows NT 10.0; Win64; x64) AppleWebKit/537.36 (KHTML, like Gecko) Chrome/151.0.0.0 Safari/537.36"
89.38.245.149 - - [28/Aug/2026:00:16:29 +0330] "GET /articles/Buy-From-LCWaikiki?_rsc=qlw0h HTTP/2.0" 200 1862 "https://charsooq.com/turkey" "Mozilla/5.0 (Windows NT 10.0; Win64; x64) AppleWebKit/537.36 (KHTML, like Gecko) Chrome/151.0.0.0 Safari/537.36"
89.38.245.149 - - [28/Aug/2026:00:16:29 +0330] "GET /help?tab=amazon&_rsc=qlw0h HTTP/2.0" 200 1544 "https://charsooq.com/turkey" "Mozilla/5.0 (Windows NT 10.0; Win64; x64) AppleWebKit/537.36 (KHTML, like Gecko) Chrome/151.0.0.0 Safari/537.36"
127.0.0.1 - - [28/Aug/2026:00:16:29 +0330] "GET /api/v2/article-show/Buy-From-LCWaikiki HTTP/1.1" 200 155521 "-" "node"
127.0.0.1 - - [28/Aug/2026:00:16:29 +0330] "GET /api/v2/article-show/buy-cheap-from-turkey HTTP/1.1" 200 261812 "-" "node"
89.38.245.149 - - [28/Aug/2026:00:16:29 +0330] "GET /articles/Buy-From-Trendyol?_rsc=qlw0h HTTP/2.0" 200 1826 "https://charsooq.com/turkey" "Mozilla/5.0 (Windows NT 10.0; Win64; x64) AppleWebKit/537.36 (KHTML, like Gecko) Chrome/151.0.0.0 Safari/537.36"
127.0.0.1 - - [28/Aug/2026:00:16:29 +0330] "GET /api/v2/article-show/Buy-From-Trendyol HTTP/1.1" 200 168104 "-" "node"
89.38.245.149 - - [28/Aug/2026:00:16:30 +0330] "GET /_next/image?url=https%3A%2F%2Fpanel.charsooq.com%2Fstorage%2F01K86C2WJ5BTW35M4WQY1ARM0W.jpg&w=640&q=75 HTTP/2.0" 304 0 "https://charsooq.com/turkey" "Mozilla/5.0 (Windows NT 10.0; Win64; x64) AppleWebKit/537.36 (KHTML, like Gecko) Chrome/151.0.0.0 Safari/537.36"
89.38.245.149 - - [28/Aug/2026:00:16:30 +0330] "GET /_next/image?url=https%3A%2F%2Fpanel.charsooq.com%2Fstorage%2F01K86BG0D1WEMNCNNJKE10YXQ3.jpg&w=640&q=75 HTTP/2.0" 304 0 "https://charsooq.com/turkey" "Mozilla/5.0 (Windows NT 10.0; Win64; x64) AppleWebKit/537.36 (KHTML, like Gecko) Chrome/151.0.0.0 Safari/537.36"
89.38.245.149 - - [28/Aug/2026:00:16:30 +0330] "GET /_next/image?url=https%3A%2F%2Fpanel.charsooq.com%2Fstorage%2F01K86B6Z46YEXTNEG22HH3V6JD.jpg&w=640&q=75 HTTP/2.0" 304 0 "https://charsooq.com/turkey" "Mozilla/5.0 (Windows NT 10.0; Win64; x64) AppleWebKit/537.36 (KHTML, like Gecko) Chrome/151.0.0.0 Safari/537.36"
89.38.245.149 - - [28/Aug/2026:00:16:30 +0330] "GET /_next/image?url=https%3A%2F%2Fpanel.charsooq.com%2Fstorage%2F01K86AXVR1CPDP7XRQP0YNRWQ9.jpg&w=640&q=75 HTTP/2.0" 304 0 "https://charsooq.com/turkey" "Mozilla/5.0 (Windows NT 10.0; Win64; x64) AppleWebKit/537.36 (KHTML, like Gecko) Chrome/151.0.0.0 Safari/537.36"
89.38.245.149 - - [28/Aug/2026:00:16:30 +0330] "GET /_next/image?url=https%3A%2F%2Fpanel.charsooq.com%2Fstorage%2F01K86AE67CD768YVCX06C4MFGY.jpg&w=640&q=75 HTTP/2.0" 304 0 "https://charsooq.com/turkey" "Mozilla/5.0 (Windows NT 10.0; Win64; x64) AppleWebKit/537.36 (KHTML, like Gecko) Chrome/151.0.0.0 Safari/537.36"
89.38.245.149 - - [28/Aug/2026:00:16:30 +0330] "GET /_next/image?url=https%3A%2F%2Fpanel.charsooq.com%2Fstorage%2F01K860JJCR4291H7T8S2ABV9ZA.jpg&w=640&q=75 HTTP/2.0" 304 0 "https://charsooq.com/turkey" "Mozilla/5.0 (Windows NT 10.0; Win64; x64) AppleWebKit/537.36 (KHTML, like Gecko) Chrome/151.0.0.0 Safari/537.36"
89.38.245.149 - - [28/Aug/2026:00:16:30 +0330] "GET /_next/image?url=https%3A%2F%2Fpanel.charsooq.com%2Fstorage%2F01K8605BVQ82WBMSTTG6G68DC1.webp&w=640&q=75 HTTP/2.0" 304 0 "https://charsooq.com/turkey" "Mozilla/5.0 (Windows NT 10.0; Win64; x64) AppleWebKit/537.36 (KHTML, like Gecko) Chrome/151.0.0.0 Safari/537.36"
89.38.245.149 - - [28/Aug/2026:00:16:30 +0330] "GET /_next/image?url=https%3A%2F%2Fpanel.charsooq.com%2Fstorage%2F01K85ZWV0VHD9K1G8EP3NEVTBD.webp&w=640&q=75 HTTP/2.0" 304 0 "https://charsooq.com/turkey" "Mozilla/5.0 (Windows NT 10.0; Win64; x64) AppleWebKit/537.36 (KHTML, like Gecko) Chrome/151.0.0.0 Safari/537.36"
127.0.0.1 - - [28/Aug/2026:00:16:30 +0330] "GET /storage/01K86C2WJ5BTW35M4WQY1ARM0W.jpg HTTP/1.1" 200 257693 "-" "node"
127.0.0.1 - - [28/Aug/2026:00:16:30 +0330] "GET /storage/01K86BG0D1WEMNCNNJKE10YXQ3.jpg HTTP/1.1" 200 121544 "-" "node"
127.0.0.1 - - [28/Aug/2026:00:16:30 +0330] "GET /storage/01K86B6Z46YEXTNEG22HH3V6JD.jpg HTTP/1.1" 200 101329 "-" "node"
127.0.0.1 - - [28/Aug/2026:00:16:30 +0330] "GET /storage/01K86AXVR1CPDP7XRQP0YNRWQ9.jpg HTTP/1.1" 200 116887 "-" "node"
127.0.0.1 - - [28/Aug/2026:00:16:30 +0330] "GET /storage/01K86AE67CD768YVCX06C4MFGY.jpg HTTP/1.1" 200 102485 "-" "node"
127.0.0.1 - - [28/Aug/2026:00:16:30 +0330] "GET /storage/01K860JJCR4291H7T8S2ABV9ZA.jpg HTTP/1.1" 200 278614 "-" "node"
127.0.0.1 - - [28/Aug/2026:00:16:30 +0330] "GET /storage/01K8605BVQ82WBMSTTG6G68DC1.webp HTTP/1.1" 200 12048 "-" "node"
127.0.0.1 - - [28/Aug/2026:00:16:30 +0330] "GET /storage/01K85ZWV0VHD9K1G8EP3NEVTBD.webp HTTP/1.1" 200 50168 "-" "node"
127.0.0.1 - - [28/Aug/2026:00:16:30 +0330] "GET /storage/01K85XJ14R02M5WX4G3RCTM11E.webp HTTP/1.1" 200 39572 "-" "node"
89.38.245.149 - - [28/Aug/2026:00:16:30 +0330] "GET /_next/image?url=https%3A%2F%2Fpanel.charsooq.com%2Fstorage%2F01K85XJ14R02M5WX4G3RCTM11E.webp&w=640&q=75 HTTP/2.0" 304 0 "https://charsooq.com/turkey" "Mozilla/5.0 (Windows NT 10.0; Win64; x64) AppleWebKit/537.36 (KHTML, like Gecko) Chrome/151.0.0.0 Safari/537.36"
89.38.245.149 - - [28/Aug/2026:00:16:30 +0330] "GET /_next/image?url=http%3A%2F%2Fpanel.charsooq.com%2Fstorage%2FUTpgpl2Qd1JMNnhs2jo0r79XA8xjG4-metaYWRpZGFzLmpwZWc%3D-.jpg&w=256&q=75 HTTP/2.0" 200 2158 "https://charsooq.com/turkey" "Mozilla/5.0 (Windows NT 10.0; Win64; x64) AppleWebKit/537.36 (KHTML, like Gecko) Chrome/151.0.0.0 Safari/537.36"
89.38.245.149 - - [28/Aug/2026:00:16:30 +0330] "GET /_next/image?url=http%3A%2F%2Fpanel.charsooq.com%2Fstorage%2F7ewgI6BWJHnRaOexokkqQYANykHDco-metabmlrZS5qcGVn-.jpg&w=256&q=75 HTTP/2.0" 200 1262 "https://charsooq.com/turkey" "Mozilla/5.0 (Windows NT 10.0; Win64; x64) AppleWebKit/537.36 (KHTML, like Gecko) Chrome/151.0.0.0 Safari/537.36"
127.0.0.1 - - [28/Aug/2026:00:16:30 +0330] "GET /storage/UTpgpl2Qd1JMNnhs2jo0r79XA8xjG4-metaYWRpZGFzLmpwZWc=-.jpg HTTP/1.1" 301 169 "-" "node"
127.0.0.1 - - [28/Aug/2026:00:16:30 +0330] "GET /storage/UTpgpl2Qd1JMNnhs2jo0r79XA8xjG4-metaYWRpZGFzLmpwZWc=-.jpg HTTP/1.1" 200 6689 "-" "node"
127.0.0.1 - - [28/Aug/2026:00:16:30 +0330] "GET /storage/7ewgI6BWJHnRaOexokkqQYANykHDco-metabmlrZS5qcGVn-.jpg HTTP/1.1" 301 169 "-" "node"
127.0.0.1 - - [28/Aug/2026:00:16:30 +0330] "GET /storage/7ewgI6BWJHnRaOexokkqQYANykHDco-metabmlrZS5qcGVn-.jpg HTTP/1.1" 200 4215 "-" "node"
127.0.0.1 - - [28/Aug/2026:00:16:30 +0330] "GET /storage/8DOf9au0ySqzh5MG0vmYrKysAaesA4-metaemFyYS5qcGVn-.jpg HTTP/1.1" 301 169 "-" "node"
89.38.245.149 - - [28/Aug/2026:00:16:30 +0330] "GET /_next/image?url=http%3A%2F%2Fpanel.charsooq.com%2Fstorage%2F8DOf9au0ySqzh5MG0vmYrKysAaesA4-metaemFyYS5qcGVn-.jpg&w=256&q=75 HTTP/2.0" 200 2808 "https://charsooq.com/turkey" "Mozilla/5.0 (Windows NT 10.0; Win64; x64) AppleWebKit/537.36 (KHTML, like Gecko) Chrome/151.0.0.0 Safari/537.36"
127.0.0.1 - - [28/Aug/2026:00:16:30 +0330] "GET /storage/ev1z7ilg3VkP9imPfBNDLCF6S55afU-metabWFuZ28uanBlZw==-.jpg HTTP/1.1" 301 169 "-" "node"
89.38.245.149 - - [28/Aug/2026:00:16:30 +0330] "GET /_next/image?url=http%3A%2F%2Fpanel.charsooq.com%2Fstorage%2Fev1z7ilg3VkP9imPfBNDLCF6S55afU-metabWFuZ28uanBlZw%3D%3D-.jpg&w=256&q=75 HTTP/2.0" 200 2072 "https://charsooq.com/turkey" "Mozilla/5.0 (Windows NT 10.0; Win64; x64) AppleWebKit/537.36 (KHTML, like Gecko) Chrome/151.0.0.0 Safari/537.36"
127.0.0.1 - - [28/Aug/2026:00:16:30 +0330] "GET /storage/8DOf9au0ySqzh5MG0vmYrKysAaesA4-metaemFyYS5qcGVn-.jpg HTTP/1.1" 200 8884 "-" "node"
127.0.0.1 - - [28/Aug/2026:00:16:30 +0330] "GET /storage/ev1z7ilg3VkP9imPfBNDLCF6S55afU-metabWFuZ28uanBlZw==-.jpg HTTP/1.1" 200 7285 "-" "node"
127.0.0.1 - - [28/Aug/2026:00:16:30 +0330] "GET /storage/ICgnXGEPZuwPnyi3XdnDDDn5WAvHF8-metaYmVyc2hrYS5qcGVn-.jpg HTTP/1.1" 301 169 "-" "node"
89.38.245.149 - - [28/Aug/2026:00:16:30 +0330] "GET /_next/image?url=http%3A%2F%2Fpanel.charsooq.com%2Fstorage%2FICgnXGEPZuwPnyi3XdnDDDn5WAvHF8-metaYmVyc2hrYS5qcGVn-.jpg&w=256&q=75 HTTP/2.0" 200 2226 "https://charsooq.com/turkey" "Mozilla/5.0 (Windows NT 10.0; Win64; x64) AppleWebKit/537.36 (KHTML, like Gecko) Chrome/151.0.0.0 Safari/537.36"
127.0.0.1 - - [28/Aug/2026:00:16:30 +0330] "GET /storage/ICgnXGEPZuwPnyi3XdnDDDn5WAvHF8-metaYmVyc2hrYS5qcGVn-.jpg HTTP/1.1" 200 7406 "-" "node"
127.0.0.1 - - [28/Aug/2026:00:16:30 +0330] "GET /storage/D7QONJwbbZh089q0QRkMEcxOIJfCQ1-metaS290b24uanBlZw==-.jpg HTTP/1.1" 301 169 "-" "node"
89.38.245.149 - - [28/Aug/2026:00:16:30 +0330] "GET /_next/image?url=http%3A%2F%2Fpanel.charsooq.com%2Fstorage%2FD7QONJwbbZh089q0QRkMEcxOIJfCQ1-metaS290b24uanBlZw%3D%3D-.jpg&w=256&q=75 HTTP/2.0" 200 1586 "https://charsooq.com/turkey" "Mozilla/5.0 (Windows NT 10.0; Win64; x64) AppleWebKit/537.36 (KHTML, like Gecko) Chrome/151.0.0.0 Safari/537.36"
127.0.0.1 - - [28/Aug/2026:00:16:30 +0330] "GET /storage/IJuEzimJANhJPWuleNGZEYpBCB9OFg-metaUHVsbGFuZEJlYXIuanBlZw==-.jpg HTTP/1.1" 301 169 "-" "node"
89.38.245.149 - - [28/Aug/2026:00:16:30 +0330] "GET /_next/image?url=http%3A%2F%2Fpanel.charsooq.com%2Fstorage%2FIJuEzimJANhJPWuleNGZEYpBCB9OFg-metaUHVsbGFuZEJlYXIuanBlZw%3D%3D-.jpg&w=256&q=75 HTTP/2.0" 200 2058 "https://charsooq.com/turkey" "Mozilla/5.0 (Windows NT 10.0; Win64; x64) AppleWebKit/537.36 (KHTML, like Gecko) Chrome/151.0.0.0 Safari/537.36"
127.0.0.1 - - [28/Aug/2026:00:16:30 +0330] "GET /storage/D7QONJwbbZh089q0QRkMEcxOIJfCQ1-metaS290b24uanBlZw==-.jpg HTTP/1.1" 200 6227 "-" "node"
127.0.0.1 - - [28/Aug/2026:00:16:30 +0330] "GET /storage/IJuEzimJANhJPWuleNGZEYpBCB9OFg-metaUHVsbGFuZEJlYXIuanBlZw==-.jpg HTTP/1.1" 200 9440 "-" "node"
127.0.0.1 - - [28/Aug/2026:00:16:31 +0330] "GET /storage/YxO5E2kgU30HDB9nJcQ6IlmLFbLs61-metaa2l0YXBzZWMuanBlZw==-.jpg HTTP/1.1" 301 169 "-" "node"
89.38.245.149 - - [28/Aug/2026:00:16:31 +0330] "GET /_next/image?url=http%3A%2F%2Fpanel.charsooq.com%2Fstorage%2FYxO5E2kgU30HDB9nJcQ6IlmLFbLs61-metaa2l0YXBzZWMuanBlZw%3D%3D-.jpg&w=256&q=75 HTTP/2.0" 200 2250 "https://charsooq.com/turkey" "Mozilla/5.0 (Windows NT 10.0; Win64; x64) AppleWebKit/537.36 (KHTML, like Gecko) Chrome/151.0.0.0 Safari/537.36"
127.0.0.1 - - [28/Aug/2026:00:16:31 +0330] "GET /storage/YxO5E2kgU30HDB9nJcQ6IlmLFbLs61-metaa2l0YXBzZWMuanBlZw==-.jpg HTTP/1.1" 200 6611 "-" "node"
127.0.0.1 - - [28/Aug/2026:00:16:31 +0330] "GET /storage/D4k4TiVokC9RdX0NtR0kvF3tyypoxp-metabWVkaWFtYXJrdC5qcGVn-.jpg HTTP/1.1" 301 169 "-" "node"
89.38.245.149 - - [28/Aug/2026:00:16:31 +0330] "GET /_next/image?url=http%3A%2F%2Fpanel.charsooq.com%2Fstorage%2FD4k4TiVokC9RdX0NtR0kvF3tyypoxp-metabWVkaWFtYXJrdC5qcGVn-.jpg&w=256&q=75 HTTP/2.0" 200 2586 "https://charsooq.com/turkey" "Mozilla/5.0 (Windows NT 10.0; Win64; x64) AppleWebKit/537.36 (KHTML, like Gecko) Chrome/151.0.0.0 Safari/537.36"
127.0.0.1 - - [28/Aug/2026:00:16:31 +0330] "GET /storage/aMA7HDrKcd2XFMIyCGEebNRqgEz9wZ-metaa2l0YXB5dXJkdS5qcGVn-.jpg HTTP/1.1" 301 169 "-" "node"
89.38.245.149 - - [28/Aug/2026:00:16:31 +0330] "GET /_next/image?url=http%3A%2F%2Fpanel.charsooq.com%2Fstorage%2FaMA7HDrKcd2XFMIyCGEebNRqgEz9wZ-metaa2l0YXB5dXJkdS5qcGVn-.jpg&w=256&q=75 HTTP/2.0" 200 1758 "https://charsooq.com/turkey" "Mozilla/5.0 (Windows NT 10.0; Win64; x64) AppleWebKit/537.36 (KHTML, like Gecko) Chrome/151.0.0.0 Safari/537.36"
127.0.0.1 - - [28/Aug/2026:00:16:31 +0330] "GET /storage/D4k4TiVokC9RdX0NtR0kvF3tyypoxp-metabWVkaWFtYXJrdC5qcGVn-.jpg HTTP/1.1" 200 6713 "-" "node"
127.0.0.1 - - [28/Aug/2026:00:16:31 +0330] "GET /storage/iXvljUBSzcY7vANzhQ02BNvOfvWfL1-metaTENXYWlraWtpLmpwZWc=-.jpg HTTP/1.1" 301 169 "-" "node"
89.38.245.149 - - [28/Aug/2026:00:16:31 +0330] "GET /_next/image?url=http%3A%2F%2Fpanel.charsooq.com%2Fstorage%2FiXvljUBSzcY7vANzhQ02BNvOfvWfL1-metaTENXYWlraWtpLmpwZWc%3D-.jpg&w=256&q=75 HTTP/2.0" 200 2496 "https://charsooq.com/turkey" "Mozilla/5.0 (Windows NT 10.0; Win64; x64) AppleWebKit/537.36 (KHTML, like Gecko) Chrome/151.0.0.0 Safari/537.36"
127.0.0.1 - - [28/Aug/2026:00:16:31 +0330] "GET /storage/aMA7HDrKcd2XFMIyCGEebNRqgEz9wZ-metaa2l0YXB5dXJkdS5qcGVn-.jpg HTTP/1.1" 200 5708 "-" "node"
127.0.0.1 - - [28/Aug/2026:00:16:31 +0330] "GET /storage/iXvljUBSzcY7vANzhQ02BNvOfvWfL1-metaTENXYWlraWtpLmpwZWc=-.jpg HTTP/1.1" 200 8587 "-" "node"
127.0.0.1 - - [28/Aug/2026:00:16:31 +0330] "GET /storage/9cUooGTlTwyGawVYuqEM3sSWT9n3Gt-metabW9yaGlwby5qcGVn-.jpg HTTP/1.1" 301 169 "-" "node"
89.38.245.149 - - [28/Aug/2026:00:16:31 +0330] "GET /_next/image?url=http%3A%2F%2Fpanel.charsooq.com%2Fstorage%2F9cUooGTlTwyGawVYuqEM3sSWT9n3Gt-metabW9yaGlwby5qcGVn-.jpg&w=256&q=75 HTTP/2.0" 200 1562 "https://charsooq.com/turkey" "Mozilla/5.0 (Windows NT 10.0; Win64; x64) AppleWebKit/537.36 (KHTML, like Gecko) Chrome/151.0.0.0 Safari/537.36"
127.0.0.1 - - [28/Aug/2026:00:16:31 +0330] "GET /storage/9cUooGTlTwyGawVYuqEM3sSWT9n3Gt-metabW9yaGlwby5qcGVn-.jpg HTTP/1.1" 200 5692 "-" "node"
89.38.245.149 - - [28/Aug/2026:00:16:33 +0330] "GET /amazon/products?page=1&_rsc=qlw0h HTTP/2.0" 200 1482 "https://charsooq.com/turkey" "Mozilla/5.0 (Windows NT 10.0; Win64; x64) AppleWebKit/537.36 (KHTML, like Gecko) Chrome/151.0.0.0 Safari/537.36"
127.0.0.1 - - [28/Aug/2026:00:16:34 +0330] "GET /api/v1/categories-product?store=amazon&category=&count=24&page=1&minprice=0&maxprice=10000&ratings=&sortby= HTTP/1.1" 301 169 "-" "node"
89.38.245.149 - - [28/Aug/2026:00:16:34 +0330] "GET /32px.png HTTP/2.0" 304 0 "https://charsooq.com/amazon/products?page=1" "Mozilla/5.0 (Windows NT 10.0; Win64; x64) AppleWebKit/537.36 (KHTML, like Gecko) Chrome/151.0.0.0 Safari/537.36"
89.38.245.149 - - [28/Aug/2026:00:16:34 +0330] "GET /manifest.json HTTP/2.0" 304 0 "https://charsooq.com/amazon/products?page=1" "Mozilla/5.0 (Windows NT 10.0; Win64; x64) AppleWebKit/537.36 (KHTML, like Gecko) Chrome/151.0.0.0 Safari/537.36"
89.38.245.149 - - [28/Aug/2026:00:16:34 +0330] "GET /16px.png HTTP/2.0" 304 0 "https://charsooq.com/amazon/products?page=1" "Mozilla/5.0 (Windows NT 10.0; Win64; x64) AppleWebKit/537.36 (KHTML, like Gecko) Chrome/151.0.0.0 Safari/537.36"
127.0.0.1 - - [28/Aug/2026:00:16:35 +0330] "GET /api/v1/categories-amazon HTTP/1.1" 200 34199 "-" "node"
172.16.20.25 - - [28/Aug/2026:00:16:35 +0330] "GET / HTTP/1.1" 200 338470 "-" "Mozilla/5.0 (compatible; PRTG Network Monitor (www.paessler.com); Windows)"
127.0.0.1 - - [28/Aug/2026:00:16:36 +0330] "GET /api/v1/categories-product?store=amazon&category=&count=24&page=1&minprice=0&maxprice=10000&ratings=&sortby= HTTP/1.1" 200 34215 "-" "node"
89.38.245.149 - - [28/Aug/2026:00:16:36 +0330] "GET /amazon/products?page=1&_rsc=8ly0z HTTP/2.0" 200 37763 "https://charsooq.com/turkey" "Mozilla/5.0 (Windows NT 10.0; Win64; x64) AppleWebKit/537.36 (KHTML, like Gecko) Chrome/151.0.0.0 Safari/537.36"
89.38.245.149 - - [28/Aug/2026:00:16:36 +0330] "GET /_next/static/chunks/7539-9d426d13d3df87a8.js HTTP/2.0" 200 8837 "https://charsooq.com/amazon/products?page=1" "Mozilla/5.0 (Windows NT 10.0; Win64; x64) AppleWebKit/537.36 (KHTML, like Gecko) Chrome/151.0.0.0 Safari/537.36"
89.38.245.149 - - [28/Aug/2026:00:16:36 +0330] "GET /_next/static/chunks/app/amazon/products/page-2f8d0aefd9263f1e.js HTTP/2.0" 200 8530 "https://charsooq.com/amazon/products?page=1" "Mozilla/5.0 (Windows NT 10.0; Win64; x64) AppleWebKit/537.36 (KHTML, like Gecko) Chrome/151.0.0.0 Safari/537.36"
127.0.0.1 - - [28/Aug/2026:00:16:36 +0330] "GET /api/v3/product-show/amz-B0CWNZNTB1?amazon_region= HTTP/1.1" 301 169 "-" "node"
127.0.0.1 - - [28/Aug/2026:00:16:36 +0330] "GET /api/v3/product-show/amz-B0CP766V17?amazon_region= HTTP/1.1" 301 169 "-" "node"
127.0.0.1 - - [28/Aug/2026:00:16:36 +0330] "GET /api/v3/product-show/amz-B091D8BXSQ?amazon_region= HTTP/1.1" 301 169 "-" "node"
127.0.0.1 - - [28/Aug/2026:00:16:36 +0330] "GET /api/v3/product-show/amz-B00P0Q0T28?amazon_region= HTTP/1.1" 301 169 "-" "node"
127.0.0.1 - - [28/Aug/2026:00:16:36 +0330] "GET /api/v3/product-show/amz-B002SPWOVS?amazon_region= HTTP/1.1" 301 169 "-" "node"
127.0.0.1 - - [28/Aug/2026:00:16:36 +0330] "GET /api/v3/product-show/amz-B098QJF9QQ?amazon_region= HTTP/1.1" 301 169 "-" "node"
127.0.0.1 - - [28/Aug/2026:00:16:36 +0330] "GET /api/v3/product-show/amz-B00BEG9QXG?amazon_region= HTTP/1.1" 301 169 "-" "node"
127.0.0.1 - - [28/Aug/2026:00:16:36 +0330] "GET /api/v3/product-show/amz-B00NETKGB2?amazon_region= HTTP/1.1" 301 169 "-" "node"
127.0.0.1 - - [28/Aug/2026:00:16:36 +0330] "GET /api/v3/product-show/amz-B0CP766V17?amazon_region= HTTP/1.1" 200 23893 "-" "node"
89.38.245.149 - - [28/Aug/2026:00:16:36 +0330] "GET /product/amz-B0CP766V17/pj-paul-jones-mens-linen-shirts-long-sleeve-casual-button-down-shirt-breathable-dress-shirts?_rsc=1tdvg HTTP/2.0" 200 2824 "https://charsooq.com/amazon/products?page=1" "Mozilla/5.0 (Windows NT 10.0; Win64; x64) AppleWebKit/537.36 (KHTML, like Gecko) Chrome/151.0.0.0 Safari/537.36"
127.0.0.1 - - [28/Aug/2026:00:16:36 +0330] "GET /api/v3/product-show/amz-B0CWNZNTB1?amazon_region= HTTP/1.1" 200 18483 "-" "node"
89.38.245.149 - - [28/Aug/2026:00:16:36 +0330] "GET /product/amz-B0CWNZNTB1/gxamoy-mens-athletic-2-pieces-tracksuit-casual-full-zip-jogging-sweat-suit-workout-sports-set-sportswear?_rsc=1tdvg HTTP/2.0" 200 3197 "https://charsooq.com/amazon/products?page=1" "Mozilla/5.0 (Windows NT 10.0; Win64; x64) AppleWebKit/537.36 (KHTML, like Gecko) Chrome/151.0.0.0 Safari/537.36"
127.0.0.1 - - [28/Aug/2026:00:16:36 +0330] "GET /api/v3/product-show/amz-B091D8BXSQ?amazon_region= HTTP/1.1" 200 22724 "-" "node"
89.38.245.149 - - [28/Aug/2026:00:16:36 +0330] "GET /product/amz-B091D8BXSQ/loreal-paris-true-match-nude-hyaluronic-tinted-serum-foundation-with-1-hyaluronic-acid-light-2-3-1-fl-oz?_rsc=1tdvg HTTP/2.0" 200 3572 "https://charsooq.com/amazon/products?page=1" "Mozilla/5.0 (Windows NT 10.0; Win64; x64) AppleWebKit/537.36 (KHTML, like Gecko) Chrome/151.0.0.0 Safari/537.36"
127.0.0.1 - - [28/Aug/2026:00:16:36 +0330] "GET /api/v3/product-show/amz-B00P0Q0T28?amazon_region= HTTP/1.1" 200 19467 "-" "node"
89.38.245.149 - - [28/Aug/2026:00:16:36 +0330] "GET /product/amz-B00P0Q0T28/too-faced-better-than-sex-volumizing-mascara?_rsc=1tdvg HTTP/2.0" 200 2735 "https://charsooq.com/amazon/products?page=1" "Mozilla/5.0 (Windows NT 10.0; Win64; x64) AppleWebKit/537.36 (KHTML, like Gecko) Chrome/151.0.0.0 Safari/537.36"
127.0.0.1 - - [28/Aug/2026:00:16:36 +0330] "GET /api/v3/product-show/amz-B002SPWOVS?amazon_region= HTTP/1.1" 200 17966 "-" "node"
89.38.245.149 - - [28/Aug/2026:00:16:36 +0330] "GET /product/amz-B002SPWOVS/clinique-even-better-makeup-medium-coverage-foundation-broad-spectrum-spf-15-evens-skin-tone-reduces-dark-circles?_rsc=1tdvg HTTP/2.0" 200 3091 "https://charsooq.com/amazon/products?page=1" "Mozilla/5.0 (Windows NT 10.0; Win64; x64) AppleWebKit/537.36 (KHTML, like Gecko) Chrome/151.0.0.0 Safari/537.36"
127.0.0.1 - - [28/Aug/2026:00:16:37 +0330] "GET /api/v3/product-show/amz-B00NETKGB2?amazon_region= HTTP/1.1" 200 68974 "-" "node"
89.38.245.149 - - [28/Aug/2026:00:16:37 +0330] "GET /product/amz-B00NETKGB2/jo-malone-wood-sage-sea-salt-cologne-spray-for-women-1-ounce?_rsc=1tdvg HTTP/2.0" 200 4638 "https://charsooq.com/amazon/products?page=1" "Mozilla/5.0 (Windows NT 10.0; Win64; x64) AppleWebKit/537.36 (KHTML, like Gecko) Chrome/151.0.0.0 Safari/537.36"
127.0.0.1 - - [28/Aug/2026:00:16:37 +0330] "GET /api/v3/product-show/amz-B00BEG9QXG?amazon_region= HTTP/1.1" 200 59296 "-" "node"
89.38.245.149 - - [28/Aug/2026:00:16:37 +0330] "GET /product/amz-B00BEG9QXG/giorgio-armani-acqua-di-gioia-eau-de-parfum-17-fl-oz?_rsc=1tdvg HTTP/2.0" 200 4435 "https://charsooq.com/amazon/products?page=1" "Mozilla/5.0 (Windows NT 10.0; Win64; x64) AppleWebKit/537.36 (KHTML, like Gecko) Chrome/151.0.0.0 Safari/537.36"
127.0.0.1 - - [28/Aug/2026:00:16:37 +0330] "GET /api/v3/product-show/amz-B098QJF9QQ?amazon_region= HTTP/1.1" 200 15408 "-" "node"
89.38.245.149 - - [28/Aug/2026:00:16:37 +0330] "GET /product/amz-B098QJF9QQ/nike-boys-tennis-little-kids-shoes-36-eu?_rsc=1tdvg HTTP/2.0" 200 2760 "https://charsooq.com/amazon/products?page=1" "Mozilla/5.0 (Windows NT 10.0; Win64; x64) AppleWebKit/537.36 (KHTML, like Gecko) Chrome/151.0.0.0 Safari/537.36"
89.38.245.149 - - [28/Aug/2026:00:16:37 +0330] "GET /amazon?_rsc=1jezg HTTP/2.0" 200 20149 "https://charsooq.com/amazon/products?page=1" "Mozilla/5.0 (Windows NT 10.0; Win64; x64) AppleWebKit/537.36 (KHTML, like Gecko) Chrome/151.0.0.0 Safari/537.36"
127.0.0.1 - - [28/Aug/2026:00:16:37 +0330] "GET /api/v1/article-page?region=amazon HTTP/1.1" 200 6910 "-" "node"
127.0.0.1 - - [28/Aug/2026:00:16:38 +0330] "GET /api/v2/sliders HTTP/1.1" 200 7479 "-" "node"
89.38.245.149 - - [28/Aug/2026:00:16:38 +0330] "GET /_next/static/chunks/app/amazon/page-31e7e225043b5dc1.js HTTP/2.0" 200 3250 "https://charsooq.com/amazon/products?page=1" "Mozilla/5.0 (Windows NT 10.0; Win64; x64) AppleWebKit/537.36 (KHTML, like Gecko) Chrome/151.0.0.0 Safari/537.36"
89.38.245.149 - - [28/Aug/2026:00:16:38 +0330] "GET /_next/image?url=%2Fassets%2Fimages%2Fhome%2Fcategory%2Fshoes.jpg&w=1920&q=75 HTTP/2.0" 200 13250 "https://charsooq.com/amazon/products?page=1" "Mozilla/5.0 (Windows NT 10.0; Win64; x64) AppleWebKit/537.36 (KHTML, like Gecko) Chrome/151.0.0.0 Safari/537.36"
89.38.245.149 - - [28/Aug/2026:00:16:38 +0330] "GET /_next/image?url=%2Fassets%2Fimages%2Fhome%2Fcategory%2Fcosmetic.jpg&w=1920&q=75 HTTP/2.0" 200 15462 "https://charsooq.com/amazon/products?page=1" "Mozilla/5.0 (Windows NT 10.0; Win64; x64) AppleWebKit/537.36 (KHTML, like Gecko) Chrome/151.0.0.0 Safari/537.36"
89.38.245.149 - - [28/Aug/2026:00:16:38 +0330] "GET /_next/image?url=%2Fassets%2Fimages%2Fhome%2Fhome-instagram2.webp&w=1920&q=75 HTTP/2.0" 200 10150 "https://charsooq.com/amazon/products?page=1" "Mozilla/5.0 (Windows NT 10.0; Win64; x64) AppleWebKit/537.36 (KHTML, like Gecko) Chrome/151.0.0.0 Safari/537.36"
89.38.245.149 - - [28/Aug/2026:00:16:38 +0330] "GET /_next/image?url=%2Fassets%2Fimages%2Fhome%2Fhome-telegram2.webp&w=1920&q=75 HTTP/2.0" 200 16878 "https://charsooq.com/amazon/products?page=1" "Mozilla/5.0 (Windows NT 10.0; Win64; x64) AppleWebKit/537.36 (KHTML, like Gecko) Chrome/151.0.0.0 Safari/537.36"
89.38.245.149 - - [28/Aug/2026:00:16:38 +0330] "GET /32px.png HTTP/2.0" 304 0 "https://charsooq.com/amazon" "Mozilla/5.0 (Windows NT 10.0; Win64; x64) AppleWebKit/537.36 (KHTML, like Gecko) Chrome/151.0.0.0 Safari/537.36"
89.38.245.149 - - [28/Aug/2026:00:16:38 +0330] "GET /32px.png HTTP/2.0" 304 0 "https://charsooq.com/amazon" "Mozilla/5.0 (Windows NT 10.0; Win64; x64) AppleWebKit/537.36 (KHTML, like Gecko) Chrome/151.0.0.0 Safari/537.36"
89.38.245.149 - - [28/Aug/2026:00:16:38 +0330] "GET /manifest.json HTTP/2.0" 304 0 "https://charsooq.com/amazon" "Mozilla/5.0 (Windows NT 10.0; Win64; x64) AppleWebKit/537.36 (KHTML, like Gecko) Chrome/151.0.0.0 Safari/537.36"
