40.77.167.65 - - [28/Aug/2026:02:40:41 +0330] "GET /?u=04136272827703 HTTP/2.0" 200 32955 "-" "Mozilla/5.0 AppleWebKit/537.36 (KHTML, like Gecko; compatible; bingbot/2.0; +http://www.bing.com/bingbot.htm) Chrome/116.0.1938.76 Safari/537.36"
127.0.0.1 - - [28/Aug/2026:02:40:46 +0330] "GET /api/v3/product-show/amz-B00M9CXMNY?amazon_region=undefined HTTP/1.1" 301 169 "-" "node"
127.0.0.1 - - [28/Aug/2026:02:40:46 +0330] "GET /api/v3/product-show/amz-B00M9CXMNY?amazon_region= HTTP/1.1" 301 169 "-" "node"
127.0.0.1 - - [28/Aug/2026:02:40:46 +0330] "GET /api/v3/product-show/amz-B00M9CXMNY?amazon_region=undefined HTTP/1.1" 200 13149 "-" "node"
127.0.0.1 - - [28/Aug/2026:02:40:46 +0330] "GET /api/v3/product-show/amz-B00M9CXMNY?amazon_region= HTTP/1.1" 200 13149 "-" "node"
127.0.0.1 - - [28/Aug/2026:02:40:47 +0330] "GET /api/v1/categories-amazon HTTP/1.1" 200 34199 "-" "node"
40.77.167.126 - - [28/Aug/2026:02:40:47 +0330] "GET /product/amz-B00M9CXMNY/Makita-XOB01Z-18V-LXT-Lithium-Ion-Cordless-5-Random-Orbit-Sander-Tool-Only HTTP/2.0" 200 108017 "-" "Mozilla/5.0 AppleWebKit/537.36 (KHTML, like Gecko; compatible; bingbot/2.0; +http://www.bing.com/bingbot.htm) Chrome/116.0.1938.76 Safari/537.36"
127.0.0.1 - - [28/Aug/2026:02:40:52 +0330] "GET /api/v1/product-offer-index?count=24&page=1&sortby=&category=shoes&minprice=0&maxprice=150000000 HTTP/1.1" 301 169 "-" "node"
127.0.0.1 - - [28/Aug/2026:02:40:52 +0330] "GET /api/v1/product-offer-index?count=24&page=1&sortby=&category=shoes&minprice=0&maxprice=150000000 HTTP/1.1" 200 3966 "-" "node"
127.0.0.1 - - [28/Aug/2026:02:40:53 +0330] "GET /api/v1/categories-amazon HTTP/1.1" 200 34230 "-" "node"
94.158.60.23 - - [28/Aug/2026:02:40:53 +0330] "GET /products-offer/shoes?page=1 HTTP/2.0" 200 92912 "https://charsooq.com" "Mozilla/5.0 (Windows NT 10.0; Win64; x64) AppleWebKit/537.36 (KHTML, like Gecko) Chrome/145.0.0.0 Safari/537.36 Edg/145.0.0.0"
66.249.77.101 - - [28/Aug/2026:02:41:20 +0330] "GET /?u=16970283089920 HTTP/1.1" 200 31695 "-" "Mozilla/5.0 (Linux; Android 6.0.1; Nexus 5X Build/MMB29P) AppleWebKit/537.36 (KHTML, like Gecko) Chrome/151.0.7922.173 Mobile Safari/537.36 (compatible; Googlebot/2.1; +http://www.google.com/bot.html)"
127.0.0.1 - - [28/Aug/2026:02:41:34 +0330] "GET /api/v2/sliders HTTP/1.1" 200 7479 "-" "node"
127.0.0.1 - - [28/Aug/2026:02:41:35 +0330] "GET /api/v1/categories-amazon HTTP/1.1" 200 34230 "-" "node"
172.16.20.25 - - [28/Aug/2026:02:41:35 +0330] "GET / HTTP/1.1" 200 338336 "-" "Mozilla/5.0 (compatible; PRTG Network Monitor (www.paessler.com); Windows)"
195.182.16.23 - - [28/Aug/2026:02:41:36 +0330] "GET /SDK/webLanguage HTTP/1.1" 301 169 "-" "Mozilla/5.0 (Windows NT 10.0; Win64; x64) AppleWebKit/537.36 (KHTML, like Gecko) Chrome/90.0.4430.85 Safari/537.36 Edg/90.0.818.46"
127.0.0.1 - - [28/Aug/2026:02:42:35 +0330] "GET /api/v1/categories-amazon HTTP/1.1" 200 34230 "-" "node"
127.0.0.1 - - [28/Aug/2026:02:42:35 +0330] "GET /api/v2/page-data HTTP/1.1" 200 36854 "-" "node"
172.16.20.25 - - [28/Aug/2026:02:42:35 +0330] "GET / HTTP/1.1" 200 338359 "-" "Mozilla/5.0 (compatible; PRTG Network Monitor (www.paessler.com); Windows)"
66.249.77.99 - - [28/Aug/2026:02:42:46 +0330] "GET /?u=8245060761101 HTTP/1.1" 200 34487 "-" "Mozilla/5.0 (Linux; Android 6.0.1; Nexus 5X Build/MMB29P) AppleWebKit/537.36 (KHTML, like Gecko) Chrome/151.0.7922.173 Mobile Safari/537.36 (compatible; Googlebot/2.1; +http://www.google.com/bot.html)"
127.0.0.1 - - [28/Aug/2026:02:42:50 +0330] "GET /api/v2/article-show/butterfly-knife HTTP/1.1" 200 53517 "-" "node"
127.0.0.1 - - [28/Aug/2026:02:42:51 +0330] "GET /api/v1/categories-amazon HTTP/1.1" 200 34199 "-" "node"
207.46.13.63 - - [28/Aug/2026:02:42:52 +0330] "GET /articles/butterfly-knife HTTP/2.0" 200 95210 "-" "Mozilla/5.0 AppleWebKit/537.36 (KHTML, like Gecko; compatible; bingbot/2.0; +http://www.bing.com/bingbot.htm) Chrome/116.0.1938.76 Safari/537.36"
66.249.69.230 - - [28/Aug/2026:02:43:02 +0330] "GET /ebay HTTP/1.1" 308 36 "-" "Mozilla/5.0 (Linux; Android 6.0.1; Nexus 5X Build/MMB29P) AppleWebKit/537.36 (KHTML, like Gecko) Chrome/151.0.7922.173 Mobile Safari/537.36 (compatible; Googlebot/2.1; +http://www.google.com/bot.html)"
66.249.69.229 - - [28/Aug/2026:02:43:02 +0330] "GET /robots.txt HTTP/1.1" 308 42 "-" "Mozilla/5.0 (compatible; Googlebot/2.1; +http://www.google.com/bot.html)"
127.0.0.1 - - [28/Aug/2026:02:43:03 +0330] "GET /api/v1/robot HTTP/1.1" 200 666 "-" "node"
192.178.7.105 - - [28/Aug/2026:02:43:03 +0330] "GET /robots.txt HTTP/1.1" 200 708 "-" "Mozilla/5.0 (compatible; Googlebot/2.1; +http://www.google.com/bot.html)"
127.0.0.1 - - [28/Aug/2026:02:43:03 +0330] "GET /api/v1/article-page?region=ebay HTTP/1.1" 200 8512 "-" "node"
127.0.0.1 - - [28/Aug/2026:02:43:03 +0330] "GET /api/v2/sliders HTTP/1.1" 200 7479 "-" "node"
127.0.0.1 - - [28/Aug/2026:02:43:04 +0330] "GET /api/v1/categories-amazon HTTP/1.1" 200 34230 "-" "node"
192.178.7.96 - - [28/Aug/2026:02:43:04 +0330] "GET /ebay HTTP/1.1" 200 124269 "-" "Mozilla/5.0 (Linux; Android 6.0.1; Nexus 5X Build/MMB29P) AppleWebKit/537.36 (KHTML, like Gecko) Chrome/151.0.7922.173 Mobile Safari/537.36 (compatible; Googlebot/2.1; +http://www.google.com/bot.html)"
192.178.7.105 - - [28/Aug/2026:02:43:17 +0330] "GET /_next/static/chunks/app/layout-cb550aa8118c7c2c.js HTTP/1.1" 200 11560 "https://charsooq.com/ebay" "Mozilla/5.0 (Linux; Android 6.0.1; Nexus 5X Build/MMB29P) AppleWebKit/537.36 (KHTML, like Gecko) Chrome/151.0.7922.173 Mobile Safari/537.36 (compatible; Googlebot/2.1; +http://www.google.com/bot.html)"
192.178.7.105 - - [28/Aug/2026:02:43:18 +0330] "GET /_next/static/chunks/4438-ac5ce0d4a5fd9e15.js HTTP/1.1" 200 8284 "https://charsooq.com/ebay" "Mozilla/5.0 (Linux; Android 6.0.1; Nexus 5X Build/MMB29P) AppleWebKit/537.36 (KHTML, like Gecko) Chrome/151.0.7922.173 Mobile Safari/537.36 (compatible; Googlebot/2.1; +http://www.google.com/bot.html)"
192.178.7.105 - - [28/Aug/2026:02:43:18 +0330] "GET /_next/static/chunks/1188-8347881a51d7e866.js HTTP/1.1" 200 3381 "https://charsooq.com/ebay" "Mozilla/5.0 (Linux; Android 6.0.1; Nexus 5X Build/MMB29P) AppleWebKit/537.36 (KHTML, like Gecko) Chrome/151.0.7922.173 Mobile Safari/537.36 (compatible; Googlebot/2.1; +http://www.google.com/bot.html)"
66.249.77.101 - - [28/Aug/2026:02:43:21 +0330] "GET /?u=92174252430702 HTTP/1.1" 200 32532 "-" "Mozilla/5.0 (Linux; Android 6.0.1; Nexus 5X Build/MMB29P) AppleWebKit/537.36 (KHTML, like Gecko) Chrome/151.0.7922.173 Mobile Safari/537.36 (compatible; Googlebot/2.1; +http://www.google.com/bot.html)"
192.178.7.105 - - [28/Aug/2026:02:43:22 +0330] "GET /_next/static/chunks/1495.b45bb862bd3e18ec.js HTTP/1.1" 200 796 "https://charsooq.com/ebay" "Mozilla/5.0 (Linux; Android 6.0.1; Nexus 5X Build/MMB29P) AppleWebKit/537.36 (KHTML, like Gecko) Chrome/151.0.7922.173 Mobile Safari/537.36 (compatible; Googlebot/2.1; +http://www.google.com/bot.html)"
192.178.7.105 - - [28/Aug/2026:02:43:22 +0330] "GET /_next/static/chunks/415.9bf722adfc74e289.js HTTP/1.1" 200 8760 "https://charsooq.com/ebay" "Mozilla/5.0 (Linux; Android 6.0.1; Nexus 5X Build/MMB29P) AppleWebKit/537.36 (KHTML, like Gecko) Chrome/151.0.7922.173 Mobile Safari/537.36 (compatible; Googlebot/2.1; +http://www.google.com/bot.html)"
127.0.0.1 - - [28/Aug/2026:02:43:35 +0330] "GET /api/v1/categories-amazon HTTP/1.1" 200 34199 "-" "node"
172.16.20.25 - - [28/Aug/2026:02:43:35 +0330] "GET / HTTP/1.1" 200 338336 "-" "Mozilla/5.0 (compatible; PRTG Network Monitor (www.paessler.com); Windows)"
127.0.0.1 - - [28/Aug/2026:02:43:35 +0330] "GET /api/v3/product-show/amz-B07STGGQ18?amazon_region=undefined HTTP/1.1" 301 169 "-" "node"
127.0.0.1 - - [28/Aug/2026:02:43:35 +0330] "GET /api/v3/product-show/amz-B07STGGQ18?amazon_region= HTTP/1.1" 301 169 "-" "node"
127.0.0.1 - - [28/Aug/2026:02:43:35 +0330] "GET /api/v3/product-show/amz-B07STGGQ18?amazon_region=undefined HTTP/1.1" 200 24354 "-" "node"
127.0.0.1 - - [28/Aug/2026:02:43:35 +0330] "GET /api/v3/product-show/amz-B07STGGQ18?amazon_region= HTTP/1.1" 200 24354 "-" "node"
127.0.0.1 - - [28/Aug/2026:02:43:35 +0330] "GET /api/v1/categories-amazon HTTP/1.1" 200 34230 "-" "node"
190.135.168.100 - - [28/Aug/2026:02:43:36 +0330] "GET /product/amz-B07STGGQ18/amd-ryzen-5-3600-6-core-12-thread-unlocked-desktop-processor-with-wraith-stealth-cooler HTTP/2.0" 200 104964 "https://charsooq.com" "Mozilla/5.0 (Windows NT 10.0; Win64; x64) AppleWebKit/537.36 (KHTML, like Gecko) Chrome/144.0.0.0 Safari/537.36"
66.249.77.100 - - [28/Aug/2026:02:43:44 +0330] "GET /?u=40637272425003 HTTP/1.1" 200 33151 "-" "Mozilla/5.0 (Linux; Android 6.0.1; Nexus 5X Build/MMB29P) AppleWebKit/537.36 (KHTML, like Gecko) Chrome/151.0.7922.173 Mobile Safari/537.36 (compatible; Googlebot/2.1; +http://www.google.com/bot.html)"
66.249.77.99 - - [28/Aug/2026:02:43:47 +0330] "GET /?u=8399181516501 HTTP/1.1" 200 32786 "-" "Mozilla/5.0 (Linux; Android 6.0.1; Nexus 5X Build/MMB29P) AppleWebKit/537.36 (KHTML, like Gecko) Chrome/151.0.7922.173 Mobile Safari/537.36 (compatible; Googlebot/2.1; +http://www.google.com/bot.html)"
127.0.0.1 - - [28/Aug/2026:02:43:48 +0330] "GET /api/v3/product-show/amz-B07STGGQ18?amazon_region=undefined HTTP/1.1" 301 169 "-" "node"
127.0.0.1 - - [28/Aug/2026:02:43:48 +0330] "GET /api/v3/product-show/amz-B07STGGQ18?amazon_region= HTTP/1.1" 301 169 "-" "node"
127.0.0.1 - - [28/Aug/2026:02:43:48 +0330] "GET /api/v3/product-show/amz-B07STGGQ18?amazon_region= HTTP/1.1" 200 24354 "-" "node"
127.0.0.1 - - [28/Aug/2026:02:43:48 +0330] "GET /api/v3/product-show/amz-B07STGGQ18?amazon_region=undefined HTTP/1.1" 200 24354 "-" "node"
127.0.0.1 - - [28/Aug/2026:02:43:49 +0330] "GET /api/v1/categories-amazon HTTP/1.1" 200 34199 "-" "node"
189.252.66.109 - - [28/Aug/2026:02:43:49 +0330] "GET /product/amz-B07STGGQ18/amd-ryzen-5-3600-6-core-12-thread-unlocked-desktop-processor-with-wraith-stealth-cooler HTTP/2.0" 200 104963 "https://charsooq.com" "Mozilla/5.0 (Windows NT 10.0; Win64; x64) AppleWebKit/537.36 (KHTML, like Gecko) Chrome/144.0.0.0 Safari/537.36"
66.249.77.101 - - [28/Aug/2026:02:44:09 +0330] "GET /?u=30200140901004 HTTP/1.1" 200 32843 "-" "Mozilla/5.0 (Linux; Android 6.0.1; Nexus 5X Build/MMB29P) AppleWebKit/537.36 (KHTML, like Gecko) Chrome/151.0.7922.173 Mobile Safari/537.36 (compatible; Googlebot/2.1; +http://www.google.com/bot.html)"
127.0.0.1 - - [28/Aug/2026:02:44:34 +0330] "GET /api/v2/sliders HTTP/1.1" 200 7479 "-" "node"
127.0.0.1 - - [28/Aug/2026:02:44:35 +0330] "GET /api/v1/categories-amazon HTTP/1.1" 200 34230 "-" "node"
127.0.0.1 - - [28/Aug/2026:02:44:35 +0330] "GET /api/v2/page-data HTTP/1.1" 200 36854 "-" "node"
172.16.20.25 - - [28/Aug/2026:02:44:35 +0330] "GET / HTTP/1.1" 200 338509 "-" "Mozilla/5.0 (compatible; PRTG Network Monitor (www.paessler.com); Windows)"
127.0.0.1 - - [28/Aug/2026:02:44:54 +0330] "GET /api/v1/robot HTTP/1.1" 200 666 "-" "node"
192.178.7.96 - - [28/Aug/2026:02:44:54 +0330] "GET /robots.txt HTTP/1.1" 200 708 "-" "Mozilla/5.0 (compatible; Googlebot/2.1; +http://www.google.com/bot.html)"
127.0.0.1 - - [28/Aug/2026:02:44:55 +0330] "GET /api/v2/article-show/%D8%AE%D8%B1%DB%8C%D8%AF-%DA%A9%D8%A7%D9%84%D8%A7%DB%8C-%D8%AF%DB%8C%D8%AC%DB%8C%D8%AA%D8%A7%D9%84-%D8%A7%D8%B2-%D8%A2%D9%85%D8%A7%D8%B2%D9%88%D9%86 HTTP/1.1" 200 104750 "-" "node"
127.0.0.1 - - [28/Aug/2026:02:44:55 +0330] "GET /api/v1/categories-amazon HTTP/1.1" 200 34230 "-" "node"
192.178.7.105 - - [28/Aug/2026:02:44:56 +0330] "GET /articles/%D8%AE%D8%B1%DB%8C%D8%AF-%DA%A9%D8%A7%D9%84%D8%A7%DB%8C-%D8%AF%DB%8C%D8%AC%DB%8C%D8%AA%D8%A7%D9%84-%D8%A7%D8%B2-%D8%A2%D9%85%D8%A7%D8%B2%D9%88%D9%86 HTTP/1.1" 200 103118 "-" "Mozilla/5.0 (Linux; Android 6.0.1; Nexus 5X Build/MMB29P) AppleWebKit/537.36 (KHTML, like Gecko) Chrome/151.0.7922.173 Mobile Safari/537.36 (compatible; Googlebot/2.1; +http://www.google.com/bot.html)"
66.249.69.231 - - [28/Aug/2026:02:45:13 +0330] "GET /robots.txt HTTP/1.1" 308 42 "-" "Mozilla/5.0 (compatible; Googlebot/2.1; +http://www.google.com/bot.html)"
66.249.69.229 - - [28/Aug/2026:02:45:13 +0330] "GET / HTTP/1.1" 308 31 "-" "Mozilla/5.0 (Linux; Android 6.0.1; Nexus 5X Build/MMB29P) AppleWebKit/537.36 (KHTML, like Gecko) Chrome/151.0.7922.173 Mobile Safari/537.36 (compatible; Googlebot/2.1; +http://www.google.com/bot.html)"
127.0.0.1 - - [28/Aug/2026:02:45:15 +0330] "GET /api/v1/categories-amazon HTTP/1.1" 200 34230 "-" "node"
192.178.7.105 - - [28/Aug/2026:02:45:15 +0330] "GET / HTTP/1.1" 200 106586 "-" "Mozilla/5.0 (Linux; Android 6.0.1; Nexus 5X Build/MMB29P) AppleWebKit/537.36 (KHTML, like Gecko) Chrome/151.0.7922.173 Mobile Safari/537.36 (compatible; Googlebot/2.1; +http://www.google.com/bot.html)"
127.0.0.1 - - [28/Aug/2026:02:45:35 +0330] "GET /api/v1/categories-amazon HTTP/1.1" 200 34230 "-" "node"
172.16.20.25 - - [28/Aug/2026:02:45:35 +0330] "GET / HTTP/1.1" 200 338470 "-" "Mozilla/5.0 (compatible; PRTG Network Monitor (www.paessler.com); Windows)"
192.178.7.105 - - [28/Aug/2026:02:45:36 +0330] "GET /_next/static/chunks/main-app-9964935a240c0d39.js HTTP/1.1" 200 471 "https://charsooq.com/" "Mozilla/5.0 (Linux; Android 6.0.1; Nexus 5X Build/MMB29P) AppleWebKit/537.36 (KHTML, like Gecko) Chrome/151.0.7922.173 Mobile Safari/537.36 (compatible; Googlebot/2.1; +http://www.google.com/bot.html)"
66.249.77.100 - - [28/Aug/2026:02:45:58 +0330] "GET /special/163005178.html HTTP/1.1" 200 32508 "-" "Mozilla/5.0 (Linux; Android 6.0.1; Nexus 5X Build/MMB29P) AppleWebKit/537.36 (KHTML, like Gecko) Chrome/151.0.7922.173 Mobile Safari/537.36 (compatible; Googlebot/2.1; +http://www.google.com/bot.html)"
127.0.0.1 - - [28/Aug/2026:02:46:22 +0330] "GET /api/v1/robot HTTP/1.1" 200 666 "-" "node"
69.171.231.23 - - [28/Aug/2026:02:46:22 +0330] "GET /robots.txt HTTP/2.0" 200 696 "-" "facebookexternalhit/1.1 (+http://www.facebook.com/externalhit_uatext.php)"
57.141.20.8 - - [28/Aug/2026:02:46:23 +0330] "GET /_next/image?url=https%3A%2F%2Fpanel.charsooq.com%2Fstorage%2FRpAnOVfSySqK9GEvD8PPlKdMLWMIg5-metaMTMyMjQ0MDc4Mi5qcGVn-.jpg&w=3840&q=75 HTTP/2.0" 200 41156 "-" "Mozilla/5.0 (Windows NT 10.0; Win64; x64) AppleWebKit/537.36 (KHTML, like Gecko) Chrome/145.0.0.0 Safari/537.36 (compatible; meta-externalagent/1.1 (+https://developers.facebook.com/docs/sharing/webmasters/crawler))"
127.0.0.1 - - [28/Aug/2026:02:46:23 +0330] "GET /storage/RpAnOVfSySqK9GEvD8PPlKdMLWMIg5-metaMTMyMjQ0MDc4Mi5qcGVn-.jpg HTTP/1.1" 200 42874 "-" "node"
127.0.0.1 - - [28/Aug/2026:02:46:34 +0330] "GET /api/v2/sliders HTTP/1.1" 200 7479 "-" "node"
127.0.0.1 - - [28/Aug/2026:02:46:35 +0330] "GET /api/v1/categories-amazon HTTP/1.1" 200 34230 "-" "node"
127.0.0.1 - - [28/Aug/2026:02:46:35 +0330] "GET /api/v2/page-data HTTP/1.1" 200 36854 "-" "node"
172.16.20.25 - - [28/Aug/2026:02:46:35 +0330] "GET / HTTP/1.1" 200 338421 "-" "Mozilla/5.0 (compatible; PRTG Network Monitor (www.paessler.com); Windows)"
66.249.77.101 - - [28/Aug/2026:02:46:47 +0330] "GET /?u=14826228371905 HTTP/1.1" 200 33073 "-" "Mozilla/5.0 (Linux; Android 6.0.1; Nexus 5X Build/MMB29P) AppleWebKit/537.36 (KHTML, like Gecko) Chrome/151.0.7922.173 Mobile Safari/537.36 (compatible; Googlebot/2.1; +http://www.google.com/bot.html)"
127.0.0.1 - - [28/Aug/2026:02:46:48 +0330] "GET /api/v1/categories-amazon HTTP/1.1" 200 34230 "-" "node"
51.89.83.144 - - [28/Aug/2026:02:46:48 +0330] "GET /wp-content/plugins/erp/assets/css/setup.css HTTP/2.0" 404 229511 "-" "Mozilla/5.0 (Windows NT 10.0; Win64; x64) AppleWebKit/537.36 (KHTML, like Gecko) Chrome/146.0.0.0 Safari/537.36"
127.0.0.1 - - [28/Aug/2026:02:46:49 +0330] "GET /api/v1/categories-amazon HTTP/1.1" 200 34230 "-" "node"
51.89.83.144 - - [28/Aug/2026:02:46:49 +0330] "GET /wp-content/plugins/cidaas-pro-master/composer.json HTTP/2.0" 404 229510 "-" "Mozilla/5.0 (Macintosh; Intel Mac OS X 10.15; rv:150.0) Gecko/20100101 Firefox/150.0"
207.46.13.51 - - [28/Aug/2026:02:47:01 +0330] "GET /?u=0721942823108 HTTP/2.0" 200 33784 "-" "Mozilla/5.0 AppleWebKit/537.36 (KHTML, like Gecko; compatible; bingbot/2.0; +http://www.bing.com/bingbot.htm) Chrome/116.0.1938.76 Safari/537.36"
66.249.69.231 - - [28/Aug/2026:02:47:14 +0330] "GET /robots.txt HTTP/1.1" 308 42 "-" "Mozilla/5.0 (compatible; Googlebot/2.1; +http://www.google.com/bot.html)"
127.0.0.1 - - [28/Aug/2026:02:47:14 +0330] "GET /api/v1/robot HTTP/1.1" 200 666 "-" "node"
192.178.7.97 - - [28/Aug/2026:02:47:14 +0330] "GET /robots.txt HTTP/1.1" 200 708 "-" "Mozilla/5.0 (compatible; Googlebot/2.1; +http://www.google.com/bot.html)"
192.178.7.97 - - [28/Aug/2026:02:47:14 +0330] "GET /32px.png HTTP/1.1" 200 11202 "-" "Googlebot-Image/1.0"
40.77.167.72 - - [28/Aug/2026:02:47:22 +0330] "GET /?u=0715879825300 HTTP/2.0" 200 32918 "-" "Mozilla/5.0 AppleWebKit/537.36 (KHTML, like Gecko; compatible; bingbot/2.0; +http://www.bing.com/bingbot.htm) Chrome/116.0.1938.76 Safari/537.36"
40.77.167.72 - - [28/Aug/2026:02:47:25 +0330] "GET /?u=7902253491101 HTTP/2.0" 200 33160 "-" "Mozilla/5.0 AppleWebKit/537.36 (KHTML, like Gecko; compatible; bingbot/2.0; +http://www.bing.com/bingbot.htm) Chrome/116.0.1938.76 Safari/537.36"
40.77.167.72 - - [28/Aug/2026:02:47:27 +0330] "GET /?u=3497792861900 HTTP/2.0" 200 34359 "-" "Mozilla/5.0 AppleWebKit/537.36 (KHTML, like Gecko; compatible; bingbot/2.0; +http://www.bing.com/bingbot.htm) Chrome/116.0.1938.76 Safari/537.36"
207.46.13.51 - - [28/Aug/2026:02:47:27 +0330] "GET /?u=8627141613106 HTTP/2.0" 200 33911 "-" "Mozilla/5.0 AppleWebKit/537.36 (KHTML, like Gecko; compatible; bingbot/2.0; +http://www.bing.com/bingbot.htm) Chrome/116.0.1938.76 Safari/537.36"
207.46.13.51 - - [28/Aug/2026:02:47:30 +0330] "GET /?u=87118216720700 HTTP/2.0" 200 33523 "-" "Mozilla/5.0 AppleWebKit/537.36 (KHTML, like Gecko; compatible; bingbot/2.0; +http://www.bing.com/bingbot.htm) Chrome/116.0.1938.76 Safari/537.36"
207.46.13.51 - - [28/Aug/2026:02:47:31 +0330] "GET /?u=95292216914205 HTTP/2.0" 200 32615 "-" "Mozilla/5.0 AppleWebKit/537.36 (KHTML, like Gecko; compatible; bingbot/2.0; +http://www.bing.com/bingbot.htm) Chrome/116.0.1938.76 Safari/537.36"
40.77.167.72 - - [28/Aug/2026:02:47:32 +0330] "GET /?u=2716890792403 HTTP/2.0" 200 33202 "-" "Mozilla/5.0 AppleWebKit/537.36 (KHTML, like Gecko; compatible; bingbot/2.0; +http://www.bing.com/bingbot.htm) Chrome/116.0.1938.76 Safari/537.36"
127.0.0.1 - - [28/Aug/2026:02:47:35 +0330] "GET /api/v1/categories-amazon HTTP/1.1" 200 34199 "-" "node"
172.16.20.25 - - [28/Aug/2026:02:47:35 +0330] "GET / HTTP/1.1" 200 338470 "-" "Mozilla/5.0 (compatible; PRTG Network Monitor (www.paessler.com); Windows)"
40.77.167.72 - - [28/Aug/2026:02:47:35 +0330] "GET /?u=59710256896100 HTTP/2.0" 200 34795 "-" "Mozilla/5.0 AppleWebKit/537.36 (KHTML, like Gecko; compatible; bingbot/2.0; +http://www.bing.com/bingbot.htm) Chrome/116.0.1938.76 Safari/537.36"
52.167.144.209 - - [28/Aug/2026:02:47:37 +0330] "GET /?u=0998123360000 HTTP/2.0" 200 33404 "-" "Mozilla/5.0 AppleWebKit/537.36 (KHTML, like Gecko; compatible; bingbot/2.0; +http://www.bing.com/bingbot.htm) Chrome/116.0.1938.76 Safari/537.36"
207.46.13.51 - - [28/Aug/2026:02:47:38 +0330] "GET /?u=10239233746500 HTTP/2.0" 200 34321 "-" "Mozilla/5.0 AppleWebKit/537.36 (KHTML, like Gecko; compatible; bingbot/2.0; +http://www.bing.com/bingbot.htm) Chrome/116.0.1938.76 Safari/537.36"
52.167.144.209 - - [28/Aug/2026:02:47:39 +0330] "GET /?u=61178222147100 HTTP/2.0" 200 33129 "-" "Mozilla/5.0 AppleWebKit/537.36 (KHTML, like Gecko; compatible; bingbot/2.0; +http://www.bing.com/bingbot.htm) Chrome/116.0.1938.76 Safari/537.36"
52.167.144.209 - - [28/Aug/2026:02:47:41 +0330] "GET /?u=605791536602 HTTP/2.0" 200 34548 "-" "Mozilla/5.0 AppleWebKit/537.36 (KHTML, like Gecko; compatible; bingbot/2.0; +http://www.bing.com/bingbot.htm) Chrome/116.0.1938.76 Safari/537.36"
52.167.144.209 - - [28/Aug/2026:02:47:42 +0330] "GET /?u=321529232903 HTTP/2.0" 200 33441 "-" "Mozilla/5.0 AppleWebKit/537.36 (KHTML, like Gecko; compatible; bingbot/2.0; +http://www.bing.com/bingbot.htm) Chrome/116.0.1938.76 Safari/537.36"
207.46.13.51 - - [28/Aug/2026:02:47:42 +0330] "GET /?u=8282233084601 HTTP/2.0" 200 35458 "-" "Mozilla/5.0 AppleWebKit/537.36 (KHTML, like Gecko; compatible; bingbot/2.0; +http://www.bing.com/bingbot.htm) Chrome/116.0.1938.76 Safari/537.36"
52.167.144.209 - - [28/Aug/2026:02:47:44 +0330] "GET /?u=28210258523600 HTTP/2.0" 200 32958 "-" "Mozilla/5.0 AppleWebKit/537.36 (KHTML, like Gecko; compatible; bingbot/2.0; +http://www.bing.com/bingbot.htm) Chrome/116.0.1938.76 Safari/537.36"
207.46.13.51 - - [28/Aug/2026:02:47:44 +0330] "GET /?u=26307270948300 HTTP/2.0" 200 32960 "-" "Mozilla/5.0 AppleWebKit/537.36 (KHTML, like Gecko; compatible; bingbot/2.0; +http://www.bing.com/bingbot.htm) Chrome/116.0.1938.76 Safari/537.36"
52.167.144.209 - - [28/Aug/2026:02:47:46 +0330] "GET /?u=22910132761509 HTTP/2.0" 200 34293 "-" "Mozilla/5.0 AppleWebKit/537.36 (KHTML, like Gecko; compatible; bingbot/2.0; +http://www.bing.com/bingbot.htm) Chrome/116.0.1938.76 Safari/537.36"
40.77.167.72 - - [28/Aug/2026:02:47:46 +0330] "GET /?u=18929208648602 HTTP/2.0" 200 35312 "-" "Mozilla/5.0 AppleWebKit/537.36 (KHTML, like Gecko; compatible; bingbot/2.0; +http://www.bing.com/bingbot.htm) Chrome/116.0.1938.76 Safari/537.36"
66.249.77.101 - - [28/Aug/2026:02:47:51 +0330] "GET /?u=3312877862906 HTTP/1.1" 200 33794 "-" "Mozilla/5.0 (Linux; Android 6.0.1; Nexus 5X Build/MMB29P) AppleWebKit/537.36 (KHTML, like Gecko) Chrome/151.0.7922.173 Mobile Safari/537.36 (compatible; Googlebot/2.1; +http://www.google.com/bot.html)"
66.249.77.101 - - [28/Aug/2026:02:47:55 +0330] "GET /?u=10681259539608 HTTP/1.1" 200 34509 "-" "Mozilla/5.0 (Linux; Android 6.0.1; Nexus 5X Build/MMB29P) AppleWebKit/537.36 (KHTML, like Gecko) Chrome/151.0.7922.173 Mobile Safari/537.36 (compatible; Googlebot/2.1; +http://www.google.com/bot.html)"
66.249.77.99 - - [28/Aug/2026:02:47:55 +0330] "GET /?u=03719284167517 HTTP/1.1" 200 32335 "-" "Mozilla/5.0 (Linux; Android 6.0.1; Nexus 5X Build/MMB29P) AppleWebKit/537.36 (KHTML, like Gecko) Chrome/151.0.7922.173 Mobile Safari/537.36 (compatible; Googlebot/2.1; +http://www.google.com/bot.html)"
66.249.77.100 - - [28/Aug/2026:02:47:57 +0330] "GET /?u=51790150786305 HTTP/1.1" 200 33321 "-" "Mozilla/5.0 (Linux; Android 6.0.1; Nexus 5X Build/MMB29P) AppleWebKit/537.36 (KHTML, like Gecko) Chrome/151.0.7922.173 Mobile Safari/537.36 (compatible; Googlebot/2.1; +http://www.google.com/bot.html)"
52.167.144.209 - - [28/Aug/2026:02:47:57 +0330] "GET /?u=6418186998400 HTTP/2.0" 200 38050 "-" "Mozilla/5.0 AppleWebKit/537.36 (KHTML, like Gecko; compatible; bingbot/2.0; +http://www.bing.com/bingbot.htm) Chrome/116.0.1938.76 Safari/537.36"
66.249.77.100 - - [28/Aug/2026:02:47:57 +0330] "GET /?u=13074254689601 HTTP/1.1" 200 32905 "-" "Mozilla/5.0 (Linux; Android 6.0.1; Nexus 5X Build/MMB29P) AppleWebKit/537.36 (KHTML, like Gecko) Chrome/151.0.7922.173 Mobile Safari/537.36 (compatible; Googlebot/2.1; +http://www.google.com/bot.html)"
66.249.77.99 - - [28/Aug/2026:02:47:58 +0330] "GET /?u=23071283101000 HTTP/1.1" 200 33522 "-" "Mozilla/5.0 (Linux; Android 6.0.1; Nexus 5X Build/MMB29P) AppleWebKit/537.36 (KHTML, like Gecko) Chrome/151.0.7922.173 Mobile Safari/537.36 (compatible; Googlebot/2.1; +http://www.google.com/bot.html)"
66.249.77.99 - - [28/Aug/2026:02:47:59 +0330] "GET /?u=10213281685503 HTTP/1.1" 200 33726 "-" "Mozilla/5.0 (Linux; Android 6.0.1; Nexus 5X Build/MMB29P) AppleWebKit/537.36 (KHTML, like Gecko) Chrome/151.0.7922.173 Mobile Safari/537.36 (compatible; Googlebot/2.1; +http://www.google.com/bot.html)"
66.249.77.100 - - [28/Aug/2026:02:48:00 +0330] "GET /?u=15995255271700 HTTP/1.1" 200 33521 "-" "Mozilla/5.0 (Linux; Android 6.0.1; Nexus 5X Build/MMB29P) AppleWebKit/537.36 (KHTML, like Gecko) Chrome/151.0.7922.173 Mobile Safari/537.36 (compatible; Googlebot/2.1; +http://www.google.com/bot.html)"
66.249.69.229 - - [28/Aug/2026:02:48:08 +0330] "GET /articles/stanley-mug-guide HTTP/1.1" 308 58 "-" "Mozilla/5.0 (Linux; Android 6.0.1; Nexus 5X Build/MMB29P) AppleWebKit/537.36 (KHTML, like Gecko) Chrome/151.0.7922.173 Mobile Safari/537.36 (compatible; Googlebot/2.1; +http://www.google.com/bot.html)"
127.0.0.1 - - [28/Aug/2026:02:48:09 +0330] "GET /api/v2/article-show/stanley-mug-guide HTTP/1.1" 200 121874 "-" "node"
127.0.0.1 - - [28/Aug/2026:02:48:10 +0330] "GET /api/v1/categories-amazon HTTP/1.1" 200 34199 "-" "node"
192.178.7.105 - - [28/Aug/2026:02:48:10 +0330] "GET /articles/stanley-mug-guide HTTP/1.1" 200 103702 "-" "Mozilla/5.0 (Linux; Android 6.0.1; Nexus 5X Build/MMB29P) AppleWebKit/537.36 (KHTML, like Gecko) Chrome/151.0.7922.173 Mobile Safari/537.36 (compatible; Googlebot/2.1; +http://www.google.com/bot.html)"
23.251.49.72 - - [28/Aug/2026:02:48:15 +0330] "GET /_next/static/css/302d83c05ad27d8b.css HTTP/2.0" 200 369 "-" "Mozilla/5.0 (Linux; Android 10; K) AppleWebKit/537.36 (KHTML, like Gecko) Chrome/137.0.0.0 Mobile Safari/537.36"
23.251.49.72 - - [28/Aug/2026:02:48:15 +0330] "GET /_next/static/css/2c9caab41af7e337.css HTTP/2.0" 200 3175 "-" "Mozilla/5.0 (Linux; Android 10; K) AppleWebKit/537.36 (KHTML, like Gecko) Chrome/137.0.0.0 Mobile Safari/537.36"
23.251.49.72 - - [28/Aug/2026:02:48:15 +0330] "GET /_next/static/css/91447b978d7716af.css HTTP/2.0" 200 20418 "-" "Mozilla/5.0 (Linux; Android 10; K) AppleWebKit/537.36 (KHTML, like Gecko) Chrome/137.0.0.0 Mobile Safari/537.36"
127.0.0.1 - - [28/Aug/2026:02:48:15 +0330] "GET /api/v1/cart-index HTTP/1.1" 200 17462 "-" "node"
127.0.0.1 - - [28/Aug/2026:02:48:15 +0330] "GET /api/v2/sliders HTTP/1.1" 200 7479 "-" "node"
127.0.0.1 - - [28/Aug/2026:02:48:15 +0330] "GET /api/v1/article-page?region=china HTTP/1.1" 200 12218 "-" "node"
23.251.49.72 - - [28/Aug/2026:02:48:16 +0330] "GET /_next/static/css/ae4ed9c503fd1e33.css HTTP/2.0" 200 1056 "-" "Mozilla/5.0 (Linux; Android 10; K) AppleWebKit/537.36 (KHTML, like Gecko) Chrome/137.0.0.0 Mobile Safari/537.36"
23.251.49.72 - - [28/Aug/2026:02:48:16 +0330] "GET /_next/static/css/1fd47d1e4f3a64a0.css HTTP/2.0" 200 5002 "-" "Mozilla/5.0 (Linux; Android 10; K) AppleWebKit/537.36 (KHTML, like Gecko) Chrome/137.0.0.0 Mobile Safari/537.36"
23.251.49.72 - - [28/Aug/2026:02:48:16 +0330] "GET /_next/static/chunks/polyfills-42372ed130431b0a.js HTTP/2.0" 200 39627 "-" "Mozilla/5.0 (Linux; Android 10; K) AppleWebKit/537.36 (KHTML, like Gecko) Chrome/137.0.0.0 Mobile Safari/537.36"
127.0.0.1 - - [28/Aug/2026:02:48:16 +0330] "GET /api/v1/categories-amazon HTTP/1.1" 200 34199 "-" "node"
23.251.49.72 - - [28/Aug/2026:02:48:16 +0330] "GET /china HTTP/2.0" 200 120165 "https://www.google.com/" "Mozilla/5.0 (Linux; Android 10; K) AppleWebKit/537.36 (KHTML, like Gecko) Chrome/137.0.0.0 Mobile Safari/537.36"
23.251.49.72 - - [28/Aug/2026:02:48:17 +0330] "GET /_next/static/media/c7178acf770b8f1a-s.p.ttf HTTP/2.0" 200 35704 "https://charsooq.com/china" "Mozilla/5.0 (Linux; Android 10; K) AppleWebKit/537.36 (KHTML, like Gecko) Chrome/137.0.0.0 Mobile Safari/537.36"
23.251.49.72 - - [28/Aug/2026:02:48:17 +0330] "GET /_next/static/media/d36c74da9a95e091-s.p.ttf HTTP/2.0" 200 35196 "https://charsooq.com/china" "Mozilla/5.0 (Linux; Android 10; K) AppleWebKit/537.36 (KHTML, like Gecko) Chrome/137.0.0.0 Mobile Safari/537.36"
23.251.49.72 - - [28/Aug/2026:02:48:17 +0330] "GET /_next/image?url=%2Fassets%2Fimages%2Ficons%2Ftelegram-icon.png&w=128&q=75 HTTP/2.0" 200 5724 "https://charsooq.com/china" "Mozilla/5.0 (Linux; Android 10; K) AppleWebKit/537.36 (KHTML, like Gecko) Chrome/137.0.0.0 Mobile Safari/537.36"
23.251.49.72 - - [28/Aug/2026:02:48:17 +0330] "GET /assets/images/home/discount-background.webp HTTP/2.0" 200 59114 "https://charsooq.com/_next/static/css/2c9caab41af7e337.css" "Mozilla/5.0 (Linux; Android 10; K) AppleWebKit/537.36 (KHTML, like Gecko) Chrome/137.0.0.0 Mobile Safari/537.36"
23.251.49.72 - - [28/Aug/2026:02:48:17 +0330] "GET /_next/image?url=http%3A%2F%2Fpanel.charsooq.com%2Fstorage%2F5t3iux5OCto7LB2tmCpcDgnNAppmhu-metaYWxpZXhwcmVzcy5wbmc%3D-.png&w=256&q=75 HTTP/2.0" 200 2418 "https://charsooq.com/china" "Mozilla/5.0 (Linux; Android 10; K) AppleWebKit/537.36 (KHTML, like Gecko) Chrome/137.0.0.0 Mobile Safari/537.36"
127.0.0.1 - - [28/Aug/2026:02:48:17 +0330] "GET /storage/5t3iux5OCto7LB2tmCpcDgnNAppmhu-metaYWxpZXhwcmVzcy5wbmc=-.png HTTP/1.1" 301 169 "-" "node"
127.0.0.1 - - [28/Aug/2026:02:48:17 +0330] "GET /storage/5t3iux5OCto7LB2tmCpcDgnNAppmhu-metaYWxpZXhwcmVzcy5wbmc=-.png HTTP/1.1" 200 9951 "-" "node"
127.0.0.1 - - [28/Aug/2026:02:48:17 +0330] "GET /storage/01K86CG1QRVXB0PMTKY5EERBNB.jpg HTTP/1.1" 200 25489 "-" "node"
23.251.49.72 - - [28/Aug/2026:02:48:17 +0330] "GET /_next/image?url=https%3A%2F%2Fpanel.charsooq.com%2Fstorage%2F01K86CG1QRVXB0PMTKY5EERBNB.jpg&w=640&q=75 HTTP/2.0" 200 5768 "https://charsooq.com/china" "Mozilla/5.0 (Linux; Android 10; K) AppleWebKit/537.36 (KHTML, like Gecko) Chrome/137.0.0.0 Mobile Safari/537.36"
23.251.49.72 - - [28/Aug/2026:02:48:17 +0330] "GET /assets/images/home/comment-vector-up.svg HTTP/2.0" 200 536 "https://charsooq.com/china" "Mozilla/5.0 (Linux; Android 10; K) AppleWebKit/537.36 (KHTML, like Gecko) Chrome/137.0.0.0 Mobile Safari/537.36"
23.251.49.72 - - [28/Aug/2026:02:48:17 +0330] "GET /assets/images/home/comment-vector-down.svg HTTP/2.0" 200 533 "https://charsooq.com/china" "Mozilla/5.0 (Linux; Android 10; K) AppleWebKit/537.36 (KHTML, like Gecko) Chrome/137.0.0.0 Mobile Safari/537.36"
127.0.0.1 - - [28/Aug/2026:02:48:17 +0330] "GET /storage/01HZPC4JGDHPPC1JPBBR2A5T2E.webp HTTP/1.1" 200 105004 "-" "node"
23.251.49.72 - - [28/Aug/2026:02:48:17 +0330] "GET /_next/image?url=https%3A%2F%2Fpanel.charsooq.com%2Fstorage%2F01HZPC4JGDHPPC1JPBBR2A5T2E.webp&w=640&q=75 HTTP/2.0" 200 13060 "https://charsooq.com/china" "Mozilla/5.0 (Linux; Android 10; K) AppleWebKit/537.36 (KHTML, like Gecko) Chrome/137.0.0.0 Mobile Safari/537.36"
23.251.49.72 - - [28/Aug/2026:02:48:17 +0330] "GET /assets/images/home/sell-buy.svg HTTP/2.0" 200 71219 "https://charsooq.com/china" "Mozilla/5.0 (Linux; Android 10; K) AppleWebKit/537.36 (KHTML, like Gecko) Chrome/137.0.0.0 Mobile Safari/537.36"
127.0.0.1 - - [28/Aug/2026:02:48:17 +0330] "GET /storage/01J5ZZTNCQR7DRRR5GYFAMP086.webp HTTP/1.1" 200 93070 "-" "node"
23.251.49.72 - - [28/Aug/2026:02:48:17 +0330] "GET /_next/image?url=https%3A%2F%2Fpanel.charsooq.com%2Fstorage%2F01J5ZZTNCQR7DRRR5GYFAMP086.webp&w=640&q=75 HTTP/2.0" 200 12076 "https://charsooq.com/china" "Mozilla/5.0 (Linux; Android 10; K) AppleWebKit/537.36 (KHTML, like Gecko) Chrome/137.0.0.0 Mobile Safari/537.36"
23.251.49.72 - - [28/Aug/2026:02:48:17 +0330] "GET /_next/image?url=https%3A%2F%2Fpanel.charsooq.com%2Fstorage%2F01HMG8HF46FJKBJVB49SAH757T.webp&w=640&q=75 HTTP/2.0" 200 12062 "https://charsooq.com/china" "Mozilla/5.0 (Linux; Android 10; K) AppleWebKit/537.36 (KHTML, like Gecko) Chrome/137.0.0.0 Mobile Safari/537.36"
127.0.0.1 - - [28/Aug/2026:02:48:17 +0330] "GET /storage/01HMG8HF46FJKBJVB49SAH757T.webp HTTP/1.1" 200 108912 "-" "node"
127.0.0.1 - - [28/Aug/2026:02:48:18 +0330] "GET /storage/01HMZWP7ZKMS0KGQ5D0MXS8VGG.webp HTTP/1.1" 200 109620 "-" "node"
23.251.49.72 - - [28/Aug/2026:02:48:18 +0330] "GET /_next/image?url=https%3A%2F%2Fpanel.charsooq.com%2Fstorage%2F01HMZWP7ZKMS0KGQ5D0MXS8VGG.webp&w=640&q=75 HTTP/2.0" 200 19528 "https://charsooq.com/china" "Mozilla/5.0 (Linux; Android 10; K) AppleWebKit/537.36 (KHTML, like Gecko) Chrome/137.0.0.0 Mobile Safari/537.36"
23.251.49.72 - - [28/Aug/2026:02:48:18 +0330] "GET /_next/static/chunks/webpack-f27042854bafc0d3.js HTTP/2.0" 200 2127 "https://charsooq.com/china" "Mozilla/5.0 (Linux; Android 10; K) AppleWebKit/537.36 (KHTML, like Gecko) Chrome/137.0.0.0 Mobile Safari/537.36"
23.251.49.72 - - [28/Aug/2026:02:48:18 +0330] "GET /storage/01K7BR402XKVFCR55W677WXMYY.jpg HTTP/2.0" 200 289159 "https://charsooq.com/" "Mozilla/5.0 (Linux; Android 10; K) AppleWebKit/537.36 (KHTML, like Gecko) Chrome/137.0.0.0 Mobile Safari/537.36"
23.251.49.72 - - [28/Aug/2026:02:48:18 +0330] "GET /_next/static/chunks/fd9d1056-9ff99acbd7fb9fe8.js HTTP/2.0" 200 53744 "https://charsooq.com/china" "Mozilla/5.0 (Linux; Android 10; K) AppleWebKit/537.36 (KHTML, like Gecko) Chrome/137.0.0.0 Mobile Safari/537.36"
23.251.49.72 - - [28/Aug/2026:02:48:18 +0330] "GET /_next/static/chunks/2117-828e02dc1643a950.js HTTP/2.0" 200 32001 "https://charsooq.com/china" "Mozilla/5.0 (Linux; Android 10; K) AppleWebKit/537.36 (KHTML, like Gecko) Chrome/137.0.0.0 Mobile Safari/537.36"
23.251.49.72 - - [28/Aug/2026:02:48:18 +0330] "GET /_next/static/chunks/main-app-9964935a240c0d39.js HTTP/2.0" 200 471 "https://charsooq.com/china" "Mozilla/5.0 (Linux; Android 10; K) AppleWebKit/537.36 (KHTML, like Gecko) Chrome/137.0.0.0 Mobile Safari/537.36"
23.251.49.72 - - [28/Aug/2026:02:48:18 +0330] "GET /_next/static/chunks/2972-d7980624b2014943.js HTTP/2.0" 200 8732 "https://charsooq.com/china" "Mozilla/5.0 (Linux; Android 10; K) AppleWebKit/537.36 (KHTML, like Gecko) Chrome/137.0.0.0 Mobile Safari/537.36"
23.251.49.72 - - [28/Aug/2026:02:48:18 +0330] "GET /_next/static/chunks/1580-575957d688ae25ac.js HTTP/2.0" 200 12089 "https://charsooq.com/china" "Mozilla/5.0 (Linux; Android 10; K) AppleWebKit/537.36 (KHTML, like Gecko) Chrome/137.0.0.0 Mobile Safari/537.36"
23.251.49.72 - - [28/Aug/2026:02:48:18 +0330] "GET /_next/static/chunks/4438-ac5ce0d4a5fd9e15.js HTTP/2.0" 200 8260 "https://charsooq.com/china" "Mozilla/5.0 (Linux; Android 10; K) AppleWebKit/537.36 (KHTML, like Gecko) Chrome/137.0.0.0 Mobile Safari/537.36"
23.251.49.72 - - [28/Aug/2026:02:48:18 +0330] "GET /_next/static/chunks/6137-97a90ba21cd4a885.js HTTP/2.0" 200 6706 "https://charsooq.com/china" "Mozilla/5.0 (Linux; Android 10; K) AppleWebKit/537.36 (KHTML, like Gecko) Chrome/137.0.0.0 Mobile Safari/537.36"
23.251.49.72 - - [28/Aug/2026:02:48:18 +0330] "GET /_next/static/chunks/3462-b3fd13ed1d4f90e2.js HTTP/2.0" 200 1833 "https://charsooq.com/china" "Mozilla/5.0 (Linux; Android 10; K) AppleWebKit/537.36 (KHTML, like Gecko) Chrome/137.0.0.0 Mobile Safari/537.36"
23.251.49.72 - - [28/Aug/2026:02:48:18 +0330] "GET /_next/static/chunks/3013-a9939c72e4a38977.js HTTP/2.0" 200 6860 "https://charsooq.com/china" "Mozilla/5.0 (Linux; Android 10; K) AppleWebKit/537.36 (KHTML, like Gecko) Chrome/137.0.0.0 Mobile Safari/537.36"
23.251.49.72 - - [28/Aug/2026:02:48:18 +0330] "GET /_next/static/chunks/5878-8c4517462d65e9a5.js HTTP/2.0" 200 5170 "https://charsooq.com/china" "Mozilla/5.0 (Linux; Android 10; K) AppleWebKit/537.36 (KHTML, like Gecko) Chrome/137.0.0.0 Mobile Safari/537.36"
23.251.49.72 - - [28/Aug/2026:02:48:19 +0330] "GET /_next/static/chunks/6818-72710ec856a66515.js HTTP/2.0" 200 2700 "https://charsooq.com/china" "Mozilla/5.0 (Linux; Android 10; K) AppleWebKit/537.36 (KHTML, like Gecko) Chrome/137.0.0.0 Mobile Safari/537.36"
23.251.49.72 - - [28/Aug/2026:02:48:19 +0330] "GET /_next/static/chunks/5763-e3689baff1695fd1.js HTTP/2.0" 200 4387 "https://charsooq.com/china" "Mozilla/5.0 (Linux; Android 10; K) AppleWebKit/537.36 (KHTML, like Gecko) Chrome/137.0.0.0 Mobile Safari/537.36"
23.251.49.72 - - [28/Aug/2026:02:48:19 +0330] "GET /_next/static/chunks/9064-bc53da8ff6805f5a.js HTTP/2.0" 200 4703 "https://charsooq.com/china" "Mozilla/5.0 (Linux; Android 10; K) AppleWebKit/537.36 (KHTML, like Gecko) Chrome/137.0.0.0 Mobile Safari/537.36"
23.251.49.72 - - [28/Aug/2026:02:48:19 +0330] "GET /_next/static/chunks/1493-5bf6477734a442f1.js HTTP/2.0" 200 3468 "https://charsooq.com/china" "Mozilla/5.0 (Linux; Android 10; K) AppleWebKit/537.36 (KHTML, like Gecko) Chrome/137.0.0.0 Mobile Safari/537.36"
23.251.49.72 - - [28/Aug/2026:02:48:19 +0330] "GET /_next/static/chunks/2034-b6ee9baf8082b7dc.js HTTP/2.0" 200 10926 "https://charsooq.com/china" "Mozilla/5.0 (Linux; Android 10; K) AppleWebKit/537.36 (KHTML, like Gecko) Chrome/137.0.0.0 Mobile Safari/537.36"
23.251.49.72 - - [28/Aug/2026:02:48:19 +0330] "GET /_next/static/chunks/5605-342a49848bbf0c11.js HTTP/2.0" 200 6777 "https://charsooq.com/china" "Mozilla/5.0 (Linux; Android 10; K) AppleWebKit/537.36 (KHTML, like Gecko) Chrome/137.0.0.0 Mobile Safari/537.36"
23.251.49.72 - - [28/Aug/2026:02:48:19 +0330] "GET /_next/static/chunks/1592-00644b699e0ed4d8.js HTTP/2.0" 200 7980 "https://charsooq.com/china" "Mozilla/5.0 (Linux; Android 10; K) AppleWebKit/537.36 (KHTML, like Gecko) Chrome/137.0.0.0 Mobile Safari/537.36"
23.251.49.72 - - [28/Aug/2026:02:48:19 +0330] "GET /_next/static/chunks/8003-81602ee8b36ef204.js HTTP/2.0" 200 2418 "https://charsooq.com/china" "Mozilla/5.0 (Linux; Android 10; K) AppleWebKit/537.36 (KHTML, like Gecko) Chrome/137.0.0.0 Mobile Safari/537.36"
23.251.49.72 - - [28/Aug/2026:02:48:19 +0330] "GET /_next/static/chunks/169-68dabecb1c163108.js HTTP/2.0" 200 6555 "https://charsooq.com/china" "Mozilla/5.0 (Linux; Android 10; K) AppleWebKit/537.36 (KHTML, like Gecko) Chrome/137.0.0.0 Mobile Safari/537.36"
23.251.49.72 - - [28/Aug/2026:02:48:19 +0330] "GET /_next/static/chunks/9227-c2a8061d3143118a.js HTTP/2.0" 200 2320 "https://charsooq.com/china" "Mozilla/5.0 (Linux; Android 10; K) AppleWebKit/537.36 (KHTML, like Gecko) Chrome/137.0.0.0 Mobile Safari/537.36"
23.251.49.72 - - [28/Aug/2026:02:48:19 +0330] "GET /_next/static/chunks/1122-321deaa23947d3c6.js HTTP/2.0" 200 8845 "https://charsooq.com/china" "Mozilla/5.0 (Linux; Android 10; K) AppleWebKit/537.36 (KHTML, like Gecko) Chrome/137.0.0.0 Mobile Safari/537.36"
23.251.49.72 - - [28/Aug/2026:02:48:19 +0330] "GET /_next/static/chunks/1188-8347881a51d7e866.js HTTP/2.0" 200 3364 "https://charsooq.com/china" "Mozilla/5.0 (Linux; Android 10; K) AppleWebKit/537.36 (KHTML, like Gecko) Chrome/137.0.0.0 Mobile Safari/537.36"
23.251.49.72 - - [28/Aug/2026:02:48:19 +0330] "GET /_next/static/chunks/7463-8c14f85f0b9a94fe.js HTTP/2.0" 200 3339 "https://charsooq.com/china" "Mozilla/5.0 (Linux; Android 10; K) AppleWebKit/537.36 (KHTML, like Gecko) Chrome/137.0.0.0 Mobile Safari/537.36"
23.251.49.72 - - [28/Aug/2026:02:48:19 +0330] "GET /_next/static/chunks/19-2d446279b16f45e6.js HTTP/2.0" 200 6241 "https://charsooq.com/china" "Mozilla/5.0 (Linux; Android 10; K) AppleWebKit/537.36 (KHTML, like Gecko) Chrome/137.0.0.0 Mobile Safari/537.36"
23.251.49.72 - - [28/Aug/2026:02:48:19 +0330] "GET /_next/static/chunks/app/china/page-be70295a22a785f2.js HTTP/2.0" 200 2649 "https://charsooq.com/china" "Mozilla/5.0 (Linux; Android 10; K) AppleWebKit/537.36 (KHTML, like Gecko) Chrome/137.0.0.0 Mobile Safari/537.36"
23.251.49.72 - - [28/Aug/2026:02:48:19 +0330] "GET /_next/static/chunks/300-72da8991edf2ed5a.js HTTP/2.0" 200 33594 "https://charsooq.com/china" "Mozilla/5.0 (Linux; Android 10; K) AppleWebKit/537.36 (KHTML, like Gecko) Chrome/137.0.0.0 Mobile Safari/537.36"
23.251.49.72 - - [28/Aug/2026:02:48:19 +0330] "GET /_next/static/chunks/4216-78fe3424349836f6.js HTTP/2.0" 200 7011 "https://charsooq.com/china" "Mozilla/5.0 (Linux; Android 10; K) AppleWebKit/537.36 (KHTML, like Gecko) Chrome/137.0.0.0 Mobile Safari/537.36"
23.251.49.72 - - [28/Aug/2026:02:48:19 +0330] "GET /_next/static/chunks/3134-367eb482f3be54c2.js HTTP/2.0" 200 2334 "https://charsooq.com/china" "Mozilla/5.0 (Linux; Android 10; K) AppleWebKit/537.36 (KHTML, like Gecko) Chrome/137.0.0.0 Mobile Safari/537.36"
23.251.49.72 - - [28/Aug/2026:02:48:19 +0330] "GET /_next/static/chunks/9470-129db663fb54ce77.js HTTP/2.0" 200 3092 "https://charsooq.com/china" "Mozilla/5.0 (Linux; Android 10; K) AppleWebKit/537.36 (KHTML, like Gecko) Chrome/137.0.0.0 Mobile Safari/537.36"
23.251.49.72 - - [28/Aug/2026:02:48:19 +0330] "GET /_next/static/chunks/8472-05374d6b6d91921f.js HTTP/2.0" 200 9473 "https://charsooq.com/china" "Mozilla/5.0 (Linux; Android 10; K) AppleWebKit/537.36 (KHTML, like Gecko) Chrome/137.0.0.0 Mobile Safari/537.36"
23.251.49.72 - - [28/Aug/2026:02:48:19 +0330] "GET /_next/static/chunks/84-b6c070b37c66d77f.js HTTP/2.0" 200 2597 "https://charsooq.com/china" "Mozilla/5.0 (Linux; Android 10; K) AppleWebKit/537.36 (KHTML, like Gecko) Chrome/137.0.0.0 Mobile Safari/537.36"
23.251.49.72 - - [28/Aug/2026:02:48:19 +0330] "GET /_next/static/chunks/app/layout-cb550aa8118c7c2c.js HTTP/2.0" 200 11535 "https://charsooq.com/china" "Mozilla/5.0 (Linux; Android 10; K) AppleWebKit/537.36 (KHTML, like Gecko) Chrome/137.0.0.0 Mobile Safari/537.36"
23.251.49.72 - - [28/Aug/2026:02:48:19 +0330] "GET /_next/static/chunks/app/error-094d5bcef522249f.js HTTP/2.0" 200 673 "https://charsooq.com/china" "Mozilla/5.0 (Linux; Android 10; K) AppleWebKit/537.36 (KHTML, like Gecko) Chrome/137.0.0.0 Mobile Safari/537.36"
23.251.49.72 - - [28/Aug/2026:02:48:19 +0330] "GET /_next/static/chunks/873-fa2a34145b7f655b.js HTTP/2.0" 200 64908 "https://charsooq.com/china" "Mozilla/5.0 (Linux; Android 10; K) AppleWebKit/537.36 (KHTML, like Gecko) Chrome/137.0.0.0 Mobile Safari/537.36"
23.251.49.72 - - [28/Aug/2026:02:48:20 +0330] "GET /assets/images/icons/instagram1.png HTTP/2.0" 200 1556 "https://charsooq.com/china" "Mozilla/5.0 (Linux; Android 10; K) AppleWebKit/537.36 (KHTML, like Gecko) Chrome/137.0.0.0 Mobile Safari/537.36"
23.251.49.72 - - [28/Aug/2026:02:48:20 +0330] "GET /assets/images/icons/whatsapp.png HTTP/2.0" 200 763 "https://charsooq.com/china" "Mozilla/5.0 (Linux; Android 10; K) AppleWebKit/537.36 (KHTML, like Gecko) Chrome/137.0.0.0 Mobile Safari/537.36"
23.251.49.72 - - [28/Aug/2026:02:48:20 +0330] "GET /assets/images/icons/telegram.png HTTP/2.0" 200 1179 "https://charsooq.com/china" "Mozilla/5.0 (Linux; Android 10; K) AppleWebKit/537.36 (KHTML, like Gecko) Chrome/137.0.0.0 Mobile Safari/537.36"
127.0.0.1 - - [28/Aug/2026:02:48:20 +0330] "GET /storage/01K86C2WJ5BTW35M4WQY1ARM0W.jpg HTTP/1.1" 200 257693 "-" "node"
23.251.49.72 - - [28/Aug/2026:02:48:20 +0330] "GET /_next/image?url=https%3A%2F%2Fpanel.charsooq.com%2Fstorage%2F01K86C2WJ5BTW35M4WQY1ARM0W.jpg&w=640&q=75 HTTP/2.0" 200 16534 "https://charsooq.com/china" "Mozilla/5.0 (Linux; Android 10; K) AppleWebKit/537.36 (KHTML, like Gecko) Chrome/137.0.0.0 Mobile Safari/537.36"
127.0.0.1 - - [28/Aug/2026:02:48:20 +0330] "GET /storage/01K86BG0D1WEMNCNNJKE10YXQ3.jpg HTTP/1.1" 200 121544 "-" "node"
23.251.49.72 - - [28/Aug/2026:02:48:20 +0330] "GET /_next/image?url=https%3A%2F%2Fpanel.charsooq.com%2Fstorage%2F01K86BG0D1WEMNCNNJKE10YXQ3.jpg&w=640&q=75 HTTP/2.0" 200 24792 "https://charsooq.com/china" "Mozilla/5.0 (Linux; Android 10; K) AppleWebKit/537.36 (KHTML, like Gecko) Chrome/137.0.0.0 Mobile Safari/537.36"
127.0.0.1 - - [28/Aug/2026:02:48:20 +0330] "GET /storage/01K86B6Z46YEXTNEG22HH3V6JD.jpg HTTP/1.1" 200 101329 "-" "node"
23.251.49.72 - - [28/Aug/2026:02:48:20 +0330] "GET /_next/image?url=https%3A%2F%2Fpanel.charsooq.com%2Fstorage%2F01K86B6Z46YEXTNEG22HH3V6JD.jpg&w=640&q=75 HTTP/2.0" 200 22388 "https://charsooq.com/china" "Mozilla/5.0 (Linux; Android 10; K) AppleWebKit/537.36 (KHTML, like Gecko) Chrome/137.0.0.0 Mobile Safari/537.36"
127.0.0.1 - - [28/Aug/2026:02:48:20 +0330] "GET /storage/01K86AXVR1CPDP7XRQP0YNRWQ9.jpg HTTP/1.1" 200 116887 "-" "node"
23.251.49.72 - - [28/Aug/2026:02:48:20 +0330] "GET /_next/image?url=https%3A%2F%2Fpanel.charsooq.com%2Fstorage%2F01K86AXVR1CPDP7XRQP0YNRWQ9.jpg&w=640&q=75 HTTP/2.0" 200 40524 "https://charsooq.com/china" "Mozilla/5.0 (Linux; Android 10; K) AppleWebKit/537.36 (KHTML, like Gecko) Chrome/137.0.0.0 Mobile Safari/537.36"
23.251.49.72 - - [28/Aug/2026:02:48:20 +0330] "GET /manifest.json HTTP/2.0" 200 334 "https://charsooq.com/china" "Mozilla/5.0 (Linux; Android 10; K) AppleWebKit/537.36 (KHTML, like Gecko) Chrome/137.0.0.0 Mobile Safari/537.36"
23.251.49.72 - - [28/Aug/2026:02:48:20 +0330] "GET /favicon.ico HTTP/2.0" 200 3035 "https://charsooq.com/china" "Mozilla/5.0 (Linux; Android 10; K) AppleWebKit/537.36 (KHTML, like Gecko) Chrome/137.0.0.0 Mobile Safari/537.36"
23.251.49.72 - - [28/Aug/2026:02:48:20 +0330] "GET /pwa-icon-180.png HTTP/2.0" 200 10221 "https://charsooq.com/china" "Mozilla/5.0 (Linux; Android 10; K) AppleWebKit/537.36 (KHTML, like Gecko) Chrome/137.0.0.0 Mobile Safari/537.36"
23.251.49.72 - - [28/Aug/2026:02:48:20 +0330] "GET /checkout?_rsc=1oa1z HTTP/2.0" 200 1690 "https://charsooq.com/china" "Mozilla/5.0 (Linux; Android 10; K) AppleWebKit/537.36 (KHTML, like Gecko) Chrome/137.0.0.0 Mobile Safari/537.36"
23.251.49.72 - - [28/Aug/2026:02:48:20 +0330] "GET /?_rsc=1oa1z HTTP/2.0" 200 13560 "https://charsooq.com/china" "Mozilla/5.0 (Linux; Android 10; K) AppleWebKit/537.36 (KHTML, like Gecko) Chrome/137.0.0.0 Mobile Safari/537.36"
23.251.49.72 - - [28/Aug/2026:02:48:20 +0330] "GET /_next/static/chunks/1495.b45bb862bd3e18ec.js HTTP/2.0" 200 779 "https://charsooq.com/china" "Mozilla/5.0 (Linux; Android 10; K) AppleWebKit/537.36 (KHTML, like Gecko) Chrome/137.0.0.0 Mobile Safari/537.36"
23.251.49.72 - - [28/Aug/2026:02:48:20 +0330] "GET /_next/static/chunks/415.9bf722adfc74e289.js HTTP/2.0" 200 8742 "https://charsooq.com/china" "Mozilla/5.0 (Linux; Android 10; K) AppleWebKit/537.36 (KHTML, like Gecko) Chrome/137.0.0.0 Mobile Safari/537.36"
23.251.49.72 - - [28/Aug/2026:02:48:20 +0330] "GET /pwa-icon-180.png HTTP/2.0" 304 0 "https://charsooq.com/china" "Mozilla/5.0 (Linux; Android 10; K) AppleWebKit/537.36 (KHTML, like Gecko) Chrome/137.0.0.0 Mobile Safari/537.36"
23.251.49.72 - - [28/Aug/2026:02:48:20 +0330] "GET /amazon?_rsc=1oa1z HTTP/2.0" 200 1461 "https://charsooq.com/china" "Mozilla/5.0 (Linux; Android 10; K) AppleWebKit/537.36 (KHTML, like Gecko) Chrome/137.0.0.0 Mobile Safari/537.36"
23.251.49.72 - - [28/Aug/2026:02:48:20 +0330] "GET /ebay?_rsc=1oa1z HTTP/2.0" 200 1456 "https://charsooq.com/china" "Mozilla/5.0 (Linux; Android 10; K) AppleWebKit/537.36 (KHTML, like Gecko) Chrome/137.0.0.0 Mobile Safari/537.36"
23.251.49.72 - - [28/Aug/2026:02:48:20 +0330] "GET /turkey?_rsc=1oa1z HTTP/2.0" 200 1430 "https://charsooq.com/china" "Mozilla/5.0 (Linux; Android 10; K) AppleWebKit/537.36 (KHTML, like Gecko) Chrome/137.0.0.0 Mobile Safari/537.36"
66.249.77.99 - - [28/Aug/2026:02:48:21 +0330] "GET /?u=88141168886401 HTTP/1.1" 200 32964 "-" "Mozilla/5.0 (Linux; Android 6.0.1; Nexus 5X Build/MMB29P) AppleWebKit/537.36 (KHTML, like Gecko) Chrome/151.0.7922.173 Mobile Safari/537.36 (compatible; Googlebot/2.1; +http://www.google.com/bot.html)"
23.251.49.72 - - [28/Aug/2026:02:48:21 +0330] "GET /_next/static/chunks/4922.b90b86ef20984235.js HTTP/2.0" 200 425 "https://charsooq.com/china" "Mozilla/5.0 (Linux; Android 10; K) AppleWebKit/537.36 (KHTML, like Gecko) Chrome/137.0.0.0 Mobile Safari/537.36"
23.251.49.72 - - [28/Aug/2026:02:48:21 +0330] "GET /assets/images/home/china/aliexpress-logo.webp HTTP/2.0" 200 26194 "https://charsooq.com/china" "Mozilla/5.0 (Linux; Android 10; K) AppleWebKit/537.36 (KHTML, like Gecko) Chrome/137.0.0.0 Mobile Safari/537.36"
23.251.49.72 - - [28/Aug/2026:02:48:21 +0330] "GET /assets/images/home/china/buy-from-aliexpress-charsooq.webp HTTP/2.0" 200 118536 "https://charsooq.com/china" "Mozilla/5.0 (Linux; Android 10; K) AppleWebKit/537.36 (KHTML, like Gecko) Chrome/137.0.0.0 Mobile Safari/537.36"
23.251.49.72 - - [28/Aug/2026:02:48:21 +0330] "GET /_next/static/chunks/2177-53f14356cddc2711.js HTTP/2.0" 200 3254 "https://charsooq.com/china" "Mozilla/5.0 (Linux; Android 10; K) AppleWebKit/537.36 (KHTML, like Gecko) Chrome/137.0.0.0 Mobile Safari/537.36"
23.251.49.72 - - [28/Aug/2026:02:48:21 +0330] "GET /_next/static/chunks/app/page-759df78f59703adb.js HTTP/2.0" 200 1959 "https://charsooq.com/china" "Mozilla/5.0 (Linux; Android 10; K) AppleWebKit/537.36 (KHTML, like Gecko) Chrome/137.0.0.0 Mobile Safari/537.36"
23.251.49.72 - - [28/Aug/2026:02:48:21 +0330] "GET /_next/static/chunks/app/checkout/layout-d7cf06d0dc8d6df6.js HTTP/2.0" 200 39421 "https://charsooq.com/china" "Mozilla/5.0 (Linux; Android 10; K) AppleWebKit/537.36 (KHTML, like Gecko) Chrome/137.0.0.0 Mobile Safari/537.36"
127.0.0.1 - - [28/Aug/2026:02:48:22 +0330] "GET /api/v2/page-data HTTP/1.1" 200 36854 "-" "node"
23.251.49.72 - - [28/Aug/2026:02:48:25 +0330] "GET /_next/image?url=https%3A%2F%2Fpanel.charsooq.com%2Fstorage%2F01K86AE67CD768YVCX06C4MFGY.jpg&w=640&q=75 HTTP/2.0" 200 40654 "https://charsooq.com/china" "Mozilla/5.0 (Linux; Android 10; K) AppleWebKit/537.36 (KHTML, like Gecko) Chrome/137.0.0.0 Mobile Safari/537.36"
127.0.0.1 - - [28/Aug/2026:02:48:25 +0330] "GET /storage/01K86AE67CD768YVCX06C4MFGY.jpg HTTP/1.1" 200 102485 "-" "node"
23.251.49.72 - - [28/Aug/2026:02:48:29 +0330] "GET /_next/image?url=https%3A%2F%2Fpanel.charsooq.com%2Fstorage%2F01K860JJCR4291H7T8S2ABV9ZA.jpg&w=640&q=75 HTTP/2.0" 200 30022 "https://charsooq.com/china" "Mozilla/5.0 (Linux; Android 10; K) AppleWebKit/537.36 (KHTML, like Gecko) Chrome/137.0.0.0 Mobile Safari/537.36"
127.0.0.1 - - [28/Aug/2026:02:48:29 +0330] "GET /storage/01K860JJCR4291H7T8S2ABV9ZA.jpg HTTP/1.1" 200 278614 "-" "node"
127.0.0.1 - - [28/Aug/2026:02:48:33 +0330] "GET /storage/01K8605BVQ82WBMSTTG6G68DC1.webp HTTP/1.1" 200 12048 "-" "node"
23.251.49.72 - - [28/Aug/2026:02:48:33 +0330] "GET /_next/image?url=https%3A%2F%2Fpanel.charsooq.com%2Fstorage%2F01K8605BVQ82WBMSTTG6G68DC1.webp&w=640&q=75 HTTP/2.0" 200 12790 "https://charsooq.com/china" "Mozilla/5.0 (Linux; Android 10; K) AppleWebKit/537.36 (KHTML, like Gecko) Chrome/137.0.0.0 Mobile Safari/537.36"
127.0.0.1 - - [28/Aug/2026:02:48:35 +0330] "GET /api/v1/categories-amazon HTTP/1.1" 200 34199 "-" "node"
172.16.20.25 - - [28/Aug/2026:02:48:35 +0330] "GET / HTTP/1.1" 200 338336 "-" "Mozilla/5.0 (compatible; PRTG Network Monitor (www.paessler.com); Windows)"
127.0.0.1 - - [28/Aug/2026:02:48:37 +0330] "GET /storage/01K85ZWV0VHD9K1G8EP3NEVTBD.webp HTTP/1.1" 200 50168 "-" "node"
23.251.49.72 - - [28/Aug/2026:02:48:37 +0330] "GET /_next/image?url=https%3A%2F%2Fpanel.charsooq.com%2Fstorage%2F01K85ZWV0VHD9K1G8EP3NEVTBD.webp&w=640&q=75 HTTP/2.0" 200 15514 "https://charsooq.com/china" "Mozilla/5.0 (Linux; Android 10; K) AppleWebKit/537.36 (KHTML, like Gecko) Chrome/137.0.0.0 Mobile Safari/537.36"
23.251.49.72 - - [28/Aug/2026:02:48:39 +0330] "GET /products-offer?page=1&_rsc=1oa1z HTTP/2.0" 200 1470 "https://charsooq.com/china" "Mozilla/5.0 (Linux; Android 10; K) AppleWebKit/537.36 (KHTML, like Gecko) Chrome/137.0.0.0 Mobile Safari/537.36"
