167.233.205.44 - - [28/Aug/2026:01:09:29 +0330] "GET /products/OriginalCryBabySurpriseDoll/%D8%B9%D8%B1%D9%88%D8%B3%DA%A9-%D8%B3%D9%88%D9%BE%D8%B1%D8%A7%DB%8C%D8%B2-%DA%A9%D8%B1%D8%A7%DB%8C-%D8%A8%DB%8C%D8%A8%DB%8C-%D8%A7%D9%88%D8%B1%D8%AC%DB%8C%D9%86%D8%A7%D9%84?_rsc=1mshn HTTP/2.0" 200 2276 "https://charsooq.com/ebay" "Mozilla/5.0 (Linux; Android 10; K) AppleWebKit/537.36 (KHTML, like Gecko) Chrome/151.0.0.0 Mobile Safari/537.36"
52.167.144.140 - - [28/Aug/2026:01:09:30 +0330] "GET /?u=6282727626700 HTTP/2.0" 200 32926 "-" "Mozilla/5.0 AppleWebKit/537.36 (KHTML, like Gecko; compatible; bingbot/2.0; +http://www.bing.com/bingbot.htm) Chrome/116.0.1938.76 Safari/537.36"
167.233.205.44 - - [28/Aug/2026:01:09:30 +0330] "GET /turkey?_rsc=1mshn HTTP/2.0" 200 1430 "https://charsooq.com/ebay" "Mozilla/5.0 (Linux; Android 10; K) AppleWebKit/537.36 (KHTML, like Gecko) Chrome/151.0.0.0 Mobile Safari/537.36"
167.233.205.44 - - [28/Aug/2026:01:09:30 +0330] "GET /amazon?_rsc=1mshn HTTP/2.0" 200 1461 "https://charsooq.com/ebay" "Mozilla/5.0 (Linux; Android 10; K) AppleWebKit/537.36 (KHTML, like Gecko) Chrome/151.0.0.0 Mobile Safari/537.36"
52.167.144.140 - - [28/Aug/2026:01:09:31 +0330] "GET /?u=45903141018401 HTTP/2.0" 200 33153 "-" "Mozilla/5.0 AppleWebKit/537.36 (KHTML, like Gecko; compatible; bingbot/2.0; +http://www.bing.com/bingbot.htm) Chrome/116.0.1938.76 Safari/537.36"
66.249.77.100 - - [28/Aug/2026:01:09:33 +0330] "GET /storage/01K30WJ5CRG6P23ET9E20V8BCA.webp HTTP/1.1" 200 89406 "-" "Googlebot-Image/1.0"
127.0.0.1 - - [28/Aug/2026:01:09:35 +0330] "GET /api/v1/categories-amazon HTTP/1.1" 200 34230 "-" "node"
172.16.20.25 - - [28/Aug/2026:01:09:35 +0330] "GET / HTTP/1.1" 200 338470 "-" "Mozilla/5.0 (compatible; PRTG Network Monitor (www.paessler.com); Windows)"
157.55.39.197 - - [28/Aug/2026:01:09:35 +0330] "GET /?u=45192239281909 HTTP/2.0" 200 33015 "-" "Mozilla/5.0 AppleWebKit/537.36 (KHTML, like Gecko; compatible; bingbot/2.0; +http://www.bing.com/bingbot.htm) Chrome/116.0.1938.76 Safari/537.36"
40.77.167.21 - - [28/Aug/2026:01:09:38 +0330] "GET /?u=70170261671402 HTTP/2.0" 200 34028 "-" "Mozilla/5.0 AppleWebKit/537.36 (KHTML, like Gecko; compatible; bingbot/2.0; +http://www.bing.com/bingbot.htm) Chrome/116.0.1938.76 Safari/537.36"
40.77.167.21 - - [28/Aug/2026:01:09:40 +0330] "GET /?u=375226868500 HTTP/2.0" 200 33358 "-" "Mozilla/5.0 AppleWebKit/537.36 (KHTML, like Gecko; compatible; bingbot/2.0; +http://www.bing.com/bingbot.htm) Chrome/116.0.1938.76 Safari/537.36"
157.55.39.197 - - [28/Aug/2026:01:09:50 +0330] "GET /?u=68819273948009 HTTP/2.0" 200 32702 "-" "Mozilla/5.0 AppleWebKit/537.36 (KHTML, like Gecko; compatible; bingbot/2.0; +http://www.bing.com/bingbot.htm) Chrome/116.0.1938.76 Safari/537.36"
167.233.205.44 - - [28/Aug/2026:01:10:09 +0330] "POST /api/v1/calculator-show HTTP/2.0" 200 361 "https://charsooq.com/" "Mozilla/5.0 (Linux; Android 10; K) AppleWebKit/537.36 (KHTML, like Gecko) Chrome/151.0.0.0 Mobile Safari/537.36"
127.0.0.1 - - [28/Aug/2026:01:10:16 +0330] "GET /api/v3/product-show/amz-B07SND6TFD?amazon_region=undefined HTTP/1.1" 301 169 "-" "node"
127.0.0.1 - - [28/Aug/2026:01:10:16 +0330] "GET /api/v3/product-show/amz-B07SND6TFD?amazon_region= HTTP/1.1" 301 169 "-" "node"
127.0.0.1 - - [28/Aug/2026:01:10:16 +0330] "GET /api/v3/product-show/amz-B07SND6TFD?amazon_region=undefined HTTP/1.1" 200 27937 "-" "node"
127.0.0.1 - - [28/Aug/2026:01:10:16 +0330] "GET /api/v3/product-show/amz-B07SND6TFD?amazon_region= HTTP/1.1" 200 27937 "-" "node"
127.0.0.1 - - [28/Aug/2026:01:10:17 +0330] "GET /api/v1/categories-amazon HTTP/1.1" 200 34230 "-" "node"
157.55.39.195 - - [28/Aug/2026:01:10:18 +0330] "GET /product/amz-B07SND6TFD/Salicylic-Acid-Exfoliant-Facial-Liquid-with-Niacinamide-Betain-Salicylic-Acid-Salicylic-Acid-BHA-for-Peel-Pore-Cleaner-Alcohol-Free-4-Fl-Oz-120ml HTTP/2.0" 200 121755 "-" "Mozilla/5.0 AppleWebKit/537.36 (KHTML, like Gecko; compatible; bingbot/2.0; +http://www.bing.com/bingbot.htm) Chrome/116.0.1938.76 Safari/537.36"
127.0.0.1 - - [28/Aug/2026:01:10:34 +0330] "GET /api/v2/sliders HTTP/1.1" 200 7479 "-" "node"
127.0.0.1 - - [28/Aug/2026:01:10:35 +0330] "GET /api/v1/categories-amazon HTTP/1.1" 200 34230 "-" "node"
127.0.0.1 - - [28/Aug/2026:01:10:35 +0330] "GET /api/v2/page-data HTTP/1.1" 200 36854 "-" "node"
172.16.20.25 - - [28/Aug/2026:01:10:35 +0330] "GET / HTTP/1.1" 200 338501 "-" "Mozilla/5.0 (compatible; PRTG Network Monitor (www.paessler.com); Windows)"
139.59.42.255 - - [28/Aug/2026:01:10:45 +0330] "GET / HTTP/1.1" 301 169 "-" "Mozilla/5.0 zgrab/0.x"
167.233.205.44 - - [28/Aug/2026:01:10:49 +0330] "POST /api/v1/calculator-show HTTP/2.0" 200 364 "https://charsooq.com/" "Mozilla/5.0 (Linux; Android 10; K) AppleWebKit/537.36 (KHTML, like Gecko) Chrome/151.0.0.0 Mobile Safari/537.36"
127.0.0.1 - - [28/Aug/2026:01:11:35 +0330] "GET /api/v1/categories-amazon HTTP/1.1" 200 34199 "-" "node"
172.16.20.25 - - [28/Aug/2026:01:11:35 +0330] "GET / HTTP/1.1" 200 338478 "-" "Mozilla/5.0 (compatible; PRTG Network Monitor (www.paessler.com); Windows)"
127.0.0.1 - - [28/Aug/2026:01:11:36 +0330] "GET /api/v2/sliders HTTP/1.1" 200 7479 "-" "node"
127.0.0.1 - - [28/Aug/2026:01:11:37 +0330] "GET /api/v1/categories-amazon HTTP/1.1" 200 34230 "-" "node"
104.28.164.190 - - [28/Aug/2026:01:11:37 +0330] "GET /_next/static/media/c7178acf770b8f1a-s.p.ttf HTTP/2.0" 200 35704 "https://charsooq.com/" "Mozilla/5.0 (Linux; Android 10; K) AppleWebKit/537.36 (KHTML, like Gecko) Chrome/151.0.0.0 Mobile Safari/537.36"
104.28.164.190 - - [28/Aug/2026:01:11:37 +0330] "GET /_next/image?url=%2Fassets%2Fimages%2Fhome%2Fcategory%2Fshoes.jpg&w=1920&q=75 HTTP/2.0" 200 13250 "https://charsooq.com/" "Mozilla/5.0 (Linux; Android 10; K) AppleWebKit/537.36 (KHTML, like Gecko) Chrome/151.0.0.0 Mobile Safari/537.36"
104.28.164.190 - - [28/Aug/2026:01:11:37 +0330] "GET /_next/image?url=%2Fassets%2Fimages%2Fhome%2Fcategory%2Fcosmetic.jpg&w=1920&q=75 HTTP/2.0" 200 15462 "https://charsooq.com/" "Mozilla/5.0 (Linux; Android 10; K) AppleWebKit/537.36 (KHTML, like Gecko) Chrome/151.0.0.0 Mobile Safari/537.36"
104.28.164.190 - - [28/Aug/2026:01:11:37 +0330] "GET /_next/image?url=%2Fassets%2Fimages%2Fhome%2Fhome-instagram2.webp&w=1920&q=75 HTTP/2.0" 200 10150 "https://charsooq.com/" "Mozilla/5.0 (Linux; Android 10; K) AppleWebKit/537.36 (KHTML, like Gecko) Chrome/151.0.0.0 Mobile Safari/537.36"
104.28.164.190 - - [28/Aug/2026:01:11:37 +0330] "GET /_next/static/css/302d83c05ad27d8b.css HTTP/2.0" 200 369 "https://charsooq.com/" "Mozilla/5.0 (Linux; Android 10; K) AppleWebKit/537.36 (KHTML, like Gecko) Chrome/151.0.0.0 Mobile Safari/537.36"
104.28.164.190 - - [28/Aug/2026:01:11:37 +0330] "GET /_next/static/css/2c9caab41af7e337.css HTTP/2.0" 200 3175 "https://charsooq.com/" "Mozilla/5.0 (Linux; Android 10; K) AppleWebKit/537.36 (KHTML, like Gecko) Chrome/151.0.0.0 Mobile Safari/537.36"
104.28.164.190 - - [28/Aug/2026:01:11:37 +0330] "GET /_next/static/css/1fd47d1e4f3a64a0.css HTTP/2.0" 200 5002 "https://charsooq.com/" "Mozilla/5.0 (Linux; Android 10; K) AppleWebKit/537.36 (KHTML, like Gecko) Chrome/151.0.0.0 Mobile Safari/537.36"
104.28.164.190 - - [28/Aug/2026:01:11:37 +0330] "GET /_next/image?url=%2Fassets%2Fimages%2Fhome%2Fhome-telegram2.webp&w=1920&q=75 HTTP/2.0" 200 16878 "https://charsooq.com/" "Mozilla/5.0 (Linux; Android 10; K) AppleWebKit/537.36 (KHTML, like Gecko) Chrome/151.0.0.0 Mobile Safari/537.36"
104.28.164.190 - - [28/Aug/2026:01:11:37 +0330] "GET /_next/image?url=%2Fassets%2Fimages%2Ficons%2Ftelegram-icon.png&w=128&q=75 HTTP/2.0" 200 5724 "https://charsooq.com/" "Mozilla/5.0 (Linux; Android 10; K) AppleWebKit/537.36 (KHTML, like Gecko) Chrome/151.0.0.0 Mobile Safari/537.36"
104.28.164.190 - - [28/Aug/2026:01:11:37 +0330] "GET /_next/static/css/91447b978d7716af.css HTTP/2.0" 200 20418 "https://charsooq.com/" "Mozilla/5.0 (Linux; Android 10; K) AppleWebKit/537.36 (KHTML, like Gecko) Chrome/151.0.0.0 Mobile Safari/537.36"
104.28.164.190 - - [28/Aug/2026:01:11:37 +0330] "GET /_next/static/media/d36c74da9a95e091-s.p.ttf HTTP/2.0" 200 35196 "https://charsooq.com/" "Mozilla/5.0 (Linux; Android 10; K) AppleWebKit/537.36 (KHTML, like Gecko) Chrome/151.0.0.0 Mobile Safari/537.36"
104.28.164.190 - - [28/Aug/2026:01:11:38 +0330] "GET /_next/image?url=https%3A%2F%2Fpanel.charsooq.com%2Fstorage%2F01K86CG1QRVXB0PMTKY5EERBNB.jpg&w=640&q=75 HTTP/2.0" 200 5768 "https://charsooq.com/" "Mozilla/5.0 (Linux; Android 10; K) AppleWebKit/537.36 (KHTML, like Gecko) Chrome/151.0.0.0 Mobile Safari/537.36"
127.0.0.1 - - [28/Aug/2026:01:11:38 +0330] "GET /storage/01K86CG1QRVXB0PMTKY5EERBNB.jpg HTTP/1.1" 200 25489 "-" "node"
127.0.0.1 - - [28/Aug/2026:01:11:38 +0330] "GET /storage/01KFXB7VBNM3NRS4TMST0J77BY.jpg HTTP/1.1" 200 245196 "-" "node"
104.28.164.190 - - [28/Aug/2026:01:11:38 +0330] "GET /_next/image?url=https%3A%2F%2Fpanel.charsooq.com%2Fstorage%2F01KFXB7VBNM3NRS4TMST0J77BY.jpg&w=640&q=75 HTTP/2.0" 200 46206 "https://charsooq.com/" "Mozilla/5.0 (Linux; Android 10; K) AppleWebKit/537.36 (KHTML, like Gecko) Chrome/151.0.0.0 Mobile Safari/537.36"
104.28.164.190 - - [28/Aug/2026:01:11:38 +0330] "GET /_next/image?url=https%3A%2F%2Fpanel.charsooq.com%2Fstorage%2F01KE1FP01NABFH9KQRP45ECBQ5.webp&w=640&q=75 HTTP/2.0" 200 20988 "https://charsooq.com/" "Mozilla/5.0 (Linux; Android 10; K) AppleWebKit/537.36 (KHTML, like Gecko) Chrome/151.0.0.0 Mobile Safari/537.36"
104.28.164.190 - - [28/Aug/2026:01:11:38 +0330] "GET /assets/images/home/discount-background.webp HTTP/2.0" 200 59114 "https://charsooq.com/_next/static/css/2c9caab41af7e337.css" "Mozilla/5.0 (Linux; Android 10; K) AppleWebKit/537.36 (KHTML, like Gecko) Chrome/151.0.0.0 Mobile Safari/537.36"
104.28.164.190 - - [28/Aug/2026:01:11:38 +0330] "GET /_next/image?url=https%3A%2F%2Fpanel.charsooq.com%2Fstorage%2F01KD7W28R9M57F4MPBTPSH8CT1.webp&w=640&q=75 HTTP/2.0" 200 14936 "https://charsooq.com/" "Mozilla/5.0 (Linux; Android 10; K) AppleWebKit/537.36 (KHTML, like Gecko) Chrome/151.0.0.0 Mobile Safari/537.36"
127.0.0.1 - - [28/Aug/2026:01:11:38 +0330] "GET /storage/01KE1FP01NABFH9KQRP45ECBQ5.webp HTTP/1.1" 200 101104 "-" "node"
127.0.0.1 - - [28/Aug/2026:01:11:38 +0330] "GET /storage/01KD7W28R9M57F4MPBTPSH8CT1.webp HTTP/1.1" 200 114466 "-" "node"
127.0.0.1 - - [28/Aug/2026:01:11:38 +0330] "GET /api/v2/page-data HTTP/1.1" 200 36854 "-" "node"
104.28.164.190 - - [28/Aug/2026:01:11:38 +0330] "GET / HTTP/2.0" 200 106234 "https://www.google.com/" "Mozilla/5.0 (Linux; Android 10; K) AppleWebKit/537.36 (KHTML, like Gecko) Chrome/151.0.0.0 Mobile Safari/537.36"
127.0.0.1 - - [28/Aug/2026:01:11:38 +0330] "GET /storage/01KCR92KVH2GAESBCCCE4TDAEF.webp HTTP/1.1" 200 118204 "-" "node"
104.28.164.190 - - [28/Aug/2026:01:11:38 +0330] "GET /_next/image?url=https%3A%2F%2Fpanel.charsooq.com%2Fstorage%2F01KCR92KVH2GAESBCCCE4TDAEF.webp&w=640&q=75 HTTP/2.0" 200 16696 "https://charsooq.com/" "Mozilla/5.0 (Linux; Android 10; K) AppleWebKit/537.36 (KHTML, like Gecko) Chrome/151.0.0.0 Mobile Safari/537.36"
104.28.164.190 - - [28/Aug/2026:01:11:38 +0330] "GET /_next/static/chunks/main-app-9964935a240c0d39.js HTTP/2.0" 200 471 "https://charsooq.com/" "Mozilla/5.0 (Linux; Android 10; K) AppleWebKit/537.36 (KHTML, like Gecko) Chrome/151.0.0.0 Mobile Safari/537.36"
104.28.164.190 - - [28/Aug/2026:01:11:38 +0330] "GET /_next/static/chunks/webpack-f27042854bafc0d3.js HTTP/2.0" 200 2127 "https://charsooq.com/" "Mozilla/5.0 (Linux; Android 10; K) AppleWebKit/537.36 (KHTML, like Gecko) Chrome/151.0.0.0 Mobile Safari/537.36"
104.28.164.190 - - [28/Aug/2026:01:11:38 +0330] "GET /_next/static/chunks/2117-828e02dc1643a950.js HTTP/2.0" 200 32001 "https://charsooq.com/" "Mozilla/5.0 (Linux; Android 10; K) AppleWebKit/537.36 (KHTML, like Gecko) Chrome/151.0.0.0 Mobile Safari/537.36"
104.28.164.190 - - [28/Aug/2026:01:11:38 +0330] "GET /_next/static/chunks/fd9d1056-9ff99acbd7fb9fe8.js HTTP/2.0" 200 53744 "https://charsooq.com/" "Mozilla/5.0 (Linux; Android 10; K) AppleWebKit/537.36 (KHTML, like Gecko) Chrome/151.0.0.0 Mobile Safari/537.36"
104.28.164.190 - - [28/Aug/2026:01:11:38 +0330] "GET /_next/static/chunks/2972-d7980624b2014943.js HTTP/2.0" 200 8732 "https://charsooq.com/" "Mozilla/5.0 (Linux; Android 10; K) AppleWebKit/537.36 (KHTML, like Gecko) Chrome/151.0.0.0 Mobile Safari/537.36"
104.28.164.190 - - [28/Aug/2026:01:11:38 +0330] "GET /_next/static/chunks/4438-ac5ce0d4a5fd9e15.js HTTP/2.0" 200 8260 "https://charsooq.com/" "Mozilla/5.0 (Linux; Android 10; K) AppleWebKit/537.36 (KHTML, like Gecko) Chrome/151.0.0.0 Mobile Safari/537.36"
104.28.164.190 - - [28/Aug/2026:01:11:38 +0330] "GET /_next/static/chunks/1580-575957d688ae25ac.js HTTP/2.0" 200 12089 "https://charsooq.com/" "Mozilla/5.0 (Linux; Android 10; K) AppleWebKit/537.36 (KHTML, like Gecko) Chrome/151.0.0.0 Mobile Safari/537.36"
104.28.164.190 - - [28/Aug/2026:01:11:38 +0330] "GET /_next/static/chunks/3462-b3fd13ed1d4f90e2.js HTTP/2.0" 200 1833 "https://charsooq.com/" "Mozilla/5.0 (Linux; Android 10; K) AppleWebKit/537.36 (KHTML, like Gecko) Chrome/151.0.0.0 Mobile Safari/537.36"
104.28.164.190 - - [28/Aug/2026:01:11:38 +0330] "GET /_next/static/chunks/6137-97a90ba21cd4a885.js HTTP/2.0" 200 6706 "https://charsooq.com/" "Mozilla/5.0 (Linux; Android 10; K) AppleWebKit/537.36 (KHTML, like Gecko) Chrome/151.0.0.0 Mobile Safari/537.36"
104.28.164.190 - - [28/Aug/2026:01:11:39 +0330] "GET /_next/static/chunks/3013-a9939c72e4a38977.js HTTP/2.0" 200 6860 "https://charsooq.com/" "Mozilla/5.0 (Linux; Android 10; K) AppleWebKit/537.36 (KHTML, like Gecko) Chrome/151.0.0.0 Mobile Safari/537.36"
104.28.164.190 - - [28/Aug/2026:01:11:39 +0330] "GET /_next/static/chunks/5878-8c4517462d65e9a5.js HTTP/2.0" 200 5170 "https://charsooq.com/" "Mozilla/5.0 (Linux; Android 10; K) AppleWebKit/537.36 (KHTML, like Gecko) Chrome/151.0.0.0 Mobile Safari/537.36"
104.28.164.190 - - [28/Aug/2026:01:11:39 +0330] "GET /_next/static/chunks/6818-72710ec856a66515.js HTTP/2.0" 200 2700 "https://charsooq.com/" "Mozilla/5.0 (Linux; Android 10; K) AppleWebKit/537.36 (KHTML, like Gecko) Chrome/151.0.0.0 Mobile Safari/537.36"
104.28.164.190 - - [28/Aug/2026:01:11:39 +0330] "GET /_next/static/chunks/5763-e3689baff1695fd1.js HTTP/2.0" 200 4387 "https://charsooq.com/" "Mozilla/5.0 (Linux; Android 10; K) AppleWebKit/537.36 (KHTML, like Gecko) Chrome/151.0.0.0 Mobile Safari/537.36"
104.28.164.190 - - [28/Aug/2026:01:11:39 +0330] "GET /_next/static/chunks/9064-bc53da8ff6805f5a.js HTTP/2.0" 200 4703 "https://charsooq.com/" "Mozilla/5.0 (Linux; Android 10; K) AppleWebKit/537.36 (KHTML, like Gecko) Chrome/151.0.0.0 Mobile Safari/537.36"
104.28.164.190 - - [28/Aug/2026:01:11:39 +0330] "GET /_next/static/chunks/1493-5bf6477734a442f1.js HTTP/2.0" 200 3468 "https://charsooq.com/" "Mozilla/5.0 (Linux; Android 10; K) AppleWebKit/537.36 (KHTML, like Gecko) Chrome/151.0.0.0 Mobile Safari/537.36"
104.28.164.196 - - [28/Aug/2026:01:11:39 +0330] "GET /storage/01K7BR402XKVFCR55W677WXMYY.jpg HTTP/2.0" 200 289159 "https://charsooq.com/" "Mozilla/5.0 (Linux; Android 10; K) AppleWebKit/537.36 (KHTML, like Gecko) Chrome/151.0.0.0 Mobile Safari/537.36"
104.28.164.190 - - [28/Aug/2026:01:11:39 +0330] "GET /_next/static/chunks/5605-342a49848bbf0c11.js HTTP/2.0" 200 6777 "https://charsooq.com/" "Mozilla/5.0 (Linux; Android 10; K) AppleWebKit/537.36 (KHTML, like Gecko) Chrome/151.0.0.0 Mobile Safari/537.36"
104.28.164.190 - - [28/Aug/2026:01:11:39 +0330] "GET /_next/static/chunks/2034-b6ee9baf8082b7dc.js HTTP/2.0" 200 10926 "https://charsooq.com/" "Mozilla/5.0 (Linux; Android 10; K) AppleWebKit/537.36 (KHTML, like Gecko) Chrome/151.0.0.0 Mobile Safari/537.36"
104.28.164.190 - - [28/Aug/2026:01:11:39 +0330] "GET /_next/static/chunks/8003-81602ee8b36ef204.js HTTP/2.0" 200 2418 "https://charsooq.com/" "Mozilla/5.0 (Linux; Android 10; K) AppleWebKit/537.36 (KHTML, like Gecko) Chrome/151.0.0.0 Mobile Safari/537.36"
104.28.164.190 - - [28/Aug/2026:01:11:39 +0330] "GET /_next/static/chunks/1592-00644b699e0ed4d8.js HTTP/2.0" 200 7980 "https://charsooq.com/" "Mozilla/5.0 (Linux; Android 10; K) AppleWebKit/537.36 (KHTML, like Gecko) Chrome/151.0.0.0 Mobile Safari/537.36"
104.28.164.190 - - [28/Aug/2026:01:11:39 +0330] "GET /_next/static/chunks/169-68dabecb1c163108.js HTTP/2.0" 200 6555 "https://charsooq.com/" "Mozilla/5.0 (Linux; Android 10; K) AppleWebKit/537.36 (KHTML, like Gecko) Chrome/151.0.0.0 Mobile Safari/537.36"
104.28.164.190 - - [28/Aug/2026:01:11:39 +0330] "GET /_next/static/chunks/9227-c2a8061d3143118a.js HTTP/2.0" 200 2320 "https://charsooq.com/" "Mozilla/5.0 (Linux; Android 10; K) AppleWebKit/537.36 (KHTML, like Gecko) Chrome/151.0.0.0 Mobile Safari/537.36"
104.28.164.190 - - [28/Aug/2026:01:11:39 +0330] "GET /_next/static/chunks/1188-8347881a51d7e866.js HTTP/2.0" 200 3364 "https://charsooq.com/" "Mozilla/5.0 (Linux; Android 10; K) AppleWebKit/537.36 (KHTML, like Gecko) Chrome/151.0.0.0 Mobile Safari/537.36"
104.28.164.190 - - [28/Aug/2026:01:11:39 +0330] "GET /_next/static/chunks/7463-8c14f85f0b9a94fe.js HTTP/2.0" 200 3339 "https://charsooq.com/" "Mozilla/5.0 (Linux; Android 10; K) AppleWebKit/537.36 (KHTML, like Gecko) Chrome/151.0.0.0 Mobile Safari/537.36"
104.28.164.190 - - [28/Aug/2026:01:11:39 +0330] "GET /_next/static/chunks/app/page-759df78f59703adb.js HTTP/2.0" 200 1959 "https://charsooq.com/" "Mozilla/5.0 (Linux; Android 10; K) AppleWebKit/537.36 (KHTML, like Gecko) Chrome/151.0.0.0 Mobile Safari/537.36"
104.28.164.190 - - [28/Aug/2026:01:11:39 +0330] "GET /_next/static/chunks/2177-53f14356cddc2711.js HTTP/2.0" 200 3254 "https://charsooq.com/" "Mozilla/5.0 (Linux; Android 10; K) AppleWebKit/537.36 (KHTML, like Gecko) Chrome/151.0.0.0 Mobile Safari/537.36"
104.28.164.190 - - [28/Aug/2026:01:11:39 +0330] "GET /_next/static/chunks/4216-78fe3424349836f6.js HTTP/2.0" 200 7011 "https://charsooq.com/" "Mozilla/5.0 (Linux; Android 10; K) AppleWebKit/537.36 (KHTML, like Gecko) Chrome/151.0.0.0 Mobile Safari/537.36"
104.28.164.190 - - [28/Aug/2026:01:11:39 +0330] "GET /_next/static/chunks/300-72da8991edf2ed5a.js HTTP/2.0" 200 33594 "https://charsooq.com/" "Mozilla/5.0 (Linux; Android 10; K) AppleWebKit/537.36 (KHTML, like Gecko) Chrome/151.0.0.0 Mobile Safari/537.36"
104.28.164.190 - - [28/Aug/2026:01:11:39 +0330] "GET /_next/static/chunks/3134-367eb482f3be54c2.js HTTP/2.0" 200 2334 "https://charsooq.com/" "Mozilla/5.0 (Linux; Android 10; K) AppleWebKit/537.36 (KHTML, like Gecko) Chrome/151.0.0.0 Mobile Safari/537.36"
104.28.164.190 - - [28/Aug/2026:01:11:40 +0330] "GET /_next/static/chunks/9470-129db663fb54ce77.js HTTP/2.0" 200 3092 "https://charsooq.com/" "Mozilla/5.0 (Linux; Android 10; K) AppleWebKit/537.36 (KHTML, like Gecko) Chrome/151.0.0.0 Mobile Safari/537.36"
104.28.164.190 - - [28/Aug/2026:01:11:40 +0330] "GET /_next/static/chunks/8472-05374d6b6d91921f.js HTTP/2.0" 200 9473 "https://charsooq.com/" "Mozilla/5.0 (Linux; Android 10; K) AppleWebKit/537.36 (KHTML, like Gecko) Chrome/151.0.0.0 Mobile Safari/537.36"
104.28.164.190 - - [28/Aug/2026:01:11:40 +0330] "GET /assets/images/icons/instagram1.png HTTP/2.0" 200 1556 "https://charsooq.com/" "Mozilla/5.0 (Linux; Android 10; K) AppleWebKit/537.36 (KHTML, like Gecko) Chrome/151.0.0.0 Mobile Safari/537.36"
104.28.164.190 - - [28/Aug/2026:01:11:40 +0330] "GET /_next/static/chunks/84-b6c070b37c66d77f.js HTTP/2.0" 200 2597 "https://charsooq.com/" "Mozilla/5.0 (Linux; Android 10; K) AppleWebKit/537.36 (KHTML, like Gecko) Chrome/151.0.0.0 Mobile Safari/537.36"
104.28.164.190 - - [28/Aug/2026:01:11:40 +0330] "GET /_next/static/chunks/app/error-094d5bcef522249f.js HTTP/2.0" 200 673 "https://charsooq.com/" "Mozilla/5.0 (Linux; Android 10; K) AppleWebKit/537.36 (KHTML, like Gecko) Chrome/151.0.0.0 Mobile Safari/537.36"
104.28.164.190 - - [28/Aug/2026:01:11:40 +0330] "GET /_next/static/chunks/app/layout-cb550aa8118c7c2c.js HTTP/2.0" 200 11535 "https://charsooq.com/" "Mozilla/5.0 (Linux; Android 10; K) AppleWebKit/537.36 (KHTML, like Gecko) Chrome/151.0.0.0 Mobile Safari/537.36"
104.28.164.190 - - [28/Aug/2026:01:11:40 +0330] "GET /_next/static/chunks/873-fa2a34145b7f655b.js HTTP/2.0" 200 64908 "https://charsooq.com/" "Mozilla/5.0 (Linux; Android 10; K) AppleWebKit/537.36 (KHTML, like Gecko) Chrome/151.0.0.0 Mobile Safari/537.36"
104.28.164.190 - - [28/Aug/2026:01:11:40 +0330] "GET /assets/images/icons/whatsapp.png HTTP/2.0" 200 763 "https://charsooq.com/" "Mozilla/5.0 (Linux; Android 10; K) AppleWebKit/537.36 (KHTML, like Gecko) Chrome/151.0.0.0 Mobile Safari/537.36"
104.28.164.190 - - [28/Aug/2026:01:11:40 +0330] "GET /assets/images/icons/telegram.png HTTP/2.0" 200 1179 "https://charsooq.com/" "Mozilla/5.0 (Linux; Android 10; K) AppleWebKit/537.36 (KHTML, like Gecko) Chrome/151.0.0.0 Mobile Safari/537.36"
104.28.164.190 - - [28/Aug/2026:01:11:40 +0330] "GET /assets/images/home/charsooq-sug.webp HTTP/2.0" 200 28832 "https://charsooq.com/_next/static/css/91447b978d7716af.css" "Mozilla/5.0 (Linux; Android 10; K) AppleWebKit/537.36 (KHTML, like Gecko) Chrome/151.0.0.0 Mobile Safari/537.36"
127.0.0.1 - - [28/Aug/2026:01:11:40 +0330] "GET /storage/01K86C2WJ5BTW35M4WQY1ARM0W.jpg HTTP/1.1" 200 257693 "-" "node"
104.28.164.190 - - [28/Aug/2026:01:11:40 +0330] "GET /_next/image?url=https%3A%2F%2Fpanel.charsooq.com%2Fstorage%2F01K86C2WJ5BTW35M4WQY1ARM0W.jpg&w=640&q=75 HTTP/2.0" 200 16534 "https://charsooq.com/" "Mozilla/5.0 (Linux; Android 10; K) AppleWebKit/537.36 (KHTML, like Gecko) Chrome/151.0.0.0 Mobile Safari/537.36"
127.0.0.1 - - [28/Aug/2026:01:11:40 +0330] "GET /storage/01K86BG0D1WEMNCNNJKE10YXQ3.jpg HTTP/1.1" 200 121544 "-" "node"
104.28.164.190 - - [28/Aug/2026:01:11:40 +0330] "GET /_next/image?url=https%3A%2F%2Fpanel.charsooq.com%2Fstorage%2F01K86BG0D1WEMNCNNJKE10YXQ3.jpg&w=640&q=75 HTTP/2.0" 200 24792 "https://charsooq.com/" "Mozilla/5.0 (Linux; Android 10; K) AppleWebKit/537.36 (KHTML, like Gecko) Chrome/151.0.0.0 Mobile Safari/537.36"
127.0.0.1 - - [28/Aug/2026:01:11:40 +0330] "GET /storage/01K86B6Z46YEXTNEG22HH3V6JD.jpg HTTP/1.1" 200 101329 "-" "node"
104.28.164.190 - - [28/Aug/2026:01:11:40 +0330] "GET /_next/image?url=https%3A%2F%2Fpanel.charsooq.com%2Fstorage%2F01K86B6Z46YEXTNEG22HH3V6JD.jpg&w=640&q=75 HTTP/2.0" 200 22388 "https://charsooq.com/" "Mozilla/5.0 (Linux; Android 10; K) AppleWebKit/537.36 (KHTML, like Gecko) Chrome/151.0.0.0 Mobile Safari/537.36"
127.0.0.1 - - [28/Aug/2026:01:11:40 +0330] "GET /storage/01K86AXVR1CPDP7XRQP0YNRWQ9.jpg HTTP/1.1" 200 116887 "-" "node"
104.28.164.190 - - [28/Aug/2026:01:11:40 +0330] "GET /_next/image?url=https%3A%2F%2Fpanel.charsooq.com%2Fstorage%2F01K86AXVR1CPDP7XRQP0YNRWQ9.jpg&w=640&q=75 HTTP/2.0" 200 40524 "https://charsooq.com/" "Mozilla/5.0 (Linux; Android 10; K) AppleWebKit/537.36 (KHTML, like Gecko) Chrome/151.0.0.0 Mobile Safari/537.36"
127.0.0.1 - - [28/Aug/2026:01:11:40 +0330] "GET /storage/01K3G78KBK02639K593VK9RFHM.jpg HTTP/1.1" 200 80312 "-" "node"
104.28.164.190 - - [28/Aug/2026:01:11:40 +0330] "GET /_next/image?url=https%3A%2F%2Fpanel.charsooq.com%2Fstorage%2F01K3G78KBK02639K593VK9RFHM.jpg&w=1920&q=75 HTTP/2.0" 200 24548 "https://charsooq.com/" "Mozilla/5.0 (Linux; Android 10; K) AppleWebKit/537.36 (KHTML, like Gecko) Chrome/151.0.0.0 Mobile Safari/537.36"
127.0.0.1 - - [28/Aug/2026:01:11:40 +0330] "GET /storage/01K3G6XJMEKTWF2PNNZ84GEQG1.jpg HTTP/1.1" 200 79260 "-" "node"
104.28.164.190 - - [28/Aug/2026:01:11:40 +0330] "GET /_next/image?url=https%3A%2F%2Fpanel.charsooq.com%2Fstorage%2F01K3G6XJMEKTWF2PNNZ84GEQG1.jpg&w=1920&q=75 HTTP/2.0" 200 23490 "https://charsooq.com/" "Mozilla/5.0 (Linux; Android 10; K) AppleWebKit/537.36 (KHTML, like Gecko) Chrome/151.0.0.0 Mobile Safari/537.36"
104.28.164.190 - - [28/Aug/2026:01:11:40 +0330] "GET /_next/image?url=https%3A%2F%2Fpanel.charsooq.com%2Fstorage%2F01K3G6RKSR5MV2X4JVT9P6DWQJ.jpg&w=1920&q=75 HTTP/2.0" 200 23744 "https://charsooq.com/" "Mozilla/5.0 (Linux; Android 10; K) AppleWebKit/537.36 (KHTML, like Gecko) Chrome/151.0.0.0 Mobile Safari/537.36"
104.28.164.190 - - [28/Aug/2026:01:11:40 +0330] "GET /checkout?_rsc=19zvn HTTP/2.0" 200 1690 "https://charsooq.com/" "Mozilla/5.0 (Linux; Android 10; K) AppleWebKit/537.36 (KHTML, like Gecko) Chrome/151.0.0.0 Mobile Safari/537.36"
127.0.0.1 - - [28/Aug/2026:01:11:40 +0330] "GET /storage/01K3G6RKSR5MV2X4JVT9P6DWQJ.jpg HTTP/1.1" 200 79010 "-" "node"
127.0.0.1 - - [28/Aug/2026:01:11:41 +0330] "GET /api/v1/show-products-offers/Iketoiletconversion HTTP/1.1" 301 169 "-" "node"
104.28.164.190 - - [28/Aug/2026:01:11:41 +0330] "GET /products-offer?page=1&_rsc=19zvn HTTP/2.0" 200 1470 "https://charsooq.com/" "Mozilla/5.0 (Linux; Android 10; K) AppleWebKit/537.36 (KHTML, like Gecko) Chrome/151.0.0.0 Mobile Safari/537.36"
127.0.0.1 - - [28/Aug/2026:01:11:41 +0330] "GET /storage/01K3G79AZZEVWC6WZRKBQWMB0V.jpg HTTP/1.1" 200 59062 "-" "node"
104.28.164.190 - - [28/Aug/2026:01:11:41 +0330] "GET /_next/image?url=https%3A%2F%2Fpanel.charsooq.com%2Fstorage%2F01K3G79AZZEVWC6WZRKBQWMB0V.jpg&w=1920&q=75 HTTP/2.0" 200 13968 "https://charsooq.com/" "Mozilla/5.0 (Linux; Android 10; K) AppleWebKit/537.36 (KHTML, like Gecko) Chrome/151.0.0.0 Mobile Safari/537.36"
127.0.0.1 - - [28/Aug/2026:01:11:41 +0330] "GET /api/v1/show-products-offers/Iketoiletconversion HTTP/1.1" 200 3557 "-" "node"
104.28.164.190 - - [28/Aug/2026:01:11:41 +0330] "GET /products/Iketoiletconversion/%D8%AA%D8%A8%D8%AF%DB%8C%D9%84-%D8%AA%D9%88%D8%A7%D9%84%D8%AA-%D9%81%D8%B1%D9%86%DA%AF%DB%8C-%D8%A7%DB%8C%DA%A9%DB%8C%D8%A7?_rsc=19zvn HTTP/2.0" 200 2255 "https://charsooq.com/" "Mozilla/5.0 (Linux; Android 10; K) AppleWebKit/537.36 (KHTML, like Gecko) Chrome/151.0.0.0 Mobile Safari/537.36"
104.28.164.190 - - [28/Aug/2026:01:11:41 +0330] "GET /_next/static/chunks/4922.b90b86ef20984235.js HTTP/2.0" 200 425 "https://charsooq.com/" "Mozilla/5.0 (Linux; Android 10; K) AppleWebKit/537.36 (KHTML, like Gecko) Chrome/151.0.0.0 Mobile Safari/537.36"
104.28.164.190 - - [28/Aug/2026:01:11:41 +0330] "GET /_next/static/chunks/1495.b45bb862bd3e18ec.js HTTP/2.0" 200 779 "https://charsooq.com/" "Mozilla/5.0 (Linux; Android 10; K) AppleWebKit/537.36 (KHTML, like Gecko) Chrome/151.0.0.0 Mobile Safari/537.36"
104.28.164.190 - - [28/Aug/2026:01:11:41 +0330] "GET /_next/static/chunks/415.9bf722adfc74e289.js HTTP/2.0" 200 8742 "https://charsooq.com/" "Mozilla/5.0 (Linux; Android 10; K) AppleWebKit/537.36 (KHTML, like Gecko) Chrome/151.0.0.0 Mobile Safari/537.36"
104.28.164.190 - - [28/Aug/2026:01:11:41 +0330] "GET /_next/static/chunks/app/checkout/layout-d7cf06d0dc8d6df6.js HTTP/2.0" 200 39421 "https://charsooq.com/" "Mozilla/5.0 (Linux; Android 10; K) AppleWebKit/537.36 (KHTML, like Gecko) Chrome/151.0.0.0 Mobile Safari/537.36"
66.249.77.101 - - [28/Aug/2026:01:11:41 +0330] "GET /?u=1038330495001 HTTP/1.1" 200 33136 "-" "Mozilla/5.0 (Linux; Android 6.0.1; Nexus 5X Build/MMB29P) AppleWebKit/537.36 (KHTML, like Gecko) Chrome/151.0.7922.173 Mobile Safari/537.36 (compatible; Googlebot/2.1; +http://www.google.com/bot.html)"
104.28.164.190 - - [28/Aug/2026:01:11:42 +0330] "GET /manifest.json HTTP/2.0" 200 334 "https://charsooq.com/" "Mozilla/5.0 (Linux; Android 10; K) AppleWebKit/537.36 (KHTML, like Gecko) Chrome/151.0.0.0 Mobile Safari/537.36"
104.28.164.190 - - [28/Aug/2026:01:11:43 +0330] "GET /pwa-icon-180.png HTTP/2.0" 200 10221 "https://charsooq.com/" "Mozilla/5.0 (Linux; Android 10; K) AppleWebKit/537.36 (KHTML, like Gecko) Chrome/151.0.0.0 Mobile Safari/537.36"
104.28.164.190 - - [28/Aug/2026:01:11:43 +0330] "GET /favicon.ico HTTP/2.0" 200 3035 "https://charsooq.com/" "Mozilla/5.0 (Linux; Android 10; K) AppleWebKit/537.36 (KHTML, like Gecko) Chrome/151.0.0.0 Mobile Safari/537.36"
104.28.164.190 - - [28/Aug/2026:01:11:43 +0330] "GET /pwa-icon-180.png HTTP/2.0" 304 0 "https://charsooq.com/" "Mozilla/5.0 (Linux; Android 10; K) AppleWebKit/537.36 (KHTML, like Gecko) Chrome/151.0.0.0 Mobile Safari/537.36"
127.0.0.1 - - [28/Aug/2026:01:11:44 +0330] "GET /api/v1/show-products-offers/NORDKISA HTTP/1.1" 301 169 "-" "node"
127.0.0.1 - - [28/Aug/2026:01:11:44 +0330] "GET /api/v1/show-products-offers/NORDKISA HTTP/1.1" 200 1533 "-" "node"
104.28.164.190 - - [28/Aug/2026:01:11:44 +0330] "GET /products/NORDKISA/%DA%A9%D9%85%D8%AF-%D9%84%D8%A8%D8%A7%D8%B3%DB%8C-%D8%A7%DB%8C%DA%A9%DB%8C%D8%A7-%D9%85%D8%AF%D9%84-nordkisa?_rsc=19zvn HTTP/2.0" 200 2191 "https://charsooq.com/" "Mozilla/5.0 (Linux; Android 10; K) AppleWebKit/537.36 (KHTML, like Gecko) Chrome/151.0.0.0 Mobile Safari/537.36"
104.28.164.190 - - [28/Aug/2026:01:11:44 +0330] "POST /api/v3/check-url HTTP/2.0" 200 449 "https://charsooq.com/" "Mozilla/5.0 (Linux; Android 10; K) AppleWebKit/537.36 (KHTML, like Gecko) Chrome/151.0.0.0 Mobile Safari/537.36"
127.0.0.1 - - [28/Aug/2026:01:11:45 +0330] "GET /storage/01K86AE67CD768YVCX06C4MFGY.jpg HTTP/1.1" 200 102485 "-" "node"
104.28.164.190 - - [28/Aug/2026:01:11:45 +0330] "GET /_next/image?url=https%3A%2F%2Fpanel.charsooq.com%2Fstorage%2F01K86AE67CD768YVCX06C4MFGY.jpg&w=640&q=75 HTTP/2.0" 200 40654 "https://charsooq.com/" "Mozilla/5.0 (Linux; Android 10; K) AppleWebKit/537.36 (KHTML, like Gecko) Chrome/151.0.0.0 Mobile Safari/537.36"
127.0.0.1 - - [28/Aug/2026:01:11:45 +0330] "GET /api/v3/product-show/amz-B0C28J5VGD?amazon_region=emirates-amazon HTTP/1.1" 301 169 "-" "node"
127.0.0.1 - - [28/Aug/2026:01:11:45 +0330] "GET /api/v3/product-show/amz-B0C28J5VGD?amazon_region= HTTP/1.1" 301 169 "-" "node"
104.28.164.190 - - [28/Aug/2026:01:11:45 +0330] "GET /_next/static/chunks/app/product/%5B...productSlug%5D/not-found-45ade0788c8efdcf.js HTTP/2.0" 200 284 "https://charsooq.com/" "Mozilla/5.0 (Linux; Android 10; K) AppleWebKit/537.36 (KHTML, like Gecko) Chrome/151.0.0.0 Mobile Safari/537.36"
127.0.0.1 - - [28/Aug/2026:01:11:45 +0330] "GET /api/v3/product-show/amz-B0C28J5VGD?amazon_region= HTTP/1.1" 200 10285 "-" "node"
127.0.0.1 - - [28/Aug/2026:01:11:45 +0330] "GET /api/v3/product-show/amz-B0C28J5VGD?amazon_region=emirates-amazon HTTP/1.1" 200 10278 "-" "node"
104.28.164.190 - - [28/Aug/2026:01:11:45 +0330] "GET /product/amz-B0C28J5VGD/natrolina-adults-multivitamin-for-men-women-300-tablets-with-multi-minerals-multi-vitamins-support-immune-system-with-antioxidant-vitamin-c-e-energy-metabolism-daily-nutritional-support?amazon-region=emirates-amazon&_rsc=8kzk2 HTTP/2.0" 200 16384 "https://charsooq.com/" "Mozilla/5.0 (Linux; Android 10; K) AppleWebKit/537.36 (KHTML, like Gecko) Chrome/151.0.0.0 Mobile Safari/537.36"
104.28.164.190 - - [28/Aug/2026:01:11:46 +0330] "GET /_next/static/css/aacc7ef42b2356a7.css HTTP/2.0" 200 716 "https://charsooq.com/" "Mozilla/5.0 (Linux; Android 10; K) AppleWebKit/537.36 (KHTML, like Gecko) Chrome/151.0.0.0 Mobile Safari/537.36"
104.28.164.190 - - [28/Aug/2026:01:11:46 +0330] "GET /calculator?_rsc=18gkw HTTP/2.0" 200 1408 "https://charsooq.com/product/amz-B0C28J5VGD/natrolina-adults-multivitamin-for-men-women-300-tablets-with-multi-minerals-multi-vitamins-support-immune-system-with-antioxidant-vitamin-c-e-energy-metabolism-daily-nutritional-support?amazon-region=emirates-amazon" "Mozilla/5.0 (Linux; Android 10; K) AppleWebKit/537.36 (KHTML, like Gecko) Chrome/151.0.0.0 Mobile Safari/537.36"
104.28.164.190 - - [28/Aug/2026:01:11:46 +0330] "GET /about-us?_rsc=18gkw HTTP/2.0" 200 1364 "https://charsooq.com/product/amz-B0C28J5VGD/natrolina-adults-multivitamin-for-men-women-300-tablets-with-multi-minerals-multi-vitamins-support-immune-system-with-antioxidant-vitamin-c-e-energy-metabolism-daily-nutritional-support?amazon-region=emirates-amazon" "Mozilla/5.0 (Linux; Android 10; K) AppleWebKit/537.36 (KHTML, like Gecko) Chrome/151.0.0.0 Mobile Safari/537.36"
104.28.164.190 - - [28/Aug/2026:01:11:46 +0330] "GET /help?_rsc=18gkw HTTP/2.0" 200 1528 "https://charsooq.com/product/amz-B0C28J5VGD/natrolina-adults-multivitamin-for-men-women-300-tablets-with-multi-minerals-multi-vitamins-support-immune-system-with-antioxidant-vitamin-c-e-energy-metabolism-daily-nutritional-support?amazon-region=emirates-amazon" "Mozilla/5.0 (Linux; Android 10; K) AppleWebKit/537.36 (KHTML, like Gecko) Chrome/151.0.0.0 Mobile Safari/537.36"
104.28.164.190 - - [28/Aug/2026:01:11:46 +0330] "GET /faq?_rsc=18gkw HTTP/2.0" 200 1359 "https://charsooq.com/product/amz-B0C28J5VGD/natrolina-adults-multivitamin-for-men-women-300-tablets-with-multi-minerals-multi-vitamins-support-immune-system-with-antioxidant-vitamin-c-e-energy-metabolism-daily-nutritional-support?amazon-region=emirates-amazon" "Mozilla/5.0 (Linux; Android 10; K) AppleWebKit/537.36 (KHTML, like Gecko) Chrome/151.0.0.0 Mobile Safari/537.36"
104.28.164.190 - - [28/Aug/2026:01:11:46 +0330] "GET /articles?_rsc=18gkw HTTP/2.0" 200 1795 "https://charsooq.com/product/amz-B0C28J5VGD/natrolina-adults-multivitamin-for-men-women-300-tablets-with-multi-minerals-multi-vitamins-support-immune-system-with-antioxidant-vitamin-c-e-energy-metabolism-daily-nutritional-support?amazon-region=emirates-amazon" "Mozilla/5.0 (Linux; Android 10; K) AppleWebKit/537.36 (KHTML, like Gecko) Chrome/151.0.0.0 Mobile Safari/537.36"
104.28.164.190 - - [28/Aug/2026:01:11:46 +0330] "GET /ghavanincharsooq?_rsc=18gkw HTTP/2.0" 200 1371 "https://charsooq.com/product/amz-B0C28J5VGD/natrolina-adults-multivitamin-for-men-women-300-tablets-with-multi-minerals-multi-vitamins-support-immune-system-with-antioxidant-vitamin-c-e-energy-metabolism-daily-nutritional-support?amazon-region=emirates-amazon" "Mozilla/5.0 (Linux; Android 10; K) AppleWebKit/537.36 (KHTML, like Gecko) Chrome/151.0.0.0 Mobile Safari/537.36"
104.28.164.190 - - [28/Aug/2026:01:11:46 +0330] "GET /contact-us?_rsc=18gkw HTTP/2.0" 200 1366 "https://charsooq.com/product/amz-B0C28J5VGD/natrolina-adults-multivitamin-for-men-women-300-tablets-with-multi-minerals-multi-vitamins-support-immune-system-with-antioxidant-vitamin-c-e-energy-metabolism-daily-nutritional-support?amazon-region=emirates-amazon" "Mozilla/5.0 (Linux; Android 10; K) AppleWebKit/537.36 (KHTML, like Gecko) Chrome/151.0.0.0 Mobile Safari/537.36"
104.28.164.190 - - [28/Aug/2026:01:11:46 +0330] "GET /_next/static/chunks/9496-511d5e04493bb6c9.js HTTP/2.0" 200 18435 "https://charsooq.com/product/amz-B0C28J5VGD/natrolina-adults-multivitamin-for-men-women-300-tablets-with-multi-minerals-multi-vitamins-support-immune-system-with-antioxidant-vitamin-c-e-energy-metabolism-daily-nutritional-support?amazon-region=emirates-amazon" "Mozilla/5.0 (Linux; Android 10; K) AppleWebKit/537.36 (KHTML, like Gecko) Chrome/151.0.0.0 Mobile Safari/537.36"
104.28.164.190 - - [28/Aug/2026:01:11:46 +0330] "GET /manifest.json HTTP/2.0" 304 0 "https://charsooq.com/product/amz-B0C28J5VGD/natrolina-adults-multivitamin-for-men-women-300-tablets-with-multi-minerals-multi-vitamins-support-immune-system-with-antioxidant-vitamin-c-e-energy-metabolism-daily-nutritional-support?amazon-region=emirates-amazon" "Mozilla/5.0 (Linux; Android 10; K) AppleWebKit/537.36 (KHTML, like Gecko) Chrome/151.0.0.0 Mobile Safari/537.36"
104.28.164.190 - - [28/Aug/2026:01:11:46 +0330] "GET /_next/static/chunks/2429-dce83281d9dba3e1.js HTTP/2.0" 200 3524 "https://charsooq.com/product/amz-B0C28J5VGD/natrolina-adults-multivitamin-for-men-women-300-tablets-with-multi-minerals-multi-vitamins-support-immune-system-with-antioxidant-vitamin-c-e-energy-metabolism-daily-nutritional-support?amazon-region=emirates-amazon" "Mozilla/5.0 (Linux; Android 10; K) AppleWebKit/537.36 (KHTML, like Gecko) Chrome/151.0.0.0 Mobile Safari/537.36"
104.28.164.190 - - [28/Aug/2026:01:11:46 +0330] "GET /_next/static/chunks/5176-ee004c1792da33da.js HTTP/2.0" 200 7144 "https://charsooq.com/product/amz-B0C28J5VGD/natrolina-adults-multivitamin-for-men-women-300-tablets-with-multi-minerals-multi-vitamins-support-immune-system-with-antioxidant-vitamin-c-e-energy-metabolism-daily-nutritional-support?amazon-region=emirates-amazon" "Mozilla/5.0 (Linux; Android 10; K) AppleWebKit/537.36 (KHTML, like Gecko) Chrome/151.0.0.0 Mobile Safari/537.36"
104.28.164.190 - - [28/Aug/2026:01:11:46 +0330] "GET /_next/static/chunks/1562-6ee80329b07bb1a9.js HTTP/2.0" 200 4306 "https://charsooq.com/product/amz-B0C28J5VGD/natrolina-adults-multivitamin-for-men-women-300-tablets-with-multi-minerals-multi-vitamins-support-immune-system-with-antioxidant-vitamin-c-e-energy-metabolism-daily-nutritional-support?amazon-region=emirates-amazon" "Mozilla/5.0 (Linux; Android 10; K) AppleWebKit/537.36 (KHTML, like Gecko) Chrome/151.0.0.0 Mobile Safari/537.36"
104.28.164.190 - - [28/Aug/2026:01:11:46 +0330] "GET /_next/static/chunks/3570-a2ad5dfcad216f8e.js HTTP/2.0" 200 6218 "https://charsooq.com/product/amz-B0C28J5VGD/natrolina-adults-multivitamin-for-men-women-300-tablets-with-multi-minerals-multi-vitamins-support-immune-system-with-antioxidant-vitamin-c-e-energy-metabolism-daily-nutritional-support?amazon-region=emirates-amazon" "Mozilla/5.0 (Linux; Android 10; K) AppleWebKit/537.36 (KHTML, like Gecko) Chrome/151.0.0.0 Mobile Safari/537.36"
104.28.164.190 - - [28/Aug/2026:01:11:46 +0330] "GET /_next/static/chunks/app/product/%5B...productSlug%5D/page-648f7cde64adfa9b.js HTTP/2.0" 200 14866 "https://charsooq.com/product/amz-B0C28J5VGD/natrolina-adults-multivitamin-for-men-women-300-tablets-with-multi-minerals-multi-vitamins-support-immune-system-with-antioxidant-vitamin-c-e-energy-metabolism-daily-nutritional-support?amazon-region=emirates-amazon" "Mozilla/5.0 (Linux; Android 10; K) AppleWebKit/537.36 (KHTML, like Gecko) Chrome/151.0.0.0 Mobile Safari/537.36"
104.28.164.190 - - [28/Aug/2026:01:11:46 +0330] "GET /_next/static/chunks/6477-32e18fbecea10db7.js HTTP/2.0" 200 20263 "https://charsooq.com/product/amz-B0C28J5VGD/natrolina-adults-multivitamin-for-men-women-300-tablets-with-multi-minerals-multi-vitamins-support-immune-system-with-antioxidant-vitamin-c-e-energy-metabolism-daily-nutritional-support?amazon-region=emirates-amazon" "Mozilla/5.0 (Linux; Android 10; K) AppleWebKit/537.36 (KHTML, like Gecko) Chrome/151.0.0.0 Mobile Safari/537.36"
104.28.164.190 - - [28/Aug/2026:01:11:47 +0330] "GET /_next/image?url=%2Fassets%2Fimages%2Ficons%2Fenamad-icon.png&w=256&q=75 HTTP/2.0" 200 2578 "https://charsooq.com/" "Mozilla/5.0 (Linux; Android 10; K) AppleWebKit/537.36 (KHTML, like Gecko) Chrome/151.0.0.0 Mobile Safari/537.36"
104.28.164.190 - - [28/Aug/2026:01:11:47 +0330] "GET /pwa-icon-180.png HTTP/2.0" 304 0 "https://charsooq.com/product/amz-B0C28J5VGD/natrolina-adults-multivitamin-for-men-women-300-tablets-with-multi-minerals-multi-vitamins-support-immune-system-with-antioxidant-vitamin-c-e-energy-metabolism-daily-nutritional-support?amazon-region=emirates-amazon" "Mozilla/5.0 (Linux; Android 10; K) AppleWebKit/537.36 (KHTML, like Gecko) Chrome/151.0.0.0 Mobile Safari/537.36"
104.28.164.190 - - [28/Aug/2026:01:11:47 +0330] "GET /16px.png HTTP/2.0" 200 9783 "https://charsooq.com/product/amz-B0C28J5VGD/natrolina-adults-multivitamin-for-men-women-300-tablets-with-multi-minerals-multi-vitamins-support-immune-system-with-antioxidant-vitamin-c-e-energy-metabolism-daily-nutritional-support?amazon-region=emirates-amazon" "Mozilla/5.0 (Linux; Android 10; K) AppleWebKit/537.36 (KHTML, like Gecko) Chrome/151.0.0.0 Mobile Safari/537.36"
104.28.164.190 - - [28/Aug/2026:01:11:47 +0330] "GET /_next/static/chunks/app/help/layout-bafecda7f594b8aa.js HTTP/2.0" 200 4169 "https://charsooq.com/product/amz-B0C28J5VGD/natrolina-adults-multivitamin-for-men-women-300-tablets-with-multi-minerals-multi-vitamins-support-immune-system-with-antioxidant-vitamin-c-e-energy-metabolism-daily-nutritional-support?amazon-region=emirates-amazon" "Mozilla/5.0 (Linux; Android 10; K) AppleWebKit/537.36 (KHTML, like Gecko) Chrome/151.0.0.0 Mobile Safari/537.36"
104.28.164.190 - - [28/Aug/2026:01:11:47 +0330] "GET /_next/static/css/89c525ac1f9c2b21.css HTTP/2.0" 200 1518 "https://charsooq.com/product/amz-B0C28J5VGD/natrolina-adults-multivitamin-for-men-women-300-tablets-with-multi-minerals-multi-vitamins-support-immune-system-with-antioxidant-vitamin-c-e-energy-metabolism-daily-nutritional-support?amazon-region=emirates-amazon" "Mozilla/5.0 (Linux; Android 10; K) AppleWebKit/537.36 (KHTML, like Gecko) Chrome/151.0.0.0 Mobile Safari/537.36"
104.28.164.190 - - [28/Aug/2026:01:11:47 +0330] "GET /_next/static/css/a3ea09f254e74c9c.css HTTP/2.0" 200 2012 "https://charsooq.com/product/amz-B0C28J5VGD/natrolina-adults-multivitamin-for-men-women-300-tablets-with-multi-minerals-multi-vitamins-support-immune-system-with-antioxidant-vitamin-c-e-energy-metabolism-daily-nutritional-support?amazon-region=emirates-amazon" "Mozilla/5.0 (Linux; Android 10; K) AppleWebKit/537.36 (KHTML, like Gecko) Chrome/151.0.0.0 Mobile Safari/537.36"
104.28.164.190 - - [28/Aug/2026:01:11:47 +0330] "POST /api/v3/other-amazon-url HTTP/2.0" 200 223 "https://charsooq.com/" "Mozilla/5.0 (Linux; Android 10; K) AppleWebKit/537.36 (KHTML, like Gecko) Chrome/151.0.0.0 Mobile Safari/537.36"
104.28.164.190 - - [28/Aug/2026:01:11:48 +0330] "GET /assets/images/icons/icons8-united-arab-emirates-48.svg HTTP/2.0" 200 747 "https://charsooq.com/product/amz-B0C28J5VGD/natrolina-adults-multivitamin-for-men-women-300-tablets-with-multi-minerals-multi-vitamins-support-immune-system-with-antioxidant-vitamin-c-e-energy-metabolism-daily-nutritional-support?amazon-region=emirates-amazon" "Mozilla/5.0 (Linux; Android 10; K) AppleWebKit/537.36 (KHTML, like Gecko) Chrome/151.0.0.0 Mobile Safari/537.36"
104.28.164.190 - - [28/Aug/2026:01:11:48 +0330] "GET /assets/images/home/default-img.png HTTP/2.0" 200 13086 "https://charsooq.com/product/amz-B0C28J5VGD/natrolina-adults-multivitamin-for-men-women-300-tablets-with-multi-minerals-multi-vitamins-support-immune-system-with-antioxidant-vitamin-c-e-energy-metabolism-daily-nutritional-support?amazon-region=emirates-amazon" "Mozilla/5.0 (Linux; Android 10; K) AppleWebKit/537.36 (KHTML, like Gecko) Chrome/151.0.0.0 Mobile Safari/537.36"
167.94.146.58 - - [28/Aug/2026:01:11:55 +0330] "GET / HTTP/1.1" 301 169 "-" "Mozilla/5.0 (compatible; CensysInspect/1.1; +https://about.censys.io/)"
167.94.146.58 - - [28/Aug/2026:01:11:58 +0330] "\x16\x03\x01\x01\x03\x01\x00\x00\xFF\x03\x03\xBB\xDD B\xFA\x84L\xE6\x87\xEA1\xD7\x9A$H3\xB6w{\xD5\xCD\x96k\xCD\xF1\xB78\xF9\xDC#\x09\xA4 \xF9\xA0\xC7_\x8E2}Q\x8F\xB2b\xBA\xFC\x8Cg\x0C#3Hq\x067\x86`\xF6A\xD4\x02\x8D\x9CD\xAC\x00&\xCC\xA8\xCC\xA9\xC0/\xC00\xC0+\xC0,\xC0\x13\xC0\x09\xC0\x14\xC0" 400 157 "-" "-"
104.28.156.53 - - [28/Aug/2026:01:12:23 +0330] "OPTIONS /api/v3/product-refresh/amz-B0C28J5VGD HTTP/2.0" 204 0 "https://charsooq.com/" "Mozilla/5.0 (Linux; Android 10; K) AppleWebKit/537.36 (KHTML, like Gecko) Chrome/151.0.0.0 Mobile Safari/537.36"
104.28.156.53 - - [28/Aug/2026:01:12:23 +0330] "GET /api/v3/product-refresh/amz-B0C28J5VGD HTTP/2.0" 401 121 "https://charsooq.com/" "Mozilla/5.0 (Linux; Android 10; K) AppleWebKit/537.36 (KHTML, like Gecko) Chrome/151.0.0.0 Mobile Safari/537.36"
127.0.0.1 - - [28/Aug/2026:01:12:35 +0330] "GET /api/v1/categories-amazon HTTP/1.1" 200 34230 "-" "node"
172.16.20.25 - - [28/Aug/2026:01:12:35 +0330] "GET / HTTP/1.1" 200 338470 "-" "Mozilla/5.0 (compatible; PRTG Network Monitor (www.paessler.com); Windows)"
66.249.77.99 - - [28/Aug/2026:01:12:48 +0330] "GET /?u=8014134634915 HTTP/1.1" 200 33136 "-" "Mozilla/5.0 (Linux; Android 6.0.1; Nexus 5X Build/MMB29P) AppleWebKit/537.36 (KHTML, like Gecko) Chrome/151.0.7922.173 Mobile Safari/537.36 (compatible; Googlebot/2.1; +http://www.google.com/bot.html)"
104.28.164.190 - - [28/Aug/2026:01:13:03 +0330] "GET /manifest.json HTTP/2.0" 304 0 "https://charsooq.com/" "Mozilla/5.0 (Linux; Android 10; K) AppleWebKit/537.36 (KHTML, like Gecko) Chrome/151.0.0.0 Mobile Safari/537.36"
127.0.0.1 - - [28/Aug/2026:01:13:08 +0330] "GET /storage/01K82YDMZ2R3119WF0FRC0MFK4.webp HTTP/1.1" 200 101898 "-" "node"
57.141.20.10 - - [28/Aug/2026:01:13:08 +0330] "GET /_next/image?url=https%3A%2F%2Fpanel.charsooq.com%2Fstorage%2F01K82YDMZ2R3119WF0FRC0MFK4.webp&w=3840&q=75 HTTP/2.0" 200 82512 "-" "Mozilla/5.0 (Macintosh; Intel Mac OS X 10_15_7) AppleWebKit/537.36 (KHTML, like Gecko) Chrome/145.0.0.0 Safari/537.36 (compatible; meta-externalagent/1.1 (+https://developers.facebook.com/docs/sharing/webmasters/crawler))"
57.141.20.29 - - [28/Aug/2026:01:13:12 +0330] "GET /_next/image?url=https%3A%2F%2Fpanel.charsooq.com%2Fstorage%2F01K82YDMZ2R3119WF0FRC0MFK4.webp&w=3840&q=75 HTTP/2.0" 200 82512 "-" "Mozilla/5.0 (Macintosh; Intel Mac OS X 10_15_7) AppleWebKit/537.36 (KHTML, like Gecko) Chrome/145.0.0.0 Safari/537.36 (compatible; meta-externalagent/1.1 (+https://developers.facebook.com/docs/sharing/webmasters/crawler))"
57.141.20.2 - - [28/Aug/2026:01:13:12 +0330] "GET /_next/image?url=https%3A%2F%2Fpanel.charsooq.com%2Fstorage%2F01K82YDMZ2R3119WF0FRC0MFK4.webp&w=3840&q=75 HTTP/2.0" 200 82512 "-" "Mozilla/5.0 (Macintosh; Intel Mac OS X 10_15_7) AppleWebKit/537.36 (KHTML, like Gecko) Chrome/145.0.0.0 Safari/537.36 (compatible; meta-externalagent/1.1 (+https://developers.facebook.com/docs/sharing/webmasters/crawler))"
127.0.0.1 - - [28/Aug/2026:01:13:34 +0330] "GET /api/v2/sliders HTTP/1.1" 200 7479 "-" "node"
127.0.0.1 - - [28/Aug/2026:01:13:34 +0330] "GET /api/v1/categories-amazon HTTP/1.1" 200 34230 "-" "node"
127.0.0.1 - - [28/Aug/2026:01:13:35 +0330] "GET /api/v2/page-data HTTP/1.1" 200 36854 "-" "node"
172.16.20.25 - - [28/Aug/2026:01:13:35 +0330] "GET / HTTP/1.1" 200 338509 "-" "Mozilla/5.0 (compatible; PRTG Network Monitor (www.paessler.com); Windows)"
40.77.167.41 - - [28/Aug/2026:01:14:29 +0330] "GET /?u=15698106988502 HTTP/2.0" 200 33278 "-" "Mozilla/5.0 AppleWebKit/537.36 (KHTML, like Gecko; compatible; bingbot/2.0; +http://www.bing.com/bingbot.htm) Chrome/116.0.1938.76 Safari/537.36"
40.77.167.41 - - [28/Aug/2026:01:14:30 +0330] "GET /?u=6882958274502 HTTP/2.0" 200 33598 "-" "Mozilla/5.0 AppleWebKit/537.36 (KHTML, like Gecko; compatible; bingbot/2.0; +http://www.bing.com/bingbot.htm) Chrome/116.0.1938.76 Safari/537.36"
40.77.167.41 - - [28/Aug/2026:01:14:32 +0330] "GET /?u=87396176405100 HTTP/2.0" 200 34231 "-" "Mozilla/5.0 AppleWebKit/537.36 (KHTML, like Gecko; compatible; bingbot/2.0; +http://www.bing.com/bingbot.htm) Chrome/116.0.1938.76 Safari/537.36"
52.167.144.140 - - [28/Aug/2026:01:14:34 +0330] "GET /?u=180719586902 HTTP/2.0" 200 33695 "-" "Mozilla/5.0 AppleWebKit/537.36 (KHTML, like Gecko; compatible; bingbot/2.0; +http://www.bing.com/bingbot.htm) Chrome/116.0.1938.76 Safari/537.36"
127.0.0.1 - - [28/Aug/2026:01:14:35 +0330] "GET /api/v1/categories-amazon HTTP/1.1" 200 34199 "-" "node"
172.16.20.25 - - [28/Aug/2026:01:14:35 +0330] "GET / HTTP/1.1" 200 338470 "-" "Mozilla/5.0 (compatible; PRTG Network Monitor (www.paessler.com); Windows)"
52.167.144.140 - - [28/Aug/2026:01:14:35 +0330] "GET /?u=11805226143908 HTTP/2.0" 200 34000 "-" "Mozilla/5.0 AppleWebKit/537.36 (KHTML, like Gecko; compatible; bingbot/2.0; +http://www.bing.com/bingbot.htm) Chrome/116.0.1938.76 Safari/537.36"
52.167.144.140 - - [28/Aug/2026:01:14:37 +0330] "GET /?u=22197273800600 HTTP/2.0" 200 37967 "-" "Mozilla/5.0 AppleWebKit/537.36 (KHTML, like Gecko; compatible; bingbot/2.0; +http://www.bing.com/bingbot.htm) Chrome/116.0.1938.76 Safari/537.36"
127.0.0.1 - - [28/Aug/2026:01:14:37 +0330] "GET /api/v1/robot HTTP/1.1" 200 666 "-" "node"
157.245.192.64 - - [28/Aug/2026:01:14:37 +0330] "GET /robots.txt HTTP/1.1" 200 708 "-" "Mozilla/5.0 (compatible; WellKnownBot/0.1; +https://well-known.dev/about/#bot)"
157.55.39.57 - - [28/Aug/2026:01:14:38 +0330] "GET /?u=6046570007801 HTTP/2.0" 200 33826 "-" "Mozilla/5.0 AppleWebKit/537.36 (KHTML, like Gecko; compatible; bingbot/2.0; +http://www.bing.com/bingbot.htm) Chrome/116.0.1938.76 Safari/537.36"
157.55.39.57 - - [28/Aug/2026:01:14:40 +0330] "GET /?u=29489244045800 HTTP/2.0" 200 33757 "-" "Mozilla/5.0 AppleWebKit/537.36 (KHTML, like Gecko; compatible; bingbot/2.0; +http://www.bing.com/bingbot.htm) Chrome/116.0.1938.76 Safari/537.36"
127.0.0.1 - - [28/Aug/2026:01:14:40 +0330] "GET /api/v1/article-old-show/ads.txt HTTP/1.1" 404 170 "-" "node"
127.0.0.1 - - [28/Aug/2026:01:14:41 +0330] "GET /api/v1/categories-amazon HTTP/1.1" 200 34230 "-" "node"
157.245.192.64 - - [28/Aug/2026:01:14:42 +0330] "GET /ads.txt HTTP/1.1" 200 109896 "-" "Mozilla/5.0 (compatible; WellKnownBot/0.1; +https://well-known.dev/about/#bot)"
157.55.39.57 - - [28/Aug/2026:01:14:42 +0330] "GET /?u=16081246229604 HTTP/2.0" 200 32954 "-" "Mozilla/5.0 AppleWebKit/537.36 (KHTML, like Gecko; compatible; bingbot/2.0; +http://www.bing.com/bingbot.htm) Chrome/116.0.1938.76 Safari/537.36"
52.167.144.140 - - [28/Aug/2026:01:14:43 +0330] "GET /?u=9903949887104 HTTP/2.0" 200 33478 "-" "Mozilla/5.0 AppleWebKit/537.36 (KHTML, like Gecko; compatible; bingbot/2.0; +http://www.bing.com/bingbot.htm) Chrome/116.0.1938.76 Safari/537.36"
157.55.39.57 - - [28/Aug/2026:01:14:44 +0330] "GET /?u=3948057630504 HTTP/2.0" 200 34149 "-" "Mozilla/5.0 AppleWebKit/537.36 (KHTML, like Gecko; compatible; bingbot/2.0; +http://www.bing.com/bingbot.htm) Chrome/116.0.1938.76 Safari/537.36"
52.167.144.236 - - [28/Aug/2026:01:14:45 +0330] "GET /?u=892534134809 HTTP/2.0" 200 33062 "-" "Mozilla/5.0 AppleWebKit/537.36 (KHTML, like Gecko; compatible; bingbot/2.0; +http://www.bing.com/bingbot.htm) Chrome/116.0.1938.76 Safari/537.36"
40.77.167.41 - - [28/Aug/2026:01:14:48 +0330] "GET /?u=17907104928405 HTTP/2.0" 200 33924 "-" "Mozilla/5.0 AppleWebKit/537.36 (KHTML, like Gecko; compatible; bingbot/2.0; +http://www.bing.com/bingbot.htm) Chrome/116.0.1938.76 Safari/537.36"
127.0.0.1 - - [28/Aug/2026:01:14:50 +0330] "GET /api/v1/article-old-show/app-ads.txt HTTP/1.1" 404 170 "-" "node"
127.0.0.1 - - [28/Aug/2026:01:14:51 +0330] "GET /api/v1/categories-amazon HTTP/1.1" 200 34230 "-" "node"
157.245.192.64 - - [28/Aug/2026:01:14:51 +0330] "GET /app-ads.txt HTTP/1.1" 200 110068 "-" "Mozilla/5.0 (compatible; WellKnownBot/0.1; +https://well-known.dev/about/#bot)"
127.0.0.1 - - [28/Aug/2026:01:14:56 +0330] "GET /api/v1/categories-amazon HTTP/1.1" 200 34230 "-" "node"
