5.52.237.8 - - [28/Aug/2026:01:46:20 +0330] "GET /_next/image?url=https%3A%2F%2Fpanel.charsooq.com%2Fstorage%2F01K3G79AZZEVWC6WZRKBQWMB0V.jpg&w=1920&q=75 HTTP/2.0" 200 13968 "https://charsooq.com/" "Mozilla/5.0 (Linux; Android 10; K) AppleWebKit/537.36 (KHTML, like Gecko) Chrome/151.0.0.0 Mobile Safari/537.36"
35.170.67.225 - - [28/Aug/2026:01:46:20 +0330] "GET / HTTP/1.1" 302 343 "-" "Mozilla/5.0 (Windows NT 10.0; Win64; x64) AppleWebKit/537.36 Chrome/120.0.0.0 Safari/537.36"
5.52.237.8 - - [28/Aug/2026:01:46:20 +0330] "GET /_next/static/chunks/1495.b45bb862bd3e18ec.js HTTP/2.0" 200 779 "https://charsooq.com/" "Mozilla/5.0 (Linux; Android 10; K) AppleWebKit/537.36 (KHTML, like Gecko) Chrome/151.0.0.0 Mobile Safari/537.36"
5.52.237.8 - - [28/Aug/2026:01:46:20 +0330] "GET /_next/static/chunks/4922.b90b86ef20984235.js HTTP/2.0" 200 425 "https://charsooq.com/" "Mozilla/5.0 (Linux; Android 10; K) AppleWebKit/537.36 (KHTML, like Gecko) Chrome/151.0.0.0 Mobile Safari/537.36"
5.52.237.8 - - [28/Aug/2026:01:46:20 +0330] "GET /_next/static/chunks/415.9bf722adfc74e289.js HTTP/2.0" 200 8742 "https://charsooq.com/" "Mozilla/5.0 (Linux; Android 10; K) AppleWebKit/537.36 (KHTML, like Gecko) Chrome/151.0.0.0 Mobile Safari/537.36"
5.52.237.8 - - [28/Aug/2026:01:46:20 +0330] "GET /checkout?_rsc=19zvn HTTP/2.0" 200 1690 "https://charsooq.com/" "Mozilla/5.0 (Linux; Android 10; K) AppleWebKit/537.36 (KHTML, like Gecko) Chrome/151.0.0.0 Mobile Safari/537.36"
5.52.237.8 - - [28/Aug/2026:01:46:20 +0330] "GET /products-offer?page=1&_rsc=19zvn HTTP/2.0" 200 1470 "https://charsooq.com/" "Mozilla/5.0 (Linux; Android 10; K) AppleWebKit/537.36 (KHTML, like Gecko) Chrome/151.0.0.0 Mobile Safari/537.36"
5.52.237.8 - - [28/Aug/2026:01:46:20 +0330] "GET /_next/static/chunks/app/checkout/layout-d7cf06d0dc8d6df6.js HTTP/2.0" 200 39421 "https://charsooq.com/" "Mozilla/5.0 (Linux; Android 10; K) AppleWebKit/537.36 (KHTML, like Gecko) Chrome/151.0.0.0 Mobile Safari/537.36"
5.52.237.8 - - [28/Aug/2026:01:46:20 +0330] "GET /storage/01K7BR402XKVFCR55W677WXMYY.jpg HTTP/2.0" 200 289159 "https://charsooq.com/" "Mozilla/5.0 (Linux; Android 10; K) AppleWebKit/537.36 (KHTML, like Gecko) Chrome/151.0.0.0 Mobile Safari/537.36"
127.0.0.1 - - [28/Aug/2026:01:46:21 +0330] "GET /storage/01K3G6RKSR5MV2X4JVT9P6DWQJ.jpg HTTP/1.1" 200 79010 "-" "node"
5.52.237.8 - - [28/Aug/2026:01:46:21 +0330] "GET /_next/image?url=https%3A%2F%2Fpanel.charsooq.com%2Fstorage%2F01K3G6RKSR5MV2X4JVT9P6DWQJ.jpg&w=1920&q=75 HTTP/2.0" 200 23744 "https://charsooq.com/" "Mozilla/5.0 (Linux; Android 10; K) AppleWebKit/537.36 (KHTML, like Gecko) Chrome/151.0.0.0 Mobile Safari/537.36"
127.0.0.1 - - [28/Aug/2026:01:46:21 +0330] "GET /api/v1/show-products-offers/Iketoiletconversion HTTP/1.1" 301 169 "-" "node"
127.0.0.1 - - [28/Aug/2026:01:46:21 +0330] "GET /api/v1/show-products-offers/Iketoiletconversion HTTP/1.1" 200 3557 "-" "node"
5.52.237.8 - - [28/Aug/2026:01:46:21 +0330] "GET /products/Iketoiletconversion/%D8%AA%D8%A8%D8%AF%DB%8C%D9%84-%D8%AA%D9%88%D8%A7%D9%84%D8%AA-%D9%81%D8%B1%D9%86%DA%AF%DB%8C-%D8%A7%DB%8C%DA%A9%DB%8C%D8%A7?_rsc=19zvn HTTP/2.0" 200 2255 "https://charsooq.com/" "Mozilla/5.0 (Linux; Android 10; K) AppleWebKit/537.36 (KHTML, like Gecko) Chrome/151.0.0.0 Mobile Safari/537.36"
127.0.0.1 - - [28/Aug/2026:01:46:22 +0330] "GET /api/v1/categories-amazon HTTP/1.1" 200 34230 "-" "node"
5.52.237.8 - - [28/Aug/2026:01:46:22 +0330] "GET /manifest.json HTTP/2.0" 200 334 "https://charsooq.com/" "Mozilla/5.0 (Linux; Android 10; K) AppleWebKit/537.36 (KHTML, like Gecko) Chrome/151.0.0.0 Mobile Safari/537.36"
5.52.237.8 - - [28/Aug/2026:01:46:22 +0330] "GET /pwa-icon-180.png HTTP/2.0" 200 10221 "https://charsooq.com/" "Mozilla/5.0 (Linux; Android 10; K) AppleWebKit/537.36 (KHTML, like Gecko) Chrome/151.0.0.0 Mobile Safari/537.36"
5.52.237.8 - - [28/Aug/2026:01:46:22 +0330] "GET /favicon.ico HTTP/2.0" 200 3035 "https://charsooq.com/" "Mozilla/5.0 (Linux; Android 10; K) AppleWebKit/537.36 (KHTML, like Gecko) Chrome/151.0.0.0 Mobile Safari/537.36"
5.52.237.8 - - [28/Aug/2026:01:46:22 +0330] "GET /pwa-icon-180.png HTTP/2.0" 304 0 "https://charsooq.com/" "Mozilla/5.0 (Linux; Android 10; K) AppleWebKit/537.36 (KHTML, like Gecko) Chrome/151.0.0.0 Mobile Safari/537.36"
35.170.67.225 - - [28/Aug/2026:01:46:22 +0330] "GET / HTTP/1.1" 200 106585 "-" "Mozilla/5.0 (Windows NT 10.0; Win64; x64) AppleWebKit/537.36 Chrome/120.0.0.0 Safari/537.36"
5.52.237.8 - - [28/Aug/2026:01:46:22 +0330] "GET /amazon/products?page=1&category=clothing-shoes-jewelry&_rsc=19zvn HTTP/2.0" 200 1533 "https://charsooq.com/" "Mozilla/5.0 (Linux; Android 10; K) AppleWebKit/537.36 (KHTML, like Gecko) Chrome/151.0.0.0 Mobile Safari/537.36"
5.52.237.8 - - [28/Aug/2026:01:46:22 +0330] "GET /amazon/products?page=1&category=beauty-personal-care-fragrance&_rsc=19zvn HTTP/2.0" 200 1543 "https://charsooq.com/" "Mozilla/5.0 (Linux; Android 10; K) AppleWebKit/537.36 (KHTML, like Gecko) Chrome/151.0.0.0 Mobile Safari/537.36"
127.0.0.1 - - [28/Aug/2026:01:46:22 +0330] "GET /api/v1/article-old-show/index HTTP/1.1" 404 170 "-" "node"
127.0.0.1 - - [28/Aug/2026:01:46:23 +0330] "GET /api/v1/categories-amazon HTTP/1.1" 200 34230 "-" "node"
35.170.67.225 - - [28/Aug/2026:01:46:23 +0330] "GET /index HTTP/1.1" 200 110056 "-" "Mozilla/5.0 (Windows NT 10.0; Win64; x64) AppleWebKit/537.36 Chrome/120.0.0.0 Safari/537.36"
127.0.0.1 - - [28/Aug/2026:01:46:24 +0330] "GET /api/v1/article-old-show/welcome HTTP/1.1" 404 170 "-" "node"
127.0.0.1 - - [28/Aug/2026:01:46:25 +0330] "GET /api/v1/categories-amazon HTTP/1.1" 200 34230 "-" "node"
35.170.67.225 - - [28/Aug/2026:01:46:25 +0330] "GET /welcome HTTP/1.1" 200 110062 "-" "Mozilla/5.0 (Windows NT 10.0; Win64; x64) AppleWebKit/537.36 Chrome/120.0.0.0 Safari/537.36"
127.0.0.1 - - [28/Aug/2026:01:46:25 +0330] "GET /api/v1/article-old-show/main HTTP/1.1" 404 170 "-" "node"
127.0.0.1 - - [28/Aug/2026:01:46:26 +0330] "GET /api/v1/categories-amazon HTTP/1.1" 200 34199 "-" "node"
35.170.67.225 - - [28/Aug/2026:01:46:26 +0330] "GET /main HTTP/1.1" 200 110058 "-" "Mozilla/5.0 (Windows NT 10.0; Win64; x64) AppleWebKit/537.36 Chrome/120.0.0.0 Safari/537.36"
127.0.0.1 - - [28/Aug/2026:01:46:27 +0330] "GET /api/v1/article-old-show/home HTTP/1.1" 404 170 "-" "node"
127.0.0.1 - - [28/Aug/2026:01:46:28 +0330] "GET /api/v1/categories-amazon HTTP/1.1" 200 34199 "-" "node"
35.170.67.225 - - [28/Aug/2026:01:46:28 +0330] "GET /home HTTP/1.1" 200 110052 "-" "Mozilla/5.0 (Windows NT 10.0; Win64; x64) AppleWebKit/537.36 Chrome/120.0.0.0 Safari/537.36"
5.52.237.8 - - [28/Aug/2026:01:46:28 +0330] "GET /_next/image?url=https%3A%2F%2Fpanel.charsooq.com%2Fstorage%2F01K8605BVQ82WBMSTTG6G68DC1.webp&w=640&q=75 HTTP/2.0" 200 12790 "https://charsooq.com/" "Mozilla/5.0 (Linux; Android 10; K) AppleWebKit/537.36 (KHTML, like Gecko) Chrome/151.0.0.0 Mobile Safari/537.36"
127.0.0.1 - - [28/Aug/2026:01:46:28 +0330] "GET /storage/01K8605BVQ82WBMSTTG6G68DC1.webp HTTP/1.1" 200 12048 "-" "node"
127.0.0.1 - - [28/Aug/2026:01:46:28 +0330] "GET /storage/01K85ZWV0VHD9K1G8EP3NEVTBD.webp HTTP/1.1" 200 50168 "-" "node"
5.52.237.8 - - [28/Aug/2026:01:46:28 +0330] "GET /_next/image?url=https%3A%2F%2Fpanel.charsooq.com%2Fstorage%2F01K85ZWV0VHD9K1G8EP3NEVTBD.webp&w=640&q=75 HTTP/2.0" 200 15514 "https://charsooq.com/" "Mozilla/5.0 (Linux; Android 10; K) AppleWebKit/537.36 (KHTML, like Gecko) Chrome/151.0.0.0 Mobile Safari/537.36"
5.52.237.8 - - [28/Aug/2026:01:46:29 +0330] "GET /_next/image?url=https%3A%2F%2Fpanel.charsooq.com%2Fstorage%2F01K85XJ14R02M5WX4G3RCTM11E.webp&w=640&q=75 HTTP/2.0" 200 8558 "https://charsooq.com/" "Mozilla/5.0 (Linux; Android 10; K) AppleWebKit/537.36 (KHTML, like Gecko) Chrome/151.0.0.0 Mobile Safari/537.36"
127.0.0.1 - - [28/Aug/2026:01:46:29 +0330] "GET /storage/01K85XJ14R02M5WX4G3RCTM11E.webp HTTP/1.1" 200 39572 "-" "node"
127.0.0.1 - - [28/Aug/2026:01:46:29 +0330] "GET /api/v1/show-products-offers/TrekkerIIcap HTTP/1.1" 301 169 "-" "node"
127.0.0.1 - - [28/Aug/2026:01:46:29 +0330] "GET /api/v1/show-products-offers/TrekkerIIcap HTTP/1.1" 200 3238 "-" "node"
5.52.237.8 - - [28/Aug/2026:01:46:29 +0330] "GET /products/TrekkerIIcap/%DA%A9%D9%84%D8%A7%D9%87-%D8%A2%D9%81%D8%AA%D8%A7%D8%A8%DB%8C-%D9%85%DB%8C%D9%84%D8%AA?_rsc=19zvn HTTP/2.0" 200 2159 "https://charsooq.com/" "Mozilla/5.0 (Linux; Android 10; K) AppleWebKit/537.36 (KHTML, like Gecko) Chrome/151.0.0.0 Mobile Safari/537.36"
127.0.0.1 - - [28/Aug/2026:01:46:29 +0330] "GET /api/v1/categories-amazon HTTP/1.1" 200 34230 "-" "node"
5.52.237.8 - - [28/Aug/2026:01:46:29 +0330] "GET /_next/image?url=https%3A%2F%2Fpanel.charsooq.com%2Fstorage%2F01K860JJCR4291H7T8S2ABV9ZA.jpg&w=640&q=75 HTTP/2.0" 200 30022 "https://charsooq.com/" "Mozilla/5.0 (Linux; Android 10; K) AppleWebKit/537.36 (KHTML, like Gecko) Chrome/151.0.0.0 Mobile Safari/537.36"
127.0.0.1 - - [28/Aug/2026:01:46:29 +0330] "GET /storage/01K860JJCR4291H7T8S2ABV9ZA.jpg HTTP/1.1" 200 278614 "-" "node"
35.170.67.225 - - [28/Aug/2026:01:46:29 +0330] "GET /login HTTP/1.1" 200 83893 "-" "Mozilla/5.0 (Windows NT 10.0; Win64; x64) AppleWebKit/537.36 Chrome/120.0.0.0 Safari/537.36"
127.0.0.1 - - [28/Aug/2026:01:46:31 +0330] "GET /api/v1/categories-amazon HTTP/1.1" 200 34199 "-" "node"
35.170.67.225 - - [28/Aug/2026:01:46:31 +0330] "GET /admin/login HTTP/1.1" 404 84228 "-" "Mozilla/5.0 (Windows NT 10.0; Win64; x64) AppleWebKit/537.36 Chrome/120.0.0.0 Safari/537.36"
127.0.0.1 - - [28/Aug/2026:01:46:32 +0330] "GET /api/v1/categories-amazon HTTP/1.1" 200 34199 "-" "node"
35.170.67.225 - - [28/Aug/2026:01:46:32 +0330] "GET /filament/login HTTP/1.1" 404 84225 "-" "Mozilla/5.0 (Windows NT 10.0; Win64; x64) AppleWebKit/537.36 Chrome/120.0.0.0 Safari/537.36"
35.170.67.225 - - [28/Aug/2026:01:46:33 +0330] "GET /register HTTP/1.1" 301 16 "-" "Mozilla/5.0 (Windows NT 10.0; Win64; x64) AppleWebKit/537.36 Chrome/120.0.0.0 Safari/537.36"
127.0.0.1 - - [28/Aug/2026:01:46:33 +0330] "GET /api/v1/show-products-offers/Evolution14Grip HTTP/1.1" 301 169 "-" "node"
5.52.237.8 - - [28/Aug/2026:01:46:34 +0330] "GET /_next/image?url=https%3A%2F%2Fpanel.charsooq.com%2Fstorage%2F01K86AE67CD768YVCX06C4MFGY.jpg&w=640&q=75 HTTP/2.0" 200 40654 "https://charsooq.com/" "Mozilla/5.0 (Linux; Android 10; K) AppleWebKit/537.36 (KHTML, like Gecko) Chrome/151.0.0.0 Mobile Safari/537.36"
127.0.0.1 - - [28/Aug/2026:01:46:34 +0330] "GET /storage/01K86AE67CD768YVCX06C4MFGY.jpg HTTP/1.1" 200 102485 "-" "node"
127.0.0.1 - - [28/Aug/2026:01:46:34 +0330] "GET /api/v1/show-products-offers/Evolution14Grip HTTP/1.1" 200 3036 "-" "node"
5.52.237.8 - - [28/Aug/2026:01:46:34 +0330] "GET /products/Evolution14Grip/%DA%86%D8%A7%D9%82%D9%88-%D9%88%DB%8C%DA%A9%D8%AA%D9%88%D8%B1%DB%8C%D9%86%D9%88%DA%A9%D8%B3?_rsc=19zvn HTTP/2.0" 200 2221 "https://charsooq.com/" "Mozilla/5.0 (Linux; Android 10; K) AppleWebKit/537.36 (KHTML, like Gecko) Chrome/151.0.0.0 Mobile Safari/537.36"
127.0.0.1 - - [28/Aug/2026:01:46:34 +0330] "GET /api/v1/categories-amazon HTTP/1.1" 200 34199 "-" "node"
35.170.67.225 - - [28/Aug/2026:01:46:34 +0330] "GET /login HTTP/1.1" 200 83893 "-" "Mozilla/5.0 (Windows NT 10.0; Win64; x64) AppleWebKit/537.36 Chrome/120.0.0.0 Safari/537.36"
127.0.0.1 - - [28/Aug/2026:01:46:35 +0330] "GET /api/v1/categories-amazon HTTP/1.1" 200 34199 "-" "node"
172.16.20.25 - - [28/Aug/2026:01:46:35 +0330] "GET / HTTP/1.1" 200 338470 "-" "Mozilla/5.0 (compatible; PRTG Network Monitor (www.paessler.com); Windows)"
127.0.0.1 - - [28/Aug/2026:01:46:35 +0330] "GET /api/v1/categories-amazon HTTP/1.1" 200 34230 "-" "node"
35.170.67.225 - - [28/Aug/2026:01:46:35 +0330] "GET /panel/login HTTP/1.1" 404 84227 "-" "Mozilla/5.0 (Windows NT 10.0; Win64; x64) AppleWebKit/537.36 Chrome/120.0.0.0 Safari/537.36"
127.0.0.1 - - [28/Aug/2026:01:46:36 +0330] "GET /api/v1/show-products-offers/RondoBasicMarkerSet36Colors HTTP/1.1" 301 169 "-" "node"
127.0.0.1 - - [28/Aug/2026:01:46:36 +0330] "GET /storage/01K86AXVR1CPDP7XRQP0YNRWQ9.jpg HTTP/1.1" 200 116887 "-" "node"
5.52.237.8 - - [28/Aug/2026:01:46:36 +0330] "GET /_next/image?url=https%3A%2F%2Fpanel.charsooq.com%2Fstorage%2F01K86AXVR1CPDP7XRQP0YNRWQ9.jpg&w=640&q=75 HTTP/2.0" 200 40524 "https://charsooq.com/" "Mozilla/5.0 (Linux; Android 10; K) AppleWebKit/537.36 (KHTML, like Gecko) Chrome/151.0.0.0 Mobile Safari/537.36"
127.0.0.1 - - [28/Aug/2026:01:46:36 +0330] "GET /api/v1/show-products-offers/RondoBasicMarkerSet36Colors HTTP/1.1" 200 4299 "-" "node"
5.52.237.8 - - [28/Aug/2026:01:46:36 +0330] "GET /products/RondoBasicMarkerSet36Colors/%D9%85%D8%A7%DA%98%DB%8C%DA%A9-%D8%B1%D8%A7%D9%86%D8%AF%D9%88-%D8%A8%DB%8C%D8%B3%DB%8C%DA%A9-%D8%B3%D8%AA-36-%D8%B1%D9%86%DA%AF?_rsc=19zvn HTTP/2.0" 200 2278 "https://charsooq.com/" "Mozilla/5.0 (Linux; Android 10; K) AppleWebKit/537.36 (KHTML, like Gecko) Chrome/151.0.0.0 Mobile Safari/537.36"
127.0.0.1 - - [28/Aug/2026:01:46:37 +0330] "GET /api/v1/categories-amazon HTTP/1.1" 200 34230 "-" "node"
35.170.67.225 - - [28/Aug/2026:01:46:37 +0330] "GET /user/login HTTP/1.1" 404 84228 "-" "Mozilla/5.0 (Windows NT 10.0; Win64; x64) AppleWebKit/537.36 Chrome/120.0.0.0 Safari/537.36"
127.0.0.1 - - [28/Aug/2026:01:46:38 +0330] "GET /api/v1/categories-amazon HTTP/1.1" 200 34199 "-" "node"
35.170.67.225 - - [28/Aug/2026:01:46:38 +0330] "GET /auth/login HTTP/1.1" 404 84230 "-" "Mozilla/5.0 (Windows NT 10.0; Win64; x64) AppleWebKit/537.36 Chrome/120.0.0.0 Safari/537.36"
127.0.0.1 - - [28/Aug/2026:01:46:39 +0330] "GET /api/v1/show-products-offers/StPetersburgWatercolor48ColorsWoodenBox HTTP/1.1" 301 169 "-" "node"
127.0.0.1 - - [28/Aug/2026:01:46:39 +0330] "GET /api/v1/show-products-offers/StPetersburgWatercolor48ColorsWoodenBox HTTP/1.1" 200 4458 "-" "node"
5.52.237.8 - - [28/Aug/2026:01:46:39 +0330] "GET /products/StPetersburgWatercolor48ColorsWoodenBox/%D8%A2%D8%A8%D8%B1%D9%86%DA%AF-%D8%B3%D9%86-%D9%BE%D8%AA%D8%B1%D8%B2%D8%A8%D9%88%D8%B1%DA%AF-%DB%B4%DB%B8-%D8%B1%D9%86%DA%AF-%D8%AC%D8%B9%D8%A8%D9%87-%DA%86%D9%88%D8%A8%DB%8C?_rsc=19zvn HTTP/2.0" 200 2332 "https://charsooq.com/" "Mozilla/5.0 (Linux; Android 10; K) AppleWebKit/537.36 (KHTML, like Gecko) Chrome/151.0.0.0 Mobile Safari/537.36"
127.0.0.1 - - [28/Aug/2026:01:46:40 +0330] "GET /api/v1/categories-amazon HTTP/1.1" 200 34230 "-" "node"
35.170.67.225 - - [28/Aug/2026:01:46:40 +0330] "GET /app/login HTTP/1.1" 404 84228 "-" "Mozilla/5.0 (Windows NT 10.0; Win64; x64) AppleWebKit/537.36 Chrome/120.0.0.0 Safari/537.36"
127.0.0.1 - - [28/Aug/2026:01:46:41 +0330] "GET /api/v1/categories-amazon HTTP/1.1" 200 34199 "-" "node"
35.170.67.225 - - [28/Aug/2026:01:46:41 +0330] "GET /nova/login HTTP/1.1" 404 84230 "-" "Mozilla/5.0 (Windows NT 10.0; Win64; x64) AppleWebKit/537.36 Chrome/120.0.0.0 Safari/537.36"
127.0.0.1 - - [28/Aug/2026:01:46:42 +0330] "GET /api/v1/show-products-offers/PopMartSkullPanda HTTP/1.1" 301 169 "-" "node"
127.0.0.1 - - [28/Aug/2026:01:46:42 +0330] "GET /api/v1/show-products-offers/PopMartSkullPanda HTTP/1.1" 200 1821 "-" "node"
5.52.237.8 - - [28/Aug/2026:01:46:42 +0330] "GET /products/PopMartSkullPanda/%D8%B9%D8%B1%D9%88%D8%B3%DA%A9-%D8%B3%D9%88%D9%BE%D8%B1%D8%A7%DB%8C%D8%B2-%D8%A7%D8%B3%DA%A9%D9%88%D9%84-%D9%BE%D8%A7%D9%86%D8%AF%D8%A7-%D8%A7%D9%88%D8%B1%D8%AC%DB%8C%D9%86%D8%A7%D9%84?_rsc=19zvn HTTP/2.0" 200 2286 "https://charsooq.com/" "Mozilla/5.0 (Linux; Android 10; K) AppleWebKit/537.36 (KHTML, like Gecko) Chrome/151.0.0.0 Mobile Safari/537.36"
127.0.0.1 - - [28/Aug/2026:01:46:43 +0330] "GET /api/v1/categories-amazon HTTP/1.1" 200 34199 "-" "node"
35.170.67.225 - - [28/Aug/2026:01:46:43 +0330] "GET /voyager/login HTTP/1.1" 404 84231 "-" "Mozilla/5.0 (Windows NT 10.0; Win64; x64) AppleWebKit/537.36 Chrome/120.0.0.0 Safari/537.36"
127.0.0.1 - - [28/Aug/2026:01:46:44 +0330] "GET /api/v1/show-products-offers/3DMagicPen HTTP/1.1" 301 169 "-" "node"
127.0.0.1 - - [28/Aug/2026:01:46:44 +0330] "GET /api/v1/show-products-offers/3DMagicPen HTTP/1.1" 200 1303 "-" "node"
5.52.237.8 - - [28/Aug/2026:01:46:44 +0330] "GET /products/3DMagicPen/%D9%82%D9%84%D9%85-%D8%AC%D8%A7%D8%AF%D9%88%DB%8C%DB%8C-%D8%B3%D9%87-%D8%A8%D8%B9%D8%AF%DB%8C?_rsc=19zvn HTTP/2.0" 200 2159 "https://charsooq.com/" "Mozilla/5.0 (Linux; Android 10; K) AppleWebKit/537.36 (KHTML, like Gecko) Chrome/151.0.0.0 Mobile Safari/537.36"
127.0.0.1 - - [28/Aug/2026:01:46:48 +0330] "GET /api/v1/show-products-offers/Babycamera HTTP/1.1" 301 169 "-" "node"
127.0.0.1 - - [28/Aug/2026:01:46:48 +0330] "GET /api/v1/show-products-offers/Babycamera HTTP/1.1" 200 1444 "-" "node"
5.52.237.8 - - [28/Aug/2026:01:46:48 +0330] "GET /products/Babycamera/%D8%AF%D9%88%D8%B1%D8%A8%DB%8C%D9%86-%D8%B9%DA%A9%D8%A7%D8%B3%DB%8C-%DA%A9%D9%88%D8%AF%DA%A9?_rsc=19zvn HTTP/2.0" 200 2168 "https://charsooq.com/" "Mozilla/5.0 (Linux; Android 10; K) AppleWebKit/537.36 (KHTML, like Gecko) Chrome/151.0.0.0 Mobile Safari/537.36"
127.0.0.1 - - [28/Aug/2026:01:46:51 +0330] "GET /api/v1/show-products-offers/OriginalCryBabySurpriseDoll HTTP/1.1" 301 169 "-" "node"
127.0.0.1 - - [28/Aug/2026:01:46:51 +0330] "GET /api/v1/show-products-offers/OriginalCryBabySurpriseDoll HTTP/1.1" 200 1768 "-" "node"
5.52.237.8 - - [28/Aug/2026:01:46:51 +0330] "GET /products/OriginalCryBabySurpriseDoll/%D8%B9%D8%B1%D9%88%D8%B3%DA%A9-%D8%B3%D9%88%D9%BE%D8%B1%D8%A7%DB%8C%D8%B2-%DA%A9%D8%B1%D8%A7%DB%8C-%D8%A8%DB%8C%D8%A8%DB%8C-%D8%A7%D9%88%D8%B1%D8%AC%DB%8C%D9%86%D8%A7%D9%84?_rsc=19zvn HTTP/2.0" 200 2276 "https://charsooq.com/" "Mozilla/5.0 (Linux; Android 10; K) AppleWebKit/537.36 (KHTML, like Gecko) Chrome/151.0.0.0 Mobile Safari/537.36"
127.0.0.1 - - [28/Aug/2026:01:47:13 +0330] "GET /api/v1/categories-product?store=amazon&category=beauty-personal-care-fragrance&count=24&page=1&minprice=0&maxprice=10000&ratings=&sortby= HTTP/1.1" 301 169 "-" "node"
5.52.237.8 - - [28/Aug/2026:01:47:13 +0330] "GET /_next/image?url=%2Fassets%2Fimages%2Ficons%2Fenamad-icon.png&w=256&q=75 HTTP/2.0" 200 2578 "https://charsooq.com/" "Mozilla/5.0 (Linux; Android 10; K) AppleWebKit/537.36 (KHTML, like Gecko) Chrome/151.0.0.0 Mobile Safari/537.36"
5.52.237.8 - - [28/Aug/2026:01:47:13 +0330] "GET /manifest.json HTTP/2.0" 304 0 "https://charsooq.com/amazon/products?page=1&category=beauty-personal-care-fragrance" "Mozilla/5.0 (Linux; Android 10; K) AppleWebKit/537.36 (KHTML, like Gecko) Chrome/151.0.0.0 Mobile Safari/537.36"
5.52.237.8 - - [28/Aug/2026:01:47:13 +0330] "GET /pwa-icon-180.png HTTP/2.0" 304 0 "https://charsooq.com/amazon/products?page=1&category=beauty-personal-care-fragrance" "Mozilla/5.0 (Linux; Android 10; K) AppleWebKit/537.36 (KHTML, like Gecko) Chrome/151.0.0.0 Mobile Safari/537.36"
127.0.0.1 - - [28/Aug/2026:01:47:14 +0330] "GET /api/v1/categories-product?store=amazon&category=beauty-personal-care-fragrance&count=24&page=1&minprice=0&maxprice=10000&ratings=&sortby= HTTP/1.1" 200 28128 "-" "node"
5.52.237.8 - - [28/Aug/2026:01:47:14 +0330] "GET /amazon/products?page=1&category=beauty-personal-care-fragrance&_rsc=8ly0z HTTP/2.0" 200 32352 "https://charsooq.com/" "Mozilla/5.0 (Linux; Android 10; K) AppleWebKit/537.36 (KHTML, like Gecko) Chrome/151.0.0.0 Mobile Safari/537.36"
5.52.237.8 - - [28/Aug/2026:01:47:14 +0330] "GET /_next/static/chunks/7539-9d426d13d3df87a8.js HTTP/2.0" 200 8837 "https://charsooq.com/amazon/products?page=1&category=beauty-personal-care-fragrance" "Mozilla/5.0 (Linux; Android 10; K) AppleWebKit/537.36 (KHTML, like Gecko) Chrome/151.0.0.0 Mobile Safari/537.36"
5.52.237.8 - - [28/Aug/2026:01:47:14 +0330] "GET /_next/static/chunks/app/amazon/products/page-2f8d0aefd9263f1e.js HTTP/2.0" 200 8530 "https://charsooq.com/amazon/products?page=1&category=beauty-personal-care-fragrance" "Mozilla/5.0 (Linux; Android 10; K) AppleWebKit/537.36 (KHTML, like Gecko) Chrome/151.0.0.0 Mobile Safari/537.36"
127.0.0.1 - - [28/Aug/2026:01:47:14 +0330] "GET /api/v3/product-show/amz-B00BEG9QXG?amazon_region= HTTP/1.1" 301 169 "-" "node"
127.0.0.1 - - [28/Aug/2026:01:47:14 +0330] "GET /api/v3/product-show/amz-B00NETKGB2?amazon_region= HTTP/1.1" 301 169 "-" "node"
5.52.237.8 - - [28/Aug/2026:01:47:14 +0330] "GET /_next/static/chunks/app/product/%5B...productSlug%5D/not-found-45ade0788c8efdcf.js HTTP/2.0" 200 284 "https://charsooq.com/amazon/products?page=1&category=beauty-personal-care-fragrance" "Mozilla/5.0 (Linux; Android 10; K) AppleWebKit/537.36 (KHTML, like Gecko) Chrome/151.0.0.0 Mobile Safari/537.36"
127.0.0.1 - - [28/Aug/2026:01:47:15 +0330] "GET /api/v3/product-show/amz-B00NETKGB2?amazon_region= HTTP/1.1" 200 68974 "-" "node"
127.0.0.1 - - [28/Aug/2026:01:47:15 +0330] "GET /api/v3/product-show/amz-B00BEG9QXG?amazon_region= HTTP/1.1" 200 59273 "-" "node"
5.52.237.8 - - [28/Aug/2026:01:47:15 +0330] "GET /product/amz-B00NETKGB2/jo-malone-wood-sage-sea-salt-cologne-spray-for-women-1-ounce?_rsc=1tdvg HTTP/2.0" 200 4638 "https://charsooq.com/amazon/products?page=1&category=beauty-personal-care-fragrance" "Mozilla/5.0 (Linux; Android 10; K) AppleWebKit/537.36 (KHTML, like Gecko) Chrome/151.0.0.0 Mobile Safari/537.36"
5.52.237.8 - - [28/Aug/2026:01:47:15 +0330] "GET /product/amz-B00BEG9QXG/giorgio-armani-acqua-di-gioia-eau-de-parfum-17-fl-oz?_rsc=1tdvg HTTP/2.0" 200 4435 "https://charsooq.com/amazon/products?page=1&category=beauty-personal-care-fragrance" "Mozilla/5.0 (Linux; Android 10; K) AppleWebKit/537.36 (KHTML, like Gecko) Chrome/151.0.0.0 Mobile Safari/537.36"
40.77.167.25 - - [28/Aug/2026:01:47:17 +0330] "GET /?u=10008208014300 HTTP/2.0" 200 34070 "-" "Mozilla/5.0 AppleWebKit/537.36 (KHTML, like Gecko; compatible; bingbot/2.0; +http://www.bing.com/bingbot.htm) Chrome/116.0.1938.76 Safari/537.36"
127.0.0.1 - - [28/Aug/2026:01:47:17 +0330] "GET /api/v3/product-show/amz-B00GZP041Y?amazon_region= HTTP/1.1" 301 169 "-" "node"
127.0.0.1 - - [28/Aug/2026:01:47:18 +0330] "GET /api/v3/product-show/amz-B00GZP041Y?amazon_region= HTTP/1.1" 200 63103 "-" "node"
5.52.237.8 - - [28/Aug/2026:01:47:18 +0330] "GET /product/amz-B00GZP041Y/versace-bright-crystal-absolu-eau-de-perfume-spray-30-ounce?_rsc=1tdvg HTTP/2.0" 200 4478 "https://charsooq.com/amazon/products?page=1&category=beauty-personal-care-fragrance" "Mozilla/5.0 (Linux; Android 10; K) AppleWebKit/537.36 (KHTML, like Gecko) Chrome/151.0.0.0 Mobile Safari/537.36"
40.77.167.25 - - [28/Aug/2026:01:47:19 +0330] "GET /?u=07497179305504 HTTP/2.0" 200 32898 "-" "Mozilla/5.0 AppleWebKit/537.36 (KHTML, like Gecko; compatible; bingbot/2.0; +http://www.bing.com/bingbot.htm) Chrome/116.0.1938.76 Safari/537.36"
40.77.167.25 - - [28/Aug/2026:01:47:20 +0330] "GET /?u=44614138519400 HTTP/2.0" 200 33102 "-" "Mozilla/5.0 AppleWebKit/537.36 (KHTML, like Gecko; compatible; bingbot/2.0; +http://www.bing.com/bingbot.htm) Chrome/116.0.1938.76 Safari/537.36"
40.77.167.144 - - [28/Aug/2026:01:47:22 +0330] "GET /?u=88583200120101 HTTP/2.0" 200 33500 "-" "Mozilla/5.0 AppleWebKit/537.36 (KHTML, like Gecko; compatible; bingbot/2.0; +http://www.bing.com/bingbot.htm) Chrome/116.0.1938.76 Safari/537.36"
157.55.39.196 - - [28/Aug/2026:01:47:24 +0330] "GET /?u=1719912665000 HTTP/2.0" 200 32856 "-" "Mozilla/5.0 AppleWebKit/537.36 (KHTML, like Gecko; compatible; bingbot/2.0; +http://www.bing.com/bingbot.htm) Chrome/116.0.1938.76 Safari/537.36"
66.249.77.101 - - [28/Aug/2026:01:47:25 +0330] "GET /?u=91292124429504 HTTP/1.1" 200 33525 "-" "Mozilla/5.0 (Linux; Android 6.0.1; Nexus 5X Build/MMB29P) AppleWebKit/537.36 (KHTML, like Gecko) Chrome/151.0.7922.173 Mobile Safari/537.36 (compatible; Googlebot/2.1; +http://www.google.com/bot.html)"
127.0.0.1 - - [28/Aug/2026:01:47:26 +0330] "GET /api/v3/product-show/amz-B000C1W6UY?amazon_region= HTTP/1.1" 301 169 "-" "node"
127.0.0.1 - - [28/Aug/2026:01:47:26 +0330] "GET /api/v3/product-show/amz-B000C1W6UY?amazon_region= HTTP/1.1" 200 10362 "-" "node"
5.52.237.8 - - [28/Aug/2026:01:47:26 +0330] "GET /product/amz-B000C1W6UY/versace-crystal-noir-by-versace-for-women-eau-de-parfum-spray-17-ounces?_rsc=1tdvg HTTP/2.0" 200 2796 "https://charsooq.com/amazon/products?page=1&category=beauty-personal-care-fragrance" "Mozilla/5.0 (Linux; Android 10; K) AppleWebKit/537.36 (KHTML, like Gecko) Chrome/151.0.0.0 Mobile Safari/537.36"
40.77.167.25 - - [28/Aug/2026:01:47:27 +0330] "GET /?u=18221255176400 HTTP/2.0" 200 33060 "-" "Mozilla/5.0 AppleWebKit/537.36 (KHTML, like Gecko; compatible; bingbot/2.0; +http://www.bing.com/bingbot.htm) Chrome/116.0.1938.76 Safari/537.36"
157.55.39.196 - - [28/Aug/2026:01:47:27 +0330] "GET /?u=0048820313002 HTTP/2.0" 200 33764 "-" "Mozilla/5.0 AppleWebKit/537.36 (KHTML, like Gecko; compatible; bingbot/2.0; +http://www.bing.com/bingbot.htm) Chrome/116.0.1938.76 Safari/537.36"
127.0.0.1 - - [28/Aug/2026:01:47:28 +0330] "GET /api/v3/product-show/amz-B000WZIX0W?amazon_region= HTTP/1.1" 301 169 "-" "node"
127.0.0.1 - - [28/Aug/2026:01:47:28 +0330] "GET /api/v3/product-show/amz-B000WZIX0W?amazon_region= HTTP/1.1" 200 17501 "-" "node"
5.52.237.8 - - [28/Aug/2026:01:47:28 +0330] "GET /product/amz-B000WZIX0W/hugo-boss-femme-eau-de-parfum-for-women-notes-of-tangerine-and-blackcurrant-luxury-perfumes-for-women-long-lasting-fragrance?_rsc=1tdvg HTTP/2.0" 200 3165 "https://charsooq.com/amazon/products?page=1&category=beauty-personal-care-fragrance" "Mozilla/5.0 (Linux; Android 10; K) AppleWebKit/537.36 (KHTML, like Gecko) Chrome/151.0.0.0 Mobile Safari/537.36"
40.77.167.25 - - [28/Aug/2026:01:47:28 +0330] "GET /?u=9103422952900 HTTP/2.0" 200 34243 "-" "Mozilla/5.0 AppleWebKit/537.36 (KHTML, like Gecko; compatible; bingbot/2.0; +http://www.bing.com/bingbot.htm) Chrome/116.0.1938.76 Safari/537.36"
5.52.237.8 - - [28/Aug/2026:01:47:29 +0330] "GET /_next/image?url=%2Fassets%2Fimages%2Fhome%2Fcategory%2Fshoes.jpg&w=1920&q=75 HTTP/2.0" 304 0 "https://charsooq.com/" "Mozilla/5.0 (Linux; Android 10; K) AppleWebKit/537.36 (KHTML, like Gecko) Chrome/151.0.0.0 Mobile Safari/537.36"
5.52.237.8 - - [28/Aug/2026:01:47:29 +0330] "GET /_next/image?url=%2Fassets%2Fimages%2Fhome%2Fcategory%2Fcosmetic.jpg&w=1920&q=75 HTTP/2.0" 304 0 "https://charsooq.com/" "Mozilla/5.0 (Linux; Android 10; K) AppleWebKit/537.36 (KHTML, like Gecko) Chrome/151.0.0.0 Mobile Safari/537.36"
5.52.237.8 - - [28/Aug/2026:01:47:29 +0330] "GET /_next/image?url=%2Fassets%2Fimages%2Fhome%2Fhome-instagram2.webp&w=1920&q=75 HTTP/2.0" 304 0 "https://charsooq.com/" "Mozilla/5.0 (Linux; Android 10; K) AppleWebKit/537.36 (KHTML, like Gecko) Chrome/151.0.0.0 Mobile Safari/537.36"
5.52.237.8 - - [28/Aug/2026:01:47:29 +0330] "GET /_next/image?url=%2Fassets%2Fimages%2Fhome%2Fhome-telegram2.webp&w=1920&q=75 HTTP/2.0" 304 0 "https://charsooq.com/" "Mozilla/5.0 (Linux; Android 10; K) AppleWebKit/537.36 (KHTML, like Gecko) Chrome/151.0.0.0 Mobile Safari/537.36"
5.52.237.8 - - [28/Aug/2026:01:47:29 +0330] "GET /_next/image?url=https%3A%2F%2Fpanel.charsooq.com%2Fstorage%2F01K86CG1QRVXB0PMTKY5EERBNB.jpg&w=640&q=75 HTTP/2.0" 304 0 "https://charsooq.com/" "Mozilla/5.0 (Linux; Android 10; K) AppleWebKit/537.36 (KHTML, like Gecko) Chrome/151.0.0.0 Mobile Safari/537.36"
5.52.237.8 - - [28/Aug/2026:01:47:29 +0330] "GET /_next/image?url=https%3A%2F%2Fpanel.charsooq.com%2Fstorage%2F01KFXB7VBNM3NRS4TMST0J77BY.jpg&w=640&q=75 HTTP/2.0" 304 0 "https://charsooq.com/" "Mozilla/5.0 (Linux; Android 10; K) AppleWebKit/537.36 (KHTML, like Gecko) Chrome/151.0.0.0 Mobile Safari/537.36"
5.52.237.8 - - [28/Aug/2026:01:47:29 +0330] "GET /_next/image?url=https%3A%2F%2Fpanel.charsooq.com%2Fstorage%2F01KE1FP01NABFH9KQRP45ECBQ5.webp&w=640&q=75 HTTP/2.0" 304 0 "https://charsooq.com/" "Mozilla/5.0 (Linux; Android 10; K) AppleWebKit/537.36 (KHTML, like Gecko) Chrome/151.0.0.0 Mobile Safari/537.36"
127.0.0.1 - - [28/Aug/2026:01:47:29 +0330] "GET /storage/01K86CG1QRVXB0PMTKY5EERBNB.jpg HTTP/1.1" 200 25489 "-" "node"
127.0.0.1 - - [28/Aug/2026:01:47:29 +0330] "GET /storage/01KFXB7VBNM3NRS4TMST0J77BY.jpg HTTP/1.1" 200 245196 "-" "node"
127.0.0.1 - - [28/Aug/2026:01:47:29 +0330] "GET /storage/01KE1FP01NABFH9KQRP45ECBQ5.webp HTTP/1.1" 200 101104 "-" "node"
5.52.237.8 - - [28/Aug/2026:01:47:30 +0330] "GET /manifest.json HTTP/2.0" 304 0 "https://charsooq.com/" "Mozilla/5.0 (Linux; Android 10; K) AppleWebKit/537.36 (KHTML, like Gecko) Chrome/151.0.0.0 Mobile Safari/537.36"
127.0.0.1 - - [28/Aug/2026:01:47:30 +0330] "GET /storage/01KCR92KVH2GAESBCCCE4TDAEF.webp HTTP/1.1" 200 118204 "-" "node"
5.52.237.8 - - [28/Aug/2026:01:47:30 +0330] "GET /_next/image?url=https%3A%2F%2Fpanel.charsooq.com%2Fstorage%2F01KCR92KVH2GAESBCCCE4TDAEF.webp&w=640&q=75 HTTP/2.0" 304 0 "https://charsooq.com/" "Mozilla/5.0 (Linux; Android 10; K) AppleWebKit/537.36 (KHTML, like Gecko) Chrome/151.0.0.0 Mobile Safari/537.36"
5.52.237.8 - - [28/Aug/2026:01:47:30 +0330] "GET /_next/image?url=https%3A%2F%2Fpanel.charsooq.com%2Fstorage%2F01KD7W28R9M57F4MPBTPSH8CT1.webp&w=640&q=75 HTTP/2.0" 304 0 "https://charsooq.com/" "Mozilla/5.0 (Linux; Android 10; K) AppleWebKit/537.36 (KHTML, like Gecko) Chrome/151.0.0.0 Mobile Safari/537.36"
127.0.0.1 - - [28/Aug/2026:01:47:30 +0330] "GET /storage/01KD7W28R9M57F4MPBTPSH8CT1.webp HTTP/1.1" 200 114466 "-" "node"
127.0.0.1 - - [28/Aug/2026:01:47:30 +0330] "GET /storage/01K86C2WJ5BTW35M4WQY1ARM0W.jpg HTTP/1.1" 200 257693 "-" "node"
5.52.237.8 - - [28/Aug/2026:01:47:30 +0330] "GET /_next/image?url=https%3A%2F%2Fpanel.charsooq.com%2Fstorage%2F01K86C2WJ5BTW35M4WQY1ARM0W.jpg&w=640&q=75 HTTP/2.0" 304 0 "https://charsooq.com/" "Mozilla/5.0 (Linux; Android 10; K) AppleWebKit/537.36 (KHTML, like Gecko) Chrome/151.0.0.0 Mobile Safari/537.36"
5.52.237.8 - - [28/Aug/2026:01:47:30 +0330] "GET /_next/image?url=https%3A%2F%2Fpanel.charsooq.com%2Fstorage%2F01K86BG0D1WEMNCNNJKE10YXQ3.jpg&w=640&q=75 HTTP/2.0" 304 0 "https://charsooq.com/" "Mozilla/5.0 (Linux; Android 10; K) AppleWebKit/537.36 (KHTML, like Gecko) Chrome/151.0.0.0 Mobile Safari/537.36"
5.52.237.8 - - [28/Aug/2026:01:47:30 +0330] "GET /_next/image?url=https%3A%2F%2Fpanel.charsooq.com%2Fstorage%2F01K3G6RKSR5MV2X4JVT9P6DWQJ.jpg&w=1920&q=75 HTTP/2.0" 304 0 "https://charsooq.com/" "Mozilla/5.0 (Linux; Android 10; K) AppleWebKit/537.36 (KHTML, like Gecko) Chrome/151.0.0.0 Mobile Safari/537.36"
5.52.237.8 - - [28/Aug/2026:01:47:30 +0330] "GET /_next/image?url=https%3A%2F%2Fpanel.charsooq.com%2Fstorage%2F01K86B6Z46YEXTNEG22HH3V6JD.jpg&w=640&q=75 HTTP/2.0" 304 0 "https://charsooq.com/" "Mozilla/5.0 (Linux; Android 10; K) AppleWebKit/537.36 (KHTML, like Gecko) Chrome/151.0.0.0 Mobile Safari/537.36"
5.52.237.8 - - [28/Aug/2026:01:47:30 +0330] "GET /_next/image?url=https%3A%2F%2Fpanel.charsooq.com%2Fstorage%2F01K3G78KBK02639K593VK9RFHM.jpg&w=1920&q=75 HTTP/2.0" 304 0 "https://charsooq.com/" "Mozilla/5.0 (Linux; Android 10; K) AppleWebKit/537.36 (KHTML, like Gecko) Chrome/151.0.0.0 Mobile Safari/537.36"
5.52.237.8 - - [28/Aug/2026:01:47:30 +0330] "GET /_next/image?url=https%3A%2F%2Fpanel.charsooq.com%2Fstorage%2F01K3G6XJMEKTWF2PNNZ84GEQG1.jpg&w=1920&q=75 HTTP/2.0" 304 0 "https://charsooq.com/" "Mozilla/5.0 (Linux; Android 10; K) AppleWebKit/537.36 (KHTML, like Gecko) Chrome/151.0.0.0 Mobile Safari/537.36"
5.52.237.8 - - [28/Aug/2026:01:47:30 +0330] "GET /_next/image?url=https%3A%2F%2Fpanel.charsooq.com%2Fstorage%2F01K3G79AZZEVWC6WZRKBQWMB0V.jpg&w=1920&q=75 HTTP/2.0" 304 0 "https://charsooq.com/" "Mozilla/5.0 (Linux; Android 10; K) AppleWebKit/537.36 (KHTML, like Gecko) Chrome/151.0.0.0 Mobile Safari/537.36"
127.0.0.1 - - [28/Aug/2026:01:47:30 +0330] "GET /storage/01K86BG0D1WEMNCNNJKE10YXQ3.jpg HTTP/1.1" 200 121544 "-" "node"
127.0.0.1 - - [28/Aug/2026:01:47:30 +0330] "GET /storage/01K3G6RKSR5MV2X4JVT9P6DWQJ.jpg HTTP/1.1" 200 79010 "-" "node"
127.0.0.1 - - [28/Aug/2026:01:47:30 +0330] "GET /storage/01K86B6Z46YEXTNEG22HH3V6JD.jpg HTTP/1.1" 200 101329 "-" "node"
127.0.0.1 - - [28/Aug/2026:01:47:30 +0330] "GET /storage/01K3G78KBK02639K593VK9RFHM.jpg HTTP/1.1" 200 80312 "-" "node"
127.0.0.1 - - [28/Aug/2026:01:47:30 +0330] "GET /storage/01K3G6XJMEKTWF2PNNZ84GEQG1.jpg HTTP/1.1" 200 79260 "-" "node"
127.0.0.1 - - [28/Aug/2026:01:47:30 +0330] "GET /storage/01K3G79AZZEVWC6WZRKBQWMB0V.jpg HTTP/1.1" 200 59062 "-" "node"
40.77.167.25 - - [28/Aug/2026:01:47:30 +0330] "GET /?u=4102411996404 HTTP/2.0" 200 32753 "-" "Mozilla/5.0 AppleWebKit/537.36 (KHTML, like Gecko; compatible; bingbot/2.0; +http://www.bing.com/bingbot.htm) Chrome/116.0.1938.76 Safari/537.36"
5.52.237.8 - - [28/Aug/2026:01:47:30 +0330] "GET /pwa-icon-180.png HTTP/2.0" 304 0 "https://charsooq.com/" "Mozilla/5.0 (Linux; Android 10; K) AppleWebKit/537.36 (KHTML, like Gecko) Chrome/151.0.0.0 Mobile Safari/537.36"
5.52.237.8 - - [28/Aug/2026:01:47:30 +0330] "GET /16px.png HTTP/2.0" 200 9783 "https://charsooq.com/" "Mozilla/5.0 (Linux; Android 10; K) AppleWebKit/537.36 (KHTML, like Gecko) Chrome/151.0.0.0 Mobile Safari/537.36"
157.55.39.196 - - [28/Aug/2026:01:47:30 +0330] "GET /?u=78227109061800 HTTP/2.0" 200 32964 "-" "Mozilla/5.0 AppleWebKit/537.36 (KHTML, like Gecko; compatible; bingbot/2.0; +http://www.bing.com/bingbot.htm) Chrome/116.0.1938.76 Safari/537.36"
127.0.0.1 - - [28/Aug/2026:01:47:31 +0330] "GET /api/v1/categories-product?store=amazon&category=clothing-shoes-jewelry&count=24&page=1&minprice=0&maxprice=10000&ratings=&sortby= HTTP/1.1" 301 169 "-" "node"
40.77.167.144 - - [28/Aug/2026:01:47:31 +0330] "GET /?u=729041664500 HTTP/2.0" 200 33755 "-" "Mozilla/5.0 AppleWebKit/537.36 (KHTML, like Gecko; compatible; bingbot/2.0; +http://www.bing.com/bingbot.htm) Chrome/116.0.1938.76 Safari/537.36"
5.52.237.8 - - [28/Aug/2026:01:47:31 +0330] "GET /calculator?_rsc=1tdvg HTTP/2.0" 200 1408 "https://charsooq.com/amazon/products?page=1&category=clothing-shoes-jewelry" "Mozilla/5.0 (Linux; Android 10; K) AppleWebKit/537.36 (KHTML, like Gecko) Chrome/151.0.0.0 Mobile Safari/537.36"
5.52.237.8 - - [28/Aug/2026:01:47:31 +0330] "GET /manifest.json HTTP/2.0" 304 0 "https://charsooq.com/amazon/products?page=1&category=clothing-shoes-jewelry" "Mozilla/5.0 (Linux; Android 10; K) AppleWebKit/537.36 (KHTML, like Gecko) Chrome/151.0.0.0 Mobile Safari/537.36"
5.52.237.8 - - [28/Aug/2026:01:47:31 +0330] "GET /about-us?_rsc=1tdvg HTTP/2.0" 200 1364 "https://charsooq.com/amazon/products?page=1&category=clothing-shoes-jewelry" "Mozilla/5.0 (Linux; Android 10; K) AppleWebKit/537.36 (KHTML, like Gecko) Chrome/151.0.0.0 Mobile Safari/537.36"
5.52.237.8 - - [28/Aug/2026:01:47:31 +0330] "GET /pwa-icon-180.png HTTP/2.0" 304 0 "https://charsooq.com/amazon/products?page=1&category=clothing-shoes-jewelry" "Mozilla/5.0 (Linux; Android 10; K) AppleWebKit/537.36 (KHTML, like Gecko) Chrome/151.0.0.0 Mobile Safari/537.36"
127.0.0.1 - - [28/Aug/2026:01:47:32 +0330] "GET /api/v1/categories-product?store=amazon&category=clothing-shoes-jewelry&count=24&page=1&minprice=0&maxprice=10000&ratings=&sortby= HTTP/1.1" 200 33401 "-" "node"
5.52.237.8 - - [28/Aug/2026:01:47:32 +0330] "GET /amazon/products?page=1&category=clothing-shoes-jewelry&_rsc=8ly0z HTTP/2.0" 200 35627 "https://charsooq.com/" "Mozilla/5.0 (Linux; Android 10; K) AppleWebKit/537.36 (KHTML, like Gecko) Chrome/151.0.0.0 Mobile Safari/537.36"
127.0.0.1 - - [28/Aug/2026:01:47:32 +0330] "GET /api/v3/product-show/amz-B0CWNZNTB1?amazon_region= HTTP/1.1" 301 169 "-" "node"
127.0.0.1 - - [28/Aug/2026:01:47:32 +0330] "GET /api/v3/product-show/amz-B0CP766V17?amazon_region= HTTP/1.1" 301 169 "-" "node"
40.77.167.144 - - [28/Aug/2026:01:47:32 +0330] "GET /?u=0349010095800 HTTP/2.0" 200 35404 "-" "Mozilla/5.0 AppleWebKit/537.36 (KHTML, like Gecko; compatible; bingbot/2.0; +http://www.bing.com/bingbot.htm) Chrome/116.0.1938.76 Safari/537.36"
127.0.0.1 - - [28/Aug/2026:01:47:32 +0330] "GET /api/v3/product-show/amz-B0CWNZNTB1?amazon_region= HTTP/1.1" 200 18483 "-" "node"
5.52.237.8 - - [28/Aug/2026:01:47:32 +0330] "GET /product/amz-B0CWNZNTB1/gxamoy-mens-athletic-2-pieces-tracksuit-casual-full-zip-jogging-sweat-suit-workout-sports-set-sportswear?_rsc=1tdvg HTTP/2.0" 200 3197 "https://charsooq.com/amazon/products?page=1&category=clothing-shoes-jewelry" "Mozilla/5.0 (Linux; Android 10; K) AppleWebKit/537.36 (KHTML, like Gecko) Chrome/151.0.0.0 Mobile Safari/537.36"
127.0.0.1 - - [28/Aug/2026:01:47:32 +0330] "GET /api/v3/product-show/amz-B0CP766V17?amazon_region= HTTP/1.1" 200 23893 "-" "node"
5.52.237.8 - - [28/Aug/2026:01:47:32 +0330] "GET /product/amz-B0CP766V17/pj-paul-jones-mens-linen-shirts-long-sleeve-casual-button-down-shirt-breathable-dress-shirts?_rsc=1tdvg HTTP/2.0" 200 2824 "https://charsooq.com/amazon/products?page=1&category=clothing-shoes-jewelry" "Mozilla/5.0 (Linux; Android 10; K) AppleWebKit/537.36 (KHTML, like Gecko) Chrome/151.0.0.0 Mobile Safari/537.36"
40.77.167.144 - - [28/Aug/2026:01:47:34 +0330] "GET /?u=9083591352202 HTTP/2.0" 200 33500 "-" "Mozilla/5.0 AppleWebKit/537.36 (KHTML, like Gecko; compatible; bingbot/2.0; +http://www.bing.com/bingbot.htm) Chrome/116.0.1938.76 Safari/537.36"
127.0.0.1 - - [28/Aug/2026:01:47:34 +0330] "GET /api/v2/sliders HTTP/1.1" 200 7479 "-" "node"
127.0.0.1 - - [28/Aug/2026:01:47:35 +0330] "GET /api/v1/categories-amazon HTTP/1.1" 200 34230 "-" "node"
40.77.167.144 - - [28/Aug/2026:01:47:35 +0330] "GET /?u=75018152890602 HTTP/2.0" 200 33181 "-" "Mozilla/5.0 AppleWebKit/537.36 (KHTML, like Gecko; compatible; bingbot/2.0; +http://www.bing.com/bingbot.htm) Chrome/116.0.1938.76 Safari/537.36"
127.0.0.1 - - [28/Aug/2026:01:47:36 +0330] "GET /api/v2/page-data HTTP/1.1" 200 36854 "-" "node"
172.16.20.25 - - [28/Aug/2026:01:47:36 +0330] "GET / HTTP/1.1" 200 338501 "-" "Mozilla/5.0 (compatible; PRTG Network Monitor (www.paessler.com); Windows)"
127.0.0.1 - - [28/Aug/2026:01:47:37 +0330] "GET /api/v3/product-show/amz-B098QJF9QQ?amazon_region= HTTP/1.1" 301 169 "-" "node"
127.0.0.1 - - [28/Aug/2026:01:47:38 +0330] "GET /api/v3/product-show/amz-B098QJF9QQ?amazon_region= HTTP/1.1" 200 15422 "-" "node"
5.52.237.8 - - [28/Aug/2026:01:47:38 +0330] "GET /product/amz-B098QJF9QQ/nike-boys-tennis-little-kids-shoes-36-eu?_rsc=1tdvg HTTP/2.0" 200 2760 "https://charsooq.com/amazon/products?page=1&category=clothing-shoes-jewelry" "Mozilla/5.0 (Linux; Android 10; K) AppleWebKit/537.36 (KHTML, like Gecko) Chrome/151.0.0.0 Mobile Safari/537.36"
127.0.0.1 - - [28/Aug/2026:01:47:41 +0330] "GET /api/v3/product-show/amz-B093QMCXMM?amazon_region= HTTP/1.1" 301 169 "-" "node"
127.0.0.1 - - [28/Aug/2026:01:47:41 +0330] "GET /api/v3/product-show/amz-B093QMCXMM?amazon_region= HTTP/1.1" 200 22792 "-" "node"
5.52.237.8 - - [28/Aug/2026:01:47:41 +0330] "GET /product/amz-B093QMCXMM/new-balance-mens-574-core-sneaker?_rsc=1tdvg HTTP/2.0" 200 2707 "https://charsooq.com/amazon/products?page=1&category=clothing-shoes-jewelry" "Mozilla/5.0 (Linux; Android 10; K) AppleWebKit/537.36 (KHTML, like Gecko) Chrome/151.0.0.0 Mobile Safari/537.36"
127.0.0.1 - - [28/Aug/2026:01:47:42 +0330] "GET /api/v3/product-show/amz-B0039N480I?amazon_region= HTTP/1.1" 301 169 "-" "node"
127.0.0.1 - - [28/Aug/2026:01:47:42 +0330] "GET /api/v3/product-show/amz-B0039N480I?amazon_region= HTTP/1.1" 200 16526 "-" "node"
5.52.237.8 - - [28/Aug/2026:01:47:42 +0330] "GET /product/amz-B0039N480I/casio-g-shock-mens-watch-in-resin-with-anti-slip-over-sized-buttons-water-resistant-anti-magnetic?_rsc=1tdvg HTTP/2.0" 200 2825 "https://charsooq.com/amazon/products?page=1&category=clothing-shoes-jewelry" "Mozilla/5.0 (Linux; Android 10; K) AppleWebKit/537.36 (KHTML, like Gecko) Chrome/151.0.0.0 Mobile Safari/537.36"
127.0.0.1 - - [28/Aug/2026:01:47:42 +0330] "GET /api/v3/product-show/amz-B07W9654QN?amazon_region= HTTP/1.1" 301 169 "-" "node"
127.0.0.1 - - [28/Aug/2026:01:47:43 +0330] "GET /api/v3/product-show/amz-B07W9654QN?amazon_region= HTTP/1.1" 200 12869 "-" "node"
5.52.237.8 - - [28/Aug/2026:01:47:43 +0330] "GET /product/amz-B07W9654QN/nike-mens-m-nk-dry-park20-pant?_rsc=1tdvg HTTP/2.0" 200 2682 "https://charsooq.com/amazon/products?page=1&category=clothing-shoes-jewelry" "Mozilla/5.0 (Linux; Android 10; K) AppleWebKit/537.36 (KHTML, like Gecko) Chrome/151.0.0.0 Mobile Safari/537.36"
127.0.0.1 - - [28/Aug/2026:01:47:44 +0330] "GET /api/v3/product-show/amz-B0B9JBL1CR?amazon_region= HTTP/1.1" 301 169 "-" "node"
127.0.0.1 - - [28/Aug/2026:01:47:44 +0330] "GET /api/v3/product-show/amz-B0B9JBL1CR?amazon_region= HTTP/1.1" 200 9742 "-" "node"
5.52.237.8 - - [28/Aug/2026:01:47:44 +0330] "GET /product/amz-B0B9JBL1CR/nike-mens-air-zoom-terra-kiger-8-trail-running?_rsc=1tdvg HTTP/2.0" 200 2700 "https://charsooq.com/amazon/products?page=1&category=clothing-shoes-jewelry" "Mozilla/5.0 (Linux; Android 10; K) AppleWebKit/537.36 (KHTML, like Gecko) Chrome/151.0.0.0 Mobile Safari/537.36"
127.0.0.1 - - [28/Aug/2026:01:47:45 +0330] "GET /api/v3/product-show/amz-B0BM35JCGT?amazon_region= HTTP/1.1" 301 169 "-" "node"
127.0.0.1 - - [28/Aug/2026:01:47:45 +0330] "GET /api/v3/product-show/amz-B0BM35JCGT?amazon_region= HTTP/1.1" 200 10173 "-" "node"
5.52.237.8 - - [28/Aug/2026:01:47:45 +0330] "GET /product/amz-B0BM35JCGT/seiko-prospex-speedtimer-solar-chronograph-ssc913-blue-dial-with-sunray-finish-and-red-accents?_rsc=1tdvg HTTP/2.0" 200 2871 "https://charsooq.com/amazon/products?page=1&category=clothing-shoes-jewelry" "Mozilla/5.0 (Linux; Android 10; K) AppleWebKit/537.36 (KHTML, like Gecko) Chrome/151.0.0.0 Mobile Safari/537.36"
127.0.0.1 - - [28/Aug/2026:01:47:46 +0330] "GET /api/v3/product-show/amz-B0BNNKHBLW?amazon_region= HTTP/1.1" 301 169 "-" "node"
127.0.0.1 - - [28/Aug/2026:01:47:46 +0330] "GET /api/v3/product-show/amz-B0BNNKHBLW?amazon_region= HTTP/1.1" 200 8775 "-" "node"
5.52.237.8 - - [28/Aug/2026:01:47:46 +0330] "GET /product/amz-B0BNNKHBLW/seiko-ssc911p1mens-prospexsolar-chronographstainlesssapphire-crystaldatewrssc911?_rsc=1tdvg HTTP/2.0" 200 2848 "https://charsooq.com/amazon/products?page=1&category=clothing-shoes-jewelry" "Mozilla/5.0 (Linux; Android 10; K) AppleWebKit/537.36 (KHTML, like Gecko) Chrome/151.0.0.0 Mobile Safari/537.36"
127.0.0.1 - - [28/Aug/2026:01:47:48 +0330] "GET /api/v3/product-show/amz-B0BJH452BH?amazon_region= HTTP/1.1" 301 169 "-" "node"
127.0.0.1 - - [28/Aug/2026:01:47:48 +0330] "GET /api/v3/product-show/amz-B0BJH452BH?amazon_region= HTTP/1.1" 200 7021 "-" "node"
5.52.237.8 - - [28/Aug/2026:01:47:48 +0330] "GET /product/amz-B0BJH452BH/seiko-mens-ssc909-prospex-solar-chronograph-watch?_rsc=1tdvg HTTP/2.0" 200 2744 "https://charsooq.com/amazon/products?page=1&category=clothing-shoes-jewelry" "Mozilla/5.0 (Linux; Android 10; K) AppleWebKit/537.36 (KHTML, like Gecko) Chrome/151.0.0.0 Mobile Safari/537.36"
127.0.0.1 - - [28/Aug/2026:01:47:51 +0330] "GET /api/v3/product-show/amz-B08W3NGHGW?amazon_region= HTTP/1.1" 301 169 "-" "node"
127.0.0.1 - - [28/Aug/2026:01:47:52 +0330] "GET /api/v3/product-show/amz-B08W3NGHGW?amazon_region= HTTP/1.1" 200 9345 "-" "node"
5.52.237.8 - - [28/Aug/2026:01:47:52 +0330] "GET /product/amz-B08W3NGHGW/seiko-chronograph-black-dial-stainless-steel-mens-watch-ssc803?_rsc=1tdvg HTTP/2.0" 200 2800 "https://charsooq.com/amazon/products?page=1&category=clothing-shoes-jewelry" "Mozilla/5.0 (Linux; Android 10; K) AppleWebKit/537.36 (KHTML, like Gecko) Chrome/151.0.0.0 Mobile Safari/537.36"
127.0.0.1 - - [28/Aug/2026:01:47:52 +0330] "GET /api/v3/product-show/amz-B0183NWFB2?amazon_region= HTTP/1.1" 301 169 "-" "node"
127.0.0.1 - - [28/Aug/2026:01:47:53 +0330] "GET /api/v3/product-show/amz-B0183NWFB2?amazon_region= HTTP/1.1" 200 14645 "-" "node"
5.52.237.8 - - [28/Aug/2026:01:47:53 +0330] "GET /product/amz-B0183NWFB2/fossil-townsman-mens-automatic-watch-with-mechanical-movement-and-skeleton-dial?_rsc=1tdvg HTTP/2.0" 200 3005 "https://charsooq.com/amazon/products?page=1&category=clothing-shoes-jewelry" "Mozilla/5.0 (Linux; Android 10; K) AppleWebKit/537.36 (KHTML, like Gecko) Chrome/151.0.0.0 Mobile Safari/537.36"
127.0.0.1 - - [28/Aug/2026:01:47:54 +0330] "GET /api/v3/product-show/amz-B08C7Z8CBR?amazon_region= HTTP/1.1" 301 169 "-" "node"
127.0.0.1 - - [28/Aug/2026:01:47:54 +0330] "GET /api/v3/product-show/amz-B08C7Z8CBR?amazon_region= HTTP/1.1" 200 12466 "-" "node"
5.52.237.8 - - [28/Aug/2026:01:47:54 +0330] "GET /product/amz-B08C7Z8CBR/salomon-mens-sense-ride-4-running-shoes-trail?_rsc=1tdvg HTTP/2.0" 200 2726 "https://charsooq.com/amazon/products?page=1&category=clothing-shoes-jewelry" "Mozilla/5.0 (Linux; Android 10; K) AppleWebKit/537.36 (KHTML, like Gecko) Chrome/151.0.0.0 Mobile Safari/537.36"
127.0.0.1 - - [28/Aug/2026:01:47:57 +0330] "GET /api/v3/product-show/amz-B076YD4HZ5?amazon_region= HTTP/1.1" 301 169 "-" "node"
127.0.0.1 - - [28/Aug/2026:01:47:57 +0330] "GET /api/v3/product-show/amz-B076YD4HZ5?amazon_region= HTTP/1.1" 200 13768 "-" "node"
5.52.237.8 - - [28/Aug/2026:01:47:57 +0330] "GET /product/amz-B076YD4HZ5/merrell-mens-moab-2-mid-waterproof-hiking-boot?_rsc=1tdvg HTTP/2.0" 200 2734 "https://charsooq.com/amazon/products?page=1&category=clothing-shoes-jewelry" "Mozilla/5.0 (Linux; Android 10; K) AppleWebKit/537.36 (KHTML, like Gecko) Chrome/151.0.0.0 Mobile Safari/537.36"
127.0.0.1 - - [28/Aug/2026:01:47:58 +0330] "GET /api/v3/product-show/amz-B0CJ55HF5K?amazon_region= HTTP/1.1" 301 169 "-" "node"
127.0.0.1 - - [28/Aug/2026:01:47:58 +0330] "GET /api/v3/product-show/amz-B0CJ55HF5K?amazon_region= HTTP/1.1" 200 5291 "-" "node"
5.52.237.8 - - [28/Aug/2026:01:47:58 +0330] "GET /product/amz-B0CJ55HF5K/heshe-genuine-leather-tote-top-handle-bag-shoulder-bags-for-women-leather-crossbody-purse-trendy?_rsc=1tdvg HTTP/2.0" 200 2856 "https://charsooq.com/amazon/products?page=1&category=clothing-shoes-jewelry" "Mozilla/5.0 (Linux; Android 10; K) AppleWebKit/537.36 (KHTML, like Gecko) Chrome/151.0.0.0 Mobile Safari/537.36"
127.0.0.1 - - [28/Aug/2026:01:48:00 +0330] "GET /api/v3/product-show/amz-B0CD1Y89D1?amazon_region= HTTP/1.1" 301 169 "-" "node"
66.132.195.77 - - [28/Aug/2026:01:48:00 +0330] "GET / HTTP/1.1" 301 169 "-" "Mozilla/5.0 (compatible; CensysInspect/1.1; +https://about.censys.io/)"
127.0.0.1 - - [28/Aug/2026:01:48:00 +0330] "GET /api/v3/product-show/amz-B0CD1Y89D1?amazon_region= HTTP/1.1" 200 5230 "-" "node"
5.52.237.8 - - [28/Aug/2026:01:48:00 +0330] "GET /product/amz-B0CD1Y89D1/heshe-genuine-leather-crossbody-bags-for-women-top-handle-bag-tote-purse-ladies-designer-hobo-satchel?_rsc=1tdvg HTTP/2.0" 200 2855 "https://charsooq.com/amazon/products?page=1&category=clothing-shoes-jewelry" "Mozilla/5.0 (Linux; Android 10; K) AppleWebKit/537.36 (KHTML, like Gecko) Chrome/151.0.0.0 Mobile Safari/537.36"
127.0.0.1 - - [28/Aug/2026:01:48:00 +0330] "GET /api/v3/product-show/amz-B0CG14Y3F3?amazon_region= HTTP/1.1" 301 169 "-" "node"
127.0.0.1 - - [28/Aug/2026:01:48:00 +0330] "GET /api/v3/product-show/amz-B0CG14Y3F3?amazon_region= HTTP/1.1" 200 15171 "-" "node"
5.52.237.8 - - [28/Aug/2026:01:48:00 +0330] "GET /product/amz-B0CG14Y3F3/kukoo-small-crossbody-bags-for-women-cell-phone-purse-wallet-bag-pu-leather-with-shoulder-strap?_rsc=1tdvg HTTP/2.0" 200 2824 "https://charsooq.com/amazon/products?page=1&category=clothing-shoes-jewelry" "Mozilla/5.0 (Linux; Android 10; K) AppleWebKit/537.36 (KHTML, like Gecko) Chrome/151.0.0.0 Mobile Safari/537.36"
66.132.195.77 - - [28/Aug/2026:01:48:01 +0330] "\x16\x03\x01\x00\xEE\x01\x00\x00\xEA\x03\x03\x07\xB0\xAC\x0E?5\xA3\xB6{u\x5C\xBB\xF0\x9A\x1C\xA2_\xBAd\xE8\xAE\xF9~=\x87<\xD1\xB6" 400 157 "-" "-"
127.0.0.1 - - [28/Aug/2026:01:48:02 +0330] "GET /api/v3/product-show/amz-B06XWHY2S4?amazon_region= HTTP/1.1" 301 169 "-" "node"
127.0.0.1 - - [28/Aug/2026:01:48:02 +0330] "GET /api/v3/product-show/amz-B06XWHY2S4?amazon_region= HTTP/1.1" 200 11224 "-" "node"
5.52.237.8 - - [28/Aug/2026:01:48:02 +0330] "GET /product/amz-B06XWHY2S4/tommy-hilfiger-womens-jaden-plus-tote?_rsc=1tdvg HTTP/2.0" 200 2717 "https://charsooq.com/amazon/products?page=1&category=clothing-shoes-jewelry" "Mozilla/5.0 (Linux; Android 10; K) AppleWebKit/537.36 (KHTML, like Gecko) Chrome/151.0.0.0 Mobile Safari/537.36"
127.0.0.1 - - [28/Aug/2026:01:48:03 +0330] "GET /api/v3/product-show/amz-B0CL73CZ93?amazon_region= HTTP/1.1" 301 169 "-" "node"
127.0.0.1 - - [28/Aug/2026:01:48:03 +0330] "GET /api/v3/product-show/amz-B0CL73CZ93?amazon_region= HTTP/1.1" 200 11293 "-" "node"
5.52.237.8 - - [28/Aug/2026:01:48:03 +0330] "GET /product/amz-B0CL73CZ93/slouchy-hobo-bags-for-women-tote-bag-retro-pu-leather-crossbody-bag-soft-shoulder-purses-handbags-large-capacity-2pcs?_rsc=1tdvg HTTP/2.0" 200 2860 "https://charsooq.com/amazon/products?page=1&category=clothing-shoes-jewelry" "Mozilla/5.0 (Linux; Android 10; K) AppleWebKit/537.36 (KHTML, like Gecko) Chrome/151.0.0.0 Mobile Safari/537.36"
66.132.195.77 - - [28/Aug/2026:01:48:03 +0330] "PRI * HTTP/2.0" 400 157 "-" "-"
127.0.0.1 - - [28/Aug/2026:01:48:05 +0330] "GET /api/v3/product-show/amz-B08GWV32RB?amazon_region= HTTP/1.1" 301 169 "-" "node"
127.0.0.1 - - [28/Aug/2026:01:48:05 +0330] "GET /api/v3/product-show/amz-B08GWV32RB?amazon_region= HTTP/1.1" 200 14815 "-" "node"
5.52.237.8 - - [28/Aug/2026:01:48:05 +0330] "GET /product/amz-B08GWV32RB/asics-mens-gel-kayano-28-running-shoes?_rsc=1tdvg HTTP/2.0" 200 2713 "https://charsooq.com/amazon/products?page=1&category=clothing-shoes-jewelry" "Mozilla/5.0 (Linux; Android 10; K) AppleWebKit/537.36 (KHTML, like Gecko) Chrome/151.0.0.0 Mobile Safari/537.36"
127.0.0.1 - - [28/Aug/2026:01:48:06 +0330] "GET /api/v3/product-show/amz-B0000TIISW?amazon_region= HTTP/1.1" 301 169 "-" "node"
127.0.0.1 - - [28/Aug/2026:01:48:06 +0330] "GET /api/v3/product-show/amz-B0000TIISW?amazon_region= HTTP/1.1" 200 23307 "-" "node"
5.52.237.8 - - [28/Aug/2026:01:48:06 +0330] "GET /product/amz-B0000TIISW/timex-mens-expedition-metal-field-watch?_rsc=1tdvg HTTP/2.0" 200 3299 "https://charsooq.com/amazon/products?page=1&category=clothing-shoes-jewelry" "Mozilla/5.0 (Linux; Android 10; K) AppleWebKit/537.36 (KHTML, like Gecko) Chrome/151.0.0.0 Mobile Safari/537.36"
127.0.0.1 - - [28/Aug/2026:01:48:07 +0330] "GET /api/v3/product-show/amz-B09D453BBX?amazon_region= HTTP/1.1" 301 169 "-" "node"
127.0.0.1 - - [28/Aug/2026:01:48:07 +0330] "GET /api/v3/product-show/amz-B09D453BBX?amazon_region= HTTP/1.1" 200 25996 "-" "node"
