216.238.121.120 - - [28/Aug/2026:00:35:28 +0330] "GET /amazon/products?page=1&category=electronics&_rsc=1oa1z HTTP/2.0" 200 1513 "https://charsooq.com/china" "Mozilla/5.0 (Linux; Android 10; K) AppleWebKit/537.36 (KHTML, like Gecko) Chrome/151.0.0.0 Mobile Safari/537.36"
216.238.121.120 - - [28/Aug/2026:00:35:28 +0330] "GET /amazon/products?page=1&category=toys-games&_rsc=1oa1z HTTP/2.0" 200 1514 "https://charsooq.com/china" "Mozilla/5.0 (Linux; Android 10; K) AppleWebKit/537.36 (KHTML, like Gecko) Chrome/151.0.0.0 Mobile Safari/537.36"
216.238.121.120 - - [28/Aug/2026:00:35:28 +0330] "GET /amazon/products?page=1&category=books&_rsc=1oa1z HTTP/2.0" 200 1508 "https://charsooq.com/china" "Mozilla/5.0 (Linux; Android 10; K) AppleWebKit/537.36 (KHTML, like Gecko) Chrome/151.0.0.0 Mobile Safari/537.36"
216.238.121.120 - - [28/Aug/2026:00:35:28 +0330] "GET /amazon/products?page=1&category=sports-outdoors&_rsc=1oa1z HTTP/2.0" 200 1520 "https://charsooq.com/china" "Mozilla/5.0 (Linux; Android 10; K) AppleWebKit/537.36 (KHTML, like Gecko) Chrome/151.0.0.0 Mobile Safari/537.36"
216.238.121.120 - - [28/Aug/2026:00:35:29 +0330] "GET /_next/static/chunks/8838.a542ce80f4cf6e20.js HTTP/2.0" 200 1648 "https://charsooq.com/china" "Mozilla/5.0 (Linux; Android 10; K) AppleWebKit/537.36 (KHTML, like Gecko) Chrome/151.0.0.0 Mobile Safari/537.36"
127.0.0.1 - - [28/Aug/2026:00:35:35 +0330] "GET /api/v1/all-searches?count=24&page=1&title=%D9%85%D9%88%D8%AA%D9%88%D8%B1%20%D8%A8%D8%B1%D9%82&sortby= HTTP/1.1" 301 169 "-" "node"
127.0.0.1 - - [28/Aug/2026:00:35:35 +0330] "GET /api/v1/categories-amazon HTTP/1.1" 200 34230 "-" "node"
172.16.20.25 - - [28/Aug/2026:00:35:35 +0330] "GET / HTTP/1.1" 200 338470 "-" "Mozilla/5.0 (compatible; PRTG Network Monitor (www.paessler.com); Windows)"
216.238.121.120 - - [28/Aug/2026:00:35:35 +0330] "GET /calculator?_rsc=1m3ql HTTP/2.0" 200 1408 "https://charsooq.com/search?page=1&q=%D9%85%D9%88%D8%AA%D9%88%D8%B1%20%D8%A8%D8%B1%D9%82" "Mozilla/5.0 (Linux; Android 10; K) AppleWebKit/537.36 (KHTML, like Gecko) Chrome/151.0.0.0 Mobile Safari/537.36"
216.238.121.120 - - [28/Aug/2026:00:35:35 +0330] "GET /about-us?_rsc=1m3ql HTTP/2.0" 200 1364 "https://charsooq.com/search?page=1&q=%D9%85%D9%88%D8%AA%D9%88%D8%B1%20%D8%A8%D8%B1%D9%82" "Mozilla/5.0 (Linux; Android 10; K) AppleWebKit/537.36 (KHTML, like Gecko) Chrome/151.0.0.0 Mobile Safari/537.36"
216.238.121.120 - - [28/Aug/2026:00:35:35 +0330] "GET /help?_rsc=1m3ql HTTP/2.0" 200 1528 "https://charsooq.com/search?page=1&q=%D9%85%D9%88%D8%AA%D9%88%D8%B1%20%D8%A8%D8%B1%D9%82" "Mozilla/5.0 (Linux; Android 10; K) AppleWebKit/537.36 (KHTML, like Gecko) Chrome/151.0.0.0 Mobile Safari/537.36"
216.238.121.120 - - [28/Aug/2026:00:35:35 +0330] "GET /faq?_rsc=1m3ql HTTP/2.0" 200 1359 "https://charsooq.com/search?page=1&q=%D9%85%D9%88%D8%AA%D9%88%D8%B1%20%D8%A8%D8%B1%D9%82" "Mozilla/5.0 (Linux; Android 10; K) AppleWebKit/537.36 (KHTML, like Gecko) Chrome/151.0.0.0 Mobile Safari/537.36"
216.238.121.120 - - [28/Aug/2026:00:35:35 +0330] "GET /articles?_rsc=1m3ql HTTP/2.0" 200 1795 "https://charsooq.com/search?page=1&q=%D9%85%D9%88%D8%AA%D9%88%D8%B1%20%D8%A8%D8%B1%D9%82" "Mozilla/5.0 (Linux; Android 10; K) AppleWebKit/537.36 (KHTML, like Gecko) Chrome/151.0.0.0 Mobile Safari/537.36"
127.0.0.1 - - [28/Aug/2026:00:35:36 +0330] "GET /api/v1/all-searches?count=24&page=1&title=%D9%85%D9%88%D8%AA%D9%88%D8%B1%20%D8%A8%D8%B1%D9%82&sortby= HTTP/1.1" 200 582 "-" "node"
216.238.121.120 - - [28/Aug/2026:00:35:36 +0330] "GET /search?page=1&q=%D9%85%D9%88%D8%AA%D9%88%D8%B1+%D8%A8%D8%B1%D9%82&_rsc=uq67g HTTP/2.0" 200 2493 "https://charsooq.com/china" "Mozilla/5.0 (Linux; Android 10; K) AppleWebKit/537.36 (KHTML, like Gecko) Chrome/151.0.0.0 Mobile Safari/537.36"
216.238.121.120 - - [28/Aug/2026:00:35:37 +0330] "GET /_next/image?url=%2Fassets%2Fimages%2Ficons%2Fenamad-icon.png&w=256&q=75 HTTP/2.0" 200 2578 "https://charsooq.com/" "Mozilla/5.0 (Linux; Android 10; K) AppleWebKit/537.36 (KHTML, like Gecko) Chrome/151.0.0.0 Mobile Safari/537.36"
216.238.121.120 - - [28/Aug/2026:00:35:37 +0330] "GET /manifest.json HTTP/2.0" 304 0 "https://charsooq.com/search?page=1&q=%D9%85%D9%88%D8%AA%D9%88%D8%B1%20%D8%A8%D8%B1%D9%82" "Mozilla/5.0 (Linux; Android 10; K) AppleWebKit/537.36 (KHTML, like Gecko) Chrome/151.0.0.0 Mobile Safari/537.36"
216.238.121.120 - - [28/Aug/2026:00:35:38 +0330] "GET /_next/static/chunks/app/help/layout-bafecda7f594b8aa.js HTTP/2.0" 200 4169 "https://charsooq.com/search?page=1&q=%D9%85%D9%88%D8%AA%D9%88%D8%B1%20%D8%A8%D8%B1%D9%82" "Mozilla/5.0 (Linux; Android 10; K) AppleWebKit/537.36 (KHTML, like Gecko) Chrome/151.0.0.0 Mobile Safari/537.36"
216.238.121.120 - - [28/Aug/2026:00:35:38 +0330] "GET /_next/static/chunks/9691-eded5622c74debb3.js HTTP/2.0" 200 6568 "https://charsooq.com/search?page=1&q=%D9%85%D9%88%D8%AA%D9%88%D8%B1%20%D8%A8%D8%B1%D9%82" "Mozilla/5.0 (Linux; Android 10; K) AppleWebKit/537.36 (KHTML, like Gecko) Chrome/151.0.0.0 Mobile Safari/537.36"
216.238.121.120 - - [28/Aug/2026:00:35:38 +0330] "GET /pwa-icon-180.png HTTP/2.0" 304 0 "https://charsooq.com/search?page=1&q=%D9%85%D9%88%D8%AA%D9%88%D8%B1%20%D8%A8%D8%B1%D9%82" "Mozilla/5.0 (Linux; Android 10; K) AppleWebKit/537.36 (KHTML, like Gecko) Chrome/151.0.0.0 Mobile Safari/537.36"
216.238.121.120 - - [28/Aug/2026:00:35:38 +0330] "GET /16px.png HTTP/2.0" 200 9783 "https://charsooq.com/search?page=1&q=%D9%85%D9%88%D8%AA%D9%88%D8%B1%20%D8%A8%D8%B1%D9%82" "Mozilla/5.0 (Linux; Android 10; K) AppleWebKit/537.36 (KHTML, like Gecko) Chrome/151.0.0.0 Mobile Safari/537.36"
216.238.121.120 - - [28/Aug/2026:00:35:38 +0330] "GET /_next/static/chunks/app/search/page-49baee51c2c0cc8d.js HTTP/2.0" 200 2975 "https://charsooq.com/search?page=1&q=%D9%85%D9%88%D8%AA%D9%88%D8%B1%20%D8%A8%D8%B1%D9%82" "Mozilla/5.0 (Linux; Android 10; K) AppleWebKit/537.36 (KHTML, like Gecko) Chrome/151.0.0.0 Mobile Safari/537.36"
216.238.121.120 - - [28/Aug/2026:00:35:39 +0330] "GET /ghavanincharsooq?_rsc=1m3ql HTTP/2.0" 200 1371 "https://charsooq.com/search?page=1&q=%D9%85%D9%88%D8%AA%D9%88%D8%B1%20%D8%A8%D8%B1%D9%82" "Mozilla/5.0 (Linux; Android 10; K) AppleWebKit/537.36 (KHTML, like Gecko) Chrome/151.0.0.0 Mobile Safari/537.36"
216.238.121.120 - - [28/Aug/2026:00:35:41 +0330] "GET /contact-us?_rsc=1m3ql HTTP/2.0" 200 1366 "https://charsooq.com/search?page=1&q=%D9%85%D9%88%D8%AA%D9%88%D8%B1%20%D8%A8%D8%B1%D9%82" "Mozilla/5.0 (Linux; Android 10; K) AppleWebKit/537.36 (KHTML, like Gecko) Chrome/151.0.0.0 Mobile Safari/537.36"
216.238.121.120 - - [28/Aug/2026:00:35:48 +0330] "GET /amazon/products?page=1&category=electronics-computers-accessories&_rsc=1m3ql HTTP/2.0" 200 1542 "https://charsooq.com/search?page=1&q=%D9%85%D9%88%D8%AA%D9%88%D8%B1%20%D8%A8%D8%B1%D9%82" "Mozilla/5.0 (Linux; Android 10; K) AppleWebKit/537.36 (KHTML, like Gecko) Chrome/151.0.0.0 Mobile Safari/537.36"
216.238.121.120 - - [28/Aug/2026:00:35:48 +0330] "GET /amazon/products?page=1&category=electronics-camera-photo&_rsc=1m3ql HTTP/2.0" 200 1532 "https://charsooq.com/search?page=1&q=%D9%85%D9%88%D8%AA%D9%88%D8%B1%20%D8%A8%D8%B1%D9%82" "Mozilla/5.0 (Linux; Android 10; K) AppleWebKit/537.36 (KHTML, like Gecko) Chrome/151.0.0.0 Mobile Safari/537.36"
216.238.121.120 - - [28/Aug/2026:00:35:48 +0330] "GET /amazon/products?page=1&category=electronics-headphones-earbuds-accessories&_rsc=1m3ql HTTP/2.0" 200 1555 "https://charsooq.com/search?page=1&q=%D9%85%D9%88%D8%AA%D9%88%D8%B1%20%D8%A8%D8%B1%D9%82" "Mozilla/5.0 (Linux; Android 10; K) AppleWebKit/537.36 (KHTML, like Gecko) Chrome/151.0.0.0 Mobile Safari/537.36"
216.238.121.120 - - [28/Aug/2026:00:35:48 +0330] "GET /amazon/products?page=1&category=electronics-wearable-technology&_rsc=1m3ql HTTP/2.0" 200 1542 "https://charsooq.com/search?page=1&q=%D9%85%D9%88%D8%AA%D9%88%D8%B1%20%D8%A8%D8%B1%D9%82" "Mozilla/5.0 (Linux; Android 10; K) AppleWebKit/537.36 (KHTML, like Gecko) Chrome/151.0.0.0 Mobile Safari/537.36"
216.238.121.120 - - [28/Aug/2026:00:35:48 +0330] "GET /amazon/products?page=1&category=electronics-video-projectors&_rsc=1m3ql HTTP/2.0" 200 1537 "https://charsooq.com/search?page=1&q=%D9%85%D9%88%D8%AA%D9%88%D8%B1%20%D8%A8%D8%B1%D9%82" "Mozilla/5.0 (Linux; Android 10; K) AppleWebKit/537.36 (KHTML, like Gecko) Chrome/151.0.0.0 Mobile Safari/537.36"
216.238.121.120 - - [28/Aug/2026:00:35:48 +0330] "GET /amazon/products?page=1&category=electronics-ebook-readers-accessories&_rsc=1m3ql HTTP/2.0" 200 1549 "https://charsooq.com/search?page=1&q=%D9%85%D9%88%D8%AA%D9%88%D8%B1%20%D8%A8%D8%B1%D9%82" "Mozilla/5.0 (Linux; Android 10; K) AppleWebKit/537.36 (KHTML, like Gecko) Chrome/151.0.0.0 Mobile Safari/537.36"
127.0.0.1 - - [28/Aug/2026:00:35:56 +0330] "GET /api/v1/categories-product?store=amazon&category=beauty-personal-care&count=24&page=1&minprice=0&maxprice=10000&ratings=&sortby= HTTP/1.1" 301 169 "-" "node"
127.0.0.1 - - [28/Aug/2026:00:35:57 +0330] "GET /api/v1/categories-product?store=amazon&category=beauty-personal-care&count=24&page=1&minprice=0&maxprice=10000&ratings=&sortby= HTTP/1.1" 200 38759 "-" "node"
216.238.121.120 - - [28/Aug/2026:00:35:57 +0330] "GET /amazon/products?page=1&category=beauty-personal-care&_rsc=8ly0z HTTP/2.0" 200 39748 "https://charsooq.com/search?page=1&q=%D9%85%D9%88%D8%AA%D9%88%D8%B1%20%D8%A8%D8%B1%D9%82" "Mozilla/5.0 (Linux; Android 10; K) AppleWebKit/537.36 (KHTML, like Gecko) Chrome/151.0.0.0 Mobile Safari/537.36"
216.238.121.120 - - [28/Aug/2026:00:35:58 +0330] "GET /_next/static/chunks/7539-9d426d13d3df87a8.js HTTP/2.0" 200 8837 "https://charsooq.com/amazon/products?page=1&category=beauty-personal-care" "Mozilla/5.0 (Linux; Android 10; K) AppleWebKit/537.36 (KHTML, like Gecko) Chrome/151.0.0.0 Mobile Safari/537.36"
216.238.121.120 - - [28/Aug/2026:00:35:58 +0330] "GET /manifest.json HTTP/2.0" 304 0 "https://charsooq.com/amazon/products?page=1&category=beauty-personal-care" "Mozilla/5.0 (Linux; Android 10; K) AppleWebKit/537.36 (KHTML, like Gecko) Chrome/151.0.0.0 Mobile Safari/537.36"
216.238.121.120 - - [28/Aug/2026:00:35:59 +0330] "GET /_next/static/chunks/app/amazon/products/page-2f8d0aefd9263f1e.js HTTP/2.0" 200 8530 "https://charsooq.com/amazon/products?page=1&category=beauty-personal-care" "Mozilla/5.0 (Linux; Android 10; K) AppleWebKit/537.36 (KHTML, like Gecko) Chrome/151.0.0.0 Mobile Safari/537.36"
216.238.121.120 - - [28/Aug/2026:00:35:59 +0330] "GET /pwa-icon-180.png HTTP/2.0" 304 0 "https://charsooq.com/amazon/products?page=1&category=beauty-personal-care" "Mozilla/5.0 (Linux; Android 10; K) AppleWebKit/537.36 (KHTML, like Gecko) Chrome/151.0.0.0 Mobile Safari/537.36"
127.0.0.1 - - [28/Aug/2026:00:35:59 +0330] "GET /api/v3/product-show/amz-B003NCXXIS?amazon_region= HTTP/1.1" 301 169 "-" "node"
127.0.0.1 - - [28/Aug/2026:00:35:59 +0330] "GET /api/v3/product-show/amz-B09PZ2GR2C?amazon_region= HTTP/1.1" 301 169 "-" "node"
127.0.0.1 - - [28/Aug/2026:00:36:00 +0330] "GET /api/v3/product-show/amz-B003NCXXIS?amazon_region= HTTP/1.1" 200 16565 "-" "node"
216.238.121.120 - - [28/Aug/2026:00:36:00 +0330] "GET /product/amz-B003NCXXIS/mangroomer-professional-do-it-yourself-electric-back-hair-shaver?_rsc=1tdvg HTTP/2.0" 200 3143 "https://charsooq.com/amazon/products?page=1&category=beauty-personal-care" "Mozilla/5.0 (Linux; Android 10; K) AppleWebKit/537.36 (KHTML, like Gecko) Chrome/151.0.0.0 Mobile Safari/537.36"
127.0.0.1 - - [28/Aug/2026:00:36:00 +0330] "GET /api/v3/product-show/amz-B09PZ2GR2C?amazon_region= HTTP/1.1" 200 13297 "-" "node"
216.238.121.120 - - [28/Aug/2026:00:36:00 +0330] "GET /product/amz-B09PZ2GR2C/3-inch-large-clipper-guards-xl-clipper-guards-with-8-cutting-lengths-from-3in-275in-25in-225in-2in-175in-15in-125in-fits-most-wahl-full-size-hair-clippers-8pcs-green-3-inch?_rsc=1tdvg HTTP/2.0" 200 2999 "https://charsooq.com/amazon/products?page=1&category=beauty-personal-care" "Mozilla/5.0 (Linux; Android 10; K) AppleWebKit/537.36 (KHTML, like Gecko) Chrome/151.0.0.0 Mobile Safari/537.36"
127.0.0.1 - - [28/Aug/2026:00:36:00 +0330] "GET /api/v3/product-show/amz-B000HQ0L2E?amazon_region= HTTP/1.1" 301 169 "-" "node"
127.0.0.1 - - [28/Aug/2026:00:36:00 +0330] "GET /api/v3/product-show/amz-B000HQ0L2E?amazon_region= HTTP/1.1" 200 17870 "-" "node"
216.238.121.120 - - [28/Aug/2026:00:36:00 +0330] "GET /product/amz-B000HQ0L2E/mangroomer-do-it-yourself-electric-back-hair-shaver-101-6?_rsc=1tdvg HTTP/2.0" 200 2774 "https://charsooq.com/amazon/products?page=1&category=beauty-personal-care" "Mozilla/5.0 (Linux; Android 10; K) AppleWebKit/537.36 (KHTML, like Gecko) Chrome/151.0.0.0 Mobile Safari/537.36"
127.0.0.1 - - [28/Aug/2026:00:36:01 +0330] "GET /api/v3/product-show/amz-B07BFHM22M?amazon_region= HTTP/1.1" 301 169 "-" "node"
127.0.0.1 - - [28/Aug/2026:00:36:01 +0330] "GET /api/v3/product-show/amz-B07BFHM22M?amazon_region= HTTP/1.1" 200 7231 "-" "node"
216.238.121.120 - - [28/Aug/2026:00:36:01 +0330] "GET /product/amz-B07BFHM22M/ormonde-jayne-montabaco-parfum-spray-4-fl-oz?_rsc=1tdvg HTTP/2.0" 200 2812 "https://charsooq.com/amazon/products?page=1&category=beauty-personal-care" "Mozilla/5.0 (Linux; Android 10; K) AppleWebKit/537.36 (KHTML, like Gecko) Chrome/151.0.0.0 Mobile Safari/537.36"
216.238.121.120 - - [28/Aug/2026:00:36:03 +0330] "GET /_next/static/chunks/app/product/%5B...productSlug%5D/not-found-45ade0788c8efdcf.js HTTP/2.0" 200 284 "https://charsooq.com/amazon/products?page=1&category=beauty-personal-care" "Mozilla/5.0 (Linux; Android 10; K) AppleWebKit/537.36 (KHTML, like Gecko) Chrome/151.0.0.0 Mobile Safari/537.36"
127.0.0.1 - - [28/Aug/2026:00:36:14 +0330] "GET /api/v3/product-show/amz-B09J8FPMM5?amazon_region= HTTP/1.1" 301 169 "-" "node"
127.0.0.1 - - [28/Aug/2026:00:36:14 +0330] "GET /api/v3/product-show/amz-B09J8FPMM5?amazon_region= HTTP/1.1" 200 8193 "-" "node"
216.238.121.120 - - [28/Aug/2026:00:36:14 +0330] "GET /product/amz-B09J8FPMM5/ubjuliwa-148pcs-185pcs-body-piercing-jewelry-for-all-piercings-tongue-nipple-rings-eyebrow-lip-belly-button-barbell-nose-piercing-tragus-navel-body-jewelry-for-women-piercings-14g-18g?_rsc=1tdvg HTTP/2.0" 200 3049 "https://charsooq.com/amazon/products?page=1&category=beauty-personal-care" "Mozilla/5.0 (Linux; Android 10; K) AppleWebKit/537.36 (KHTML, like Gecko) Chrome/151.0.0.0 Mobile Safari/537.36"
127.0.0.1 - - [28/Aug/2026:00:36:15 +0330] "GET /api/v3/product-show/amz-B0CQ21RV3D?amazon_region= HTTP/1.1" 301 169 "-" "node"
127.0.0.1 - - [28/Aug/2026:00:36:16 +0330] "GET /api/v3/product-show/amz-B0CQ21RV3D?amazon_region= HTTP/1.1" 200 5546 "-" "node"
216.238.121.120 - - [28/Aug/2026:00:36:16 +0330] "GET /product/amz-B0CQ21RV3D/tuokiy-facial-hair-remover-for-women-painless-hair-removal-device-with-2-pic-replacement-heads-for-flawless-finishing-touch?_rsc=1tdvg HTTP/2.0" 200 2893 "https://charsooq.com/amazon/products?page=1&category=beauty-personal-care" "Mozilla/5.0 (Linux; Android 10; K) AppleWebKit/537.36 (KHTML, like Gecko) Chrome/151.0.0.0 Mobile Safari/537.36"
127.0.0.1 - - [28/Aug/2026:00:36:17 +0330] "GET /api/v3/product-show/amz-B0CNBNF5PD?amazon_region= HTTP/1.1" 301 169 "-" "node"
127.0.0.1 - - [28/Aug/2026:00:36:17 +0330] "GET /api/v3/product-show/amz-B0CNBNF5PD?amazon_region= HTTP/1.1" 200 5742 "-" "node"
216.238.121.120 - - [28/Aug/2026:00:36:17 +0330] "GET /product/amz-B0CNBNF5PD/bundle-of-facial-hair-removal-emerald-and-4-extra-replacement-heads?_rsc=1tdvg HTTP/2.0" 200 2859 "https://charsooq.com/amazon/products?page=1&category=beauty-personal-care" "Mozilla/5.0 (Linux; Android 10; K) AppleWebKit/537.36 (KHTML, like Gecko) Chrome/151.0.0.0 Mobile Safari/537.36"
127.0.0.1 - - [28/Aug/2026:00:36:17 +0330] "GET /api/v3/product-show/amz-B0BPWD32C8?amazon_region= HTTP/1.1" 301 169 "-" "node"
127.0.0.1 - - [28/Aug/2026:00:36:17 +0330] "GET /api/v3/product-show/amz-B0BPWD32C8?amazon_region= HTTP/1.1" 200 6496 "-" "node"
216.238.121.120 - - [28/Aug/2026:00:36:17 +0330] "GET /product/amz-B0BPWD32C8/maybelline-new-york-super-stay-matte-ink-liquid-lipstick-long-lasting-high-impact-color-up-to-16h-wear-dreamer-warm-pink-neutral-017-floz-pack-of-2?_rsc=1tdvg HTTP/2.0" 200 3047 "https://charsooq.com/amazon/products?page=1&category=beauty-personal-care" "Mozilla/5.0 (Linux; Android 10; K) AppleWebKit/537.36 (KHTML, like Gecko) Chrome/151.0.0.0 Mobile Safari/537.36"
127.0.0.1 - - [28/Aug/2026:00:36:19 +0330] "GET /api/v3/product-show/amz-B00TKV6QYY?amazon_region= HTTP/1.1" 301 169 "-" "node"
127.0.0.1 - - [28/Aug/2026:00:36:19 +0330] "GET /api/v3/product-show/amz-B00TKV6QYY?amazon_region= HTTP/1.1" 200 7137 "-" "node"
216.238.121.120 - - [28/Aug/2026:00:36:19 +0330] "GET /product/amz-B00TKV6QYY/victorinox-swiss-army-classic-sport-eau-de-toilette-spray-34-ounce?_rsc=1tdvg HTTP/2.0" 200 3029 "https://charsooq.com/amazon/products?page=1&category=beauty-personal-care" "Mozilla/5.0 (Linux; Android 10; K) AppleWebKit/537.36 (KHTML, like Gecko) Chrome/151.0.0.0 Mobile Safari/537.36"
127.0.0.1 - - [28/Aug/2026:00:36:20 +0330] "GET /api/v3/product-show/amz-B0C1LBSX9N?amazon_region= HTTP/1.1" 301 169 "-" "node"
127.0.0.1 - - [28/Aug/2026:00:36:20 +0330] "GET /api/v3/product-show/amz-B0C1LBSX9N?amazon_region= HTTP/1.1" 200 7736 "-" "node"
216.238.121.120 - - [28/Aug/2026:00:36:20 +0330] "GET /product/amz-B0C1LBSX9N/amazon-series-jrl-fresh-fade-2020c-g-clipper-professional-hair-clippers-wcool-blade-technology-for-mens-grooming-rechargeable-clippers-wlcd-display-and-corrosion-proof-gold?_rsc=1tdvg HTTP/2.0" 200 3006 "https://charsooq.com/amazon/products?page=1&category=beauty-personal-care" "Mozilla/5.0 (Linux; Android 10; K) AppleWebKit/537.36 (KHTML, like Gecko) Chrome/151.0.0.0 Mobile Safari/537.36"
127.0.0.1 - - [28/Aug/2026:00:36:20 +0330] "GET /api/v3/product-show/amz-B0B7ZN8BYP?amazon_region= HTTP/1.1" 301 169 "-" "node"
127.0.0.1 - - [28/Aug/2026:00:36:20 +0330] "GET /api/v3/product-show/amz-B0B7ZN8BYP?amazon_region= HTTP/1.1" 200 19859 "-" "node"
216.238.121.120 - - [28/Aug/2026:00:36:20 +0330] "GET /product/amz-B0B7ZN8BYP/wahl-professional-5-star-gold-cordless-magic-clip-hair-clipper-with-100-minute-run-time-for-professional-barbers-and-stylists-model-8148-700?_rsc=1tdvg HTTP/2.0" 200 2951 "https://charsooq.com/amazon/products?page=1&category=beauty-personal-care" "Mozilla/5.0 (Linux; Android 10; K) AppleWebKit/537.36 (KHTML, like Gecko) Chrome/151.0.0.0 Mobile Safari/537.36"
127.0.0.1 - - [28/Aug/2026:00:36:20 +0330] "GET /api/v3/product-show/amz-B009S3UP3W?amazon_region= HTTP/1.1" 301 169 "-" "node"
127.0.0.1 - - [28/Aug/2026:00:36:20 +0330] "GET /api/v3/product-show/amz-B009S3UP3W?amazon_region= HTTP/1.1" 200 14641 "-" "node"
216.238.121.120 - - [28/Aug/2026:00:36:20 +0330] "GET /product/amz-B009S3UP3W/christian-dior-jadore-for-women-eau-de-parfum-spray-34-ounce?_rsc=1tdvg HTTP/2.0" 200 2753 "https://charsooq.com/amazon/products?page=1&category=beauty-personal-care" "Mozilla/5.0 (Linux; Android 10; K) AppleWebKit/537.36 (KHTML, like Gecko) Chrome/151.0.0.0 Mobile Safari/537.36"
127.0.0.1 - - [28/Aug/2026:00:36:30 +0330] "GET /api/v3/product-show/amz-B00D2I503O?amazon_region= HTTP/1.1" 301 169 "-" "node"
127.0.0.1 - - [28/Aug/2026:00:36:31 +0330] "GET /api/v3/product-show/amz-B0BD97JW2S?amazon_region= HTTP/1.1" 301 169 "-" "node"
127.0.0.1 - - [28/Aug/2026:00:36:31 +0330] "GET /api/v3/product-show/amz-B00D2I503O?amazon_region= HTTP/1.1" 200 10587 "-" "node"
216.238.121.120 - - [28/Aug/2026:00:36:31 +0330] "GET /product/amz-B00D2I503O/mugler-alien-eau-de-parfum-womens-perfume-floral-woody-with-jasmine-wood-and-amber-long-lasting-fragrance?_rsc=1tdvg HTTP/2.0" 200 2892 "https://charsooq.com/amazon/products?page=1&category=beauty-personal-care" "Mozilla/5.0 (Linux; Android 10; K) AppleWebKit/537.36 (KHTML, like Gecko) Chrome/151.0.0.0 Mobile Safari/537.36"
127.0.0.1 - - [28/Aug/2026:00:36:31 +0330] "GET /api/v3/product-show/amz-B0BD97JW2S?amazon_region= HTTP/1.1" 200 8925 "-" "node"
216.238.121.120 - - [28/Aug/2026:00:36:31 +0330] "GET /product/amz-B0BD97JW2S/gisada-ambassador-intense-eau-de-perfume-100ml-34-fl-oz-spicy-fresh-and-very-lively-fragrance-for-men?_rsc=1tdvg HTTP/2.0" 200 2883 "https://charsooq.com/amazon/products?page=1&category=beauty-personal-care" "Mozilla/5.0 (Linux; Android 10; K) AppleWebKit/537.36 (KHTML, like Gecko) Chrome/151.0.0.0 Mobile Safari/537.36"
127.0.0.1 - - [28/Aug/2026:00:36:34 +0330] "GET /api/v2/sliders HTTP/1.1" 200 7479 "-" "node"
127.0.0.1 - - [28/Aug/2026:00:36:35 +0330] "GET /api/v1/categories-amazon HTTP/1.1" 200 34230 "-" "node"
127.0.0.1 - - [28/Aug/2026:00:36:35 +0330] "GET /api/v3/product-show/amz-B0CNX5BNGL?amazon_region= HTTP/1.1" 301 169 "-" "node"
127.0.0.1 - - [28/Aug/2026:00:36:35 +0330] "GET /api/v2/page-data HTTP/1.1" 200 36854 "-" "node"
172.16.20.25 - - [28/Aug/2026:00:36:35 +0330] "GET / HTTP/1.1" 200 338501 "-" "Mozilla/5.0 (compatible; PRTG Network Monitor (www.paessler.com); Windows)"
127.0.0.1 - - [28/Aug/2026:00:36:36 +0330] "GET /api/v3/product-show/amz-B0CNX5BNGL?amazon_region= HTTP/1.1" 200 11726 "-" "node"
127.0.0.1 - - [28/Aug/2026:00:36:36 +0330] "GET /api/v3/product-show/amz-B000WZIX0W?amazon_region= HTTP/1.1" 301 169 "-" "node"
216.238.121.120 - - [28/Aug/2026:00:36:36 +0330] "GET /product/amz-B0CNX5BNGL/2pcs-hair-fluffy-curling-roll-comb-antislip-curling-wand-hairstyling-hair-curler-tools-17-comb-teethhairstyling-tools-17-comb-teethportable-hair-curling-roll-comb-antislip-professional-r?_rsc=1tdvg HTTP/2.0" 200 2928 "https://charsooq.com/amazon/products?page=1&category=beauty-personal-care" "Mozilla/5.0 (Linux; Android 10; K) AppleWebKit/537.36 (KHTML, like Gecko) Chrome/151.0.0.0 Mobile Safari/537.36"
127.0.0.1 - - [28/Aug/2026:00:36:36 +0330] "GET /api/v3/product-show/amz-B000WZIX0W?amazon_region= HTTP/1.1" 200 17501 "-" "node"
216.238.121.120 - - [28/Aug/2026:00:36:36 +0330] "GET /product/amz-B000WZIX0W/hugo-boss-femme-eau-de-parfum-for-women-notes-of-tangerine-and-blackcurrant-luxury-perfumes-for-women-long-lasting-fragrance?_rsc=1tdvg HTTP/2.0" 200 3165 "https://charsooq.com/amazon/products?page=1&category=beauty-personal-care" "Mozilla/5.0 (Linux; Android 10; K) AppleWebKit/537.36 (KHTML, like Gecko) Chrome/151.0.0.0 Mobile Safari/537.36"
127.0.0.1 - - [28/Aug/2026:00:36:36 +0330] "GET /api/v3/product-show/amz-B000C1W6UY?amazon_region= HTTP/1.1" 301 169 "-" "node"
127.0.0.1 - - [28/Aug/2026:00:36:36 +0330] "GET /api/v3/product-show/amz-B00GZP041Y?amazon_region= HTTP/1.1" 301 169 "-" "node"
127.0.0.1 - - [28/Aug/2026:00:36:36 +0330] "GET /api/v3/product-show/amz-B000C1W6UY?amazon_region= HTTP/1.1" 200 10362 "-" "node"
216.238.121.120 - - [28/Aug/2026:00:36:36 +0330] "GET /product/amz-B000C1W6UY/versace-crystal-noir-by-versace-for-women-eau-de-parfum-spray-17-ounces?_rsc=1tdvg HTTP/2.0" 200 2796 "https://charsooq.com/amazon/products?page=1&category=beauty-personal-care" "Mozilla/5.0 (Linux; Android 10; K) AppleWebKit/537.36 (KHTML, like Gecko) Chrome/151.0.0.0 Mobile Safari/537.36"
127.0.0.1 - - [28/Aug/2026:00:36:37 +0330] "GET /api/v3/product-show/amz-B00GZP041Y?amazon_region= HTTP/1.1" 200 63103 "-" "node"
216.238.121.120 - - [28/Aug/2026:00:36:37 +0330] "GET /product/amz-B00GZP041Y/versace-bright-crystal-absolu-eau-de-perfume-spray-30-ounce?_rsc=1tdvg HTTP/2.0" 200 4478 "https://charsooq.com/amazon/products?page=1&category=beauty-personal-care" "Mozilla/5.0 (Linux; Android 10; K) AppleWebKit/537.36 (KHTML, like Gecko) Chrome/151.0.0.0 Mobile Safari/537.36"
127.0.0.1 - - [28/Aug/2026:00:36:37 +0330] "GET /api/v3/product-show/amz-B00NETKGB2?amazon_region= HTTP/1.1" 301 169 "-" "node"
127.0.0.1 - - [28/Aug/2026:00:36:37 +0330] "GET /api/v3/product-show/amz-B00NETKGB2?amazon_region= HTTP/1.1" 200 68974 "-" "node"
216.238.121.120 - - [28/Aug/2026:00:36:37 +0330] "GET /product/amz-B00NETKGB2/jo-malone-wood-sage-sea-salt-cologne-spray-for-women-1-ounce?_rsc=1tdvg HTTP/2.0" 200 4638 "https://charsooq.com/amazon/products?page=1&category=beauty-personal-care" "Mozilla/5.0 (Linux; Android 10; K) AppleWebKit/537.36 (KHTML, like Gecko) Chrome/151.0.0.0 Mobile Safari/537.36"
127.0.0.1 - - [28/Aug/2026:00:36:38 +0330] "GET /api/v3/product-show/amz-B00BEG9QXG?amazon_region= HTTP/1.1" 301 169 "-" "node"
127.0.0.1 - - [28/Aug/2026:00:36:38 +0330] "GET /api/v3/product-show/amz-B002SPWOVS?amazon_region= HTTP/1.1" 301 169 "-" "node"
127.0.0.1 - - [28/Aug/2026:00:36:38 +0330] "GET /api/v3/product-show/amz-B00BEG9QXG?amazon_region= HTTP/1.1" 200 59296 "-" "node"
216.238.121.120 - - [28/Aug/2026:00:36:38 +0330] "GET /product/amz-B00BEG9QXG/giorgio-armani-acqua-di-gioia-eau-de-parfum-17-fl-oz?_rsc=1tdvg HTTP/2.0" 200 4435 "https://charsooq.com/amazon/products?page=1&category=beauty-personal-care" "Mozilla/5.0 (Linux; Android 10; K) AppleWebKit/537.36 (KHTML, like Gecko) Chrome/151.0.0.0 Mobile Safari/537.36"
127.0.0.1 - - [28/Aug/2026:00:36:38 +0330] "GET /api/v3/product-show/amz-B002SPWOVS?amazon_region= HTTP/1.1" 200 17966 "-" "node"
216.238.121.120 - - [28/Aug/2026:00:36:38 +0330] "GET /product/amz-B002SPWOVS/clinique-even-better-makeup-medium-coverage-foundation-broad-spectrum-spf-15-evens-skin-tone-reduces-dark-circles?_rsc=1tdvg HTTP/2.0" 200 3091 "https://charsooq.com/amazon/products?page=1&category=beauty-personal-care" "Mozilla/5.0 (Linux; Android 10; K) AppleWebKit/537.36 (KHTML, like Gecko) Chrome/151.0.0.0 Mobile Safari/537.36"
127.0.0.1 - - [28/Aug/2026:00:36:38 +0330] "GET /api/v3/product-show/amz-B00P0Q0T28?amazon_region= HTTP/1.1" 301 169 "-" "node"
127.0.0.1 - - [28/Aug/2026:00:36:39 +0330] "GET /api/v3/product-show/amz-B091D8BXSQ?amazon_region= HTTP/1.1" 301 169 "-" "node"
127.0.0.1 - - [28/Aug/2026:00:36:39 +0330] "GET /api/v3/product-show/amz-B00P0Q0T28?amazon_region= HTTP/1.1" 200 19467 "-" "node"
216.238.121.120 - - [28/Aug/2026:00:36:39 +0330] "GET /product/amz-B00P0Q0T28/too-faced-better-than-sex-volumizing-mascara?_rsc=1tdvg HTTP/2.0" 200 2735 "https://charsooq.com/amazon/products?page=1&category=beauty-personal-care" "Mozilla/5.0 (Linux; Android 10; K) AppleWebKit/537.36 (KHTML, like Gecko) Chrome/151.0.0.0 Mobile Safari/537.36"
127.0.0.1 - - [28/Aug/2026:00:36:39 +0330] "GET /api/v3/product-show/amz-B091D8BXSQ?amazon_region= HTTP/1.1" 200 22724 "-" "node"
216.238.121.120 - - [28/Aug/2026:00:36:39 +0330] "GET /product/amz-B091D8BXSQ/loreal-paris-true-match-nude-hyaluronic-tinted-serum-foundation-with-1-hyaluronic-acid-light-2-3-1-fl-oz?_rsc=1tdvg HTTP/2.0" 200 3572 "https://charsooq.com/amazon/products?page=1&category=beauty-personal-care" "Mozilla/5.0 (Linux; Android 10; K) AppleWebKit/537.36 (KHTML, like Gecko) Chrome/151.0.0.0 Mobile Safari/537.36"
127.0.0.1 - - [28/Aug/2026:00:36:39 +0330] "GET /api/v3/product-show/amz-B0BFXWBHSM?amazon_region= HTTP/1.1" 301 169 "-" "node"
127.0.0.1 - - [28/Aug/2026:00:36:39 +0330] "GET /api/v3/product-show/amz-B0BFXWBHSM?amazon_region= HTTP/1.1" 200 14797 "-" "node"
216.238.121.120 - - [28/Aug/2026:00:36:39 +0330] "GET /product/amz-B0BFXWBHSM/hair-burst-wavy-curly-hair-shampoo-and-conditioner-set-sulfate-sls-paraben-free-cgm-approved-nourishing-amino-acids-almond-extract-cherry-oil-curl-enhancing-frizz-control-moisturising?_rsc=1tdvg HTTP/2.0" 200 3550 "https://charsooq.com/amazon/products?page=1&category=beauty-personal-care" "Mozilla/5.0 (Linux; Android 10; K) AppleWebKit/537.36 (KHTML, like Gecko) Chrome/151.0.0.0 Mobile Safari/537.36"
216.238.121.120 - - [28/Aug/2026:00:36:51 +0330] "GET /manifest.json HTTP/2.0" 304 0 "https://charsooq.com/search?page=1&q=%D9%85%D9%88%D8%AA%D9%88%D8%B1%20%D8%A8%D8%B1%D9%82" "Mozilla/5.0 (Linux; Android 10; K) AppleWebKit/537.36 (KHTML, like Gecko) Chrome/151.0.0.0 Mobile Safari/537.36"
216.238.121.120 - - [28/Aug/2026:00:36:52 +0330] "GET /16px.png HTTP/2.0" 304 0 "https://charsooq.com/china" "Mozilla/5.0 (Linux; Android 10; K) AppleWebKit/537.36 (KHTML, like Gecko) Chrome/151.0.0.0 Mobile Safari/537.36"
216.238.121.120 - - [28/Aug/2026:00:36:52 +0330] "GET /pwa-icon-180.png HTTP/2.0" 304 0 "https://charsooq.com/china" "Mozilla/5.0 (Linux; Android 10; K) AppleWebKit/537.36 (KHTML, like Gecko) Chrome/151.0.0.0 Mobile Safari/537.36"
5.217.254.57 - - [28/Aug/2026:00:37:12 +0330] "GET /_next/static/css/302d83c05ad27d8b.css HTTP/2.0" 200 369 "-" "Mozilla/5.0 (Linux; Android 10; K) AppleWebKit/537.36 (KHTML, like Gecko) Chrome/151.0.0.0 Mobile Safari/537.36"
5.217.254.57 - - [28/Aug/2026:00:37:12 +0330] "GET /_next/static/css/2c9caab41af7e337.css HTTP/2.0" 200 3175 "-" "Mozilla/5.0 (Linux; Android 10; K) AppleWebKit/537.36 (KHTML, like Gecko) Chrome/151.0.0.0 Mobile Safari/537.36"
5.217.254.57 - - [28/Aug/2026:00:37:12 +0330] "GET /_next/static/css/91447b978d7716af.css HTTP/2.0" 200 20418 "-" "Mozilla/5.0 (Linux; Android 10; K) AppleWebKit/537.36 (KHTML, like Gecko) Chrome/151.0.0.0 Mobile Safari/537.36"
5.217.254.57 - - [28/Aug/2026:00:37:12 +0330] "GET /_next/static/css/1fd47d1e4f3a64a0.css HTTP/2.0" 200 5002 "-" "Mozilla/5.0 (Linux; Android 10; K) AppleWebKit/537.36 (KHTML, like Gecko) Chrome/151.0.0.0 Mobile Safari/537.36"
5.217.254.57 - - [28/Aug/2026:00:37:12 +0330] "GET /_next/static/chunks/polyfills-42372ed130431b0a.js HTTP/2.0" 200 39627 "-" "Mozilla/5.0 (Linux; Android 10; K) AppleWebKit/537.36 (KHTML, like Gecko) Chrome/151.0.0.0 Mobile Safari/537.36"
127.0.0.1 - - [28/Aug/2026:00:37:14 +0330] "GET /api/v1/categories-amazon HTTP/1.1" 200 34230 "-" "node"
5.217.254.57 - - [28/Aug/2026:00:37:16 +0330] "GET / HTTP/2.0" 200 106226 "https://www.google.com/" "Mozilla/5.0 (Linux; Android 10; K) AppleWebKit/537.36 (KHTML, like Gecko) Chrome/151.0.0.0 Mobile Safari/537.36"
5.217.254.57 - - [28/Aug/2026:00:37:16 +0330] "GET /_next/image?url=%2Fassets%2Fimages%2Fhome%2Fcategory%2Fshoes.jpg&w=1920&q=75 HTTP/2.0" 200 13250 "https://charsooq.com/" "Mozilla/5.0 (Linux; Android 10; K) AppleWebKit/537.36 (KHTML, like Gecko) Chrome/151.0.0.0 Mobile Safari/537.36"
5.217.254.57 - - [28/Aug/2026:00:37:16 +0330] "GET /_next/image?url=%2Fassets%2Fimages%2Fhome%2Fcategory%2Fcosmetic.jpg&w=1920&q=75 HTTP/2.0" 200 15462 "https://charsooq.com/" "Mozilla/5.0 (Linux; Android 10; K) AppleWebKit/537.36 (KHTML, like Gecko) Chrome/151.0.0.0 Mobile Safari/537.36"
5.217.254.57 - - [28/Aug/2026:00:37:16 +0330] "GET /_next/image?url=%2Fassets%2Fimages%2Fhome%2Fhome-instagram2.webp&w=1920&q=75 HTTP/2.0" 200 10150 "https://charsooq.com/" "Mozilla/5.0 (Linux; Android 10; K) AppleWebKit/537.36 (KHTML, like Gecko) Chrome/151.0.0.0 Mobile Safari/537.36"
5.217.254.57 - - [28/Aug/2026:00:37:16 +0330] "GET /_next/image?url=%2Fassets%2Fimages%2Fhome%2Fhome-telegram2.webp&w=1920&q=75 HTTP/2.0" 200 16878 "https://charsooq.com/" "Mozilla/5.0 (Linux; Android 10; K) AppleWebKit/537.36 (KHTML, like Gecko) Chrome/151.0.0.0 Mobile Safari/537.36"
5.217.254.57 - - [28/Aug/2026:00:37:16 +0330] "GET /_next/static/media/c7178acf770b8f1a-s.p.ttf HTTP/2.0" 200 35704 "https://charsooq.com/" "Mozilla/5.0 (Linux; Android 10; K) AppleWebKit/537.36 (KHTML, like Gecko) Chrome/151.0.0.0 Mobile Safari/537.36"
5.217.254.57 - - [28/Aug/2026:00:37:16 +0330] "GET /_next/static/media/d36c74da9a95e091-s.p.ttf HTTP/2.0" 200 35196 "https://charsooq.com/" "Mozilla/5.0 (Linux; Android 10; K) AppleWebKit/537.36 (KHTML, like Gecko) Chrome/151.0.0.0 Mobile Safari/537.36"
5.217.254.57 - - [28/Aug/2026:00:37:16 +0330] "GET /_next/image?url=%2Fassets%2Fimages%2Ficons%2Ftelegram-icon.png&w=128&q=75 HTTP/2.0" 200 5724 "https://charsooq.com/" "Mozilla/5.0 (Linux; Android 10; K) AppleWebKit/537.36 (KHTML, like Gecko) Chrome/151.0.0.0 Mobile Safari/537.36"
66.249.77.101 - - [28/Aug/2026:00:37:17 +0330] "GET /?u=70305249266000 HTTP/1.1" 200 33035 "-" "Mozilla/5.0 (Linux; Android 6.0.1; Nexus 5X Build/MMB29P) AppleWebKit/537.36 (KHTML, like Gecko) Chrome/151.0.7922.173 Mobile Safari/537.36 (compatible; Googlebot/2.1; +http://www.google.com/bot.html)"
5.217.254.57 - - [28/Aug/2026:00:37:18 +0330] "GET /assets/images/home/discount-background.webp HTTP/2.0" 200 59114 "https://charsooq.com/_next/static/css/2c9caab41af7e337.css" "Mozilla/5.0 (Linux; Android 10; K) AppleWebKit/537.36 (KHTML, like Gecko) Chrome/151.0.0.0 Mobile Safari/537.36"
5.217.254.57 - - [28/Aug/2026:00:37:18 +0330] "GET /_next/image?url=https%3A%2F%2Fpanel.charsooq.com%2Fstorage%2F01K86CG1QRVXB0PMTKY5EERBNB.jpg&w=640&q=75 HTTP/2.0" 200 5768 "https://charsooq.com/" "Mozilla/5.0 (Linux; Android 10; K) AppleWebKit/537.36 (KHTML, like Gecko) Chrome/151.0.0.0 Mobile Safari/537.36"
5.217.254.57 - - [28/Aug/2026:00:37:18 +0330] "GET /_next/image?url=https%3A%2F%2Fpanel.charsooq.com%2Fstorage%2F01KFXB7VBNM3NRS4TMST0J77BY.jpg&w=640&q=75 HTTP/2.0" 200 46206 "https://charsooq.com/" "Mozilla/5.0 (Linux; Android 10; K) AppleWebKit/537.36 (KHTML, like Gecko) Chrome/151.0.0.0 Mobile Safari/537.36"
127.0.0.1 - - [28/Aug/2026:00:37:18 +0330] "GET /storage/01K86CG1QRVXB0PMTKY5EERBNB.jpg HTTP/1.1" 200 25489 "-" "node"
127.0.0.1 - - [28/Aug/2026:00:37:18 +0330] "GET /storage/01KFXB7VBNM3NRS4TMST0J77BY.jpg HTTP/1.1" 200 245196 "-" "node"
127.0.0.1 - - [28/Aug/2026:00:37:19 +0330] "GET /storage/01KE1FP01NABFH9KQRP45ECBQ5.webp HTTP/1.1" 200 101104 "-" "node"
5.217.254.57 - - [28/Aug/2026:00:37:19 +0330] "GET /_next/image?url=https%3A%2F%2Fpanel.charsooq.com%2Fstorage%2F01KE1FP01NABFH9KQRP45ECBQ5.webp&w=640&q=75 HTTP/2.0" 200 20988 "https://charsooq.com/" "Mozilla/5.0 (Linux; Android 10; K) AppleWebKit/537.36 (KHTML, like Gecko) Chrome/151.0.0.0 Mobile Safari/537.36"
127.0.0.1 - - [28/Aug/2026:00:37:19 +0330] "GET /storage/01KD7W28R9M57F4MPBTPSH8CT1.webp HTTP/1.1" 200 114466 "-" "node"
5.217.254.57 - - [28/Aug/2026:00:37:19 +0330] "GET /_next/image?url=https%3A%2F%2Fpanel.charsooq.com%2Fstorage%2F01KD7W28R9M57F4MPBTPSH8CT1.webp&w=640&q=75 HTTP/2.0" 200 14936 "https://charsooq.com/" "Mozilla/5.0 (Linux; Android 10; K) AppleWebKit/537.36 (KHTML, like Gecko) Chrome/151.0.0.0 Mobile Safari/537.36"
5.217.254.57 - - [28/Aug/2026:00:37:19 +0330] "GET /_next/image?url=https%3A%2F%2Fpanel.charsooq.com%2Fstorage%2F01KCR92KVH2GAESBCCCE4TDAEF.webp&w=640&q=75 HTTP/2.0" 200 16696 "https://charsooq.com/" "Mozilla/5.0 (Linux; Android 10; K) AppleWebKit/537.36 (KHTML, like Gecko) Chrome/151.0.0.0 Mobile Safari/537.36"
127.0.0.1 - - [28/Aug/2026:00:37:19 +0330] "GET /storage/01KCR92KVH2GAESBCCCE4TDAEF.webp HTTP/1.1" 200 118204 "-" "node"
5.217.254.57 - - [28/Aug/2026:00:37:19 +0330] "GET /_next/static/chunks/webpack-f27042854bafc0d3.js HTTP/2.0" 200 2127 "https://charsooq.com/" "Mozilla/5.0 (Linux; Android 10; K) AppleWebKit/537.36 (KHTML, like Gecko) Chrome/151.0.0.0 Mobile Safari/537.36"
5.217.254.57 - - [28/Aug/2026:00:37:20 +0330] "GET /_next/static/chunks/fd9d1056-9ff99acbd7fb9fe8.js HTTP/2.0" 200 53744 "https://charsooq.com/" "Mozilla/5.0 (Linux; Android 10; K) AppleWebKit/537.36 (KHTML, like Gecko) Chrome/151.0.0.0 Mobile Safari/537.36"
5.217.254.57 - - [28/Aug/2026:00:37:20 +0330] "GET /storage/01K7BR402XKVFCR55W677WXMYY.jpg HTTP/2.0" 200 289159 "https://charsooq.com/" "Mozilla/5.0 (Linux; Android 10; K) AppleWebKit/537.36 (KHTML, like Gecko) Chrome/151.0.0.0 Mobile Safari/537.36"
5.217.254.57 - - [28/Aug/2026:00:37:20 +0330] "GET /_next/static/chunks/2117-828e02dc1643a950.js HTTP/2.0" 200 32001 "https://charsooq.com/" "Mozilla/5.0 (Linux; Android 10; K) AppleWebKit/537.36 (KHTML, like Gecko) Chrome/151.0.0.0 Mobile Safari/537.36"
5.217.254.57 - - [28/Aug/2026:00:37:20 +0330] "GET /_next/static/chunks/main-app-9964935a240c0d39.js HTTP/2.0" 200 471 "https://charsooq.com/" "Mozilla/5.0 (Linux; Android 10; K) AppleWebKit/537.36 (KHTML, like Gecko) Chrome/151.0.0.0 Mobile Safari/537.36"
5.217.254.57 - - [28/Aug/2026:00:37:21 +0330] "GET /_next/static/chunks/2972-d7980624b2014943.js HTTP/2.0" 200 8732 "https://charsooq.com/" "Mozilla/5.0 (Linux; Android 10; K) AppleWebKit/537.36 (KHTML, like Gecko) Chrome/151.0.0.0 Mobile Safari/537.36"
5.217.254.57 - - [28/Aug/2026:00:37:21 +0330] "GET /_next/static/chunks/1580-575957d688ae25ac.js HTTP/2.0" 200 12089 "https://charsooq.com/" "Mozilla/5.0 (Linux; Android 10; K) AppleWebKit/537.36 (KHTML, like Gecko) Chrome/151.0.0.0 Mobile Safari/537.36"
5.217.254.57 - - [28/Aug/2026:00:37:21 +0330] "GET /_next/static/chunks/4438-ac5ce0d4a5fd9e15.js HTTP/2.0" 200 8260 "https://charsooq.com/" "Mozilla/5.0 (Linux; Android 10; K) AppleWebKit/537.36 (KHTML, like Gecko) Chrome/151.0.0.0 Mobile Safari/537.36"
5.217.254.57 - - [28/Aug/2026:00:37:21 +0330] "GET /_next/static/chunks/6137-97a90ba21cd4a885.js HTTP/2.0" 200 6706 "https://charsooq.com/" "Mozilla/5.0 (Linux; Android 10; K) AppleWebKit/537.36 (KHTML, like Gecko) Chrome/151.0.0.0 Mobile Safari/537.36"
5.217.254.57 - - [28/Aug/2026:00:37:21 +0330] "GET /_next/static/chunks/3462-b3fd13ed1d4f90e2.js HTTP/2.0" 200 1833 "https://charsooq.com/" "Mozilla/5.0 (Linux; Android 10; K) AppleWebKit/537.36 (KHTML, like Gecko) Chrome/151.0.0.0 Mobile Safari/537.36"
5.217.254.57 - - [28/Aug/2026:00:37:21 +0330] "GET /_next/static/chunks/3013-a9939c72e4a38977.js HTTP/2.0" 200 6860 "https://charsooq.com/" "Mozilla/5.0 (Linux; Android 10; K) AppleWebKit/537.36 (KHTML, like Gecko) Chrome/151.0.0.0 Mobile Safari/537.36"
5.217.254.57 - - [28/Aug/2026:00:37:21 +0330] "GET /_next/static/chunks/5878-8c4517462d65e9a5.js HTTP/2.0" 200 5170 "https://charsooq.com/" "Mozilla/5.0 (Linux; Android 10; K) AppleWebKit/537.36 (KHTML, like Gecko) Chrome/151.0.0.0 Mobile Safari/537.36"
5.217.254.57 - - [28/Aug/2026:00:37:21 +0330] "GET /_next/static/chunks/6818-72710ec856a66515.js HTTP/2.0" 200 2700 "https://charsooq.com/" "Mozilla/5.0 (Linux; Android 10; K) AppleWebKit/537.36 (KHTML, like Gecko) Chrome/151.0.0.0 Mobile Safari/537.36"
5.217.254.57 - - [28/Aug/2026:00:37:21 +0330] "GET /_next/static/chunks/5763-e3689baff1695fd1.js HTTP/2.0" 200 4387 "https://charsooq.com/" "Mozilla/5.0 (Linux; Android 10; K) AppleWebKit/537.36 (KHTML, like Gecko) Chrome/151.0.0.0 Mobile Safari/537.36"
5.217.254.57 - - [28/Aug/2026:00:37:21 +0330] "GET /_next/static/chunks/9064-bc53da8ff6805f5a.js HTTP/2.0" 200 4703 "https://charsooq.com/" "Mozilla/5.0 (Linux; Android 10; K) AppleWebKit/537.36 (KHTML, like Gecko) Chrome/151.0.0.0 Mobile Safari/537.36"
5.217.254.57 - - [28/Aug/2026:00:37:21 +0330] "GET /_next/static/chunks/1493-5bf6477734a442f1.js HTTP/2.0" 200 3468 "https://charsooq.com/" "Mozilla/5.0 (Linux; Android 10; K) AppleWebKit/537.36 (KHTML, like Gecko) Chrome/151.0.0.0 Mobile Safari/537.36"
5.217.254.57 - - [28/Aug/2026:00:37:21 +0330] "GET /_next/static/chunks/5605-342a49848bbf0c11.js HTTP/2.0" 200 6777 "https://charsooq.com/" "Mozilla/5.0 (Linux; Android 10; K) AppleWebKit/537.36 (KHTML, like Gecko) Chrome/151.0.0.0 Mobile Safari/537.36"
5.217.254.57 - - [28/Aug/2026:00:37:21 +0330] "GET /_next/static/chunks/2034-b6ee9baf8082b7dc.js HTTP/2.0" 200 10926 "https://charsooq.com/" "Mozilla/5.0 (Linux; Android 10; K) AppleWebKit/537.36 (KHTML, like Gecko) Chrome/151.0.0.0 Mobile Safari/537.36"
5.217.254.57 - - [28/Aug/2026:00:37:21 +0330] "GET /_next/static/chunks/1592-00644b699e0ed4d8.js HTTP/2.0" 200 7980 "https://charsooq.com/" "Mozilla/5.0 (Linux; Android 10; K) AppleWebKit/537.36 (KHTML, like Gecko) Chrome/151.0.0.0 Mobile Safari/537.36"
5.217.254.57 - - [28/Aug/2026:00:37:21 +0330] "GET /_next/static/chunks/8003-81602ee8b36ef204.js HTTP/2.0" 200 2418 "https://charsooq.com/" "Mozilla/5.0 (Linux; Android 10; K) AppleWebKit/537.36 (KHTML, like Gecko) Chrome/151.0.0.0 Mobile Safari/537.36"
5.217.254.57 - - [28/Aug/2026:00:37:21 +0330] "GET /_next/static/chunks/169-68dabecb1c163108.js HTTP/2.0" 200 6555 "https://charsooq.com/" "Mozilla/5.0 (Linux; Android 10; K) AppleWebKit/537.36 (KHTML, like Gecko) Chrome/151.0.0.0 Mobile Safari/537.36"
5.217.254.57 - - [28/Aug/2026:00:37:21 +0330] "GET /_next/static/chunks/9227-c2a8061d3143118a.js HTTP/2.0" 200 2320 "https://charsooq.com/" "Mozilla/5.0 (Linux; Android 10; K) AppleWebKit/537.36 (KHTML, like Gecko) Chrome/151.0.0.0 Mobile Safari/537.36"
5.217.254.57 - - [28/Aug/2026:00:37:21 +0330] "GET /_next/static/chunks/1188-8347881a51d7e866.js HTTP/2.0" 200 3364 "https://charsooq.com/" "Mozilla/5.0 (Linux; Android 10; K) AppleWebKit/537.36 (KHTML, like Gecko) Chrome/151.0.0.0 Mobile Safari/537.36"
5.217.254.57 - - [28/Aug/2026:00:37:21 +0330] "GET /_next/static/chunks/7463-8c14f85f0b9a94fe.js HTTP/2.0" 200 3339 "https://charsooq.com/" "Mozilla/5.0 (Linux; Android 10; K) AppleWebKit/537.36 (KHTML, like Gecko) Chrome/151.0.0.0 Mobile Safari/537.36"
5.217.254.57 - - [28/Aug/2026:00:37:21 +0330] "GET /_next/static/chunks/300-72da8991edf2ed5a.js HTTP/2.0" 200 33594 "https://charsooq.com/" "Mozilla/5.0 (Linux; Android 10; K) AppleWebKit/537.36 (KHTML, like Gecko) Chrome/151.0.0.0 Mobile Safari/537.36"
5.217.254.57 - - [28/Aug/2026:00:37:21 +0330] "GET /_next/static/chunks/2177-53f14356cddc2711.js HTTP/2.0" 200 3254 "https://charsooq.com/" "Mozilla/5.0 (Linux; Android 10; K) AppleWebKit/537.36 (KHTML, like Gecko) Chrome/151.0.0.0 Mobile Safari/537.36"
5.217.254.57 - - [28/Aug/2026:00:37:21 +0330] "GET /_next/static/chunks/app/page-759df78f59703adb.js HTTP/2.0" 200 1959 "https://charsooq.com/" "Mozilla/5.0 (Linux; Android 10; K) AppleWebKit/537.36 (KHTML, like Gecko) Chrome/151.0.0.0 Mobile Safari/537.36"
5.217.254.57 - - [28/Aug/2026:00:37:21 +0330] "GET /_next/static/chunks/4216-78fe3424349836f6.js HTTP/2.0" 200 7011 "https://charsooq.com/" "Mozilla/5.0 (Linux; Android 10; K) AppleWebKit/537.36 (KHTML, like Gecko) Chrome/151.0.0.0 Mobile Safari/537.36"
5.217.254.57 - - [28/Aug/2026:00:37:22 +0330] "GET /_next/static/chunks/3134-367eb482f3be54c2.js HTTP/2.0" 200 2334 "https://charsooq.com/" "Mozilla/5.0 (Linux; Android 10; K) AppleWebKit/537.36 (KHTML, like Gecko) Chrome/151.0.0.0 Mobile Safari/537.36"
5.217.254.57 - - [28/Aug/2026:00:37:22 +0330] "GET /_next/static/chunks/9470-129db663fb54ce77.js HTTP/2.0" 200 3092 "https://charsooq.com/" "Mozilla/5.0 (Linux; Android 10; K) AppleWebKit/537.36 (KHTML, like Gecko) Chrome/151.0.0.0 Mobile Safari/537.36"
5.217.254.57 - - [28/Aug/2026:00:37:22 +0330] "GET /_next/static/chunks/8472-05374d6b6d91921f.js HTTP/2.0" 200 9473 "https://charsooq.com/" "Mozilla/5.0 (Linux; Android 10; K) AppleWebKit/537.36 (KHTML, like Gecko) Chrome/151.0.0.0 Mobile Safari/537.36"
5.217.254.57 - - [28/Aug/2026:00:37:22 +0330] "GET /_next/static/chunks/873-fa2a34145b7f655b.js HTTP/2.0" 200 64908 "https://charsooq.com/" "Mozilla/5.0 (Linux; Android 10; K) AppleWebKit/537.36 (KHTML, like Gecko) Chrome/151.0.0.0 Mobile Safari/537.36"
5.217.254.57 - - [28/Aug/2026:00:37:22 +0330] "GET /_next/static/chunks/84-b6c070b37c66d77f.js HTTP/2.0" 200 2597 "https://charsooq.com/" "Mozilla/5.0 (Linux; Android 10; K) AppleWebKit/537.36 (KHTML, like Gecko) Chrome/151.0.0.0 Mobile Safari/537.36"
5.217.254.57 - - [28/Aug/2026:00:37:22 +0330] "GET /_next/static/chunks/app/layout-cb550aa8118c7c2c.js HTTP/2.0" 200 11535 "https://charsooq.com/" "Mozilla/5.0 (Linux; Android 10; K) AppleWebKit/537.36 (KHTML, like Gecko) Chrome/151.0.0.0 Mobile Safari/537.36"
5.217.254.57 - - [28/Aug/2026:00:37:22 +0330] "GET /_next/static/chunks/app/error-094d5bcef522249f.js HTTP/2.0" 200 673 "https://charsooq.com/" "Mozilla/5.0 (Linux; Android 10; K) AppleWebKit/537.36 (KHTML, like Gecko) Chrome/151.0.0.0 Mobile Safari/537.36"
5.217.254.57 - - [28/Aug/2026:00:37:22 +0330] "GET /assets/images/icons/instagram1.png HTTP/2.0" 200 1556 "https://charsooq.com/" "Mozilla/5.0 (Linux; Android 10; K) AppleWebKit/537.36 (KHTML, like Gecko) Chrome/151.0.0.0 Mobile Safari/537.36"
5.217.254.57 - - [28/Aug/2026:00:37:22 +0330] "GET /assets/images/icons/whatsapp.png HTTP/2.0" 200 763 "https://charsooq.com/" "Mozilla/5.0 (Linux; Android 10; K) AppleWebKit/537.36 (KHTML, like Gecko) Chrome/151.0.0.0 Mobile Safari/537.36"
5.217.254.57 - - [28/Aug/2026:00:37:22 +0330] "GET /assets/images/icons/telegram.png HTTP/2.0" 200 1179 "https://charsooq.com/" "Mozilla/5.0 (Linux; Android 10; K) AppleWebKit/537.36 (KHTML, like Gecko) Chrome/151.0.0.0 Mobile Safari/537.36"
127.0.0.1 - - [28/Aug/2026:00:37:22 +0330] "GET /storage/01K86C2WJ5BTW35M4WQY1ARM0W.jpg HTTP/1.1" 200 257693 "-" "node"
5.217.254.57 - - [28/Aug/2026:00:37:22 +0330] "GET /_next/image?url=https%3A%2F%2Fpanel.charsooq.com%2Fstorage%2F01K86C2WJ5BTW35M4WQY1ARM0W.jpg&w=640&q=75 HTTP/2.0" 200 16534 "https://charsooq.com/" "Mozilla/5.0 (Linux; Android 10; K) AppleWebKit/537.36 (KHTML, like Gecko) Chrome/151.0.0.0 Mobile Safari/537.36"
5.217.254.57 - - [28/Aug/2026:00:37:22 +0330] "GET /assets/images/home/charsooq-sug.webp HTTP/2.0" 200 28832 "https://charsooq.com/_next/static/css/91447b978d7716af.css" "Mozilla/5.0 (Linux; Android 10; K) AppleWebKit/537.36 (KHTML, like Gecko) Chrome/151.0.0.0 Mobile Safari/537.36"
127.0.0.1 - - [28/Aug/2026:00:37:22 +0330] "GET /storage/01K86BG0D1WEMNCNNJKE10YXQ3.jpg HTTP/1.1" 200 121544 "-" "node"
5.217.254.57 - - [28/Aug/2026:00:37:22 +0330] "GET /_next/image?url=https%3A%2F%2Fpanel.charsooq.com%2Fstorage%2F01K86BG0D1WEMNCNNJKE10YXQ3.jpg&w=640&q=75 HTTP/2.0" 200 24792 "https://charsooq.com/" "Mozilla/5.0 (Linux; Android 10; K) AppleWebKit/537.36 (KHTML, like Gecko) Chrome/151.0.0.0 Mobile Safari/537.36"
127.0.0.1 - - [28/Aug/2026:00:37:22 +0330] "GET /storage/01K86B6Z46YEXTNEG22HH3V6JD.jpg HTTP/1.1" 200 101329 "-" "node"
5.217.254.57 - - [28/Aug/2026:00:37:22 +0330] "GET /_next/image?url=https%3A%2F%2Fpanel.charsooq.com%2Fstorage%2F01K86B6Z46YEXTNEG22HH3V6JD.jpg&w=640&q=75 HTTP/2.0" 200 22388 "https://charsooq.com/" "Mozilla/5.0 (Linux; Android 10; K) AppleWebKit/537.36 (KHTML, like Gecko) Chrome/151.0.0.0 Mobile Safari/537.36"
127.0.0.1 - - [28/Aug/2026:00:37:22 +0330] "GET /storage/01K86AXVR1CPDP7XRQP0YNRWQ9.jpg HTTP/1.1" 200 116887 "-" "node"
5.217.254.57 - - [28/Aug/2026:00:37:22 +0330] "GET /_next/image?url=https%3A%2F%2Fpanel.charsooq.com%2Fstorage%2F01K86AXVR1CPDP7XRQP0YNRWQ9.jpg&w=640&q=75 HTTP/2.0" 200 40524 "https://charsooq.com/" "Mozilla/5.0 (Linux; Android 10; K) AppleWebKit/537.36 (KHTML, like Gecko) Chrome/151.0.0.0 Mobile Safari/537.36"
127.0.0.1 - - [28/Aug/2026:00:37:22 +0330] "GET /storage/01K3G78KBK02639K593VK9RFHM.jpg HTTP/1.1" 200 80312 "-" "node"
127.0.0.1 - - [28/Aug/2026:00:37:22 +0330] "GET /storage/01K3G6XJMEKTWF2PNNZ84GEQG1.jpg HTTP/1.1" 200 79260 "-" "node"
127.0.0.1 - - [28/Aug/2026:00:37:22 +0330] "GET /storage/01K3G6RKSR5MV2X4JVT9P6DWQJ.jpg HTTP/1.1" 200 79010 "-" "node"
127.0.0.1 - - [28/Aug/2026:00:37:22 +0330] "GET /storage/01K3G79AZZEVWC6WZRKBQWMB0V.jpg HTTP/1.1" 200 59062 "-" "node"
5.217.254.57 - - [28/Aug/2026:00:37:22 +0330] "GET /checkout?_rsc=19zvn HTTP/2.0" 200 1690 "https://charsooq.com/" "Mozilla/5.0 (Linux; Android 10; K) AppleWebKit/537.36 (KHTML, like Gecko) Chrome/151.0.0.0 Mobile Safari/537.36"
5.217.254.57 - - [28/Aug/2026:00:37:22 +0330] "GET /_next/image?url=https%3A%2F%2Fpanel.charsooq.com%2Fstorage%2F01K3G6XJMEKTWF2PNNZ84GEQG1.jpg&w=1920&q=75 HTTP/2.0" 200 23490 "https://charsooq.com/" "Mozilla/5.0 (Linux; Android 10; K) AppleWebKit/537.36 (KHTML, like Gecko) Chrome/151.0.0.0 Mobile Safari/537.36"
5.217.254.57 - - [28/Aug/2026:00:37:22 +0330] "GET /_next/image?url=https%3A%2F%2Fpanel.charsooq.com%2Fstorage%2F01K3G6RKSR5MV2X4JVT9P6DWQJ.jpg&w=1920&q=75 HTTP/2.0" 200 23744 "https://charsooq.com/" "Mozilla/5.0 (Linux; Android 10; K) AppleWebKit/537.36 (KHTML, like Gecko) Chrome/151.0.0.0 Mobile Safari/537.36"
5.217.254.57 - - [28/Aug/2026:00:37:22 +0330] "GET /_next/image?url=https%3A%2F%2Fpanel.charsooq.com%2Fstorage%2F01K3G79AZZEVWC6WZRKBQWMB0V.jpg&w=1920&q=75 HTTP/2.0" 200 13968 "https://charsooq.com/" "Mozilla/5.0 (Linux; Android 10; K) AppleWebKit/537.36 (KHTML, like Gecko) Chrome/151.0.0.0 Mobile Safari/537.36"
5.217.254.57 - - [28/Aug/2026:00:37:22 +0330] "GET /_next/image?url=https%3A%2F%2Fpanel.charsooq.com%2Fstorage%2F01K3G78KBK02639K593VK9RFHM.jpg&w=1920&q=75 HTTP/2.0" 200 24548 "https://charsooq.com/" "Mozilla/5.0 (Linux; Android 10; K) AppleWebKit/537.36 (KHTML, like Gecko) Chrome/151.0.0.0 Mobile Safari/537.36"
127.0.0.1 - - [28/Aug/2026:00:37:23 +0330] "GET /api/v1/show-products-offers/Iketoiletconversion HTTP/1.1" 301 169 "-" "node"
5.217.254.57 - - [28/Aug/2026:00:37:23 +0330] "GET /products-offer?page=1&_rsc=19zvn HTTP/2.0" 200 1470 "https://charsooq.com/" "Mozilla/5.0 (Linux; Android 10; K) AppleWebKit/537.36 (KHTML, like Gecko) Chrome/151.0.0.0 Mobile Safari/537.36"
5.217.254.57 - - [28/Aug/2026:00:37:23 +0330] "GET /amazon/products?page=1&category=clothing-shoes-jewelry&_rsc=19zvn HTTP/2.0" 200 1533 "https://charsooq.com/" "Mozilla/5.0 (Linux; Android 10; K) AppleWebKit/537.36 (KHTML, like Gecko) Chrome/151.0.0.0 Mobile Safari/537.36"
5.217.254.57 - - [28/Aug/2026:00:37:23 +0330] "GET /amazon/products?page=1&category=beauty-personal-care-fragrance&_rsc=19zvn HTTP/2.0" 200 1543 "https://charsooq.com/" "Mozilla/5.0 (Linux; Android 10; K) AppleWebKit/537.36 (KHTML, like Gecko) Chrome/151.0.0.0 Mobile Safari/537.36"
127.0.0.1 - - [28/Aug/2026:00:37:23 +0330] "GET /api/v1/show-products-offers/Iketoiletconversion HTTP/1.1" 200 3557 "-" "node"
5.217.254.57 - - [28/Aug/2026:00:37:23 +0330] "GET /products/Iketoiletconversion/%D8%AA%D8%A8%D8%AF%DB%8C%D9%84-%D8%AA%D9%88%D8%A7%D9%84%D8%AA-%D9%81%D8%B1%D9%86%DA%AF%DB%8C-%D8%A7%DB%8C%DA%A9%DB%8C%D8%A7?_rsc=19zvn HTTP/2.0" 200 2255 "https://charsooq.com/" "Mozilla/5.0 (Linux; Android 10; K) AppleWebKit/537.36 (KHTML, like Gecko) Chrome/151.0.0.0 Mobile Safari/537.36"
5.217.254.57 - - [28/Aug/2026:00:37:23 +0330] "GET /_next/static/chunks/4922.b90b86ef20984235.js HTTP/2.0" 200 425 "https://charsooq.com/" "Mozilla/5.0 (Linux; Android 10; K) AppleWebKit/537.36 (KHTML, like Gecko) Chrome/151.0.0.0 Mobile Safari/537.36"
5.217.254.57 - - [28/Aug/2026:00:37:23 +0330] "GET /_next/static/chunks/1495.b45bb862bd3e18ec.js HTTP/2.0" 200 779 "https://charsooq.com/" "Mozilla/5.0 (Linux; Android 10; K) AppleWebKit/537.36 (KHTML, like Gecko) Chrome/151.0.0.0 Mobile Safari/537.36"
5.217.254.57 - - [28/Aug/2026:00:37:23 +0330] "GET /_next/static/chunks/415.9bf722adfc74e289.js HTTP/2.0" 200 8742 "https://charsooq.com/" "Mozilla/5.0 (Linux; Android 10; K) AppleWebKit/537.36 (KHTML, like Gecko) Chrome/151.0.0.0 Mobile Safari/537.36"
