157.245.192.64 - - [28/Aug/2026:01:14:56 +0330] "GET /.well-known/apple-app-site-association HTTP/1.1" 404 84248 "-" "Mozilla/5.0 (compatible; WellKnownBot/0.1; +https://well-known.dev/about/#bot)"
127.0.0.1 - - [28/Aug/2026:01:15:01 +0330] "GET /api/v1/article-old-show/apple-app-site-association HTTP/1.1" 404 170 "-" "node"
127.0.0.1 - - [28/Aug/2026:01:15:02 +0330] "GET /api/v1/categories-amazon HTTP/1.1" 200 34230 "-" "node"
157.245.192.64 - - [28/Aug/2026:01:15:02 +0330] "GET /apple-app-site-association HTTP/1.1" 200 109922 "-" "Mozilla/5.0 (compatible; WellKnownBot/0.1; +https://well-known.dev/about/#bot)"
127.0.0.1 - - [28/Aug/2026:01:15:08 +0330] "GET /api/v1/categories-amazon HTTP/1.1" 200 34199 "-" "node"
157.245.192.64 - - [28/Aug/2026:01:15:08 +0330] "GET /.well-known/assetlinks.json HTTP/1.1" 404 84232 "-" "Mozilla/5.0 (compatible; WellKnownBot/0.1; +https://well-known.dev/about/#bot)"
127.0.0.1 - - [28/Aug/2026:01:15:12 +0330] "GET /api/v1/categories-amazon HTTP/1.1" 200 34199 "-" "node"
157.245.192.64 - - [28/Aug/2026:01:15:13 +0330] "GET /.well-known/gpc.json HTTP/1.1" 404 84231 "-" "Mozilla/5.0 (compatible; WellKnownBot/0.1; +https://well-known.dev/about/#bot)"
127.0.0.1 - - [28/Aug/2026:01:15:18 +0330] "GET /api/v1/categories-amazon HTTP/1.1" 200 34230 "-" "node"
157.245.192.64 - - [28/Aug/2026:01:15:18 +0330] "GET /.well-known/nodeinfo HTTP/1.1" 404 84230 "-" "Mozilla/5.0 (compatible; WellKnownBot/0.1; +https://well-known.dev/about/#bot)"
127.0.0.1 - - [28/Aug/2026:01:15:22 +0330] "GET /api/v1/categories-amazon HTTP/1.1" 200 34199 "-" "node"
157.245.192.64 - - [28/Aug/2026:01:15:23 +0330] "GET /.well-known/openid-configuration HTTP/1.1" 404 84238 "-" "Mozilla/5.0 (compatible; WellKnownBot/0.1; +https://well-known.dev/about/#bot)"
127.0.0.1 - - [28/Aug/2026:01:15:28 +0330] "GET /api/v1/categories-amazon HTTP/1.1" 200 34199 "-" "node"
157.245.192.64 - - [28/Aug/2026:01:15:28 +0330] "GET /.well-known/security.txt HTTP/1.1" 404 84233 "-" "Mozilla/5.0 (compatible; WellKnownBot/0.1; +https://well-known.dev/about/#bot)"
66.249.77.99 - - [28/Aug/2026:01:15:29 +0330] "GET /?u=579359018811 HTTP/1.1" 200 32196 "-" "Mozilla/5.0 (Linux; Android 6.0.1; Nexus 5X Build/MMB29P) AppleWebKit/537.36 (KHTML, like Gecko) Chrome/151.0.7922.173 Mobile Safari/537.36 (compatible; Googlebot/2.1; +http://www.google.com/bot.html)"
66.249.77.100 - - [28/Aug/2026:01:15:31 +0330] "GET /?u=3401351085100 HTTP/1.1" 200 33796 "-" "Mozilla/5.0 (Linux; Android 6.0.1; Nexus 5X Build/MMB29P) AppleWebKit/537.36 (KHTML, like Gecko) Chrome/152.0.7977.64 Mobile Safari/537.36 (compatible; Googlebot/2.1; +http://www.google.com/bot.html)"
127.0.0.1 - - [28/Aug/2026:01:15:31 +0330] "GET /api/v1/article-old-show/security.txt HTTP/1.1" 404 170 "-" "node"
127.0.0.1 - - [28/Aug/2026:01:15:33 +0330] "GET /api/v1/categories-amazon HTTP/1.1" 200 34230 "-" "node"
157.245.192.64 - - [28/Aug/2026:01:15:33 +0330] "GET /security.txt HTTP/1.1" 200 110009 "-" "Mozilla/5.0 (compatible; WellKnownBot/0.1; +https://well-known.dev/about/#bot)"
66.249.77.99 - - [28/Aug/2026:01:15:33 +0330] "GET /185025071.htm HTTP/1.1" 200 33704 "-" "Mozilla/5.0 (Linux; Android 6.0.1; Nexus 5X Build/MMB29P) AppleWebKit/537.36 (KHTML, like Gecko) Chrome/151.0.7922.173 Mobile Safari/537.36 (compatible; Googlebot/2.1; +http://www.google.com/bot.html)"
127.0.0.1 - - [28/Aug/2026:01:15:34 +0330] "GET /api/v2/sliders HTTP/1.1" 200 7479 "-" "node"
127.0.0.1 - - [28/Aug/2026:01:15:34 +0330] "GET /api/v1/categories-amazon HTTP/1.1" 200 34230 "-" "node"
127.0.0.1 - - [28/Aug/2026:01:15:35 +0330] "GET /api/v2/page-data HTTP/1.1" 200 36854 "-" "node"
172.16.20.25 - - [28/Aug/2026:01:15:35 +0330] "GET / HTTP/1.1" 200 338509 "-" "Mozilla/5.0 (compatible; PRTG Network Monitor (www.paessler.com); Windows)"
127.0.0.1 - - [28/Aug/2026:01:15:38 +0330] "GET /api/v1/categories-amazon HTTP/1.1" 200 34230 "-" "node"
157.245.192.64 - - [28/Aug/2026:01:15:38 +0330] "GET /.well-known/trust.txt HTTP/1.1" 404 84231 "-" "Mozilla/5.0 (compatible; WellKnownBot/0.1; +https://well-known.dev/about/#bot)"
127.0.0.1 - - [28/Aug/2026:01:15:42 +0330] "GET /api/v1/article-old-show/trust.txt HTTP/1.1" 404 170 "-" "node"
127.0.0.1 - - [28/Aug/2026:01:15:43 +0330] "GET /api/v1/categories-amazon HTTP/1.1" 200 34199 "-" "node"
157.245.192.64 - - [28/Aug/2026:01:15:43 +0330] "GET /trust.txt HTTP/1.1" 200 109898 "-" "Mozilla/5.0 (compatible; WellKnownBot/0.1; +https://well-known.dev/about/#bot)"
127.0.0.1 - - [28/Aug/2026:01:15:43 +0330] "GET /api/v1/show-products-offers/basic-atki-baliksirti-orgu HTTP/1.1" 301 169 "-" "node"
127.0.0.1 - - [28/Aug/2026:01:15:43 +0330] "GET /api/v1/show-products-offers/basic-atki-baliksirti-orgu HTTP/1.1" 200 1589 "-" "node"
127.0.0.1 - - [28/Aug/2026:01:15:44 +0330] "GET /api/v1/categories-amazon HTTP/1.1" 200 34230 "-" "node"
157.55.39.195 - - [28/Aug/2026:01:15:45 +0330] "GET /products/basic-atki-baliksirti-orgu/%D8%B4%D8%A7%D9%84-%DA%AF%D8%B1%D8%AF%D9%86 HTTP/2.0" 200 99798 "-" "Mozilla/5.0 AppleWebKit/537.36 (KHTML, like Gecko; compatible; bingbot/2.0; +http://www.bing.com/bingbot.htm) Chrome/116.0.1938.76 Safari/537.36"
66.249.77.101 - - [28/Aug/2026:01:16:28 +0330] "GET /?u=59350122143403 HTTP/1.1" 200 33747 "-" "Mozilla/5.0 (Linux; Android 6.0.1; Nexus 5X Build/MMB29P) AppleWebKit/537.36 (KHTML, like Gecko) Chrome/151.0.7922.173 Mobile Safari/537.36 (compatible; Googlebot/2.1; +http://www.google.com/bot.html)"
127.0.0.1 - - [28/Aug/2026:01:16:35 +0330] "GET /api/v1/categories-amazon HTTP/1.1" 200 34199 "-" "node"
172.16.20.25 - - [28/Aug/2026:01:16:35 +0330] "GET / HTTP/1.1" 200 338470 "-" "Mozilla/5.0 (compatible; PRTG Network Monitor (www.paessler.com); Windows)"
127.0.0.1 - - [28/Aug/2026:01:17:02 +0330] "GET /api/v2/article-show/labubu-doll HTTP/1.1" 200 96636 "-" "node"
127.0.0.1 - - [28/Aug/2026:01:17:03 +0330] "GET /api/v1/categories-amazon HTTP/1.1" 200 34199 "-" "node"
47.128.97.243 - - [28/Aug/2026:01:17:03 +0330] "GET /articles/labubu-doll HTTP/2.0" 200 103348 "-" "Mozilla/5.0 (Linux; Android 5.0) AppleWebKit/537.36 (KHTML, like Gecko) Mobile Safari/537.36 (compatible; Bytespider; spider-feedback@bytedance.com)"
66.249.77.101 - - [28/Aug/2026:01:17:04 +0330] "GET /?u=460293062800 HTTP/1.1" 200 37104 "-" "Mozilla/5.0 (compatible; Googlebot/2.1; +http://www.google.com/bot.html)"
47.128.97.243 - - [28/Aug/2026:01:17:04 +0330] "GET /storage/uploads/G6MGnH4kcEfj800tNyHJBmbNNqgWi5n7yH5GUxDQ.webp HTTP/2.0" 206 500 "https://charsooq.com/" "Mozilla/5.0 (Linux; Android 5.0) AppleWebKit/537.36 (KHTML, like Gecko) Mobile Safari/537.36 (compatible; Bytespider; spider-feedback@bytedance.com)"
47.128.97.243 - - [28/Aug/2026:01:17:04 +0330] "GET /storage/uploads/x0J9sn5vyH3UsonOEnMktZo1XaF9omX4qnpFNHuN.webp HTTP/2.0" 206 500 "https://charsooq.com/" "Mozilla/5.0 (Linux; Android 5.0) AppleWebKit/537.36 (KHTML, like Gecko) Mobile Safari/537.36 (compatible; Bytespider; spider-feedback@bytedance.com)"
47.128.97.243 - - [28/Aug/2026:01:17:04 +0330] "GET /storage/uploads/hSMUtjM76cHQcTzqhbJ3amJoqWGl6D8FiZMcYgI5.webp HTTP/2.0" 206 500 "https://charsooq.com/" "Mozilla/5.0 (Linux; Android 5.0) AppleWebKit/537.36 (KHTML, like Gecko) Mobile Safari/537.36 (compatible; Bytespider; spider-feedback@bytedance.com)"
47.128.97.243 - - [28/Aug/2026:01:17:04 +0330] "GET /storage/uploads/OADMiuSz2TWi2XsT5kktcbouljXbApWE2iMHXTBU.webp HTTP/2.0" 206 500 "https://charsooq.com/" "Mozilla/5.0 (Linux; Android 5.0) AppleWebKit/537.36 (KHTML, like Gecko) Mobile Safari/537.36 (compatible; Bytespider; spider-feedback@bytedance.com)"
47.128.97.243 - - [28/Aug/2026:01:17:04 +0330] "GET /storage/uploads/BWderjI3xIkclsgbmJLIMVyXhDVD70evcUyZwIYs.webp HTTP/2.0" 206 500 "https://charsooq.com/" "Mozilla/5.0 (Linux; Android 5.0) AppleWebKit/537.36 (KHTML, like Gecko) Mobile Safari/537.36 (compatible; Bytespider; spider-feedback@bytedance.com)"
47.128.97.243 - - [28/Aug/2026:01:17:04 +0330] "GET /storage/uploads/SI9V6R0gNTMe7v2irOiAsTUOS96P7COiEN80BgpB.webp HTTP/2.0" 206 500 "https://charsooq.com/" "Mozilla/5.0 (Linux; Android 5.0) AppleWebKit/537.36 (KHTML, like Gecko) Mobile Safari/537.36 (compatible; Bytespider; spider-feedback@bytedance.com)"
47.128.97.243 - - [28/Aug/2026:01:17:05 +0330] "GET /storage/uploads/8w4TReOYbakkCYziJy7Sl7A2HaXDcGxxVQrdbrLW.webp HTTP/2.0" 206 500 "https://charsooq.com/" "Mozilla/5.0 (Linux; Android 5.0) AppleWebKit/537.36 (KHTML, like Gecko) Mobile Safari/537.36 (compatible; Bytespider; spider-feedback@bytedance.com)"
66.249.77.99 - - [28/Aug/2026:01:17:32 +0330] "GET /?u=04108182487504 HTTP/1.1" 200 34557 "-" "Mozilla/5.0 (Linux; Android 6.0.1; Nexus 5X Build/MMB29P) AppleWebKit/537.36 (KHTML, like Gecko) Chrome/151.0.7922.173 Mobile Safari/537.36 (compatible; Googlebot/2.1; +http://www.google.com/bot.html)"
127.0.0.1 - - [28/Aug/2026:01:17:34 +0330] "GET /api/v2/sliders HTTP/1.1" 200 7479 "-" "node"
127.0.0.1 - - [28/Aug/2026:01:17:35 +0330] "GET /api/v1/categories-amazon HTTP/1.1" 200 34230 "-" "node"
127.0.0.1 - - [28/Aug/2026:01:17:36 +0330] "GET /api/v2/page-data HTTP/1.1" 200 36854 "-" "node"
172.16.20.25 - - [28/Aug/2026:01:17:36 +0330] "GET / HTTP/1.1" 200 338501 "-" "Mozilla/5.0 (compatible; PRTG Network Monitor (www.paessler.com); Windows)"
157.55.39.57 - - [28/Aug/2026:01:17:53 +0330] "GET /?u=77238179110100 HTTP/2.0" 200 34202 "-" "Mozilla/5.0 AppleWebKit/537.36 (KHTML, like Gecko; compatible; bingbot/2.0; +http://www.bing.com/bingbot.htm) Chrome/116.0.1938.76 Safari/537.36"
52.167.144.236 - - [28/Aug/2026:01:18:11 +0330] "GET /toyu/top/CSfTop.jsp HTTP/2.0" 200 33201 "-" "Mozilla/5.0 AppleWebKit/537.36 (KHTML, like Gecko; compatible; bingbot/2.0; +http://www.bing.com/bingbot.htm) Chrome/116.0.1938.76 Safari/537.36"
127.0.0.1 - - [28/Aug/2026:01:18:35 +0330] "GET /api/v1/categories-amazon HTTP/1.1" 200 34199 "-" "node"
172.16.20.25 - - [28/Aug/2026:01:18:35 +0330] "GET / HTTP/1.1" 200 338478 "-" "Mozilla/5.0 (compatible; PRTG Network Monitor (www.paessler.com); Windows)"
127.0.0.1 - - [28/Aug/2026:01:18:48 +0330] "GET /api/v2/sliders HTTP/1.1" 200 7479 "-" "node"
167.233.205.44 - - [28/Aug/2026:01:18:48 +0330] "GET /checkout/ebay?_rsc=jtohv HTTP/2.0" 200 2156 "https://charsooq.com/ebay" "Mozilla/5.0 (Linux; Android 10; K) AppleWebKit/537.36 (KHTML, like Gecko) Chrome/151.0.0.0 Mobile Safari/537.36"
167.233.205.44 - - [28/Aug/2026:01:18:48 +0330] "GET /_next/static/chunks/2429-dce83281d9dba3e1.js HTTP/2.0" 200 3524 "https://charsooq.com/ebay" "Mozilla/5.0 (Linux; Android 10; K) AppleWebKit/537.36 (KHTML, like Gecko) Chrome/151.0.0.0 Mobile Safari/537.36"
167.233.205.44 - - [28/Aug/2026:01:18:48 +0330] "GET /_next/static/chunks/7066-6c60a37439db4df6.js HTTP/2.0" 200 4191 "https://charsooq.com/ebay" "Mozilla/5.0 (Linux; Android 10; K) AppleWebKit/537.36 (KHTML, like Gecko) Chrome/151.0.0.0 Mobile Safari/537.36"
167.233.205.44 - - [28/Aug/2026:01:18:48 +0330] "GET /_next/static/chunks/479-ebad8de1381fddaf.js HTTP/2.0" 200 12386 "https://charsooq.com/ebay" "Mozilla/5.0 (Linux; Android 10; K) AppleWebKit/537.36 (KHTML, like Gecko) Chrome/151.0.0.0 Mobile Safari/537.36"
167.233.205.44 - - [28/Aug/2026:01:18:48 +0330] "GET /_next/static/chunks/app/checkout/ebay/page-4764b5a02d43e4b2.js HTTP/2.0" 200 3559 "https://charsooq.com/ebay" "Mozilla/5.0 (Linux; Android 10; K) AppleWebKit/537.36 (KHTML, like Gecko) Chrome/151.0.0.0 Mobile Safari/537.36"
127.0.0.1 - - [28/Aug/2026:01:18:48 +0330] "GET /api/v1/categories-amazon HTTP/1.1" 200 34230 "-" "node"
167.233.205.44 - - [28/Aug/2026:01:18:48 +0330] "GET /assets/images/icons/charsooq-logo.png HTTP/2.0" 200 3216 "https://charsooq.com/checkout/ebay" "Mozilla/5.0 (Linux; Android 10; K) AppleWebKit/537.36 (KHTML, like Gecko) Chrome/151.0.0.0 Mobile Safari/537.36"
167.233.205.44 - - [28/Aug/2026:01:18:49 +0330] "GET /checkout/amazon?_rsc=619nj HTTP/2.0" 200 1357 "https://charsooq.com/checkout/ebay" "Mozilla/5.0 (Linux; Android 10; K) AppleWebKit/537.36 (KHTML, like Gecko) Chrome/151.0.0.0 Mobile Safari/537.36"
167.233.205.44 - - [28/Aug/2026:01:18:49 +0330] "GET /checkout/charsooq?_rsc=619nj HTTP/2.0" 200 1357 "https://charsooq.com/checkout/ebay" "Mozilla/5.0 (Linux; Android 10; K) AppleWebKit/537.36 (KHTML, like Gecko) Chrome/151.0.0.0 Mobile Safari/537.36"
167.233.205.44 - - [28/Aug/2026:01:18:49 +0330] "GET /checkout/emirates?_rsc=619nj HTTP/2.0" 200 1359 "https://charsooq.com/checkout/ebay" "Mozilla/5.0 (Linux; Android 10; K) AppleWebKit/537.36 (KHTML, like Gecko) Chrome/151.0.0.0 Mobile Safari/537.36"
167.233.205.44 - - [28/Aug/2026:01:18:49 +0330] "GET /checkout/turkey?_rsc=619nj HTTP/2.0" 200 1356 "https://charsooq.com/checkout/ebay" "Mozilla/5.0 (Linux; Android 10; K) AppleWebKit/537.36 (KHTML, like Gecko) Chrome/151.0.0.0 Mobile Safari/537.36"
167.233.205.44 - - [28/Aug/2026:01:18:49 +0330] "GET /calculator?_rsc=619nj HTTP/2.0" 200 1408 "https://charsooq.com/checkout/ebay" "Mozilla/5.0 (Linux; Android 10; K) AppleWebKit/537.36 (KHTML, like Gecko) Chrome/151.0.0.0 Mobile Safari/537.36"
143.244.145.253 - - [28/Aug/2026:01:18:49 +0330] "POST / HTTP/1.1" 200 327139 "-" "Mozilla/5.0"
167.233.205.44 - - [28/Aug/2026:01:18:49 +0330] "GET /about-us?_rsc=619nj HTTP/2.0" 200 1364 "https://charsooq.com/checkout/ebay" "Mozilla/5.0 (Linux; Android 10; K) AppleWebKit/537.36 (KHTML, like Gecko) Chrome/151.0.0.0 Mobile Safari/537.36"
167.233.205.44 - - [28/Aug/2026:01:18:49 +0330] "GET /help?_rsc=619nj HTTP/2.0" 200 1528 "https://charsooq.com/checkout/ebay" "Mozilla/5.0 (Linux; Android 10; K) AppleWebKit/537.36 (KHTML, like Gecko) Chrome/151.0.0.0 Mobile Safari/537.36"
167.233.205.44 - - [28/Aug/2026:01:18:49 +0330] "GET /faq?_rsc=619nj HTTP/2.0" 200 1359 "https://charsooq.com/checkout/ebay" "Mozilla/5.0 (Linux; Android 10; K) AppleWebKit/537.36 (KHTML, like Gecko) Chrome/151.0.0.0 Mobile Safari/537.36"
167.233.205.44 - - [28/Aug/2026:01:18:49 +0330] "GET /articles?_rsc=619nj HTTP/2.0" 200 1795 "https://charsooq.com/checkout/ebay" "Mozilla/5.0 (Linux; Android 10; K) AppleWebKit/537.36 (KHTML, like Gecko) Chrome/151.0.0.0 Mobile Safari/537.36"
127.0.0.1 - - [28/Aug/2026:01:18:49 +0330] "GET /api/v2/page-data HTTP/1.1" 200 36854 "-" "node"
167.233.205.44 - - [28/Aug/2026:01:18:49 +0330] "GET /_next/image?url=%2Fassets%2Fimages%2Ficons%2Fenamad-icon.png&w=256&q=75 HTTP/2.0" 200 2578 "https://charsooq.com/" "Mozilla/5.0 (Linux; Android 10; K) AppleWebKit/537.36 (KHTML, like Gecko) Chrome/151.0.0.0 Mobile Safari/537.36"
167.233.205.44 - - [28/Aug/2026:01:18:49 +0330] "GET /manifest.json HTTP/2.0" 304 0 "https://charsooq.com/checkout/ebay" "Mozilla/5.0 (Linux; Android 10; K) AppleWebKit/537.36 (KHTML, like Gecko) Chrome/151.0.0.0 Mobile Safari/537.36"
167.233.205.44 - - [28/Aug/2026:01:18:49 +0330] "GET /_next/static/chunks/app/help/layout-bafecda7f594b8aa.js HTTP/2.0" 200 4169 "https://charsooq.com/checkout/ebay" "Mozilla/5.0 (Linux; Android 10; K) AppleWebKit/537.36 (KHTML, like Gecko) Chrome/151.0.0.0 Mobile Safari/537.36"
167.233.205.44 - - [28/Aug/2026:01:18:50 +0330] "GET /pwa-icon-180.png HTTP/2.0" 304 0 "https://charsooq.com/checkout/ebay" "Mozilla/5.0 (Linux; Android 10; K) AppleWebKit/537.36 (KHTML, like Gecko) Chrome/151.0.0.0 Mobile Safari/537.36"
167.233.205.44 - - [28/Aug/2026:01:18:50 +0330] "GET /16px.png HTTP/2.0" 200 9783 "https://charsooq.com/checkout/ebay" "Mozilla/5.0 (Linux; Android 10; K) AppleWebKit/537.36 (KHTML, like Gecko) Chrome/151.0.0.0 Mobile Safari/537.36"
127.0.0.1 - - [28/Aug/2026:01:18:51 +0330] "GET /api/v1/categories-amazon HTTP/1.1" 200 34230 "-" "node"
143.244.145.253 - - [28/Aug/2026:01:18:51 +0330] "POST / HTTP/1.1" 200 196067 "-" "Mozilla/5.0 (Windows NT 10.0; Win64; x64) AppleWebKit/537.36 (KHTML, like Gecko) Chrome/60.0.3112.113 Safari/537.36 Assetnote/1.0.0"
127.0.0.1 - - [28/Aug/2026:01:18:54 +0330] "GET /api/v1/categories-amazon HTTP/1.1" 200 34230 "-" "node"
143.244.145.253 - - [28/Aug/2026:01:18:54 +0330] "POST / HTTP/1.1" 200 294371 "-" "Mozilla/5.0"
127.0.0.1 - - [28/Aug/2026:01:19:00 +0330] "GET /api/v1/categories-amazon HTTP/1.1" 200 34230 "-" "node"
2.188.213.199 - - [28/Aug/2026:01:19:00 +0330] "GET / HTTP/2.0" 200 106227 "https://www.google.com/" "Mozilla/5.0 (Linux; Android 10; K) AppleWebKit/537.36 (KHTML, like Gecko) Chrome/151.0.0.0 Mobile Safari/537.36"
2.188.213.199 - - [28/Aug/2026:01:19:00 +0330] "GET /_next/image?url=%2Fassets%2Fimages%2Fhome%2Fcategory%2Fshoes.jpg&w=1920&q=75 HTTP/2.0" 200 13250 "https://charsooq.com/" "Mozilla/5.0 (Linux; Android 10; K) AppleWebKit/537.36 (KHTML, like Gecko) Chrome/151.0.0.0 Mobile Safari/537.36"
2.188.213.199 - - [28/Aug/2026:01:19:00 +0330] "GET /_next/static/media/c7178acf770b8f1a-s.p.ttf HTTP/2.0" 200 35704 "https://charsooq.com/" "Mozilla/5.0 (Linux; Android 10; K) AppleWebKit/537.36 (KHTML, like Gecko) Chrome/151.0.0.0 Mobile Safari/537.36"
2.188.213.199 - - [28/Aug/2026:01:19:00 +0330] "GET /_next/static/media/d36c74da9a95e091-s.p.ttf HTTP/2.0" 200 35196 "https://charsooq.com/" "Mozilla/5.0 (Linux; Android 10; K) AppleWebKit/537.36 (KHTML, like Gecko) Chrome/151.0.0.0 Mobile Safari/537.36"
2.188.213.199 - - [28/Aug/2026:01:19:00 +0330] "GET /_next/static/css/302d83c05ad27d8b.css HTTP/2.0" 200 369 "https://charsooq.com/" "Mozilla/5.0 (Linux; Android 10; K) AppleWebKit/537.36 (KHTML, like Gecko) Chrome/151.0.0.0 Mobile Safari/537.36"
2.188.213.199 - - [28/Aug/2026:01:19:00 +0330] "GET /_next/static/css/2c9caab41af7e337.css HTTP/2.0" 200 3175 "https://charsooq.com/" "Mozilla/5.0 (Linux; Android 10; K) AppleWebKit/537.36 (KHTML, like Gecko) Chrome/151.0.0.0 Mobile Safari/537.36"
2.188.213.199 - - [28/Aug/2026:01:19:00 +0330] "GET /_next/static/css/1fd47d1e4f3a64a0.css HTTP/2.0" 200 5002 "https://charsooq.com/" "Mozilla/5.0 (Linux; Android 10; K) AppleWebKit/537.36 (KHTML, like Gecko) Chrome/151.0.0.0 Mobile Safari/537.36"
2.188.213.199 - - [28/Aug/2026:01:19:00 +0330] "GET /_next/static/css/91447b978d7716af.css HTTP/2.0" 200 20418 "https://charsooq.com/" "Mozilla/5.0 (Linux; Android 10; K) AppleWebKit/537.36 (KHTML, like Gecko) Chrome/151.0.0.0 Mobile Safari/537.36"
2.188.213.199 - - [28/Aug/2026:01:19:01 +0330] "GET /_next/image?url=%2Fassets%2Fimages%2Fhome%2Fcategory%2Fcosmetic.jpg&w=1920&q=75 HTTP/2.0" 200 15462 "https://charsooq.com/" "Mozilla/5.0 (Linux; Android 10; K) AppleWebKit/537.36 (KHTML, like Gecko) Chrome/151.0.0.0 Mobile Safari/537.36"
2.188.213.199 - - [28/Aug/2026:01:19:01 +0330] "GET /_next/image?url=%2Fassets%2Fimages%2Fhome%2Fhome-instagram2.webp&w=1920&q=75 HTTP/2.0" 200 10150 "https://charsooq.com/" "Mozilla/5.0 (Linux; Android 10; K) AppleWebKit/537.36 (KHTML, like Gecko) Chrome/151.0.0.0 Mobile Safari/537.36"
2.188.213.199 - - [28/Aug/2026:01:19:01 +0330] "GET /_next/image?url=%2Fassets%2Fimages%2Fhome%2Fhome-telegram2.webp&w=1920&q=75 HTTP/2.0" 200 16878 "https://charsooq.com/" "Mozilla/5.0 (Linux; Android 10; K) AppleWebKit/537.36 (KHTML, like Gecko) Chrome/151.0.0.0 Mobile Safari/537.36"
2.188.213.199 - - [28/Aug/2026:01:19:01 +0330] "GET /_next/image?url=%2Fassets%2Fimages%2Ficons%2Ftelegram-icon.png&w=128&q=75 HTTP/2.0" 200 5724 "https://charsooq.com/" "Mozilla/5.0 (Linux; Android 10; K) AppleWebKit/537.36 (KHTML, like Gecko) Chrome/151.0.0.0 Mobile Safari/537.36"
2.188.213.199 - - [28/Aug/2026:01:19:01 +0330] "GET /assets/images/home/discount-background.webp HTTP/2.0" 200 59114 "https://charsooq.com/_next/static/css/2c9caab41af7e337.css" "Mozilla/5.0 (Linux; Android 10; K) AppleWebKit/537.36 (KHTML, like Gecko) Chrome/151.0.0.0 Mobile Safari/537.36"
2.188.213.199 - - [28/Aug/2026:01:19:01 +0330] "GET /_next/image?url=https%3A%2F%2Fpanel.charsooq.com%2Fstorage%2F01K86CG1QRVXB0PMTKY5EERBNB.jpg&w=640&q=75 HTTP/2.0" 200 5768 "https://charsooq.com/" "Mozilla/5.0 (Linux; Android 10; K) AppleWebKit/537.36 (KHTML, like Gecko) Chrome/151.0.0.0 Mobile Safari/537.36"
127.0.0.1 - - [28/Aug/2026:01:19:01 +0330] "GET /storage/01K86CG1QRVXB0PMTKY5EERBNB.jpg HTTP/1.1" 200 25489 "-" "node"
127.0.0.1 - - [28/Aug/2026:01:19:01 +0330] "GET /storage/01KFXB7VBNM3NRS4TMST0J77BY.jpg HTTP/1.1" 200 245196 "-" "node"
2.188.213.199 - - [28/Aug/2026:01:19:01 +0330] "GET /_next/image?url=https%3A%2F%2Fpanel.charsooq.com%2Fstorage%2F01KFXB7VBNM3NRS4TMST0J77BY.jpg&w=640&q=75 HTTP/2.0" 200 46206 "https://charsooq.com/" "Mozilla/5.0 (Linux; Android 10; K) AppleWebKit/537.36 (KHTML, like Gecko) Chrome/151.0.0.0 Mobile Safari/537.36"
127.0.0.1 - - [28/Aug/2026:01:19:01 +0330] "GET /storage/01KE1FP01NABFH9KQRP45ECBQ5.webp HTTP/1.1" 200 101104 "-" "node"
2.188.213.199 - - [28/Aug/2026:01:19:01 +0330] "GET /_next/image?url=https%3A%2F%2Fpanel.charsooq.com%2Fstorage%2F01KE1FP01NABFH9KQRP45ECBQ5.webp&w=640&q=75 HTTP/2.0" 200 20988 "https://charsooq.com/" "Mozilla/5.0 (Linux; Android 10; K) AppleWebKit/537.36 (KHTML, like Gecko) Chrome/151.0.0.0 Mobile Safari/537.36"
127.0.0.1 - - [28/Aug/2026:01:19:01 +0330] "GET /storage/01KD7W28R9M57F4MPBTPSH8CT1.webp HTTP/1.1" 200 114466 "-" "node"
2.188.213.199 - - [28/Aug/2026:01:19:01 +0330] "GET /_next/image?url=https%3A%2F%2Fpanel.charsooq.com%2Fstorage%2F01KD7W28R9M57F4MPBTPSH8CT1.webp&w=640&q=75 HTTP/2.0" 200 14936 "https://charsooq.com/" "Mozilla/5.0 (Linux; Android 10; K) AppleWebKit/537.36 (KHTML, like Gecko) Chrome/151.0.0.0 Mobile Safari/537.36"
127.0.0.1 - - [28/Aug/2026:01:19:01 +0330] "GET /storage/01KCR92KVH2GAESBCCCE4TDAEF.webp HTTP/1.1" 200 118204 "-" "node"
2.188.213.199 - - [28/Aug/2026:01:19:01 +0330] "GET /_next/image?url=https%3A%2F%2Fpanel.charsooq.com%2Fstorage%2F01KCR92KVH2GAESBCCCE4TDAEF.webp&w=640&q=75 HTTP/2.0" 200 16696 "https://charsooq.com/" "Mozilla/5.0 (Linux; Android 10; K) AppleWebKit/537.36 (KHTML, like Gecko) Chrome/151.0.0.0 Mobile Safari/537.36"
2.188.213.199 - - [28/Aug/2026:01:19:02 +0330] "GET /_next/static/chunks/webpack-f27042854bafc0d3.js HTTP/2.0" 200 2127 "https://charsooq.com/" "Mozilla/5.0 (Linux; Android 10; K) AppleWebKit/537.36 (KHTML, like Gecko) Chrome/151.0.0.0 Mobile Safari/537.36"
2.188.213.199 - - [28/Aug/2026:01:19:02 +0330] "GET /_next/static/chunks/fd9d1056-9ff99acbd7fb9fe8.js HTTP/2.0" 200 53744 "https://charsooq.com/" "Mozilla/5.0 (Linux; Android 10; K) AppleWebKit/537.36 (KHTML, like Gecko) Chrome/151.0.0.0 Mobile Safari/537.36"
2.188.213.199 - - [28/Aug/2026:01:19:02 +0330] "GET /_next/static/chunks/2117-828e02dc1643a950.js HTTP/2.0" 200 32001 "https://charsooq.com/" "Mozilla/5.0 (Linux; Android 10; K) AppleWebKit/537.36 (KHTML, like Gecko) Chrome/151.0.0.0 Mobile Safari/537.36"
2.188.213.199 - - [28/Aug/2026:01:19:03 +0330] "GET /storage/01K7BR402XKVFCR55W677WXMYY.jpg HTTP/2.0" 200 262144 "https://charsooq.com/" "Mozilla/5.0 (Linux; Android 10; K) AppleWebKit/537.36 (KHTML, like Gecko) Chrome/151.0.0.0 Mobile Safari/537.36"
66.249.77.99 - - [28/Aug/2026:01:19:27 +0330] "GET /?u=6414725390805 HTTP/1.1" 200 33341 "-" "Mozilla/5.0 (Linux; Android 6.0.1; Nexus 5X Build/MMB29P) AppleWebKit/537.36 (KHTML, like Gecko) Chrome/151.0.7922.173 Mobile Safari/537.36 (compatible; Googlebot/2.1; +http://www.google.com/bot.html)"
66.249.77.100 - - [28/Aug/2026:01:19:29 +0330] "GET /?u=9208039510805 HTTP/1.1" 200 32495 "-" "Mozilla/5.0 (Linux; Android 6.0.1; Nexus 5X Build/MMB29P) AppleWebKit/537.36 (KHTML, like Gecko) Chrome/151.0.7922.173 Mobile Safari/537.36 (compatible; Googlebot/2.1; +http://www.google.com/bot.html)"
127.0.0.1 - - [28/Aug/2026:01:19:35 +0330] "GET /api/v1/categories-amazon HTTP/1.1" 200 34199 "-" "node"
172.16.20.25 - - [28/Aug/2026:01:19:35 +0330] "GET / HTTP/1.1" 200 338462 "-" "Mozilla/5.0 (compatible; PRTG Network Monitor (www.paessler.com); Windows)"
127.0.0.1 - - [28/Aug/2026:01:19:54 +0330] "GET /api/v1/show-products-offers/EDIFICEEFR-526D-2A HTTP/1.1" 301 169 "-" "node"
127.0.0.1 - - [28/Aug/2026:01:19:54 +0330] "GET /api/v1/show-products-offers/EDIFICEEFR-526D-2A HTTP/1.1" 200 2192 "-" "node"
157.55.39.57 - - [28/Aug/2026:01:19:54 +0330] "GET /?u=0727025122600 HTTP/2.0" 200 33393 "-" "Mozilla/5.0 AppleWebKit/537.36 (KHTML, like Gecko; compatible; bingbot/2.0; +http://www.bing.com/bingbot.htm) Chrome/116.0.1938.76 Safari/537.36"
127.0.0.1 - - [28/Aug/2026:01:19:55 +0330] "GET /api/v1/categories-amazon HTTP/1.1" 200 34199 "-" "node"
113.190.3.99 - - [28/Aug/2026:01:19:55 +0330] "GET /products/EDIFICEEFR-526D-2A/%D8%B3%D8%A7%D8%B9%D8%AA-%D9%85%DA%86%DB%8C-%D9%85%D8%B1%D8%AF%D8%A7%D9%86%D9%87-%DA%A9%D8%A7%D8%B3%DB%8C%D9%88-%D8%A7%D8%AF%DB%8C%D9%81%D8%A7%DB%8C%D8%B3 HTTP/2.0" 200 100180 "https://charsooq.com" "Mozilla/5.0 (Windows NT 10.0; Win64; x64) AppleWebKit/537.36 (KHTML, like Gecko) Chrome/145.0.0.0 Safari/537.36 Edg/145.0.0.0"
66.249.77.96 - - [28/Aug/2026:01:20:07 +0330] "GET /storage/uploads/7dWP4iArYpgRnYr6fAdYdxR5HgswWRVt7JNnNUGD.webp HTTP/1.1" 301 169 "-" "Googlebot-Image/1.0"
66.249.77.99 - - [28/Aug/2026:01:20:07 +0330] "GET /storage/uploads/7dWP4iArYpgRnYr6fAdYdxR5HgswWRVt7JNnNUGD.webp HTTP/1.1" 200 52204 "-" "Googlebot-Image/1.0"
127.0.0.1 - - [28/Aug/2026:01:20:34 +0330] "GET /api/v2/sliders HTTP/1.1" 200 7479 "-" "node"
127.0.0.1 - - [28/Aug/2026:01:20:35 +0330] "GET /api/v1/categories-amazon HTTP/1.1" 200 34230 "-" "node"
127.0.0.1 - - [28/Aug/2026:01:20:36 +0330] "GET /api/v2/page-data HTTP/1.1" 200 36854 "-" "node"
172.16.20.25 - - [28/Aug/2026:01:20:36 +0330] "GET / HTTP/1.1" 200 338501 "-" "Mozilla/5.0 (compatible; PRTG Network Monitor (www.paessler.com); Windows)"
157.55.39.57 - - [28/Aug/2026:01:20:36 +0330] "GET /?u=2021050522800 HTTP/2.0" 200 32614 "-" "Mozilla/5.0 AppleWebKit/537.36 (KHTML, like Gecko; compatible; bingbot/2.0; +http://www.bing.com/bingbot.htm) Chrome/116.0.1938.76 Safari/537.36"
157.55.39.57 - - [28/Aug/2026:01:20:38 +0330] "GET /?u=92039290944300 HTTP/2.0" 200 34824 "-" "Mozilla/5.0 AppleWebKit/537.36 (KHTML, like Gecko; compatible; bingbot/2.0; +http://www.bing.com/bingbot.htm) Chrome/116.0.1938.76 Safari/537.36"
40.77.167.41 - - [28/Aug/2026:01:20:40 +0330] "GET /?u=73612189601604 HTTP/2.0" 200 32983 "-" "Mozilla/5.0 AppleWebKit/537.36 (KHTML, like Gecko; compatible; bingbot/2.0; +http://www.bing.com/bingbot.htm) Chrome/116.0.1938.76 Safari/537.36"
157.55.39.57 - - [28/Aug/2026:01:20:40 +0330] "GET /?u=8652261558902 HTTP/2.0" 200 33359 "-" "Mozilla/5.0 AppleWebKit/537.36 (KHTML, like Gecko; compatible; bingbot/2.0; +http://www.bing.com/bingbot.htm) Chrome/116.0.1938.76 Safari/537.36"
40.77.167.41 - - [28/Aug/2026:01:20:42 +0330] "GET /?u=1257049136505 HTTP/2.0" 200 32858 "-" "Mozilla/5.0 AppleWebKit/537.36 (KHTML, like Gecko; compatible; bingbot/2.0; +http://www.bing.com/bingbot.htm) Chrome/116.0.1938.76 Safari/537.36"
40.77.167.41 - - [28/Aug/2026:01:20:43 +0330] "GET /?u=7817968832402 HTTP/2.0" 200 33580 "-" "Mozilla/5.0 AppleWebKit/537.36 (KHTML, like Gecko; compatible; bingbot/2.0; +http://www.bing.com/bingbot.htm) Chrome/116.0.1938.76 Safari/537.36"
52.167.144.236 - - [28/Aug/2026:01:20:45 +0330] "GET /?u=858998980504 HTTP/2.0" 200 33138 "-" "Mozilla/5.0 AppleWebKit/537.36 (KHTML, like Gecko; compatible; bingbot/2.0; +http://www.bing.com/bingbot.htm) Chrome/116.0.1938.76 Safari/537.36"
52.167.144.236 - - [28/Aug/2026:01:20:48 +0330] "GET /?u=1332665037705 HTTP/2.0" 200 32870 "-" "Mozilla/5.0 AppleWebKit/537.36 (KHTML, like Gecko; compatible; bingbot/2.0; +http://www.bing.com/bingbot.htm) Chrome/116.0.1938.76 Safari/537.36"
52.167.144.236 - - [28/Aug/2026:01:20:49 +0330] "GET /?u=25663228175000 HTTP/2.0" 200 34485 "-" "Mozilla/5.0 AppleWebKit/537.36 (KHTML, like Gecko; compatible; bingbot/2.0; +http://www.bing.com/bingbot.htm) Chrome/116.0.1938.76 Safari/537.36"
40.77.167.41 - - [28/Aug/2026:01:20:50 +0330] "GET /?u=8793130009601 HTTP/2.0" 200 33185 "-" "Mozilla/5.0 AppleWebKit/537.36 (KHTML, like Gecko; compatible; bingbot/2.0; +http://www.bing.com/bingbot.htm) Chrome/116.0.1938.76 Safari/537.36"
40.77.167.41 - - [28/Aug/2026:01:20:51 +0330] "GET /?u=0818381514901 HTTP/2.0" 200 32756 "-" "Mozilla/5.0 AppleWebKit/537.36 (KHTML, like Gecko; compatible; bingbot/2.0; +http://www.bing.com/bingbot.htm) Chrome/116.0.1938.76 Safari/537.36"
40.77.167.41 - - [28/Aug/2026:01:20:53 +0330] "GET /?u=0006129383904 HTTP/2.0" 200 34586 "-" "Mozilla/5.0 AppleWebKit/537.36 (KHTML, like Gecko; compatible; bingbot/2.0; +http://www.bing.com/bingbot.htm) Chrome/116.0.1938.76 Safari/537.36"
157.55.39.57 - - [28/Aug/2026:01:20:55 +0330] "GET /?u=1609728906801 HTTP/2.0" 200 33031 "-" "Mozilla/5.0 AppleWebKit/537.36 (KHTML, like Gecko; compatible; bingbot/2.0; +http://www.bing.com/bingbot.htm) Chrome/116.0.1938.76 Safari/537.36"
66.249.77.99 - - [28/Aug/2026:01:21:01 +0330] "GET /?u=9846250345401 HTTP/1.1" 200 32727 "-" "Mozilla/5.0 (Linux; Android 6.0.1; Nexus 5X Build/MMB29P) AppleWebKit/537.36 (KHTML, like Gecko) Chrome/151.0.7922.173 Mobile Safari/537.36 (compatible; Googlebot/2.1; +http://www.google.com/bot.html)"
127.0.0.1 - - [28/Aug/2026:01:21:14 +0330] "GET /api/v3/product-show/amz-B006ZN4SP4?amazon_region=undefined HTTP/1.1" 301 169 "-" "node"
127.0.0.1 - - [28/Aug/2026:01:21:14 +0330] "GET /api/v3/product-show/amz-B006ZN4SP4?amazon_region= HTTP/1.1" 301 169 "-" "node"
127.0.0.1 - - [28/Aug/2026:01:21:14 +0330] "GET /api/v3/product-show/amz-B006ZN4SP4?amazon_region=undefined HTTP/1.1" 200 22890 "-" "node"
127.0.0.1 - - [28/Aug/2026:01:21:14 +0330] "GET /api/v3/product-show/amz-B006ZN4SP4?amazon_region= HTTP/1.1" 200 22890 "-" "node"
127.0.0.1 - - [28/Aug/2026:01:21:15 +0330] "GET /api/v1/categories-amazon HTTP/1.1" 200 34199 "-" "node"
157.55.39.48 - - [28/Aug/2026:01:21:16 +0330] "GET /product/amz-B006ZN4SP4/Celestron-UpClose-G2-10-30x50-Binocular-10-30x-Zoom-Binoculars-for-Beginners-Multi-Coated-Optics-for-Bird-Watching-Wildlife-Scenery-and-Hunting-Porro-Prism-Includes-Soft-Carrying-Case HTTP/2.0" 200 106542 "-" "Mozilla/5.0 AppleWebKit/537.36 (KHTML, like Gecko; compatible; bingbot/2.0; +http://www.bing.com/bingbot.htm) Chrome/116.0.1938.76 Safari/537.36"
127.0.0.1 - - [28/Aug/2026:01:21:27 +0330] "GET /api/v3/product-show/amz-B0006I46S8?amazon_region=undefined HTTP/1.1" 301 169 "-" "node"
127.0.0.1 - - [28/Aug/2026:01:21:27 +0330] "GET /api/v3/product-show/amz-B0006I46S8?amazon_region= HTTP/1.1" 301 169 "-" "node"
127.0.0.1 - - [28/Aug/2026:01:21:27 +0330] "GET /api/v3/product-show/amz-B0006I46S8?amazon_region= HTTP/1.1" 200 5660 "-" "node"
127.0.0.1 - - [28/Aug/2026:01:21:27 +0330] "GET /api/v3/product-show/amz-B0006I46S8?amazon_region=undefined HTTP/1.1" 200 5660 "-" "node"
127.0.0.1 - - [28/Aug/2026:01:21:28 +0330] "GET /api/v1/categories-amazon HTTP/1.1" 200 34230 "-" "node"
52.167.144.216 - - [28/Aug/2026:01:21:28 +0330] "GET /product/amz-B0006I46S8/Vanity-Fair-Women-s-Perfectly-Yours-High-Waisted-Brief-Panties HTTP/2.0" 200 105983 "-" "Mozilla/5.0 AppleWebKit/537.36 (KHTML, like Gecko; compatible; bingbot/2.0; +http://www.bing.com/bingbot.htm) Chrome/116.0.1938.76 Safari/537.36"
127.0.0.1 - - [28/Aug/2026:01:21:28 +0330] "GET /api/v3/product-show/amz-B0BCH4V145?amazon_region=undefined HTTP/1.1" 301 169 "-" "node"
127.0.0.1 - - [28/Aug/2026:01:21:28 +0330] "GET /api/v3/product-show/amz-B0BCH4V145?amazon_region= HTTP/1.1" 301 169 "-" "node"
127.0.0.1 - - [28/Aug/2026:01:21:28 +0330] "GET /api/v3/product-show/amz-B0BCH4V145?amazon_region=undefined HTTP/1.1" 200 4933 "-" "node"
127.0.0.1 - - [28/Aug/2026:01:21:28 +0330] "GET /api/v3/product-show/amz-B0BCH4V145?amazon_region= HTTP/1.1" 200 4933 "-" "node"
127.0.0.1 - - [28/Aug/2026:01:21:29 +0330] "GET /api/v1/categories-amazon HTTP/1.1" 200 34199 "-" "node"
52.167.144.216 - - [28/Aug/2026:01:21:30 +0330] "GET /product/amz-B0BCH4V145/Precision-Picatinny-Bubble-Level-Anti-Cant-Level HTTP/2.0" 200 104903 "-" "Mozilla/5.0 AppleWebKit/537.36 (KHTML, like Gecko; compatible; bingbot/2.0; +http://www.bing.com/bingbot.htm) Chrome/116.0.1938.76 Safari/537.36"
127.0.0.1 - - [28/Aug/2026:01:21:35 +0330] "GET /api/v1/categories-amazon HTTP/1.1" 200 34199 "-" "node"
172.16.20.25 - - [28/Aug/2026:01:21:35 +0330] "GET / HTTP/1.1" 200 338470 "-" "Mozilla/5.0 (compatible; PRTG Network Monitor (www.paessler.com); Windows)"
4.204.200.136 - - [28/Aug/2026:01:21:44 +0330] "GET /wp-content/plugins/hellopress/wp_filemanager.php HTTP/1.1" 301 169 "-" "-"
127.0.0.1 - - [28/Aug/2026:01:21:45 +0330] "GET /api/v1/categories-amazon HTTP/1.1" 200 34230 "-" "node"
4.204.200.136 - - [28/Aug/2026:01:21:46 +0330] "GET /wp-content/plugins/hellopress/wp_filemanager.php HTTP/1.1" 404 229657 "-" "-"
4.204.200.136 - - [28/Aug/2026:01:21:46 +0330] "GET /this_is_a_new_hello_world.php HTTP/1.1" 301 169 "-" "-"
127.0.0.1 - - [28/Aug/2026:01:21:47 +0330] "GET /api/v1/article-old-show/this_is_a_new_hello_world HTTP/1.1" 404 170 "-" "node"
127.0.0.1 - - [28/Aug/2026:01:21:48 +0330] "GET /api/v1/categories-amazon HTTP/1.1" 200 34230 "-" "node"
4.204.200.136 - - [28/Aug/2026:01:21:48 +0330] "GET /this_is_a_new_hello_world.php HTTP/1.1" 200 288730 "-" "-"
4.204.200.136 - - [28/Aug/2026:01:21:49 +0330] "GET /filefuns.php HTTP/1.1" 301 169 "-" "-"
127.0.0.1 - - [28/Aug/2026:01:21:49 +0330] "GET /api/v1/article-old-show/filefuns HTTP/1.1" 404 170 "-" "node"
127.0.0.1 - - [28/Aug/2026:01:21:50 +0330] "GET /api/v1/categories-amazon HTTP/1.1" 200 34230 "-" "node"
4.204.200.136 - - [28/Aug/2026:01:21:50 +0330] "GET /filefuns.php HTTP/1.1" 200 288662 "-" "-"
4.204.200.136 - - [28/Aug/2026:01:21:52 +0330] "GET /wp-cron.php HTTP/1.1" 301 169 "-" "-"
127.0.0.1 - - [28/Aug/2026:01:21:52 +0330] "GET /api/v1/article-old-show/wp-cron HTTP/1.1" 404 170 "-" "node"
127.0.0.1 - - [28/Aug/2026:01:21:53 +0330] "GET /api/v1/categories-amazon HTTP/1.1" 200 34199 "-" "node"
4.204.200.136 - - [28/Aug/2026:01:21:53 +0330] "GET /wp-cron.php HTTP/1.1" 200 288650 "-" "-"
4.204.200.136 - - [28/Aug/2026:01:21:55 +0330] "GET /lock360.php HTTP/1.1" 301 169 "-" "-"
127.0.0.1 - - [28/Aug/2026:01:21:55 +0330] "GET /api/v1/article-old-show/lock360 HTTP/1.1" 404 170 "-" "node"
127.0.0.1 - - [28/Aug/2026:01:21:57 +0330] "GET /api/v1/categories-amazon HTTP/1.1" 200 34199 "-" "node"
4.204.200.136 - - [28/Aug/2026:01:21:57 +0330] "GET /lock360.php HTTP/1.1" 200 288650 "-" "-"
4.204.200.136 - - [28/Aug/2026:01:21:59 +0330] "GET /wp-theme.php HTTP/1.1" 301 169 "-" "-"
127.0.0.1 - - [28/Aug/2026:01:21:59 +0330] "GET /api/v1/article-old-show/wp-theme HTTP/1.1" 404 170 "-" "node"
127.0.0.1 - - [28/Aug/2026:01:22:00 +0330] "GET /api/v1/categories-amazon HTTP/1.1" 200 34230 "-" "node"
4.204.200.136 - - [28/Aug/2026:01:22:00 +0330] "GET /wp-theme.php HTTP/1.1" 200 288662 "-" "-"
4.204.200.136 - - [28/Aug/2026:01:22:02 +0330] "GET /2d7433/index.php HTTP/1.1" 301 169 "-" "-"
127.0.0.1 - - [28/Aug/2026:01:22:04 +0330] "GET /api/v1/categories-amazon HTTP/1.1" 200 34230 "-" "node"
4.204.200.136 - - [28/Aug/2026:01:22:04 +0330] "GET /2d7433/index.php HTTP/1.1" 404 229712 "-" "-"
4.204.200.136 - - [28/Aug/2026:01:22:06 +0330] "GET /wp-login.php HTTP/1.1" 301 169 "-" "-"
127.0.0.1 - - [28/Aug/2026:01:22:07 +0330] "GET /api/v1/article-old-show/wp-login HTTP/1.1" 404 170 "-" "node"
127.0.0.1 - - [28/Aug/2026:01:22:08 +0330] "GET /api/v1/categories-amazon HTTP/1.1" 200 34199 "-" "node"
4.204.200.136 - - [28/Aug/2026:01:22:08 +0330] "GET /wp-login.php HTTP/1.1" 200 288654 "-" "-"
4.204.200.136 - - [28/Aug/2026:01:22:12 +0330] "GET /images.php HTTP/1.1" 301 169 "-" "-"
127.0.0.1 - - [28/Aug/2026:01:22:13 +0330] "GET /api/v1/article-old-show/images HTTP/1.1" 404 170 "-" "node"
127.0.0.1 - - [28/Aug/2026:01:22:14 +0330] "GET /api/v1/categories-amazon HTTP/1.1" 200 34230 "-" "node"
4.204.200.136 - - [28/Aug/2026:01:22:14 +0330] "GET /images.php HTTP/1.1" 200 288654 "-" "-"
4.204.200.136 - - [28/Aug/2026:01:22:21 +0330] "GET /ops.php HTTP/1.1" 301 169 "-" "-"
127.0.0.1 - - [28/Aug/2026:01:22:22 +0330] "GET /api/v1/article-old-show/ops HTTP/1.1" 404 170 "-" "node"
127.0.0.1 - - [28/Aug/2026:01:22:23 +0330] "GET /api/v1/categories-amazon HTTP/1.1" 200 34230 "-" "node"
4.204.200.136 - - [28/Aug/2026:01:22:23 +0330] "GET /ops.php HTTP/1.1" 200 288634 "-" "-"
4.204.200.136 - - [28/Aug/2026:01:22:31 +0330] "GET /4PJcpMFsD8B.php HTTP/1.1" 301 169 "-" "-"
127.0.0.1 - - [28/Aug/2026:01:22:32 +0330] "GET /api/v1/article-old-show/4PJcpMFsD8B HTTP/1.1" 404 170 "-" "node"
127.0.0.1 - - [28/Aug/2026:01:22:33 +0330] "GET /api/v1/categories-amazon HTTP/1.1" 200 34230 "-" "node"
4.204.200.136 - - [28/Aug/2026:01:22:33 +0330] "GET /4PJcpMFsD8B.php HTTP/1.1" 200 288674 "-" "-"
127.0.0.1 - - [28/Aug/2026:01:22:34 +0330] "GET /api/v2/sliders HTTP/1.1" 200 7479 "-" "node"
127.0.0.1 - - [28/Aug/2026:01:22:35 +0330] "GET /api/v1/categories-amazon HTTP/1.1" 200 34199 "-" "node"
127.0.0.1 - - [28/Aug/2026:01:22:36 +0330] "GET /api/v2/page-data HTTP/1.1" 200 36854 "-" "node"
172.16.20.25 - - [28/Aug/2026:01:22:36 +0330] "GET / HTTP/1.1" 200 338501 "-" "Mozilla/5.0 (compatible; PRTG Network Monitor (www.paessler.com); Windows)"
4.204.200.136 - - [28/Aug/2026:01:22:44 +0330] "GET /3PJcpMFsD8B.php HTTP/1.1" 301 169 "-" "-"
127.0.0.1 - - [28/Aug/2026:01:22:44 +0330] "GET /api/v1/article-old-show/3PJcpMFsD8B HTTP/1.1" 404 170 "-" "node"
127.0.0.1 - - [28/Aug/2026:01:22:45 +0330] "GET /api/v1/categories-amazon HTTP/1.1" 200 34230 "-" "node"
4.204.200.136 - - [28/Aug/2026:01:22:45 +0330] "GET /3PJcpMFsD8B.php HTTP/1.1" 200 288666 "-" "-"
4.204.200.136 - - [28/Aug/2026:01:22:55 +0330] "GET /about.php HTTP/1.1" 301 169 "-" "-"
127.0.0.1 - - [28/Aug/2026:01:22:55 +0330] "GET /api/v1/article-old-show/about HTTP/1.1" 404 170 "-" "node"
127.0.0.1 - - [28/Aug/2026:01:22:56 +0330] "GET /api/v1/categories-amazon HTTP/1.1" 200 34199 "-" "node"
4.204.200.136 - - [28/Aug/2026:01:22:56 +0330] "GET /about.php HTTP/1.1" 200 288642 "-" "-"
4.204.200.136 - - [28/Aug/2026:01:23:05 +0330] "GET /admin.php/admin.php HTTP/1.1" 301 169 "-" "-"
127.0.0.1 - - [28/Aug/2026:01:23:06 +0330] "GET /api/v1/categories-amazon HTTP/1.1" 200 34230 "-" "node"
4.204.200.136 - - [28/Aug/2026:01:23:06 +0330] "GET /admin.php/admin.php HTTP/1.1" 404 229715 "-" "-"
66.249.77.100 - - [28/Aug/2026:01:23:12 +0330] "GET /?u=3173064185403 HTTP/1.1" 200 32296 "-" "Mozilla/5.0 (Linux; Android 6.0.1; Nexus 5X Build/MMB29P) AppleWebKit/537.36 (KHTML, like Gecko) Chrome/151.0.7922.173 Mobile Safari/537.36 (compatible; Googlebot/2.1; +http://www.google.com/bot.html)"
4.204.200.136 - - [28/Aug/2026:01:23:13 +0330] "GET /media.php HTTP/1.1" 301 169 "-" "-"
127.0.0.1 - - [28/Aug/2026:01:23:14 +0330] "GET /api/v1/article-old-show/media HTTP/1.1" 404 170 "-" "node"
127.0.0.1 - - [28/Aug/2026:01:23:14 +0330] "GET /api/v1/categories-amazon HTTP/1.1" 200 34199 "-" "node"
4.204.200.136 - - [28/Aug/2026:01:23:14 +0330] "GET /media.php HTTP/1.1" 200 288642 "-" "-"
4.204.200.136 - - [28/Aug/2026:01:23:24 +0330] "GET /mac.php HTTP/1.1" 301 169 "-" "-"
127.0.0.1 - - [28/Aug/2026:01:23:24 +0330] "GET /api/v1/article-old-show/mac HTTP/1.1" 404 170 "-" "node"
127.0.0.1 - - [28/Aug/2026:01:23:25 +0330] "GET /api/v1/categories-amazon HTTP/1.1" 200 34199 "-" "node"
4.204.200.136 - - [28/Aug/2026:01:23:25 +0330] "GET /mac.php HTTP/1.1" 200 288642 "-" "-"
4.204.200.136 - - [28/Aug/2026:01:23:32 +0330] "GET /1.php HTTP/1.1" 301 169 "-" "-"
127.0.0.1 - - [28/Aug/2026:01:23:32 +0330] "GET /api/v1/article-old-show/1 HTTP/1.1" 404 170 "-" "node"
127.0.0.1 - - [28/Aug/2026:01:23:33 +0330] "GET /api/v1/categories-amazon HTTP/1.1" 200 34230 "-" "node"
4.204.200.136 - - [28/Aug/2026:01:23:33 +0330] "GET /1.php HTTP/1.1" 200 288626 "-" "-"
157.55.39.196 - - [28/Aug/2026:01:23:34 +0330] "GET /?u=78712292569402 HTTP/2.0" 200 33156 "-" "Mozilla/5.0 AppleWebKit/537.36 (KHTML, like Gecko; compatible; bingbot/2.0; +http://www.bing.com/bingbot.htm) Chrome/116.0.1938.76 Safari/537.36"
127.0.0.1 - - [28/Aug/2026:01:23:34 +0330] "GET /api/v1/categories-amazon HTTP/1.1" 200 34230 "-" "node"
172.16.20.25 - - [28/Aug/2026:01:23:35 +0330] "GET / HTTP/1.1" 200 338470 "-" "Mozilla/5.0 (compatible; PRTG Network Monitor (www.paessler.com); Windows)"
157.55.39.196 - - [28/Aug/2026:01:23:37 +0330] "GET /?u=1657433797507 HTTP/2.0" 200 32165 "-" "Mozilla/5.0 AppleWebKit/537.36 (KHTML, like Gecko; compatible; bingbot/2.0; +http://www.bing.com/bingbot.htm) Chrome/116.0.1938.76 Safari/537.36"
4.204.200.136 - - [28/Aug/2026:01:23:38 +0330] "GET /classwithtostring.php?p= HTTP/1.1" 301 169 "-" "-"
127.0.0.1 - - [28/Aug/2026:01:23:38 +0330] "GET /api/v1/article-old-show/classwithtostring HTTP/1.1" 404 170 "-" "node"
127.0.0.1 - - [28/Aug/2026:01:23:39 +0330] "GET /api/v1/categories-amazon HTTP/1.1" 200 34199 "-" "node"
4.204.200.136 - - [28/Aug/2026:01:23:39 +0330] "GET /classwithtostring.php?p= HTTP/1.1" 200 288722 "-" "-"
4.204.200.136 - - [28/Aug/2026:01:23:42 +0330] "GET /wp-ws68.php?p= HTTP/1.1" 301 169 "-" "-"
40.77.167.41 - - [28/Aug/2026:01:23:42 +0330] "GET /?u=93477167908309 HTTP/2.0" 200 33948 "-" "Mozilla/5.0 AppleWebKit/537.36 (KHTML, like Gecko; compatible; bingbot/2.0; +http://www.bing.com/bingbot.htm) Chrome/116.0.1938.76 Safari/537.36"
127.0.0.1 - - [28/Aug/2026:01:23:42 +0330] "GET /api/v1/article-old-show/wp-ws68 HTTP/1.1" 404 170 "-" "node"
127.0.0.1 - - [28/Aug/2026:01:23:43 +0330] "GET /api/v1/categories-amazon HTTP/1.1" 200 34199 "-" "node"
4.204.200.136 - - [28/Aug/2026:01:23:43 +0330] "GET /wp-ws68.php?p= HTTP/1.1" 200 288675 "-" "-"
40.77.167.41 - - [28/Aug/2026:01:23:44 +0330] "GET /?u=91744189122000 HTTP/2.0" 200 32778 "-" "Mozilla/5.0 AppleWebKit/537.36 (KHTML, like Gecko; compatible; bingbot/2.0; +http://www.bing.com/bingbot.htm) Chrome/116.0.1938.76 Safari/537.36"
40.77.167.41 - - [28/Aug/2026:01:23:46 +0330] "GET /?u=71804132763204 HTTP/2.0" 200 32047 "-" "Mozilla/5.0 AppleWebKit/537.36 (KHTML, like Gecko; compatible; bingbot/2.0; +http://www.bing.com/bingbot.htm) Chrome/116.0.1938.76 Safari/537.36"
4.204.200.136 - - [28/Aug/2026:01:23:47 +0330] "GET /simple.php HTTP/1.1" 301 169 "-" "-"
127.0.0.1 - - [28/Aug/2026:01:23:48 +0330] "GET /api/v1/article-old-show/simple HTTP/1.1" 404 170 "-" "node"
52.167.144.236 - - [28/Aug/2026:01:23:48 +0330] "GET /?u=081122897120 HTTP/2.0" 200 31413 "-" "Mozilla/5.0 AppleWebKit/537.36 (KHTML, like Gecko; compatible; bingbot/2.0; +http://www.bing.com/bingbot.htm) Chrome/116.0.1938.76 Safari/537.36"
40.77.167.41 - - [28/Aug/2026:01:23:48 +0330] "GET /?u=232843145002 HTTP/2.0" 200 33075 "-" "Mozilla/5.0 AppleWebKit/537.36 (KHTML, like Gecko; compatible; bingbot/2.0; +http://www.bing.com/bingbot.htm) Chrome/116.0.1938.76 Safari/537.36"
127.0.0.1 - - [28/Aug/2026:01:23:48 +0330] "GET /api/v1/categories-amazon HTTP/1.1" 200 34230 "-" "node"
4.204.200.136 - - [28/Aug/2026:01:23:48 +0330] "GET /simple.php HTTP/1.1" 200 288646 "-" "-"
52.167.144.236 - - [28/Aug/2026:01:23:49 +0330] "GET /?u=75542276605502 HTTP/2.0" 200 34467 "-" "Mozilla/5.0 AppleWebKit/537.36 (KHTML, like Gecko; compatible; bingbot/2.0; +http://www.bing.com/bingbot.htm) Chrome/116.0.1938.76 Safari/537.36"
4.204.200.136 - - [28/Aug/2026:01:23:51 +0330] "GET /aaa.php?p= HTTP/1.1" 301 169 "-" "-"
127.0.0.1 - - [28/Aug/2026:01:23:51 +0330] "GET /api/v1/article-old-show/aaa HTTP/1.1" 404 170 "-" "node"
127.0.0.1 - - [28/Aug/2026:01:23:52 +0330] "GET /api/v1/categories-amazon HTTP/1.1" 200 34230 "-" "node"
4.204.200.136 - - [28/Aug/2026:01:23:52 +0330] "GET /aaa.php?p= HTTP/1.1" 200 288658 "-" "-"
127.0.0.1 - - [28/Aug/2026:01:23:55 +0330] "GET /api/v1/categories-amazon HTTP/1.1" 200 34230 "-" "node"
157.55.39.48 - - [28/Aug/2026:01:23:55 +0330] "GET /login HTTP/2.0" 200 83585 "-" "Mozilla/5.0 AppleWebKit/537.36 (KHTML, like Gecko; compatible; bingbot/2.0; +http://www.bing.com/bingbot.htm) Chrome/116.0.1938.76 Safari/537.36"
4.204.200.136 - - [28/Aug/2026:01:23:55 +0330] "GET /wp-admin/css/colors/modern/ HTTP/1.1" 301 169 "-" "-"
4.204.200.136 - - [28/Aug/2026:01:23:56 +0330] "GET /wp-admin/css/colors/modern/ HTTP/1.1" 308 38 "-" "-"
127.0.0.1 - - [28/Aug/2026:01:23:57 +0330] "GET /api/v1/categories-amazon HTTP/1.1" 200 34199 "-" "node"
127.0.0.1 - - [28/Aug/2026:01:23:57 +0330] "GET /api/v1/show-products-offers/HBC00003KMYEYjune HTTP/1.1" 301 169 "-" "node"
4.204.200.136 - - [28/Aug/2026:01:23:57 +0330] "GET /wp-admin/css/colors/modern HTTP/1.1" 404 229722 "-" "-"
127.0.0.1 - - [28/Aug/2026:01:23:57 +0330] "GET /api/v1/show-products-offers/HBC00003KMYEYjune HTTP/1.1" 200 1274 "-" "node"
127.0.0.1 - - [28/Aug/2026:01:23:57 +0330] "GET /api/v1/categories-amazon HTTP/1.1" 200 34199 "-" "node"
196.75.17.69 - - [28/Aug/2026:01:23:58 +0330] "GET /products/HBC00003KMYEYjune/%D8%A8%D8%A7%D9%81%D8%AA-%D8%B2%D9%86%D8%A7%D9%86%D9%87-%D8%AC%D9%88%D9%86-hbc00003kmyey-%7C-june HTTP/2.0" 200 99780 "https://charsooq.com" "Mozilla/5.0 (Macintosh; Intel Mac OS X 10_15_7) AppleWebKit/537.36 (KHTML, like Gecko) Chrome/144.0.0.0 Safari/537.36"
4.204.200.136 - - [28/Aug/2026:01:23:59 +0330] "GET /wp-admin/css/colors/sunrise/ HTTP/1.1" 301 169 "-" "-"
4.204.200.136 - - [28/Aug/2026:01:23:59 +0330] "GET /wp-admin/css/colors/sunrise/ HTTP/1.1" 308 39 "-" "-"
127.0.0.1 - - [28/Aug/2026:01:24:00 +0330] "GET /api/v1/categories-amazon HTTP/1.1" 200 34199 "-" "node"
4.204.200.136 - - [28/Aug/2026:01:24:00 +0330] "GET /wp-admin/css/colors/sunrise HTTP/1.1" 404 229731 "-" "-"
52.167.144.236 - - [28/Aug/2026:01:24:01 +0330] "GET /?u=99018133183400 HTTP/2.0" 200 35009 "-" "Mozilla/5.0 AppleWebKit/537.36 (KHTML, like Gecko; compatible; bingbot/2.0; +http://www.bing.com/bingbot.htm) Chrome/116.0.1938.76 Safari/537.36"
4.204.200.136 - - [28/Aug/2026:01:24:02 +0330] "GET /shiny.php HTTP/1.1" 301 169 "-" "-"
127.0.0.1 - - [28/Aug/2026:01:24:02 +0330] "GET /api/v1/article-old-show/shiny HTTP/1.1" 404 170 "-" "node"
127.0.0.1 - - [28/Aug/2026:01:24:03 +0330] "GET /api/v1/categories-amazon HTTP/1.1" 200 34230 "-" "node"
4.204.200.136 - - [28/Aug/2026:01:24:03 +0330] "GET /shiny.php HTTP/1.1" 200 288642 "-" "-"
4.204.200.136 - - [28/Aug/2026:01:24:05 +0330] "GET /goods.php HTTP/1.1" 301 169 "-" "-"
127.0.0.1 - - [28/Aug/2026:01:24:05 +0330] "GET /api/v1/article-old-show/goods HTTP/1.1" 404 170 "-" "node"
127.0.0.1 - - [28/Aug/2026:01:24:06 +0330] "GET /api/v1/categories-amazon HTTP/1.1" 200 34199 "-" "node"
4.204.200.136 - - [28/Aug/2026:01:24:06 +0330] "GET /goods.php HTTP/1.1" 200 288642 "-" "-"
127.0.0.1 - - [28/Aug/2026:01:24:07 +0330] "GET /api/v1/show-products-offers/LegoPorsche10220b HTTP/1.1" 301 169 "-" "node"
127.0.0.1 - - [28/Aug/2026:01:24:07 +0330] "GET /api/v1/show-products-offers/LegoPorsche10220b HTTP/1.1" 200 3870 "-" "node"
127.0.0.1 - - [28/Aug/2026:01:24:08 +0330] "GET /api/v1/categories-amazon HTTP/1.1" 200 34230 "-" "node"
78.190.3.202 - - [28/Aug/2026:01:24:08 +0330] "GET /products/LegoPorsche10220b/%D9%84%DA%AF%D9%88-%D8%AA%DA%A9%D9%86%DB%8C%DA%A9-%D9%85%D8%A7%D8%B4%DB%8C%D9%86-%D9%BE%D9%88%D8%B1%D8%B4%D9%87-964-%D8%AA%D8%B9%D8%AF%D8%A7%D8%AF-2435-%D9%82%D8%B7%D8%B9%D9%87-%D9%85%D8%AF%D9%84-10220b HTTP/2.0" 200 101179 "https://charsooq.com" "Mozilla/5.0 (Macintosh; Intel Mac OS X 10_15_7) AppleWebKit/537.36 (KHTML, like Gecko) Chrome/144.0.0.0 Safari/537.36"
4.204.200.136 - - [28/Aug/2026:01:24:08 +0330] "GET /166.php HTTP/1.1" 301 169 "-" "-"
127.0.0.1 - - [28/Aug/2026:01:24:08 +0330] "GET /api/v1/article-old-show/166 HTTP/1.1" 404 170 "-" "node"
127.0.0.1 - - [28/Aug/2026:01:24:09 +0330] "GET /api/v1/categories-amazon HTTP/1.1" 200 34230 "-" "node"
4.204.200.136 - - [28/Aug/2026:01:24:09 +0330] "GET /166.php HTTP/1.1" 200 288634 "-" "-"
4.204.200.136 - - [28/Aug/2026:01:24:10 +0330] "GET /000.php/index.php HTTP/1.1" 301 169 "-" "-"
127.0.0.1 - - [28/Aug/2026:01:24:12 +0330] "GET /api/v1/categories-amazon HTTP/1.1" 200 34230 "-" "node"
4.204.200.136 - - [28/Aug/2026:01:24:12 +0330] "GET /000.php/index.php HTTP/1.1" 404 229713 "-" "-"
4.204.200.136 - - [28/Aug/2026:01:24:13 +0330] "GET /Jcrop.php HTTP/1.1" 301 169 "-" "-"
127.0.0.1 - - [28/Aug/2026:01:24:13 +0330] "GET /api/v1/article-old-show/Jcrop HTTP/1.1" 404 170 "-" "node"
157.55.39.48 - - [28/Aug/2026:01:24:13 +0330] "GET /_next/static/chunks/app/login/layout-b47310a4214897df.js HTTP/2.0" 200 1530 "https://charsooq.com/login" "Mozilla/5.0 AppleWebKit/537.36 (KHTML, like Gecko; compatible; bingbot/2.0; +http://www.bing.com/bingbot.htm) Chrome/136.0.0.0 Safari/537.36 AppleWebKit/537.36 (KHTML, like Gecko; compatible; bingbot/2.0; +http://www.bing.com/bingbot.htm) Chrome/116.0.1938.76 Safari/537.36"
127.0.0.1 - - [28/Aug/2026:01:24:14 +0330] "GET /api/v1/categories-amazon HTTP/1.1" 200 34199 "-" "node"
4.204.200.136 - - [28/Aug/2026:01:24:14 +0330] "GET /Jcrop.php HTTP/1.1" 200 288650 "-" "-"
4.204.200.136 - - [28/Aug/2026:01:24:15 +0330] "GET /35iDq8NAjLu.php HTTP/1.1" 301 169 "-" "-"
127.0.0.1 - - [28/Aug/2026:01:24:15 +0330] "GET /api/v1/article-old-show/35iDq8NAjLu HTTP/1.1" 404 170 "-" "node"
127.0.0.1 - - [28/Aug/2026:01:24:16 +0330] "GET /api/v1/categories-amazon HTTP/1.1" 200 34230 "-" "node"
4.204.200.136 - - [28/Aug/2026:01:24:16 +0330] "GET /35iDq8NAjLu.php HTTP/1.1" 200 288666 "-" "-"
52.167.144.216 - - [28/Aug/2026:01:24:17 +0330] "GET /_next/static/chunks/2429-dce83281d9dba3e1.js HTTP/2.0" 200 3524 "https://charsooq.com/login" "Mozilla/5.0 AppleWebKit/537.36 (KHTML, like Gecko; compatible; bingbot/2.0; +http://www.bing.com/bingbot.htm) Chrome/136.0.0.0 Safari/537.36 AppleWebKit/537.36 (KHTML, like Gecko; compatible; bingbot/2.0; +http://www.bing.com/bingbot.htm) Chrome/116.0.1938.76 Safari/537.36"
52.167.144.216 - - [28/Aug/2026:01:24:17 +0330] "GET /_next/static/chunks/app/login/page-446b05261a4274ea.js HTTP/2.0" 200 3073 "https://charsooq.com/login" "Mozilla/5.0 AppleWebKit/537.36 (KHTML, like Gecko; compatible; bingbot/2.0; +http://www.bing.com/bingbot.htm) Chrome/136.0.0.0 Safari/537.36 AppleWebKit/537.36 (KHTML, like Gecko; compatible; bingbot/2.0; +http://www.bing.com/bingbot.htm) Chrome/116.0.1938.76 Safari/537.36"
4.204.200.136 - - [28/Aug/2026:01:24:18 +0330] "GET /btx25.php HTTP/1.1" 301 169 "-" "-"
127.0.0.1 - - [28/Aug/2026:01:24:18 +0330] "GET /api/v1/article-old-show/btx25 HTTP/1.1" 404 170 "-" "node"
127.0.0.1 - - [28/Aug/2026:01:24:19 +0330] "GET /api/v1/categories-amazon HTTP/1.1" 200 34230 "-" "node"
