4.205.62.107 - - [28/Aug/2026:02:16:40 +0330] "GET /doc.php HTTP/1.1" 404 27 "-" "-"
4.205.62.107 - - [28/Aug/2026:02:16:40 +0330] "GET /fun.php HTTP/1.1" 301 169 "-" "-"
4.205.62.107 - - [28/Aug/2026:02:16:40 +0330] "GET /fun.php HTTP/1.1" 404 27 "-" "-"
4.205.62.107 - - [28/Aug/2026:02:16:40 +0330] "GET /bb.php HTTP/1.1" 301 169 "-" "-"
4.205.62.107 - - [28/Aug/2026:02:16:41 +0330] "GET /bb.php HTTP/1.1" 404 27 "-" "-"
4.205.62.107 - - [28/Aug/2026:02:16:41 +0330] "GET /06.php HTTP/1.1" 301 169 "-" "-"
5.215.110.31 - - [28/Aug/2026:02:16:42 +0330] "GET /_next/image?url=https%3A%2F%2Fpanel.charsooq.com%2Fstorage%2F01K85XJ14R02M5WX4G3RCTM11E.webp&w=640&q=75 HTTP/2.0" 200 8558 "https://charsooq.com/ebay" "Mozilla/5.0 (Linux; Android 10; K) AppleWebKit/537.36 (KHTML, like Gecko) SamsungBrowser/30.0 Chrome/143.0.0.0 Mobile Safari/537.36"
127.0.0.1 - - [28/Aug/2026:02:16:42 +0330] "GET /storage/01K85XJ14R02M5WX4G3RCTM11E.webp HTTP/1.1" 200 39572 "-" "node"
4.205.62.107 - - [28/Aug/2026:02:16:43 +0330] "GET /06.php HTTP/1.1" 404 27 "-" "-"
4.205.62.107 - - [28/Aug/2026:02:16:43 +0330] "GET /otuz1.php HTTP/1.1" 301 169 "-" "-"
4.205.62.107 - - [28/Aug/2026:02:16:44 +0330] "GET /otuz1.php HTTP/1.1" 404 27 "-" "-"
4.205.62.107 - - [28/Aug/2026:02:16:44 +0330] "GET /filesystems.php HTTP/1.1" 301 169 "-" "-"
4.205.62.107 - - [28/Aug/2026:02:16:44 +0330] "GET /filesystems.php HTTP/1.1" 404 27 "-" "-"
4.205.62.107 - - [28/Aug/2026:02:16:44 +0330] "GET /server_info.php HTTP/1.1" 301 169 "-" "-"
4.205.62.107 - - [28/Aug/2026:02:16:44 +0330] "GET /server_info.php HTTP/1.1" 404 27 "-" "-"
4.205.62.107 - - [28/Aug/2026:02:16:44 +0330] "GET /87.php HTTP/1.1" 301 169 "-" "-"
4.205.62.107 - - [28/Aug/2026:02:16:45 +0330] "GET /87.php HTTP/1.1" 404 27 "-" "-"
4.205.62.107 - - [28/Aug/2026:02:16:45 +0330] "GET /kedi.php HTTP/1.1" 301 169 "-" "-"
4.205.62.107 - - [28/Aug/2026:02:16:45 +0330] "GET /kedi.php HTTP/1.1" 404 27 "-" "-"
4.205.62.107 - - [28/Aug/2026:02:16:45 +0330] "GET /wp-content/maintenance.php HTTP/1.1" 301 169 "-" "-"
4.205.62.107 - - [28/Aug/2026:02:16:46 +0330] "GET /wp-content/maintenance.php HTTP/1.1" 404 27 "-" "-"
4.205.62.107 - - [28/Aug/2026:02:16:46 +0330] "GET /upload.form.php HTTP/1.1" 301 169 "-" "-"
4.205.62.107 - - [28/Aug/2026:02:16:46 +0330] "GET /upload.form.php HTTP/1.1" 404 27 "-" "-"
4.205.62.107 - - [28/Aug/2026:02:16:46 +0330] "GET /v3.php HTTP/1.1" 301 169 "-" "-"
4.205.62.107 - - [28/Aug/2026:02:16:46 +0330] "GET /v3.php HTTP/1.1" 404 27 "-" "-"
4.205.62.107 - - [28/Aug/2026:02:16:47 +0330] "GET /sale.php HTTP/1.1" 301 169 "-" "-"
4.205.62.107 - - [28/Aug/2026:02:16:47 +0330] "GET /sale.php HTTP/1.1" 404 27 "-" "-"
4.205.62.107 - - [28/Aug/2026:02:16:47 +0330] "GET /wp-content/themes/luJMF.php HTTP/1.1" 301 169 "-" "-"
4.205.62.107 - - [28/Aug/2026:02:16:47 +0330] "GET /wp-content/themes/luJMF.php HTTP/1.1" 404 27 "-" "-"
4.205.62.107 - - [28/Aug/2026:02:16:48 +0330] "GET /packed.php HTTP/1.1" 301 169 "-" "-"
4.205.62.107 - - [28/Aug/2026:02:16:48 +0330] "GET /packed.php HTTP/1.1" 404 27 "-" "-"
4.205.62.107 - - [28/Aug/2026:02:16:48 +0330] "GET /phpi.php HTTP/1.1" 301 169 "-" "-"
4.205.62.107 - - [28/Aug/2026:02:16:48 +0330] "GET /phpi.php HTTP/1.1" 404 27 "-" "-"
4.205.62.107 - - [28/Aug/2026:02:16:48 +0330] "GET /config_dev.php HTTP/1.1" 301 169 "-" "-"
4.205.62.107 - - [28/Aug/2026:02:16:49 +0330] "GET /config_dev.php HTTP/1.1" 404 27 "-" "-"
4.205.62.107 - - [28/Aug/2026:02:16:49 +0330] "GET /oc460l3x.php HTTP/1.1" 301 169 "-" "-"
4.205.62.107 - - [28/Aug/2026:02:16:49 +0330] "GET /oc460l3x.php HTTP/1.1" 404 27 "-" "-"
4.205.62.107 - - [28/Aug/2026:02:16:49 +0330] "GET /wp-content/plugin-install.php HTTP/1.1" 301 169 "-" "-"
4.205.62.107 - - [28/Aug/2026:02:16:50 +0330] "GET /wp-content/plugin-install.php HTTP/1.1" 404 27 "-" "-"
4.205.62.107 - - [28/Aug/2026:02:16:50 +0330] "GET /paypal.php HTTP/1.1" 301 169 "-" "-"
4.205.62.107 - - [28/Aug/2026:02:16:50 +0330] "GET /paypal.php HTTP/1.1" 404 27 "-" "-"
4.205.62.107 - - [28/Aug/2026:02:16:50 +0330] "GET /chosen.php HTTP/1.1" 301 169 "-" "-"
4.205.62.107 - - [28/Aug/2026:02:16:50 +0330] "GET /chosen.php HTTP/1.1" 404 27 "-" "-"
4.205.62.107 - - [28/Aug/2026:02:16:51 +0330] "GET /rum.or.php HTTP/1.1" 301 169 "-" "-"
5.215.110.31 - - [28/Aug/2026:02:16:51 +0330] "POST /api/v1/calculator-show HTTP/2.0" 200 364 "https://charsooq.com/" "Mozilla/5.0 (Linux; Android 10; K) AppleWebKit/537.36 (KHTML, like Gecko) SamsungBrowser/30.0 Chrome/143.0.0.0 Mobile Safari/537.36"
4.205.62.107 - - [28/Aug/2026:02:16:51 +0330] "GET /rum.or.php HTTP/1.1" 404 27 "-" "-"
4.205.62.107 - - [28/Aug/2026:02:16:51 +0330] "GET /loxi-o.php HTTP/1.1" 301 169 "-" "-"
66.249.77.99 - - [28/Aug/2026:02:16:51 +0330] "GET /?u=07647175002904 HTTP/1.1" 200 32694 "-" "Mozilla/5.0 (Linux; Android 6.0.1; Nexus 5X Build/MMB29P) AppleWebKit/537.36 (KHTML, like Gecko) Chrome/151.0.7922.173 Mobile Safari/537.36 (compatible; Googlebot/2.1; +http://www.google.com/bot.html)"
4.205.62.107 - - [28/Aug/2026:02:16:51 +0330] "GET /loxi-o.php HTTP/1.1" 404 27 "-" "-"
4.205.62.107 - - [28/Aug/2026:02:16:51 +0330] "GET /luJMF.php HTTP/1.1" 301 169 "-" "-"
4.205.62.107 - - [28/Aug/2026:02:16:52 +0330] "GET /luJMF.php HTTP/1.1" 404 27 "-" "-"
4.205.62.107 - - [28/Aug/2026:02:16:52 +0330] "GET //drykl.php HTTP/1.1" 301 169 "-" "-"
4.205.62.107 - - [28/Aug/2026:02:16:52 +0330] "GET //drykl.php HTTP/1.1" 404 27 "-" "-"
4.205.62.107 - - [28/Aug/2026:02:16:52 +0330] "GET /aws.php HTTP/1.1" 301 169 "-" "-"
4.205.62.107 - - [28/Aug/2026:02:16:53 +0330] "GET /aws.php HTTP/1.1" 404 27 "-" "-"
4.205.62.107 - - [28/Aug/2026:02:16:53 +0330] "GET /05.php HTTP/1.1" 301 169 "-" "-"
127.0.0.1 - - [28/Aug/2026:02:16:53 +0330] "GET /api/v1/show-products-offers/StPetersburgWatercolor48ColorsWoodenBox HTTP/1.1" 301 169 "-" "node"
4.205.62.107 - - [28/Aug/2026:02:16:53 +0330] "GET /05.php HTTP/1.1" 404 27 "-" "-"
127.0.0.1 - - [28/Aug/2026:02:16:53 +0330] "GET /api/v1/show-products-offers/StPetersburgWatercolor48ColorsWoodenBox HTTP/1.1" 200 4458 "-" "node"
5.215.110.31 - - [28/Aug/2026:02:16:53 +0330] "GET /products/StPetersburgWatercolor48ColorsWoodenBox/%D8%A2%D8%A8%D8%B1%D9%86%DA%AF-%D8%B3%D9%86-%D9%BE%D8%AA%D8%B1%D8%B2%D8%A8%D9%88%D8%B1%DA%AF-%DB%B4%DB%B8-%D8%B1%D9%86%DA%AF-%D8%AC%D8%B9%D8%A8%D9%87-%DA%86%D9%88%D8%A8%DB%8C?_rsc=1mshn HTTP/2.0" 200 2332 "https://charsooq.com/ebay" "Mozilla/5.0 (Linux; Android 10; K) AppleWebKit/537.36 (KHTML, like Gecko) SamsungBrowser/30.0 Chrome/143.0.0.0 Mobile Safari/537.36"
4.205.62.107 - - [28/Aug/2026:02:16:53 +0330] "GET /xmy.php HTTP/1.1" 301 169 "-" "-"
4.205.62.107 - - [28/Aug/2026:02:16:53 +0330] "GET /xmy.php HTTP/1.1" 404 27 "-" "-"
4.205.62.107 - - [28/Aug/2026:02:16:54 +0330] "GET /wp-blog.php HTTP/1.1" 301 169 "-" "-"
4.205.62.107 - - [28/Aug/2026:02:16:54 +0330] "GET /wp-blog.php HTTP/1.1" 404 27 "-" "-"
4.205.62.107 - - [28/Aug/2026:02:16:54 +0330] "GET /update.php HTTP/1.1" 301 169 "-" "-"
127.0.0.1 - - [28/Aug/2026:02:16:54 +0330] "GET /api/v1/show-products-offers/RondoBasicMarkerSet36Colors HTTP/1.1" 301 169 "-" "node"
4.205.62.107 - - [28/Aug/2026:02:16:54 +0330] "GET /update.php HTTP/1.1" 404 27 "-" "-"
127.0.0.1 - - [28/Aug/2026:02:16:54 +0330] "GET /api/v1/show-products-offers/RondoBasicMarkerSet36Colors HTTP/1.1" 200 4299 "-" "node"
5.215.110.31 - - [28/Aug/2026:02:16:54 +0330] "GET /products/RondoBasicMarkerSet36Colors/%D9%85%D8%A7%DA%98%DB%8C%DA%A9-%D8%B1%D8%A7%D9%86%D8%AF%D9%88-%D8%A8%DB%8C%D8%B3%DB%8C%DA%A9-%D8%B3%D8%AA-36-%D8%B1%D9%86%DA%AF?_rsc=1mshn HTTP/2.0" 200 2278 "https://charsooq.com/ebay" "Mozilla/5.0 (Linux; Android 10; K) AppleWebKit/537.36 (KHTML, like Gecko) SamsungBrowser/30.0 Chrome/143.0.0.0 Mobile Safari/537.36"
4.205.62.107 - - [28/Aug/2026:02:16:54 +0330] "GET /fns.php HTTP/1.1" 301 169 "-" "-"
4.205.62.107 - - [28/Aug/2026:02:16:55 +0330] "GET /fns.php HTTP/1.1" 404 27 "-" "-"
4.205.62.107 - - [28/Aug/2026:02:16:55 +0330] "GET /25.php HTTP/1.1" 301 169 "-" "-"
4.205.62.107 - - [28/Aug/2026:02:16:55 +0330] "GET /25.php HTTP/1.1" 404 27 "-" "-"
4.205.62.107 - - [28/Aug/2026:02:16:55 +0330] "GET /public/vx.php HTTP/1.1" 301 169 "-" "-"
4.205.62.107 - - [28/Aug/2026:02:16:55 +0330] "GET /public/vx.php HTTP/1.1" 404 27 "-" "-"
4.205.62.107 - - [28/Aug/2026:02:16:56 +0330] "GET /333.php HTTP/1.1" 301 169 "-" "-"
4.205.62.107 - - [28/Aug/2026:02:16:56 +0330] "GET /333.php HTTP/1.1" 404 27 "-" "-"
4.205.62.107 - - [28/Aug/2026:02:16:56 +0330] "GET /a1vx.php HTTP/1.1" 301 169 "-" "-"
4.205.62.107 - - [28/Aug/2026:02:16:56 +0330] "GET /a1vx.php HTTP/1.1" 404 27 "-" "-"
4.205.62.107 - - [28/Aug/2026:02:16:56 +0330] "GET /phpsysinfo.php HTTP/1.1" 301 169 "-" "-"
4.205.62.107 - - [28/Aug/2026:02:16:56 +0330] "GET /phpsysinfo.php HTTP/1.1" 404 27 "-" "-"
4.205.62.107 - - [28/Aug/2026:02:16:57 +0330] "GET //koiy.php HTTP/1.1" 301 169 "-" "-"
4.205.62.107 - - [28/Aug/2026:02:16:57 +0330] "GET //koiy.php HTTP/1.1" 404 27 "-" "-"
4.205.62.107 - - [28/Aug/2026:02:16:57 +0330] "GET /test1.php HTTP/1.1" 301 169 "-" "-"
4.205.62.107 - - [28/Aug/2026:02:16:57 +0330] "GET /test1.php HTTP/1.1" 404 27 "-" "-"
4.205.62.107 - - [28/Aug/2026:02:16:58 +0330] "GET /lmfi2.php HTTP/1.1" 301 169 "-" "-"
4.205.62.107 - - [28/Aug/2026:02:16:58 +0330] "GET /lmfi2.php HTTP/1.1" 404 27 "-" "-"
4.205.62.107 - - [28/Aug/2026:02:16:58 +0330] "GET /aws_sdk_settings.php HTTP/1.1" 301 169 "-" "-"
127.0.0.1 - - [28/Aug/2026:02:16:58 +0330] "GET /api/v1/show-products-offers/Evolution14Grip HTTP/1.1" 301 169 "-" "node"
4.205.62.107 - - [28/Aug/2026:02:16:58 +0330] "GET /aws_sdk_settings.php HTTP/1.1" 404 27 "-" "-"
127.0.0.1 - - [28/Aug/2026:02:16:58 +0330] "GET /api/v1/show-products-offers/Evolution14Grip HTTP/1.1" 200 3036 "-" "node"
5.215.110.31 - - [28/Aug/2026:02:16:58 +0330] "GET /products/Evolution14Grip/%DA%86%D8%A7%D9%82%D9%88-%D9%88%DB%8C%DA%A9%D8%AA%D9%88%D8%B1%DB%8C%D9%86%D9%88%DA%A9%D8%B3?_rsc=1mshn HTTP/2.0" 200 2221 "https://charsooq.com/ebay" "Mozilla/5.0 (Linux; Android 10; K) AppleWebKit/537.36 (KHTML, like Gecko) SamsungBrowser/30.0 Chrome/143.0.0.0 Mobile Safari/537.36"
4.205.62.107 - - [28/Aug/2026:02:16:58 +0330] "GET /mga.php HTTP/1.1" 301 169 "-" "-"
4.205.62.107 - - [28/Aug/2026:02:16:59 +0330] "GET /mga.php HTTP/1.1" 404 27 "-" "-"
4.205.62.107 - - [28/Aug/2026:02:16:59 +0330] "GET /konfig.php HTTP/1.1" 301 169 "-" "-"
4.205.62.107 - - [28/Aug/2026:02:16:59 +0330] "GET /konfig.php HTTP/1.1" 404 27 "-" "-"
4.205.62.107 - - [28/Aug/2026:02:16:59 +0330] "GET /nw.php HTTP/1.1" 301 169 "-" "-"
4.205.62.107 - - [28/Aug/2026:02:16:59 +0330] "GET /nw.php HTTP/1.1" 404 27 "-" "-"
4.205.62.107 - - [28/Aug/2026:02:17:00 +0330] "GET /myfile.php HTTP/1.1" 301 169 "-" "-"
4.205.62.107 - - [28/Aug/2026:02:17:00 +0330] "GET /myfile.php HTTP/1.1" 404 27 "-" "-"
4.205.62.107 - - [28/Aug/2026:02:17:00 +0330] "GET /thui.php HTTP/1.1" 301 169 "-" "-"
4.205.62.107 - - [28/Aug/2026:02:17:00 +0330] "GET /thui.php HTTP/1.1" 404 27 "-" "-"
4.205.62.107 - - [28/Aug/2026:02:17:01 +0330] "GET /public/bnn_.php.php HTTP/1.1" 301 169 "-" "-"
4.205.62.107 - - [28/Aug/2026:02:17:01 +0330] "GET /public/bnn_.php.php HTTP/1.1" 404 27 "-" "-"
4.205.62.107 - - [28/Aug/2026:02:17:01 +0330] "GET /php_info.php HTTP/1.1" 301 169 "-" "-"
4.205.62.107 - - [28/Aug/2026:02:17:02 +0330] "GET /php_info.php HTTP/1.1" 404 27 "-" "-"
4.205.62.107 - - [28/Aug/2026:02:17:02 +0330] "GET /broadcasting.php HTTP/1.1" 301 169 "-" "-"
127.0.0.1 - - [28/Aug/2026:02:17:02 +0330] "GET /api/v1/show-products-offers/TrekkerIIcap HTTP/1.1" 301 169 "-" "node"
127.0.0.1 - - [28/Aug/2026:02:17:02 +0330] "GET /api/v1/show-products-offers/TrekkerIIcap HTTP/1.1" 200 3238 "-" "node"
5.215.110.31 - - [28/Aug/2026:02:17:02 +0330] "GET /products/TrekkerIIcap/%DA%A9%D9%84%D8%A7%D9%87-%D8%A2%D9%81%D8%AA%D8%A7%D8%A8%DB%8C-%D9%85%DB%8C%D9%84%D8%AA?_rsc=1mshn HTTP/2.0" 200 2159 "https://charsooq.com/ebay" "Mozilla/5.0 (Linux; Android 10; K) AppleWebKit/537.36 (KHTML, like Gecko) SamsungBrowser/30.0 Chrome/143.0.0.0 Mobile Safari/537.36"
4.205.62.107 - - [28/Aug/2026:02:17:02 +0330] "GET /broadcasting.php HTTP/1.1" 404 27 "-" "-"
4.205.62.107 - - [28/Aug/2026:02:17:03 +0330] "GET /v4.php HTTP/1.1" 301 169 "-" "-"
4.205.62.107 - - [28/Aug/2026:02:17:03 +0330] "GET /v4.php HTTP/1.1" 404 27 "-" "-"
4.205.62.107 - - [28/Aug/2026:02:17:03 +0330] "GET /debuggen.php HTTP/1.1" 301 169 "-" "-"
4.205.62.107 - - [28/Aug/2026:02:17:03 +0330] "GET /debuggen.php HTTP/1.1" 404 27 "-" "-"
4.205.62.107 - - [28/Aug/2026:02:17:03 +0330] "GET /wp-admin/sc.php HTTP/1.1" 301 169 "-" "-"
4.205.62.107 - - [28/Aug/2026:02:17:04 +0330] "GET /wp-admin/sc.php HTTP/1.1" 404 27 "-" "-"
4.205.62.107 - - [28/Aug/2026:02:17:04 +0330] "GET /application.config.php HTTP/1.1" 301 169 "-" "-"
4.205.62.107 - - [28/Aug/2026:02:17:04 +0330] "GET /application.config.php HTTP/1.1" 404 27 "-" "-"
4.205.62.107 - - [28/Aug/2026:02:17:05 +0330] "GET /v2.php HTTP/1.1" 301 169 "-" "-"
4.205.62.107 - - [28/Aug/2026:02:17:05 +0330] "GET /v2.php HTTP/1.1" 404 27 "-" "-"
4.205.62.107 - - [28/Aug/2026:02:17:05 +0330] "GET /cli_bootstrap.php HTTP/1.1" 301 169 "-" "-"
4.205.62.107 - - [28/Aug/2026:02:17:05 +0330] "GET /cli_bootstrap.php HTTP/1.1" 404 27 "-" "-"
4.205.62.107 - - [28/Aug/2026:02:17:05 +0330] "GET /wander.php HTTP/1.1" 301 169 "-" "-"
4.205.62.107 - - [28/Aug/2026:02:17:06 +0330] "GET /wander.php HTTP/1.1" 404 27 "-" "-"
4.205.62.107 - - [28/Aug/2026:02:17:06 +0330] "GET /ah25.php HTTP/1.1" 301 169 "-" "-"
4.205.62.107 - - [28/Aug/2026:02:17:06 +0330] "GET /ah25.php HTTP/1.1" 404 27 "-" "-"
127.0.0.1 - - [28/Aug/2026:02:17:06 +0330] "GET /api/v1/show-products-offers/Iketoiletconversion HTTP/1.1" 301 169 "-" "node"
127.0.0.1 - - [28/Aug/2026:02:17:06 +0330] "GET /api/v1/show-products-offers/Iketoiletconversion HTTP/1.1" 200 3557 "-" "node"
5.215.110.31 - - [28/Aug/2026:02:17:06 +0330] "GET /products/Iketoiletconversion/%D8%AA%D8%A8%D8%AF%DB%8C%D9%84-%D8%AA%D9%88%D8%A7%D9%84%D8%AA-%D9%81%D8%B1%D9%86%DA%AF%DB%8C-%D8%A7%DB%8C%DA%A9%DB%8C%D8%A7?_rsc=1mshn HTTP/2.0" 200 2255 "https://charsooq.com/ebay" "Mozilla/5.0 (Linux; Android 10; K) AppleWebKit/537.36 (KHTML, like Gecko) SamsungBrowser/30.0 Chrome/143.0.0.0 Mobile Safari/537.36"
127.0.0.1 - - [28/Aug/2026:02:17:14 +0330] "GET /api/v3/product-show/amz-B09NQHBBFF?amazon_region=undefined HTTP/1.1" 301 169 "-" "node"
127.0.0.1 - - [28/Aug/2026:02:17:14 +0330] "GET /api/v3/product-show/amz-B09NQHBBFF?amazon_region= HTTP/1.1" 301 169 "-" "node"
127.0.0.1 - - [28/Aug/2026:02:17:15 +0330] "GET /api/v3/product-show/amz-B09NQHBBFF?amazon_region=undefined HTTP/1.1" 200 20100 "-" "node"
127.0.0.1 - - [28/Aug/2026:02:17:15 +0330] "GET /api/v3/product-show/amz-B09NQHBBFF?amazon_region= HTTP/1.1" 200 20100 "-" "node"
127.0.0.1 - - [28/Aug/2026:02:17:16 +0330] "GET /api/v1/categories-amazon HTTP/1.1" 200 34230 "-" "node"
45.190.148.93 - - [28/Aug/2026:02:17:16 +0330] "GET /product/amz-B09NQHBBFF/saucony-womens-ride-15-running-shoe HTTP/2.0" 200 103868 "https://charsooq.com" "Mozilla/5.0 (Macintosh; Intel Mac OS X 10_15_7) AppleWebKit/537.36 (KHTML, like Gecko) Chrome/144.0.0.0 Safari/537.36"
52.167.144.216 - - [28/Aug/2026:02:17:22 +0330] "GET /?u=1002855339005 HTTP/2.0" 200 33343 "-" "Mozilla/5.0 AppleWebKit/537.36 (KHTML, like Gecko; compatible; bingbot/2.0; +http://www.bing.com/bingbot.htm) Chrome/116.0.1938.76 Safari/537.36"
127.0.0.1 - - [28/Aug/2026:02:17:34 +0330] "GET /api/v2/sliders HTTP/1.1" 200 7479 "-" "node"
127.0.0.1 - - [28/Aug/2026:02:17:35 +0330] "GET /api/v1/categories-amazon HTTP/1.1" 200 34199 "-" "node"
127.0.0.1 - - [28/Aug/2026:02:17:36 +0330] "GET /api/v2/page-data HTTP/1.1" 200 36854 "-" "node"
172.16.20.25 - - [28/Aug/2026:02:17:36 +0330] "GET / HTTP/1.1" 200 338501 "-" "Mozilla/5.0 (compatible; PRTG Network Monitor (www.paessler.com); Windows)"
66.249.77.99 - - [28/Aug/2026:02:17:59 +0330] "GET /?u=9871481451213 HTTP/1.1" 200 33464 "-" "Mozilla/5.0 (Linux; Android 6.0.1; Nexus 5X Build/MMB29P) AppleWebKit/537.36 (KHTML, like Gecko) Chrome/151.0.7922.173 Mobile Safari/537.36 (compatible; Googlebot/2.1; +http://www.google.com/bot.html)"
127.0.0.1 - - [28/Aug/2026:02:18:08 +0330] "GET /api/v1/article-page?region=ebay HTTP/1.1" 200 8512 "-" "node"
127.0.0.1 - - [28/Aug/2026:02:18:09 +0330] "GET /api/v1/categories-amazon HTTP/1.1" 200 34230 "-" "node"
5.215.110.31 - - [28/Aug/2026:02:18:09 +0330] "GET /ebay HTTP/2.0" 200 123881 "https://www.google.com/" "Mozilla/5.0 (Linux; Android 10; K) AppleWebKit/537.36 (KHTML, like Gecko) SamsungBrowser/30.0 Chrome/143.0.0.0 Mobile Safari/537.36"
5.215.110.31 - - [28/Aug/2026:02:18:09 +0330] "GET /_next/image?url=%2Fassets%2Fimages%2Ficons%2Ftelegram-icon.png&w=128&q=75 HTTP/2.0" 304 0 "https://charsooq.com/ebay" "Mozilla/5.0 (Linux; Android 10; K) AppleWebKit/537.36 (KHTML, like Gecko) SamsungBrowser/30.0 Chrome/143.0.0.0 Mobile Safari/537.36"
5.215.110.31 - - [28/Aug/2026:02:18:09 +0330] "GET /assets/images/home/comment-vector-up.svg HTTP/2.0" 304 0 "https://charsooq.com/ebay" "Mozilla/5.0 (Linux; Android 10; K) AppleWebKit/537.36 (KHTML, like Gecko) SamsungBrowser/30.0 Chrome/143.0.0.0 Mobile Safari/537.36"
5.215.110.31 - - [28/Aug/2026:02:18:09 +0330] "GET /assets/images/home/sell-buy.svg HTTP/2.0" 304 0 "https://charsooq.com/ebay" "Mozilla/5.0 (Linux; Android 10; K) AppleWebKit/537.36 (KHTML, like Gecko) SamsungBrowser/30.0 Chrome/143.0.0.0 Mobile Safari/537.36"
5.215.110.31 - - [28/Aug/2026:02:18:09 +0330] "GET /assets/images/home/comment-vector-down.svg HTTP/2.0" 304 0 "https://charsooq.com/ebay" "Mozilla/5.0 (Linux; Android 10; K) AppleWebKit/537.36 (KHTML, like Gecko) SamsungBrowser/30.0 Chrome/143.0.0.0 Mobile Safari/537.36"
5.215.110.31 - - [28/Aug/2026:02:18:09 +0330] "GET /_next/image?url=https%3A%2F%2Fpanel.charsooq.com%2Fstorage%2F01K86CG1QRVXB0PMTKY5EERBNB.jpg&w=640&q=75 HTTP/2.0" 304 0 "https://charsooq.com/ebay" "Mozilla/5.0 (Linux; Android 10; K) AppleWebKit/537.36 (KHTML, like Gecko) SamsungBrowser/30.0 Chrome/143.0.0.0 Mobile Safari/537.36"
5.215.110.31 - - [28/Aug/2026:02:18:09 +0330] "GET /_next/image?url=https%3A%2F%2Fpanel.charsooq.com%2Fstorage%2F01J17AT67HP01J86ZQ6ZYG2XQY.webp&w=640&q=75 HTTP/2.0" 304 0 "https://charsooq.com/ebay" "Mozilla/5.0 (Linux; Android 10; K) AppleWebKit/537.36 (KHTML, like Gecko) SamsungBrowser/30.0 Chrome/143.0.0.0 Mobile Safari/537.36"
5.215.110.31 - - [28/Aug/2026:02:18:09 +0330] "GET /assets/images/icons/instagram1.png HTTP/2.0" 304 0 "https://charsooq.com/ebay" "Mozilla/5.0 (Linux; Android 10; K) AppleWebKit/537.36 (KHTML, like Gecko) SamsungBrowser/30.0 Chrome/143.0.0.0 Mobile Safari/537.36"
5.215.110.31 - - [28/Aug/2026:02:18:09 +0330] "GET /_next/image?url=https%3A%2F%2Fpanel.charsooq.com%2Fstorage%2F01HZ4RJQKGGAYHKTF1CKHWRAVX.webp&w=640&q=75 HTTP/2.0" 304 0 "https://charsooq.com/ebay" "Mozilla/5.0 (Linux; Android 10; K) AppleWebKit/537.36 (KHTML, like Gecko) SamsungBrowser/30.0 Chrome/143.0.0.0 Mobile Safari/537.36"
5.215.110.31 - - [28/Aug/2026:02:18:09 +0330] "GET /assets/images/icons/whatsapp.png HTTP/2.0" 304 0 "https://charsooq.com/ebay" "Mozilla/5.0 (Linux; Android 10; K) AppleWebKit/537.36 (KHTML, like Gecko) SamsungBrowser/30.0 Chrome/143.0.0.0 Mobile Safari/537.36"
5.215.110.31 - - [28/Aug/2026:02:18:09 +0330] "GET /assets/images/icons/telegram.png HTTP/2.0" 304 0 "https://charsooq.com/ebay" "Mozilla/5.0 (Linux; Android 10; K) AppleWebKit/537.36 (KHTML, like Gecko) SamsungBrowser/30.0 Chrome/143.0.0.0 Mobile Safari/537.36"
5.215.110.31 - - [28/Aug/2026:02:18:09 +0330] "GET /_next/image?url=https%3A%2F%2Fpanel.charsooq.com%2Fstorage%2F01HKJBX54BT2Z9E6SFJQS5WX8F.webp&w=640&q=75 HTTP/2.0" 304 0 "https://charsooq.com/ebay" "Mozilla/5.0 (Linux; Android 10; K) AppleWebKit/537.36 (KHTML, like Gecko) SamsungBrowser/30.0 Chrome/143.0.0.0 Mobile Safari/537.36"
5.215.110.31 - - [28/Aug/2026:02:18:09 +0330] "GET /assets/images/home/discount-background.webp HTTP/2.0" 304 0 "https://charsooq.com/_next/static/css/2c9caab41af7e337.css" "Mozilla/5.0 (Linux; Android 10; K) AppleWebKit/537.36 (KHTML, like Gecko) SamsungBrowser/30.0 Chrome/143.0.0.0 Mobile Safari/537.36"
127.0.0.1 - - [28/Aug/2026:02:18:09 +0330] "GET /storage/01K86CG1QRVXB0PMTKY5EERBNB.jpg HTTP/1.1" 200 25489 "-" "node"
127.0.0.1 - - [28/Aug/2026:02:18:09 +0330] "GET /storage/01J17AT67HP01J86ZQ6ZYG2XQY.webp HTTP/1.1" 200 199696 "-" "node"
127.0.0.1 - - [28/Aug/2026:02:18:09 +0330] "GET /storage/01HZ4RJQKGGAYHKTF1CKHWRAVX.webp HTTP/1.1" 200 24000 "-" "node"
127.0.0.1 - - [28/Aug/2026:02:18:09 +0330] "GET /storage/01HKJBX54BT2Z9E6SFJQS5WX8F.webp HTTP/1.1" 200 108680 "-" "node"
5.215.110.31 - - [28/Aug/2026:02:18:09 +0330] "GET /manifest.json HTTP/2.0" 304 0 "https://charsooq.com/ebay" "Mozilla/5.0 (Linux; Android 10; K) AppleWebKit/537.36 (KHTML, like Gecko) SamsungBrowser/30.0 Chrome/143.0.0.0 Mobile Safari/537.36"
5.215.110.31 - - [28/Aug/2026:02:18:09 +0330] "GET /pwa-icon-180.png HTTP/2.0" 304 0 "https://charsooq.com/ebay" "Mozilla/5.0 (Linux; Android 10; K) AppleWebKit/537.36 (KHTML, like Gecko) SamsungBrowser/30.0 Chrome/143.0.0.0 Mobile Safari/537.36"
127.0.0.1 - - [28/Aug/2026:02:18:09 +0330] "GET /storage/01K86BG0D1WEMNCNNJKE10YXQ3.jpg HTTP/1.1" 200 121544 "-" "node"
5.215.110.31 - - [28/Aug/2026:02:18:09 +0330] "GET /_next/image?url=https%3A%2F%2Fpanel.charsooq.com%2Fstorage%2F01K86BG0D1WEMNCNNJKE10YXQ3.jpg&w=640&q=75 HTTP/2.0" 304 0 "https://charsooq.com/ebay" "Mozilla/5.0 (Linux; Android 10; K) AppleWebKit/537.36 (KHTML, like Gecko) SamsungBrowser/30.0 Chrome/143.0.0.0 Mobile Safari/537.36"
127.0.0.1 - - [28/Aug/2026:02:18:09 +0330] "GET /storage/01K86C2WJ5BTW35M4WQY1ARM0W.jpg HTTP/1.1" 200 257693 "-" "node"
127.0.0.1 - - [28/Aug/2026:02:18:09 +0330] "GET /storage/01K86B6Z46YEXTNEG22HH3V6JD.jpg HTTP/1.1" 200 101329 "-" "node"
5.215.110.31 - - [28/Aug/2026:02:18:09 +0330] "GET /_next/image?url=https%3A%2F%2Fpanel.charsooq.com%2Fstorage%2F01K86C2WJ5BTW35M4WQY1ARM0W.jpg&w=640&q=75 HTTP/2.0" 304 0 "https://charsooq.com/ebay" "Mozilla/5.0 (Linux; Android 10; K) AppleWebKit/537.36 (KHTML, like Gecko) SamsungBrowser/30.0 Chrome/143.0.0.0 Mobile Safari/537.36"
5.215.110.31 - - [28/Aug/2026:02:18:09 +0330] "GET /_next/image?url=https%3A%2F%2Fpanel.charsooq.com%2Fstorage%2F01K86B6Z46YEXTNEG22HH3V6JD.jpg&w=640&q=75 HTTP/2.0" 304 0 "https://charsooq.com/ebay" "Mozilla/5.0 (Linux; Android 10; K) AppleWebKit/537.36 (KHTML, like Gecko) SamsungBrowser/30.0 Chrome/143.0.0.0 Mobile Safari/537.36"
127.0.0.1 - - [28/Aug/2026:02:18:09 +0330] "GET /storage/01K86AXVR1CPDP7XRQP0YNRWQ9.jpg HTTP/1.1" 200 116887 "-" "node"
5.215.110.31 - - [28/Aug/2026:02:18:09 +0330] "GET /_next/image?url=https%3A%2F%2Fpanel.charsooq.com%2Fstorage%2F01K86AXVR1CPDP7XRQP0YNRWQ9.jpg&w=640&q=75 HTTP/2.0" 304 0 "https://charsooq.com/ebay" "Mozilla/5.0 (Linux; Android 10; K) AppleWebKit/537.36 (KHTML, like Gecko) SamsungBrowser/30.0 Chrome/143.0.0.0 Mobile Safari/537.36"
5.215.110.31 - - [28/Aug/2026:02:18:09 +0330] "GET /_next/image?url=https%3A%2F%2Fpanel.charsooq.com%2Fstorage%2F01K86AE67CD768YVCX06C4MFGY.jpg&w=640&q=75 HTTP/2.0" 304 0 "https://charsooq.com/ebay" "Mozilla/5.0 (Linux; Android 10; K) AppleWebKit/537.36 (KHTML, like Gecko) SamsungBrowser/30.0 Chrome/143.0.0.0 Mobile Safari/537.36"
127.0.0.1 - - [28/Aug/2026:02:18:09 +0330] "GET /storage/01K86AE67CD768YVCX06C4MFGY.jpg HTTP/1.1" 200 102485 "-" "node"
5.215.110.31 - - [28/Aug/2026:02:18:10 +0330] "GET /checkout?_rsc=1mshn HTTP/2.0" 200 1690 "https://charsooq.com/ebay" "Mozilla/5.0 (Linux; Android 10; K) AppleWebKit/537.36 (KHTML, like Gecko) SamsungBrowser/30.0 Chrome/143.0.0.0 Mobile Safari/537.36"
5.215.110.31 - - [28/Aug/2026:02:18:10 +0330] "GET /pwa-icon-180.png HTTP/2.0" 304 0 "https://charsooq.com/ebay" "Mozilla/5.0 (Linux; Android 10; K) AppleWebKit/537.36 (KHTML, like Gecko) SamsungBrowser/30.0 Chrome/143.0.0.0 Mobile Safari/537.36"
5.215.110.31 - - [28/Aug/2026:02:18:10 +0330] "GET /favicon.ico HTTP/2.0" 200 3035 "https://charsooq.com/ebay" "Mozilla/5.0 (Linux; Android 10; K) AppleWebKit/537.36 (KHTML, like Gecko) SamsungBrowser/30.0 Chrome/143.0.0.0 Mobile Safari/537.36"
5.215.110.31 - - [28/Aug/2026:02:18:10 +0330] "GET /amazon?_rsc=1mshn HTTP/2.0" 200 1461 "https://charsooq.com/ebay" "Mozilla/5.0 (Linux; Android 10; K) AppleWebKit/537.36 (KHTML, like Gecko) SamsungBrowser/30.0 Chrome/143.0.0.0 Mobile Safari/537.36"
5.215.110.31 - - [28/Aug/2026:02:18:10 +0330] "GET /turkey?_rsc=1mshn HTTP/2.0" 200 1430 "https://charsooq.com/ebay" "Mozilla/5.0 (Linux; Android 10; K) AppleWebKit/537.36 (KHTML, like Gecko) SamsungBrowser/30.0 Chrome/143.0.0.0 Mobile Safari/537.36"
5.215.110.31 - - [28/Aug/2026:02:18:10 +0330] "GET /products-offer?page=1&_rsc=1mshn HTTP/2.0" 200 1470 "https://charsooq.com/ebay" "Mozilla/5.0 (Linux; Android 10; K) AppleWebKit/537.36 (KHTML, like Gecko) SamsungBrowser/30.0 Chrome/143.0.0.0 Mobile Safari/537.36"
5.215.110.31 - - [28/Aug/2026:02:18:10 +0330] "GET /?_rsc=1mshn HTTP/2.0" 200 13558 "https://charsooq.com/ebay" "Mozilla/5.0 (Linux; Android 10; K) AppleWebKit/537.36 (KHTML, like Gecko) SamsungBrowser/30.0 Chrome/143.0.0.0 Mobile Safari/537.36"
5.215.110.31 - - [28/Aug/2026:02:18:10 +0330] "GET /16px.png HTTP/2.0" 304 0 "https://charsooq.com/ebay" "Mozilla/5.0 (Linux; Android 10; K) AppleWebKit/537.36 (KHTML, like Gecko) SamsungBrowser/30.0 Chrome/143.0.0.0 Mobile Safari/537.36"
127.0.0.1 - - [28/Aug/2026:02:18:12 +0330] "GET /api/v1/categories-amazon HTTP/1.1" 200 34199 "-" "node"
162.120.187.31 - - [28/Aug/2026:02:18:12 +0330] "GET /calculator HTTP/2.0" 200 84590 "https://www.google.com/" "Mozilla/5.0 (Linux; Android 10; K) AppleWebKit/537.36 (KHTML, like Gecko) Chrome/150.0.0.0 Mobile Safari/537.36"
5.215.110.31 - - [28/Aug/2026:02:18:14 +0330] "GET /_next/image?url=https%3A%2F%2Fpanel.charsooq.com%2Fstorage%2F01K860JJCR4291H7T8S2ABV9ZA.jpg&w=640&q=75 HTTP/2.0" 304 0 "https://charsooq.com/ebay" "Mozilla/5.0 (Linux; Android 10; K) AppleWebKit/537.36 (KHTML, like Gecko) SamsungBrowser/30.0 Chrome/143.0.0.0 Mobile Safari/537.36"
127.0.0.1 - - [28/Aug/2026:02:18:14 +0330] "GET /storage/01K860JJCR4291H7T8S2ABV9ZA.jpg HTTP/1.1" 200 278614 "-" "node"
127.0.0.1 - - [28/Aug/2026:02:18:18 +0330] "GET /storage/01K8605BVQ82WBMSTTG6G68DC1.webp HTTP/1.1" 200 12048 "-" "node"
5.215.110.31 - - [28/Aug/2026:02:18:18 +0330] "GET /_next/image?url=https%3A%2F%2Fpanel.charsooq.com%2Fstorage%2F01K8605BVQ82WBMSTTG6G68DC1.webp&w=640&q=75 HTTP/2.0" 304 0 "https://charsooq.com/ebay" "Mozilla/5.0 (Linux; Android 10; K) AppleWebKit/537.36 (KHTML, like Gecko) SamsungBrowser/30.0 Chrome/143.0.0.0 Mobile Safari/537.36"
127.0.0.1 - - [28/Aug/2026:02:18:22 +0330] "GET /api/v1/show-products-offers/OriginalCryBabySurpriseDoll HTTP/1.1" 301 169 "-" "node"
127.0.0.1 - - [28/Aug/2026:02:18:22 +0330] "GET /api/v1/show-products-offers/Babycamera HTTP/1.1" 301 169 "-" "node"
127.0.0.1 - - [28/Aug/2026:02:18:22 +0330] "GET /storage/01K85ZWV0VHD9K1G8EP3NEVTBD.webp HTTP/1.1" 200 50168 "-" "node"
5.215.110.31 - - [28/Aug/2026:02:18:22 +0330] "GET /_next/image?url=https%3A%2F%2Fpanel.charsooq.com%2Fstorage%2F01K85ZWV0VHD9K1G8EP3NEVTBD.webp&w=640&q=75 HTTP/2.0" 304 0 "https://charsooq.com/ebay" "Mozilla/5.0 (Linux; Android 10; K) AppleWebKit/537.36 (KHTML, like Gecko) SamsungBrowser/30.0 Chrome/143.0.0.0 Mobile Safari/537.36"
127.0.0.1 - - [28/Aug/2026:02:18:22 +0330] "GET /api/v1/show-products-offers/OriginalCryBabySurpriseDoll HTTP/1.1" 200 1768 "-" "node"
127.0.0.1 - - [28/Aug/2026:02:18:22 +0330] "GET /api/v1/show-products-offers/Babycamera HTTP/1.1" 200 1444 "-" "node"
5.215.110.31 - - [28/Aug/2026:02:18:22 +0330] "GET /products/OriginalCryBabySurpriseDoll/%D8%B9%D8%B1%D9%88%D8%B3%DA%A9-%D8%B3%D9%88%D9%BE%D8%B1%D8%A7%DB%8C%D8%B2-%DA%A9%D8%B1%D8%A7%DB%8C-%D8%A8%DB%8C%D8%A8%DB%8C-%D8%A7%D9%88%D8%B1%D8%AC%DB%8C%D9%86%D8%A7%D9%84?_rsc=1mshn HTTP/2.0" 200 2276 "https://charsooq.com/ebay" "Mozilla/5.0 (Linux; Android 10; K) AppleWebKit/537.36 (KHTML, like Gecko) SamsungBrowser/30.0 Chrome/143.0.0.0 Mobile Safari/537.36"
5.215.110.31 - - [28/Aug/2026:02:18:22 +0330] "GET /products/Babycamera/%D8%AF%D9%88%D8%B1%D8%A8%DB%8C%D9%86-%D8%B9%DA%A9%D8%A7%D8%B3%DB%8C-%DA%A9%D9%88%D8%AF%DA%A9?_rsc=1mshn HTTP/2.0" 200 2168 "https://charsooq.com/ebay" "Mozilla/5.0 (Linux; Android 10; K) AppleWebKit/537.36 (KHTML, like Gecko) SamsungBrowser/30.0 Chrome/143.0.0.0 Mobile Safari/537.36"
127.0.0.1 - - [28/Aug/2026:02:18:26 +0330] "GET /api/v1/show-products-offers/3DMagicPen HTTP/1.1" 301 169 "-" "node"
127.0.0.1 - - [28/Aug/2026:02:18:26 +0330] "GET /api/v1/show-products-offers/3DMagicPen HTTP/1.1" 200 1303 "-" "node"
5.215.110.31 - - [28/Aug/2026:02:18:26 +0330] "GET /products/3DMagicPen/%D9%82%D9%84%D9%85-%D8%AC%D8%A7%D8%AF%D9%88%DB%8C%DB%8C-%D8%B3%D9%87-%D8%A8%D8%B9%D8%AF%DB%8C?_rsc=1mshn HTTP/2.0" 200 2159 "https://charsooq.com/ebay" "Mozilla/5.0 (Linux; Android 10; K) AppleWebKit/537.36 (KHTML, like Gecko) SamsungBrowser/30.0 Chrome/143.0.0.0 Mobile Safari/537.36"
127.0.0.1 - - [28/Aug/2026:02:18:26 +0330] "GET /storage/01K85XJ14R02M5WX4G3RCTM11E.webp HTTP/1.1" 200 39572 "-" "node"
5.215.110.31 - - [28/Aug/2026:02:18:26 +0330] "GET /_next/image?url=https%3A%2F%2Fpanel.charsooq.com%2Fstorage%2F01K85XJ14R02M5WX4G3RCTM11E.webp&w=640&q=75 HTTP/2.0" 304 0 "https://charsooq.com/ebay" "Mozilla/5.0 (Linux; Android 10; K) AppleWebKit/537.36 (KHTML, like Gecko) SamsungBrowser/30.0 Chrome/143.0.0.0 Mobile Safari/537.36"
127.0.0.1 - - [28/Aug/2026:02:18:30 +0330] "GET /api/v1/show-products-offers/PopMartSkullPanda HTTP/1.1" 301 169 "-" "node"
127.0.0.1 - - [28/Aug/2026:02:18:30 +0330] "GET /api/v1/show-products-offers/PopMartSkullPanda HTTP/1.1" 200 1821 "-" "node"
5.215.110.31 - - [28/Aug/2026:02:18:30 +0330] "GET /products/PopMartSkullPanda/%D8%B9%D8%B1%D9%88%D8%B3%DA%A9-%D8%B3%D9%88%D9%BE%D8%B1%D8%A7%DB%8C%D8%B2-%D8%A7%D8%B3%DA%A9%D9%88%D9%84-%D9%BE%D8%A7%D9%86%D8%AF%D8%A7-%D8%A7%D9%88%D8%B1%D8%AC%DB%8C%D9%86%D8%A7%D9%84?_rsc=1mshn HTTP/2.0" 200 2286 "https://charsooq.com/ebay" "Mozilla/5.0 (Linux; Android 10; K) AppleWebKit/537.36 (KHTML, like Gecko) SamsungBrowser/30.0 Chrome/143.0.0.0 Mobile Safari/537.36"
5.215.110.31 - - [28/Aug/2026:02:18:32 +0330] "POST /api/v1/calculator-show HTTP/2.0" 200 361 "https://charsooq.com/" "Mozilla/5.0 (Linux; Android 10; K) AppleWebKit/537.36 (KHTML, like Gecko) SamsungBrowser/30.0 Chrome/143.0.0.0 Mobile Safari/537.36"
127.0.0.1 - - [28/Aug/2026:02:18:34 +0330] "GET /api/v1/categories-amazon HTTP/1.1" 200 34199 "-" "node"
172.16.20.25 - - [28/Aug/2026:02:18:35 +0330] "GET / HTTP/1.1" 200 338478 "-" "Mozilla/5.0 (compatible; PRTG Network Monitor (www.paessler.com); Windows)"
127.0.0.1 - - [28/Aug/2026:02:18:35 +0330] "GET /api/v1/show-products-offers/StPetersburgWatercolor48ColorsWoodenBox HTTP/1.1" 301 169 "-" "node"
127.0.0.1 - - [28/Aug/2026:02:18:35 +0330] "GET /api/v1/show-products-offers/StPetersburgWatercolor48ColorsWoodenBox HTTP/1.1" 200 4458 "-" "node"
5.215.110.31 - - [28/Aug/2026:02:18:35 +0330] "GET /products/StPetersburgWatercolor48ColorsWoodenBox/%D8%A2%D8%A8%D8%B1%D9%86%DA%AF-%D8%B3%D9%86-%D9%BE%D8%AA%D8%B1%D8%B2%D8%A8%D9%88%D8%B1%DA%AF-%DB%B4%DB%B8-%D8%B1%D9%86%DA%AF-%D8%AC%D8%B9%D8%A8%D9%87-%DA%86%D9%88%D8%A8%DB%8C?_rsc=1mshn HTTP/2.0" 200 2332 "https://charsooq.com/ebay" "Mozilla/5.0 (Linux; Android 10; K) AppleWebKit/537.36 (KHTML, like Gecko) SamsungBrowser/30.0 Chrome/143.0.0.0 Mobile Safari/537.36"
66.249.77.99 - - [28/Aug/2026:02:18:36 +0330] "GET /?u=86777174657011 HTTP/1.1" 200 33064 "-" "Mozilla/5.0 (Linux; Android 6.0.1; Nexus 5X Build/MMB29P) AppleWebKit/537.36 (KHTML, like Gecko) Chrome/151.0.7922.173 Mobile Safari/537.36 (compatible; Googlebot/2.1; +http://www.google.com/bot.html)"
127.0.0.1 - - [28/Aug/2026:02:18:38 +0330] "GET /api/v1/show-products-offers/RondoBasicMarkerSet36Colors HTTP/1.1" 301 169 "-" "node"
127.0.0.1 - - [28/Aug/2026:02:18:38 +0330] "GET /api/v1/show-products-offers/RondoBasicMarkerSet36Colors HTTP/1.1" 200 4299 "-" "node"
5.215.110.31 - - [28/Aug/2026:02:18:38 +0330] "GET /products/RondoBasicMarkerSet36Colors/%D9%85%D8%A7%DA%98%DB%8C%DA%A9-%D8%B1%D8%A7%D9%86%D8%AF%D9%88-%D8%A8%DB%8C%D8%B3%DB%8C%DA%A9-%D8%B3%D8%AA-36-%D8%B1%D9%86%DA%AF?_rsc=1mshn HTTP/2.0" 200 2278 "https://charsooq.com/ebay" "Mozilla/5.0 (Linux; Android 10; K) AppleWebKit/537.36 (KHTML, like Gecko) SamsungBrowser/30.0 Chrome/143.0.0.0 Mobile Safari/537.36"
216.73.217.50 - - [28/Aug/2026:02:18:40 +0330] "GET / HTTP/2.0" 302 375 "-" "Mozilla/5.0 AppleWebKit/537.36 (KHTML, like Gecko; compatible; ClaudeBot/1.0; +claudebot@anthropic.com)"
216.73.217.50 - - [28/Aug/2026:02:18:41 +0330] "GET /admin HTTP/2.0" 302 399 "https://panel.charsooq.com/" "Mozilla/5.0 AppleWebKit/537.36 (KHTML, like Gecko; compatible; ClaudeBot/1.0; +claudebot@anthropic.com)"
216.73.217.50 - - [28/Aug/2026:02:18:43 +0330] "GET /admin/login HTTP/2.0" 200 9371 "https://panel.charsooq.com/admin" "Mozilla/5.0 AppleWebKit/537.36 (KHTML, like Gecko; compatible; ClaudeBot/1.0; +claudebot@anthropic.com)"
52.167.144.166 - - [28/Aug/2026:02:19:01 +0330] "GET /?u=97917178215701 HTTP/2.0" 200 33298 "-" "Mozilla/5.0 AppleWebKit/537.36 (KHTML, like Gecko; compatible; bingbot/2.0; +http://www.bing.com/bingbot.htm) Chrome/116.0.1938.76 Safari/537.36"
52.167.144.166 - - [28/Aug/2026:02:19:03 +0330] "GET /?u=0284755165005 HTTP/2.0" 200 33495 "-" "Mozilla/5.0 AppleWebKit/537.36 (KHTML, like Gecko; compatible; bingbot/2.0; +http://www.bing.com/bingbot.htm) Chrome/116.0.1938.76 Safari/537.36"
52.167.144.166 - - [28/Aug/2026:02:19:05 +0330] "GET /?u=23252232512401 HTTP/2.0" 200 34754 "-" "Mozilla/5.0 AppleWebKit/537.36 (KHTML, like Gecko; compatible; bingbot/2.0; +http://www.bing.com/bingbot.htm) Chrome/116.0.1938.76 Safari/537.36"
52.167.144.166 - - [28/Aug/2026:02:19:06 +0330] "GET /?u=7722079872900 HTTP/2.0" 200 33131 "-" "Mozilla/5.0 AppleWebKit/537.36 (KHTML, like Gecko; compatible; bingbot/2.0; +http://www.bing.com/bingbot.htm) Chrome/116.0.1938.76 Safari/537.36"
52.167.144.211 - - [28/Aug/2026:02:19:07 +0330] "GET /?u=72209271181804 HTTP/2.0" 200 32693 "-" "Mozilla/5.0 AppleWebKit/537.36 (KHTML, like Gecko; compatible; bingbot/2.0; +http://www.bing.com/bingbot.htm) Chrome/116.0.1938.76 Safari/537.36"
52.167.144.211 - - [28/Aug/2026:02:19:09 +0330] "GET /?u=42810272128900 HTTP/2.0" 200 35423 "-" "Mozilla/5.0 AppleWebKit/537.36 (KHTML, like Gecko; compatible; bingbot/2.0; +http://www.bing.com/bingbot.htm) Chrome/116.0.1938.76 Safari/537.36"
52.167.144.211 - - [28/Aug/2026:02:19:10 +0330] "GET /?u=0972812472902 HTTP/2.0" 200 32959 "-" "Mozilla/5.0 AppleWebKit/537.36 (KHTML, like Gecko; compatible; bingbot/2.0; +http://www.bing.com/bingbot.htm) Chrome/116.0.1938.76 Safari/537.36"
157.55.39.48 - - [28/Aug/2026:02:19:11 +0330] "GET /?u=10830251236300 HTTP/2.0" 200 34859 "-" "Mozilla/5.0 AppleWebKit/537.36 (KHTML, like Gecko; compatible; bingbot/2.0; +http://www.bing.com/bingbot.htm) Chrome/116.0.1938.76 Safari/537.36"
157.55.39.48 - - [28/Aug/2026:02:19:13 +0330] "GET /?u=15964190734401 HTTP/2.0" 200 33359 "-" "Mozilla/5.0 AppleWebKit/537.36 (KHTML, like Gecko; compatible; bingbot/2.0; +http://www.bing.com/bingbot.htm) Chrome/116.0.1938.76 Safari/537.36"
157.55.39.48 - - [28/Aug/2026:02:19:15 +0330] "GET /?u=0049912958602 HTTP/2.0" 200 32872 "-" "Mozilla/5.0 AppleWebKit/537.36 (KHTML, like Gecko; compatible; bingbot/2.0; +http://www.bing.com/bingbot.htm) Chrome/116.0.1938.76 Safari/537.36"
127.0.0.1 - - [28/Aug/2026:02:19:15 +0330] "GET /api/v3/product-show/amz-B003CHY0ZE?amazon_region=undefined HTTP/1.1" 301 169 "-" "node"
127.0.0.1 - - [28/Aug/2026:02:19:15 +0330] "GET /api/v3/product-show/amz-B003CHY0ZE?amazon_region= HTTP/1.1" 301 169 "-" "node"
127.0.0.1 - - [28/Aug/2026:02:19:15 +0330] "GET /api/v3/product-show/amz-B003CHY0ZE?amazon_region=undefined HTTP/1.1" 200 5335 "-" "node"
127.0.0.1 - - [28/Aug/2026:02:19:15 +0330] "GET /api/v3/product-show/amz-B003CHY0ZE?amazon_region= HTTP/1.1" 200 5335 "-" "node"
127.0.0.1 - - [28/Aug/2026:02:19:16 +0330] "GET /api/v1/categories-amazon HTTP/1.1" 200 34199 "-" "node"
52.1.106.130 - - [28/Aug/2026:02:19:16 +0330] "GET /product/amz-B003CHY0ZE/Casio-Mens-Frogman-GWF-1000-1CR-MB6-ISO-Certified-Wristwatch HTTP/1.1" 200 104754 "-" "Mozilla/5.0 AppleWebKit/537.36 (KHTML, like Gecko; compatible; Amazonbot/0.1; +https://developer.amazon.com/support/amazonbot) Chrome/119.0.6045.214 Safari/537.36"
52.167.144.211 - - [28/Aug/2026:02:19:24 +0330] "GET /?u=99445258525803 HTTP/2.0" 200 32895 "-" "Mozilla/5.0 AppleWebKit/537.36 (KHTML, like Gecko; compatible; bingbot/2.0; +http://www.bing.com/bingbot.htm) Chrome/116.0.1938.76 Safari/537.36"
52.167.144.211 - - [28/Aug/2026:02:19:26 +0330] "GET /?u=43717262121502 HTTP/2.0" 200 33363 "-" "Mozilla/5.0 AppleWebKit/537.36 (KHTML, like Gecko; compatible; bingbot/2.0; +http://www.bing.com/bingbot.htm) Chrome/116.0.1938.76 Safari/537.36"
66.249.77.99 - - [28/Aug/2026:02:19:33 +0330] "GET /?u=62201260639601 HTTP/1.1" 200 35214 "-" "Mozilla/5.0 (Linux; Android 6.0.1; Nexus 5X Build/MMB29P) AppleWebKit/537.36 (KHTML, like Gecko) Chrome/151.0.7922.173 Mobile Safari/537.36 (compatible; Googlebot/2.1; +http://www.google.com/bot.html)"
66.249.77.100 - - [28/Aug/2026:02:19:33 +0330] "GET /?u=1851098944705 HTTP/1.1" 200 32483 "-" "Mozilla/5.0 (Linux; Android 6.0.1; Nexus 5X Build/MMB29P) AppleWebKit/537.36 (KHTML, like Gecko) Chrome/151.0.7922.173 Mobile Safari/537.36 (compatible; Googlebot/2.1; +http://www.google.com/bot.html)"
127.0.0.1 - - [28/Aug/2026:02:19:34 +0330] "GET /api/v2/sliders HTTP/1.1" 200 7479 "-" "node"
127.0.0.1 - - [28/Aug/2026:02:19:35 +0330] "GET /api/v1/categories-amazon HTTP/1.1" 200 34230 "-" "node"
127.0.0.1 - - [28/Aug/2026:02:19:36 +0330] "GET /api/v2/page-data HTTP/1.1" 200 36854 "-" "node"
172.16.20.25 - - [28/Aug/2026:02:19:36 +0330] "GET / HTTP/1.1" 200 338501 "-" "Mozilla/5.0 (compatible; PRTG Network Monitor (www.paessler.com); Windows)"
66.249.77.100 - - [28/Aug/2026:02:19:38 +0330] "GET /?u=96846110646002 HTTP/1.1" 200 34553 "-" "Mozilla/5.0 (Linux; Android 6.0.1; Nexus 5X Build/MMB29P) AppleWebKit/537.36 (KHTML, like Gecko) Chrome/151.0.7922.173 Mobile Safari/537.36 (compatible; Googlebot/2.1; +http://www.google.com/bot.html)"
66.249.77.100 - - [28/Aug/2026:02:19:39 +0330] "GET /?u=07709140473106 HTTP/1.1" 200 33266 "-" "Mozilla/5.0 (Linux; Android 6.0.1; Nexus 5X Build/MMB29P) AppleWebKit/537.36 (KHTML, like Gecko) Chrome/151.0.7922.173 Mobile Safari/537.36 (compatible; Googlebot/2.1; +http://www.google.com/bot.html)"
66.249.77.100 - - [28/Aug/2026:02:19:40 +0330] "GET /?u=1102992394302 HTTP/1.1" 200 33155 "-" "Mozilla/5.0 (Linux; Android 6.0.1; Nexus 5X Build/MMB29P) AppleWebKit/537.36 (KHTML, like Gecko) Chrome/151.0.7922.173 Mobile Safari/537.36 (compatible; Googlebot/2.1; +http://www.google.com/bot.html)"
66.249.77.99 - - [28/Aug/2026:02:19:48 +0330] "GET /%E3%80%9031693%E2%86%92%E5%AE%9F%E8%B3%AA30108%E5%86%86%20P5!%E5%A4%A7%E6%84%9F%E8%AC%9D%E7%A5%AD%E3%80%91%E5%8F%8E%E7%B4%8D%E3%83%9C%E3%83%83%E3%82%AF%E3%82%B9%20%E6%8A%98%E3%82%8A%E7%95%B3%E3%81%BF%20%E5%A4%9A%E6%A9%9F%E8%83%BD%E5%8F%8E%E7%B4%8D%E3%82%AD%E3%83%A3%E3%83%93%E3%83%8D%E3%83%83%E3%83%88%20%E5%A4%A7%E5%AE%B9%E9%87%8F%20%E5%85%A8%E6%96%B9%E5%90%91%E3%81%8B%E3%82%89%E5%8F%96%E3%82%8A%E5%87%BA%E3%81%9B%E3%82%8B%20%E9%98%B2%E5%A1%B5%E3%80%81%E9%98%B2%E3%82%AB%E3%83%93%E3%80%81%E9%98%B2%E6%B9%BF%E3%80%81%E7%84%A1%E8%87%AD%E3%80%82%E5%BC%B7%E5%8A%9B%E3%81%AA%E8%80%90%E8%8D%B7%E9%87%8D%20%E5%AE%B6%E5%BA%AD%E7%94%A8%E3%81%A8%E8%BB%8A%E7%94%A8%E3%81%AB%E9%81%A9%E3%81%97%E3%81%A6%E3%81%84%E3%82%8B%20%E6%A7%98%E3%80%85%E3%81%AA%E3%82%B5%E3%82%A4%E3%82%BA%20%E8%93%8B%E4%BB%98%E3%81%8D%20%E7%A9%8D%E3%81%BF%E9%87%8D%E3%81%AD%20img.fril.jp/img/830989770/l/2860543860.jpg?1778624... HTTP/1.1" 200 34554 "-" "Googlebot-Image/1.0"
127.0.0.1 - - [28/Aug/2026:02:19:54 +0330] "GET /api/v1/show-products-offers/THERMOSTRAVELTUMBLER HTTP/1.1" 301 169 "-" "node"
127.0.0.1 - - [28/Aug/2026:02:19:54 +0330] "GET /api/v1/show-products-offers/THERMOSTRAVELTUMBLER HTTP/1.1" 200 3143 "-" "node"
127.0.0.1 - - [28/Aug/2026:02:19:55 +0330] "GET /api/v1/categories-amazon HTTP/1.1" 200 34230 "-" "node"
182.189.23.62 - - [28/Aug/2026:02:19:55 +0330] "GET /products/THERMOSTRAVELTUMBLER/%D9%85%D8%A7%DA%AF-%D8%AA%D8%B1%D9%85%D9%88%D8%B3 HTTP/2.0" 200 100438 "https://charsooq.com" "Mozilla/5.0 (Windows NT 10.0; Win64; x64) AppleWebKit/537.36 (KHTML, like Gecko) Chrome/145.0.0.0 Safari/537.36 Edg/145.0.0.0"
127.0.0.1 - - [28/Aug/2026:02:20:02 +0330] "GET /api/v1/sitemap.xml HTTP/1.1" 200 1051043 "-" "node"
216.73.217.50 - - [28/Aug/2026:02:20:03 +0330] "GET /sitemap.xml HTTP/2.0" 200 1151591 "-" "Mozilla/5.0 AppleWebKit/537.36 (KHTML, like Gecko; compatible; ClaudeBot/1.0; +claudebot@anthropic.com)"
66.249.77.101 - - [28/Aug/2026:02:20:28 +0330] "GET /?u=28519163935702 HTTP/1.1" 200 34958 "-" "Mozilla/5.0 (Linux; Android 6.0.1; Nexus 5X Build/MMB29P) AppleWebKit/537.36 (KHTML, like Gecko) Chrome/151.0.7922.173 Mobile Safari/537.36 (compatible; Googlebot/2.1; +http://www.google.com/bot.html)"
127.0.0.1 - - [28/Aug/2026:02:20:35 +0330] "GET /api/v1/categories-amazon HTTP/1.1" 200 34230 "-" "node"
172.16.20.25 - - [28/Aug/2026:02:20:35 +0330] "GET / HTTP/1.1" 200 338336 "-" "Mozilla/5.0 (compatible; PRTG Network Monitor (www.paessler.com); Windows)"
127.0.0.1 - - [28/Aug/2026:02:20:46 +0330] "GET /api/v2/article-show/Perfume-vs-EDP HTTP/1.1" 200 94978 "-" "node"
127.0.0.1 - - [28/Aug/2026:02:20:46 +0330] "GET /api/v1/categories-amazon HTTP/1.1" 200 34199 "-" "node"
40.77.167.1 - - [28/Aug/2026:02:20:47 +0330] "GET /articles/Perfume-vs-EDP HTTP/2.0" 200 101137 "-" "Mozilla/5.0 AppleWebKit/537.36 (KHTML, like Gecko; compatible; bingbot/2.0; +http://www.bing.com/bingbot.htm) Chrome/116.0.1938.76 Safari/537.36"
66.249.77.100 - - [28/Aug/2026:02:20:54 +0330] "GET /?u=9196936454405 HTTP/1.1" 200 33082 "-" "Mozilla/5.0 (Linux; Android 6.0.1; Nexus 5X Build/MMB29P) AppleWebKit/537.36 (KHTML, like Gecko) Chrome/151.0.7922.173 Mobile Safari/537.36 (compatible; Googlebot/2.1; +http://www.google.com/bot.html)"
66.249.77.101 - - [28/Aug/2026:02:21:09 +0330] "GET /?u=98299128216507 HTTP/1.1" 200 32256 "-" "Mozilla/5.0 (Linux; Android 6.0.1; Nexus 5X Build/MMB29P) AppleWebKit/537.36 (KHTML, like Gecko) Chrome/151.0.7922.173 Mobile Safari/537.36 (compatible; Googlebot/2.1; +http://www.google.com/bot.html)"
66.249.69.229 - - [28/Aug/2026:02:21:29 +0330] "GET /articles/wedding-dresses HTTP/1.1" 308 56 "-" "Mozilla/5.0 (Linux; Android 6.0.1; Nexus 5X Build/MMB29P) AppleWebKit/537.36 (KHTML, like Gecko) Chrome/151.0.7922.173 Mobile Safari/537.36 (compatible; Googlebot/2.1; +http://www.google.com/bot.html)"
127.0.0.1 - - [28/Aug/2026:02:21:33 +0330] "GET /api/v2/article-show/wedding-dresses HTTP/1.1" 200 489183 "-" "node"
127.0.0.1 - - [28/Aug/2026:02:21:34 +0330] "GET /api/v1/categories-amazon HTTP/1.1" 200 34199 "-" "node"
192.178.7.97 - - [28/Aug/2026:02:21:34 +0330] "GET /articles/wedding-dresses HTTP/1.1" 200 141119 "-" "Mozilla/5.0 (Linux; Android 6.0.1; Nexus 5X Build/MMB29P) AppleWebKit/537.36 (KHTML, like Gecko) Chrome/151.0.7922.173 Mobile Safari/537.36 (compatible; Googlebot/2.1; +http://www.google.com/bot.html)"
127.0.0.1 - - [28/Aug/2026:02:21:37 +0330] "GET /api/v2/sliders HTTP/1.1" 200 7479 "-" "node"
66.249.77.100 - - [28/Aug/2026:02:21:37 +0330] "GET /?u=72133151002200 HTTP/1.1" 200 33426 "-" "Mozilla/5.0 (Linux; Android 6.0.1; Nexus 5X Build/MMB29P) AppleWebKit/537.36 (KHTML, like Gecko) Chrome/151.0.7922.173 Mobile Safari/537.36 (compatible; Googlebot/2.1; +http://www.google.com/bot.html)"
127.0.0.1 - - [28/Aug/2026:02:21:38 +0330] "GET /api/v1/categories-amazon HTTP/1.1" 200 34230 "-" "node"
127.0.0.1 - - [28/Aug/2026:02:21:39 +0330] "GET /api/v2/page-data HTTP/1.1" 200 36854 "-" "node"
172.16.20.25 - - [28/Aug/2026:02:21:39 +0330] "GET / HTTP/1.1" 200 338367 "-" "Mozilla/5.0 (compatible; PRTG Network Monitor (www.paessler.com); Windows)"
66.249.77.99 - - [28/Aug/2026:02:21:47 +0330] "GET /?u=81004166649505 HTTP/1.1" 200 33284 "-" "Mozilla/5.0 (Linux; Android 6.0.1; Nexus 5X Build/MMB29P) AppleWebKit/537.36 (KHTML, like Gecko) Chrome/151.0.7922.173 Mobile Safari/537.36 (compatible; Googlebot/2.1; +http://www.google.com/bot.html)"
66.249.77.99 - - [28/Aug/2026:02:21:49 +0330] "GET /?u=4147183903816 HTTP/1.1" 200 32198 "-" "Mozilla/5.0 (Linux; Android 6.0.1; Nexus 5X Build/MMB29P) AppleWebKit/537.36 (KHTML, like Gecko) Chrome/151.0.7922.173 Mobile Safari/537.36 (compatible; Googlebot/2.1; +http://www.google.com/bot.html)"
52.167.144.211 - - [28/Aug/2026:02:22:14 +0330] "GET /?u=10205280861704 HTTP/2.0" 200 33938 "-" "Mozilla/5.0 AppleWebKit/537.36 (KHTML, like Gecko; compatible; bingbot/2.0; +http://www.bing.com/bingbot.htm) Chrome/116.0.1938.76 Safari/537.36"
127.0.0.1 - - [28/Aug/2026:02:22:24 +0330] "GET /api/v2/article-show/uae-blackfriday-top-products HTTP/1.1" 200 97193 "-" "node"
127.0.0.1 - - [28/Aug/2026:02:22:25 +0330] "GET /api/v1/categories-amazon HTTP/1.1" 200 34230 "-" "node"
184.145.25.247 - - [28/Aug/2026:02:22:25 +0330] "GET /articles/uae-blackfriday-top-products HTTP/2.0" 200 101325 "https://charsooq.com" "Mozilla/5.0 (Macintosh; Intel Mac OS X 10_15_7) AppleWebKit/537.36 (KHTML, like Gecko) Chrome/145.0.0.0 Safari/537.36"
65.21.209.124 - - [28/Aug/2026:02:22:32 +0330] "HEAD /preference.html HTTP/1.1" 200 0 "-" "Mozilla/5.0 (Windows NT 10.0; Win64; x64) AppleWebKit/537.36 (KHTML, like Gecko) Chrome/137.0.0.0 Safari/537.36"
127.0.0.1 - - [28/Aug/2026:02:22:35 +0330] "GET /api/v1/categories-amazon HTTP/1.1" 200 34199 "-" "node"
172.16.20.25 - - [28/Aug/2026:02:22:35 +0330] "GET / HTTP/1.1" 200 338336 "-" "Mozilla/5.0 (compatible; PRTG Network Monitor (www.paessler.com); Windows)"
66.249.77.100 - - [28/Aug/2026:02:22:37 +0330] "GET /?u=45109255191407 HTTP/1.1" 200 32472 "-" "Mozilla/5.0 (Linux; Android 6.0.1; Nexus 5X Build/MMB29P) AppleWebKit/537.36 (KHTML, like Gecko) Chrome/151.0.7922.173 Mobile Safari/537.36 (compatible; Googlebot/2.1; +http://www.google.com/bot.html)"
66.249.77.100 - - [28/Aug/2026:02:23:24 +0330] "GET /?u=29075251724405 HTTP/1.1" 200 32423 "-" "Mozilla/5.0 (Linux; Android 6.0.1; Nexus 5X Build/MMB29P) AppleWebKit/537.36 (KHTML, like Gecko) Chrome/151.0.7922.173 Mobile Safari/537.36 (compatible; Googlebot/2.1; +http://www.google.com/bot.html)"
57.141.20.0 - - [28/Aug/2026:02:23:32 +0330] "GET /assets/images/icons/telegram.png HTTP/2.0" 200 1179 "-" "Mozilla/5.0 (Macintosh; Intel Mac OS X 10_15_7) AppleWebKit/537.36 (KHTML, like Gecko) Chrome/145.0.0.0 Safari/537.36 (compatible; meta-externalagent/1.1 (+https://developers.facebook.com/docs/sharing/webmasters/crawler))"
127.0.0.1 - - [28/Aug/2026:02:23:34 +0330] "GET /api/v2/sliders HTTP/1.1" 200 7479 "-" "node"
127.0.0.1 - - [28/Aug/2026:02:23:35 +0330] "GET /api/v1/categories-amazon HTTP/1.1" 200 34199 "-" "node"
127.0.0.1 - - [28/Aug/2026:02:23:36 +0330] "GET /api/v2/page-data HTTP/1.1" 200 36854 "-" "node"
172.16.20.25 - - [28/Aug/2026:02:23:36 +0330] "GET / HTTP/1.1" 200 338501 "-" "Mozilla/5.0 (compatible; PRTG Network Monitor (www.paessler.com); Windows)"
66.249.69.231 - - [28/Aug/2026:02:24:25 +0330] "GET /product/amz-B08CRJM5TV/momo-joker-mask-scary-halloween-latex-masks-for-adult-horror-clown-full-head-with-wig-cosplay-costume-party-prop HTTP/1.1" 308 167 "-" "Mozilla/5.0 (Linux; Android 6.0.1; Nexus 5X Build/MMB29P) AppleWebKit/537.36 (KHTML, like Gecko) Chrome/151.0.7922.173 Mobile Safari/537.36 (compatible; Googlebot/2.1; +http://www.google.com/bot.html)"
127.0.0.1 - - [28/Aug/2026:02:24:26 +0330] "GET /api/v3/product-show/amz-B08CRJM5TV?amazon_region=undefined HTTP/1.1" 301 169 "-" "node"
127.0.0.1 - - [28/Aug/2026:02:24:26 +0330] "GET /api/v3/product-show/amz-B08CRJM5TV?amazon_region= HTTP/1.1" 301 169 "-" "node"
127.0.0.1 - - [28/Aug/2026:02:24:26 +0330] "GET /api/v3/product-show/amz-B08CRJM5TV?amazon_region=undefined HTTP/1.1" 200 9248 "-" "node"
127.0.0.1 - - [28/Aug/2026:02:24:26 +0330] "GET /api/v3/product-show/amz-B08CRJM5TV?amazon_region= HTTP/1.1" 200 9255 "-" "node"
127.0.0.1 - - [28/Aug/2026:02:24:27 +0330] "GET /api/v1/categories-amazon HTTP/1.1" 200 34199 "-" "node"
192.178.7.97 - - [28/Aug/2026:02:24:27 +0330] "GET /product/amz-B08CRJM5TV/momo-joker-mask-scary-halloween-latex-masks-for-adult-horror-clown-full-head-with-wig-cosplay-costume-party-prop HTTP/1.1" 200 107812 "-" "Mozilla/5.0 (Linux; Android 6.0.1; Nexus 5X Build/MMB29P) AppleWebKit/537.36 (KHTML, like Gecko) Chrome/151.0.7922.173 Mobile Safari/537.36 (compatible; Googlebot/2.1; +http://www.google.com/bot.html)"
66.249.77.101 - - [28/Aug/2026:02:24:30 +0330] "GET /?u=00728168412600 HTTP/1.1" 200 34588 "-" "Mozilla/5.0 (Linux; Android 6.0.1; Nexus 5X Build/MMB29P) AppleWebKit/537.36 (KHTML, like Gecko) Chrome/151.0.7922.173 Mobile Safari/537.36 (compatible; Googlebot/2.1; +http://www.google.com/bot.html)"
127.0.0.1 - - [28/Aug/2026:02:24:35 +0330] "GET /api/v1/categories-amazon HTTP/1.1" 200 34199 "-" "node"
172.16.20.25 - - [28/Aug/2026:02:24:35 +0330] "GET / HTTP/1.1" 200 338343 "-" "Mozilla/5.0 (compatible; PRTG Network Monitor (www.paessler.com); Windows)"
66.249.77.100 - - [28/Aug/2026:02:24:37 +0330] "GET /?u=89865129126306 HTTP/1.1" 200 32290 "-" "Mozilla/5.0 (Linux; Android 6.0.1; Nexus 5X Build/MMB29P) AppleWebKit/537.36 (KHTML, like Gecko) Chrome/151.0.7922.173 Mobile Safari/537.36 (compatible; Googlebot/2.1; +http://www.google.com/bot.html)"
66.249.77.99 - - [28/Aug/2026:02:24:43 +0330] "GET /?u=41935216953107 HTTP/1.1" 200 32666 "-" "Mozilla/5.0 (Linux; Android 6.0.1; Nexus 5X Build/MMB29P) AppleWebKit/537.36 (KHTML, like Gecko) Chrome/151.0.7922.173 Mobile Safari/537.36 (compatible; Googlebot/2.1; +http://www.google.com/bot.html)"
