207.46.13.83 - - [28/Aug/2026:00:49:06 +0330] "GET /?u=79642212720503 HTTP/2.0" 200 33688 "-" "Mozilla/5.0 AppleWebKit/537.36 (KHTML, like Gecko; compatible; bingbot/2.0; +http://www.bing.com/bingbot.htm) Chrome/116.0.1938.76 Safari/537.36"
52.167.144.213 - - [28/Aug/2026:00:49:07 +0330] "GET /?u=2072122287601 HTTP/2.0" 200 33454 "-" "Mozilla/5.0 AppleWebKit/537.36 (KHTML, like Gecko; compatible; bingbot/2.0; +http://www.bing.com/bingbot.htm) Chrome/116.0.1938.76 Safari/537.36"
127.0.0.1 - - [28/Aug/2026:00:49:08 +0330] "GET /api/v1/show-products-offers/Babycamera HTTP/1.1" 301 169 "-" "node"
127.0.0.1 - - [28/Aug/2026:00:49:08 +0330] "GET /api/v1/show-products-offers/Babycamera HTTP/1.1" 200 1444 "-" "node"
31.2.188.187 - - [28/Aug/2026:00:49:08 +0330] "GET /products/Babycamera/%D8%AF%D9%88%D8%B1%D8%A8%DB%8C%D9%86-%D8%B9%DA%A9%D8%A7%D8%B3%DB%8C-%DA%A9%D9%88%D8%AF%DA%A9?_rsc=s86k6 HTTP/2.0" 200 2168 "https://charsooq.com/foreign-shopping" "Mozilla/5.0 (Linux; Android 10; K) AppleWebKit/537.36 (KHTML, like Gecko) Chrome/151.0.0.0 Mobile Safari/537.36"
127.0.0.1 - - [28/Aug/2026:00:49:08 +0330] "GET /storage/01K86AE67CD768YVCX06C4MFGY.jpg HTTP/1.1" 200 102485 "-" "node"
31.2.188.187 - - [28/Aug/2026:00:49:08 +0330] "GET /_next/image?url=https%3A%2F%2Fpanel.charsooq.com%2Fstorage%2F01K86AE67CD768YVCX06C4MFGY.jpg&w=640&q=75 HTTP/2.0" 200 40654 "https://charsooq.com/foreign-shopping" "Mozilla/5.0 (Linux; Android 10; K) AppleWebKit/537.36 (KHTML, like Gecko) Chrome/151.0.0.0 Mobile Safari/537.36"
52.167.144.213 - - [28/Aug/2026:00:49:10 +0330] "GET /?u=28977151980400 HTTP/2.0" 200 33981 "-" "Mozilla/5.0 AppleWebKit/537.36 (KHTML, like Gecko; compatible; bingbot/2.0; +http://www.bing.com/bingbot.htm) Chrome/116.0.1938.76 Safari/537.36"
52.167.144.213 - - [28/Aug/2026:00:49:11 +0330] "GET /?u=4178846814302 HTTP/2.0" 200 32916 "-" "Mozilla/5.0 AppleWebKit/537.36 (KHTML, like Gecko; compatible; bingbot/2.0; +http://www.bing.com/bingbot.htm) Chrome/116.0.1938.76 Safari/537.36"
127.0.0.1 - - [28/Aug/2026:00:49:12 +0330] "GET /api/v1/show-products-offers/3DMagicPen HTTP/1.1" 301 169 "-" "node"
127.0.0.1 - - [28/Aug/2026:00:49:12 +0330] "GET /api/v1/show-products-offers/3DMagicPen HTTP/1.1" 200 1303 "-" "node"
31.2.188.187 - - [28/Aug/2026:00:49:12 +0330] "GET /_next/image?url=https%3A%2F%2Fpanel.charsooq.com%2Fstorage%2F01K860JJCR4291H7T8S2ABV9ZA.jpg&w=640&q=75 HTTP/2.0" 200 30022 "https://charsooq.com/foreign-shopping" "Mozilla/5.0 (Linux; Android 10; K) AppleWebKit/537.36 (KHTML, like Gecko) Chrome/151.0.0.0 Mobile Safari/537.36"
31.2.188.187 - - [28/Aug/2026:00:49:12 +0330] "GET /products/3DMagicPen/%D9%82%D9%84%D9%85-%D8%AC%D8%A7%D8%AF%D9%88%DB%8C%DB%8C-%D8%B3%D9%87-%D8%A8%D8%B9%D8%AF%DB%8C?_rsc=s86k6 HTTP/2.0" 200 2159 "https://charsooq.com/foreign-shopping" "Mozilla/5.0 (Linux; Android 10; K) AppleWebKit/537.36 (KHTML, like Gecko) Chrome/151.0.0.0 Mobile Safari/537.36"
127.0.0.1 - - [28/Aug/2026:00:49:12 +0330] "GET /storage/01K860JJCR4291H7T8S2ABV9ZA.jpg HTTP/1.1" 200 278614 "-" "node"
207.46.13.83 - - [28/Aug/2026:00:49:13 +0330] "GET /?u=21075237337200 HTTP/2.0" 200 33128 "-" "Mozilla/5.0 AppleWebKit/537.36 (KHTML, like Gecko; compatible; bingbot/2.0; +http://www.bing.com/bingbot.htm) Chrome/116.0.1938.76 Safari/537.36"
52.167.144.25 - - [28/Aug/2026:00:49:16 +0330] "GET /?u=61368160239408 HTTP/2.0" 200 35271 "-" "Mozilla/5.0 AppleWebKit/537.36 (KHTML, like Gecko; compatible; bingbot/2.0; +http://www.bing.com/bingbot.htm) Chrome/116.0.1938.76 Safari/537.36"
127.0.0.1 - - [28/Aug/2026:00:49:16 +0330] "GET /api/v1/show-products-offers/PopMartSkullPanda HTTP/1.1" 301 169 "-" "node"
127.0.0.1 - - [28/Aug/2026:00:49:16 +0330] "GET /api/v1/show-products-offers/PopMartSkullPanda HTTP/1.1" 200 1821 "-" "node"
31.2.188.187 - - [28/Aug/2026:00:49:16 +0330] "GET /products/PopMartSkullPanda/%D8%B9%D8%B1%D9%88%D8%B3%DA%A9-%D8%B3%D9%88%D9%BE%D8%B1%D8%A7%DB%8C%D8%B2-%D8%A7%D8%B3%DA%A9%D9%88%D9%84-%D9%BE%D8%A7%D9%86%D8%AF%D8%A7-%D8%A7%D9%88%D8%B1%D8%AC%DB%8C%D9%86%D8%A7%D9%84?_rsc=s86k6 HTTP/2.0" 200 2286 "https://charsooq.com/foreign-shopping" "Mozilla/5.0 (Linux; Android 10; K) AppleWebKit/537.36 (KHTML, like Gecko) Chrome/151.0.0.0 Mobile Safari/537.36"
127.0.0.1 - - [28/Aug/2026:00:49:16 +0330] "GET /storage/01K8605BVQ82WBMSTTG6G68DC1.webp HTTP/1.1" 200 12048 "-" "node"
31.2.188.187 - - [28/Aug/2026:00:49:16 +0330] "GET /_next/image?url=https%3A%2F%2Fpanel.charsooq.com%2Fstorage%2F01K8605BVQ82WBMSTTG6G68DC1.webp&w=640&q=75 HTTP/2.0" 200 12790 "https://charsooq.com/foreign-shopping" "Mozilla/5.0 (Linux; Android 10; K) AppleWebKit/537.36 (KHTML, like Gecko) Chrome/151.0.0.0 Mobile Safari/537.36"
52.167.144.25 - - [28/Aug/2026:00:49:18 +0330] "GET /?u=28958279867000 HTTP/2.0" 200 32424 "-" "Mozilla/5.0 AppleWebKit/537.36 (KHTML, like Gecko; compatible; bingbot/2.0; +http://www.bing.com/bingbot.htm) Chrome/116.0.1938.76 Safari/537.36"
127.0.0.1 - - [28/Aug/2026:00:49:19 +0330] "GET /api/v2/article-show/Buy-the-best-foreign-shampoo HTTP/1.1" 200 148795 "-" "node"
52.167.144.25 - - [28/Aug/2026:00:49:19 +0330] "GET /?u=3755010245008 HTTP/2.0" 200 34643 "-" "Mozilla/5.0 AppleWebKit/537.36 (KHTML, like Gecko; compatible; bingbot/2.0; +http://www.bing.com/bingbot.htm) Chrome/116.0.1938.76 Safari/537.36"
127.0.0.1 - - [28/Aug/2026:00:49:20 +0330] "GET /api/v1/categories-amazon HTTP/1.1" 200 34230 "-" "node"
207.46.13.54 - - [28/Aug/2026:00:49:20 +0330] "GET /articles/Buy-the-best-foreign-shampoo HTTP/2.0" 200 111629 "-" "Mozilla/5.0 AppleWebKit/537.36 (KHTML, like Gecko; compatible; bingbot/2.0; +http://www.bing.com/bingbot.htm) Chrome/116.0.1938.76 Safari/537.36"
127.0.0.1 - - [28/Aug/2026:00:49:20 +0330] "GET /api/v1/show-products-offers/StPetersburgWatercolor48ColorsWoodenBox HTTP/1.1" 301 169 "-" "node"
127.0.0.1 - - [28/Aug/2026:00:49:20 +0330] "GET /api/v1/show-products-offers/StPetersburgWatercolor48ColorsWoodenBox HTTP/1.1" 200 4458 "-" "node"
31.2.188.187 - - [28/Aug/2026:00:49:20 +0330] "GET /products/StPetersburgWatercolor48ColorsWoodenBox/%D8%A2%D8%A8%D8%B1%D9%86%DA%AF-%D8%B3%D9%86-%D9%BE%D8%AA%D8%B1%D8%B2%D8%A8%D9%88%D8%B1%DA%AF-%DB%B4%DB%B8-%D8%B1%D9%86%DA%AF-%D8%AC%D8%B9%D8%A8%D9%87-%DA%86%D9%88%D8%A8%DB%8C?_rsc=s86k6 HTTP/2.0" 200 2332 "https://charsooq.com/foreign-shopping" "Mozilla/5.0 (Linux; Android 10; K) AppleWebKit/537.36 (KHTML, like Gecko) Chrome/151.0.0.0 Mobile Safari/537.36"
127.0.0.1 - - [28/Aug/2026:00:49:20 +0330] "GET /storage/01K85ZWV0VHD9K1G8EP3NEVTBD.webp HTTP/1.1" 200 50168 "-" "node"
31.2.188.187 - - [28/Aug/2026:00:49:20 +0330] "GET /_next/image?url=https%3A%2F%2Fpanel.charsooq.com%2Fstorage%2F01K85ZWV0VHD9K1G8EP3NEVTBD.webp&w=640&q=75 HTTP/2.0" 200 15514 "https://charsooq.com/foreign-shopping" "Mozilla/5.0 (Linux; Android 10; K) AppleWebKit/537.36 (KHTML, like Gecko) Chrome/151.0.0.0 Mobile Safari/537.36"
52.167.144.25 - - [28/Aug/2026:00:49:21 +0330] "GET /?u=23919275065202 HTTP/2.0" 200 33628 "-" "Mozilla/5.0 AppleWebKit/537.36 (KHTML, like Gecko; compatible; bingbot/2.0; +http://www.bing.com/bingbot.htm) Chrome/116.0.1938.76 Safari/537.36"
127.0.0.1 - - [28/Aug/2026:00:49:24 +0330] "GET /api/v1/show-products-offers/RondoBasicMarkerSet36Colors HTTP/1.1" 301 169 "-" "node"
127.0.0.1 - - [28/Aug/2026:00:49:24 +0330] "GET /api/v1/show-products-offers/RondoBasicMarkerSet36Colors HTTP/1.1" 200 4299 "-" "node"
31.2.188.187 - - [28/Aug/2026:00:49:24 +0330] "GET /_next/image?url=https%3A%2F%2Fpanel.charsooq.com%2Fstorage%2F01K85XJ14R02M5WX4G3RCTM11E.webp&w=640&q=75 HTTP/2.0" 200 8558 "https://charsooq.com/foreign-shopping" "Mozilla/5.0 (Linux; Android 10; K) AppleWebKit/537.36 (KHTML, like Gecko) Chrome/151.0.0.0 Mobile Safari/537.36"
31.2.188.187 - - [28/Aug/2026:00:49:24 +0330] "GET /products/RondoBasicMarkerSet36Colors/%D9%85%D8%A7%DA%98%DB%8C%DA%A9-%D8%B1%D8%A7%D9%86%D8%AF%D9%88-%D8%A8%DB%8C%D8%B3%DB%8C%DA%A9-%D8%B3%D8%AA-36-%D8%B1%D9%86%DA%AF?_rsc=s86k6 HTTP/2.0" 200 2278 "https://charsooq.com/foreign-shopping" "Mozilla/5.0 (Linux; Android 10; K) AppleWebKit/537.36 (KHTML, like Gecko) Chrome/151.0.0.0 Mobile Safari/537.36"
127.0.0.1 - - [28/Aug/2026:00:49:24 +0330] "GET /storage/01K85XJ14R02M5WX4G3RCTM11E.webp HTTP/1.1" 200 39572 "-" "node"
207.46.13.83 - - [28/Aug/2026:00:49:27 +0330] "GET /?u=6264740748207 HTTP/2.0" 200 33287 "-" "Mozilla/5.0 AppleWebKit/537.36 (KHTML, like Gecko; compatible; bingbot/2.0; +http://www.bing.com/bingbot.htm) Chrome/116.0.1938.76 Safari/537.36"
31.2.188.187 - - [28/Aug/2026:00:49:27 +0330] "GET /_next/image?url=%2Fassets%2Fimages%2Ficons%2Fenamad-icon.png&w=256&q=75 HTTP/2.0" 200 2578 "https://charsooq.com/" "Mozilla/5.0 (Linux; Android 10; K) AppleWebKit/537.36 (KHTML, like Gecko) Chrome/151.0.0.0 Mobile Safari/537.36"
31.2.188.187 - - [28/Aug/2026:00:49:27 +0330] "GET /amazon?_rsc=1jezg HTTP/2.0" 200 20148 "https://charsooq.com/foreign-shopping" "Mozilla/5.0 (Linux; Android 10; K) AppleWebKit/537.36 (KHTML, like Gecko) Chrome/151.0.0.0 Mobile Safari/537.36"
31.2.188.187 - - [28/Aug/2026:00:49:27 +0330] "GET /manifest.json HTTP/2.0" 304 0 "https://charsooq.com/amazon" "Mozilla/5.0 (Linux; Android 10; K) AppleWebKit/537.36 (KHTML, like Gecko) Chrome/151.0.0.0 Mobile Safari/537.36"
31.2.188.187 - - [28/Aug/2026:00:49:27 +0330] "GET /calculator?_rsc=15hze HTTP/2.0" 200 1408 "https://charsooq.com/amazon" "Mozilla/5.0 (Linux; Android 10; K) AppleWebKit/537.36 (KHTML, like Gecko) Chrome/151.0.0.0 Mobile Safari/537.36"
31.2.188.187 - - [28/Aug/2026:00:49:27 +0330] "GET /about-us?_rsc=15hze HTTP/2.0" 200 1364 "https://charsooq.com/amazon" "Mozilla/5.0 (Linux; Android 10; K) AppleWebKit/537.36 (KHTML, like Gecko) Chrome/151.0.0.0 Mobile Safari/537.36"
31.2.188.187 - - [28/Aug/2026:00:49:27 +0330] "GET /help?_rsc=15hze HTTP/2.0" 200 1528 "https://charsooq.com/amazon" "Mozilla/5.0 (Linux; Android 10; K) AppleWebKit/537.36 (KHTML, like Gecko) Chrome/151.0.0.0 Mobile Safari/537.36"
31.2.188.187 - - [28/Aug/2026:00:49:27 +0330] "GET /faq?_rsc=15hze HTTP/2.0" 200 1359 "https://charsooq.com/amazon" "Mozilla/5.0 (Linux; Android 10; K) AppleWebKit/537.36 (KHTML, like Gecko) Chrome/151.0.0.0 Mobile Safari/537.36"
31.2.188.187 - - [28/Aug/2026:00:49:27 +0330] "GET /pwa-icon-180.png HTTP/2.0" 304 0 "https://charsooq.com/amazon" "Mozilla/5.0 (Linux; Android 10; K) AppleWebKit/537.36 (KHTML, like Gecko) Chrome/151.0.0.0 Mobile Safari/537.36"
31.2.188.187 - - [28/Aug/2026:00:49:27 +0330] "GET /_next/static/chunks/app/amazon/page-31e7e225043b5dc1.js HTTP/2.0" 200 3250 "https://charsooq.com/amazon" "Mozilla/5.0 (Linux; Android 10; K) AppleWebKit/537.36 (KHTML, like Gecko) Chrome/151.0.0.0 Mobile Safari/537.36"
31.2.188.187 - - [28/Aug/2026:00:49:27 +0330] "GET /articles?_rsc=15hze HTTP/2.0" 200 1795 "https://charsooq.com/amazon" "Mozilla/5.0 (Linux; Android 10; K) AppleWebKit/537.36 (KHTML, like Gecko) Chrome/151.0.0.0 Mobile Safari/537.36"
31.2.188.187 - - [28/Aug/2026:00:49:27 +0330] "GET /ghavanincharsooq?_rsc=15hze HTTP/2.0" 200 1371 "https://charsooq.com/amazon" "Mozilla/5.0 (Linux; Android 10; K) AppleWebKit/537.36 (KHTML, like Gecko) Chrome/151.0.0.0 Mobile Safari/537.36"
31.2.188.187 - - [28/Aug/2026:00:49:27 +0330] "GET /_next/static/chunks/app/help/layout-bafecda7f594b8aa.js HTTP/2.0" 200 4169 "https://charsooq.com/amazon" "Mozilla/5.0 (Linux; Android 10; K) AppleWebKit/537.36 (KHTML, like Gecko) Chrome/151.0.0.0 Mobile Safari/537.36"
31.2.188.187 - - [28/Aug/2026:00:49:28 +0330] "GET /_next/image?url=%2Fassets%2Fimages%2Fhome%2Fcategory%2Fshoes.jpg&w=1920&q=75 HTTP/2.0" 200 13250 "https://charsooq.com/amazon" "Mozilla/5.0 (Linux; Android 10; K) AppleWebKit/537.36 (KHTML, like Gecko) Chrome/151.0.0.0 Mobile Safari/537.36"
31.2.188.187 - - [28/Aug/2026:00:49:28 +0330] "GET /_next/image?url=%2Fassets%2Fimages%2Fhome%2Fcategory%2Fcosmetic.jpg&w=1920&q=75 HTTP/2.0" 200 15462 "https://charsooq.com/amazon" "Mozilla/5.0 (Linux; Android 10; K) AppleWebKit/537.36 (KHTML, like Gecko) Chrome/151.0.0.0 Mobile Safari/537.36"
31.2.188.187 - - [28/Aug/2026:00:49:28 +0330] "GET /_next/image?url=%2Fassets%2Fimages%2Fhome%2Fhome-instagram2.webp&w=1920&q=75 HTTP/2.0" 200 10150 "https://charsooq.com/amazon" "Mozilla/5.0 (Linux; Android 10; K) AppleWebKit/537.36 (KHTML, like Gecko) Chrome/151.0.0.0 Mobile Safari/537.36"
31.2.188.187 - - [28/Aug/2026:00:49:28 +0330] "GET /_next/image?url=%2Fassets%2Fimages%2Fhome%2Fhome-telegram2.webp&w=1920&q=75 HTTP/2.0" 200 16878 "https://charsooq.com/amazon" "Mozilla/5.0 (Linux; Android 10; K) AppleWebKit/537.36 (KHTML, like Gecko) Chrome/151.0.0.0 Mobile Safari/537.36"
31.2.188.187 - - [28/Aug/2026:00:49:28 +0330] "GET /_next/image?url=%2Fassets%2Fimages%2Ficons%2Fcheap-products.png&w=640&q=75 HTTP/2.0" 200 11870 "https://charsooq.com/amazon" "Mozilla/5.0 (Linux; Android 10; K) AppleWebKit/537.36 (KHTML, like Gecko) Chrome/151.0.0.0 Mobile Safari/537.36"
127.0.0.1 - - [28/Aug/2026:00:49:28 +0330] "GET /api/v1/article-page?region=amazon HTTP/1.1" 200 6910 "-" "node"
127.0.0.1 - - [28/Aug/2026:00:49:28 +0330] "GET /storage/01K8JWK79NWENGHWPE48PZTYED.webp HTTP/1.1" 200 102920 "-" "node"
31.2.188.187 - - [28/Aug/2026:00:49:28 +0330] "GET /_next/image?url=https%3A%2F%2Fpanel.charsooq.com%2Fstorage%2F01K8JWK79NWENGHWPE48PZTYED.webp&w=640&q=75 HTTP/2.0" 200 10564 "https://charsooq.com/amazon" "Mozilla/5.0 (Linux; Android 10; K) AppleWebKit/537.36 (KHTML, like Gecko) Chrome/151.0.0.0 Mobile Safari/537.36"
31.2.188.187 - - [28/Aug/2026:00:49:28 +0330] "GET /_next/image?url=https%3A%2F%2Fpanel.charsooq.com%2Fstorage%2F01K30WJ5CRG6P23ET9E20V8BCA.webp&w=640&q=75 HTTP/2.0" 200 13986 "https://charsooq.com/amazon" "Mozilla/5.0 (Linux; Android 10; K) AppleWebKit/537.36 (KHTML, like Gecko) Chrome/151.0.0.0 Mobile Safari/537.36"
31.2.188.187 - - [28/Aug/2026:00:49:28 +0330] "GET /_next/image?url=https%3A%2F%2Fpanel.charsooq.com%2Fstorage%2F01K2C81GNQQKAWA7JJQDJ3A7Q4.webp&w=640&q=75 HTTP/2.0" 200 13158 "https://charsooq.com/amazon" "Mozilla/5.0 (Linux; Android 10; K) AppleWebKit/537.36 (KHTML, like Gecko) Chrome/151.0.0.0 Mobile Safari/537.36"
31.2.188.187 - - [28/Aug/2026:00:49:28 +0330] "GET /_next/image?url=https%3A%2F%2Fpanel.charsooq.com%2Fstorage%2F01JV4XCZH321NWQS7SA1Y2EA33.webp&w=640&q=75 HTTP/2.0" 200 14554 "https://charsooq.com/amazon" "Mozilla/5.0 (Linux; Android 10; K) AppleWebKit/537.36 (KHTML, like Gecko) Chrome/151.0.0.0 Mobile Safari/537.36"
127.0.0.1 - - [28/Aug/2026:00:49:28 +0330] "GET /storage/01K30WJ5CRG6P23ET9E20V8BCA.webp HTTP/1.1" 200 89406 "-" "node"
127.0.0.1 - - [28/Aug/2026:00:49:28 +0330] "GET /storage/01K2C81GNQQKAWA7JJQDJ3A7Q4.webp HTTP/1.1" 200 96404 "-" "node"
127.0.0.1 - - [28/Aug/2026:00:49:28 +0330] "GET /storage/01JV4XCZH321NWQS7SA1Y2EA33.webp HTTP/1.1" 200 103370 "-" "node"
127.0.0.1 - - [28/Aug/2026:00:49:35 +0330] "GET /api/v1/categories-amazon HTTP/1.1" 200 34230 "-" "node"
172.16.20.25 - - [28/Aug/2026:00:49:35 +0330] "GET / HTTP/1.1" 200 338468 "-" "Mozilla/5.0 (compatible; PRTG Network Monitor (www.paessler.com); Windows)"
207.46.13.83 - - [28/Aug/2026:00:49:35 +0330] "GET /?u=97029247604200 HTTP/2.0" 200 33815 "-" "Mozilla/5.0 AppleWebKit/537.36 (KHTML, like Gecko; compatible; bingbot/2.0; +http://www.bing.com/bingbot.htm) Chrome/116.0.1938.76 Safari/537.36"
52.167.144.25 - - [28/Aug/2026:00:49:47 +0330] "GET /?u=1872117318814 HTTP/2.0" 200 32275 "-" "Mozilla/5.0 AppleWebKit/537.36 (KHTML, like Gecko; compatible; bingbot/2.0; +http://www.bing.com/bingbot.htm) Chrome/116.0.1938.76 Safari/537.36"
52.167.144.25 - - [28/Aug/2026:00:49:49 +0330] "GET /?u=5992286982004 HTTP/2.0" 200 33698 "-" "Mozilla/5.0 AppleWebKit/537.36 (KHTML, like Gecko; compatible; bingbot/2.0; +http://www.bing.com/bingbot.htm) Chrome/116.0.1938.76 Safari/537.36"
52.167.144.25 - - [28/Aug/2026:00:49:51 +0330] "GET /?u=712306445904 HTTP/2.0" 200 32678 "-" "Mozilla/5.0 AppleWebKit/537.36 (KHTML, like Gecko; compatible; bingbot/2.0; +http://www.bing.com/bingbot.htm) Chrome/116.0.1938.76 Safari/537.36"
157.55.39.58 - - [28/Aug/2026:00:49:51 +0330] "GET /?u=67237287224000 HTTP/2.0" 200 34414 "-" "Mozilla/5.0 AppleWebKit/537.36 (KHTML, like Gecko; compatible; bingbot/2.0; +http://www.bing.com/bingbot.htm) Chrome/116.0.1938.76 Safari/537.36"
157.55.39.58 - - [28/Aug/2026:00:49:53 +0330] "GET /?u=90991866418 HTTP/2.0" 200 32461 "-" "Mozilla/5.0 AppleWebKit/537.36 (KHTML, like Gecko; compatible; bingbot/2.0; +http://www.bing.com/bingbot.htm) Chrome/116.0.1938.76 Safari/537.36"
52.167.144.213 - - [28/Aug/2026:00:50:02 +0330] "GET /?u=27979270471212 HTTP/2.0" 200 33147 "-" "Mozilla/5.0 AppleWebKit/537.36 (KHTML, like Gecko; compatible; bingbot/2.0; +http://www.bing.com/bingbot.htm) Chrome/116.0.1938.76 Safari/537.36"
52.167.144.213 - - [28/Aug/2026:00:50:04 +0330] "GET /?u=5278868099201 HTTP/2.0" 200 33223 "-" "Mozilla/5.0 AppleWebKit/537.36 (KHTML, like Gecko; compatible; bingbot/2.0; +http://www.bing.com/bingbot.htm) Chrome/116.0.1938.76 Safari/537.36"
127.0.0.1 - - [28/Aug/2026:00:50:05 +0330] "GET /api/v1/article-old-show/%D8%A2%D9%85%D8%A7%D8%B2%D9%88%D9%86-%D9%88-%D8%B4%D8%A7%D9%BE%DB%8C-%D9%81%D8%A7%DB%8C-%DB%8C%DA%A9%D9%BE%D8%A7%D8%B1%DA%86%D9%87-%D9%85%DB%8C%E2%80%8C%D8%B4%D9%88%D9%86%D8%AF HTTP/1.1" 200 123264 "-" "node"
127.0.0.1 - - [28/Aug/2026:00:50:06 +0330] "GET /api/v1/categories-amazon HTTP/1.1" 200 34199 "-" "node"
157.100.204.68 - - [28/Aug/2026:00:50:06 +0330] "GET /%D8%A2%D9%85%D8%A7%D8%B2%D9%88%D9%86-%D9%88-%D8%B4%D8%A7%D9%BE%DB%8C-%D9%81%D8%A7%DB%8C-%DB%8C%DA%A9%D9%BE%D8%A7%D8%B1%DA%86%D9%87-%D9%85%DB%8C%E2%80%8C%D8%B4%D9%88%D9%86%D8%AF HTTP/2.0" 200 104037 "-" "Mozilla/5.0 (Macintosh; Intel Mac OS X 10_15_7) AppleWebKit/537.36 (KHTML, like Gecko) Chrome/143.0.0.0 Safari/537.36"
52.167.144.213 - - [28/Aug/2026:00:50:06 +0330] "GET /?u=8025246891100 HTTP/2.0" 200 35809 "-" "Mozilla/5.0 AppleWebKit/537.36 (KHTML, like Gecko; compatible; bingbot/2.0; +http://www.bing.com/bingbot.htm) Chrome/116.0.1938.76 Safari/537.36"
52.167.144.25 - - [28/Aug/2026:00:50:06 +0330] "GET /?u=50841254683700 HTTP/2.0" 200 32353 "-" "Mozilla/5.0 AppleWebKit/537.36 (KHTML, like Gecko; compatible; bingbot/2.0; +http://www.bing.com/bingbot.htm) Chrome/116.0.1938.76 Safari/537.36"
52.167.144.213 - - [28/Aug/2026:00:50:08 +0330] "GET /?u=1613644936101 HTTP/2.0" 200 33004 "-" "Mozilla/5.0 AppleWebKit/537.36 (KHTML, like Gecko; compatible; bingbot/2.0; +http://www.bing.com/bingbot.htm) Chrome/116.0.1938.76 Safari/537.36"
52.167.144.25 - - [28/Aug/2026:00:50:08 +0330] "GET /?u=16602251806204 HTTP/2.0" 200 33167 "-" "Mozilla/5.0 AppleWebKit/537.36 (KHTML, like Gecko; compatible; bingbot/2.0; +http://www.bing.com/bingbot.htm) Chrome/116.0.1938.76 Safari/537.36"
127.0.0.1 - - [28/Aug/2026:00:50:09 +0330] "GET /api/v1/article-old-show/%D8%A2%D9%85%D8%A7%D8%B2%D9%88%D9%86-%D9%88-%D8%B4%D8%A7%D9%BE%DB%8C-%D9%81%D8%A7%DB%8C-%DB%8C%DA%A9%D9%BE%D8%A7%D8%B1%DA%86%D9%87-%D9%85%DB%8C%E2%80%8C%D8%B4%D9%88%D9%86%D8%AF HTTP/1.1" 200 123264 "-" "node"
52.167.144.25 - - [28/Aug/2026:00:50:10 +0330] "GET /?u=43081100692700 HTTP/2.0" 200 36080 "-" "Mozilla/5.0 AppleWebKit/537.36 (KHTML, like Gecko; compatible; bingbot/2.0; +http://www.bing.com/bingbot.htm) Chrome/116.0.1938.76 Safari/537.36"
127.0.0.1 - - [28/Aug/2026:00:50:10 +0330] "GET /api/v1/categories-amazon HTTP/1.1" 200 34230 "-" "node"
37.156.64.57 - - [28/Aug/2026:00:50:10 +0330] "GET /%D8%A2%D9%85%D8%A7%D8%B2%D9%88%D9%86-%D9%88-%D8%B4%D8%A7%D9%BE%DB%8C-%D9%81%D8%A7%DB%8C-%DB%8C%DA%A9%D9%BE%D8%A7%D8%B1%DA%86%D9%87-%D9%85%DB%8C%E2%80%8C%D8%B4%D9%88%D9%86%D8%AF HTTP/2.0" 200 104037 "-" "Mozilla/5.0 (Macintosh; Intel Mac OS X 10_15_7) AppleWebKit/537.36 (KHTML, like Gecko) Chrome/142.0.0.0 Safari/537.36"
52.167.144.25 - - [28/Aug/2026:00:50:11 +0330] "GET /?u=130928589503 HTTP/2.0" 200 33069 "-" "Mozilla/5.0 AppleWebKit/537.36 (KHTML, like Gecko; compatible; bingbot/2.0; +http://www.bing.com/bingbot.htm) Chrome/116.0.1938.76 Safari/537.36"
157.55.39.58 - - [28/Aug/2026:00:50:12 +0330] "GET /?u=20788152097100 HTTP/2.0" 200 35057 "-" "Mozilla/5.0 AppleWebKit/537.36 (KHTML, like Gecko; compatible; bingbot/2.0; +http://www.bing.com/bingbot.htm) Chrome/116.0.1938.76 Safari/537.36"
52.167.144.25 - - [28/Aug/2026:00:50:13 +0330] "GET /?u=44361166797700 HTTP/2.0" 200 35551 "-" "Mozilla/5.0 AppleWebKit/537.36 (KHTML, like Gecko; compatible; bingbot/2.0; +http://www.bing.com/bingbot.htm) Chrome/116.0.1938.76 Safari/537.36"
78.180.233.206 - - [28/Aug/2026:00:50:23 +0330] "GET /storage/uploads/cskMoaDqBruQD4hH26DSZOhOEH6h9EgHKDTPNbmn.webp HTTP/2.0" 200 23892 "https://www.google.com/" "Mozilla/5.0 (Linux; Android 10; K) AppleWebKit/537.36 (KHTML, like Gecko) Chrome/151.0.0.0 Mobile Safari/537.36"
127.0.0.1 - - [28/Aug/2026:00:50:34 +0330] "GET /api/v2/sliders HTTP/1.1" 200 7478 "-" "node"
127.0.0.1 - - [28/Aug/2026:00:50:35 +0330] "GET /api/v1/categories-amazon HTTP/1.1" 200 34230 "-" "node"
127.0.0.1 - - [28/Aug/2026:00:50:36 +0330] "GET /api/v2/page-data HTTP/1.1" 200 36854 "-" "node"
172.16.20.25 - - [28/Aug/2026:00:50:36 +0330] "GET / HTTP/1.1" 200 338507 "-" "Mozilla/5.0 (compatible; PRTG Network Monitor (www.paessler.com); Windows)"
134.185.90.18 - - [28/Aug/2026:00:50:44 +0330] "GET / HTTP/1.1" 301 169 "-" "WebSiphonBot/0.1.0"
134.185.90.18 - - [28/Aug/2026:00:50:44 +0330] "GET /.env HTTP/1.1" 301 169 "-" "WebSiphonBot/0.1.0"
134.185.90.18 - - [28/Aug/2026:00:50:45 +0330] "GET /.env.bak HTTP/1.1" 301 169 "-" "WebSiphonBot/0.1.0"
134.185.90.18 - - [28/Aug/2026:00:50:45 +0330] "GET /.env.local HTTP/1.1" 301 169 "-" "WebSiphonBot/0.1.0"
161.118.212.169 - - [28/Aug/2026:00:50:45 +0330] "GET / HTTP/1.1" 302 343 "-" "WebSiphonBot/0.1.0"
134.185.90.18 - - [28/Aug/2026:00:50:45 +0330] "GET /.git/config HTTP/1.1" 301 169 "-" "WebSiphonBot/0.1.0"
161.118.212.169 - - [28/Aug/2026:00:50:45 +0330] "GET /.env HTTP/1.1" 403 125 "-" "WebSiphonBot/0.1.0"
134.185.90.18 - - [28/Aug/2026:00:50:45 +0330] "GET /.git/HEAD HTTP/1.1" 301 169 "-" "WebSiphonBot/0.1.0"
161.118.212.169 - - [28/Aug/2026:00:50:45 +0330] "GET /.env.bak HTTP/1.1" 403 125 "-" "WebSiphonBot/0.1.0"
134.185.90.18 - - [28/Aug/2026:00:50:46 +0330] "GET /robots.txt HTTP/1.1" 301 169 "-" "WebSiphonBot/0.1.0"
161.118.212.169 - - [28/Aug/2026:00:50:46 +0330] "GET /.env.local HTTP/1.1" 403 125 "-" "WebSiphonBot/0.1.0"
134.185.90.18 - - [28/Aug/2026:00:50:46 +0330] "GET /sitemap.xml HTTP/1.1" 301 169 "-" "WebSiphonBot/0.1.0"
161.118.212.169 - - [28/Aug/2026:00:50:46 +0330] "GET /.git/config HTTP/1.1" 403 125 "-" "WebSiphonBot/0.1.0"
134.185.90.18 - - [28/Aug/2026:00:50:46 +0330] "GET /.DS_Store HTTP/1.1" 301 169 "-" "WebSiphonBot/0.1.0"
161.118.212.169 - - [28/Aug/2026:00:50:46 +0330] "GET /.git/HEAD HTTP/1.1" 403 125 "-" "WebSiphonBot/0.1.0"
134.185.90.18 - - [28/Aug/2026:00:50:46 +0330] "GET /server-status HTTP/1.1" 301 169 "-" "WebSiphonBot/0.1.0"
134.185.90.18 - - [28/Aug/2026:00:50:47 +0330] "GET /phpinfo.php HTTP/1.1" 301 169 "-" "WebSiphonBot/0.1.0"
161.118.212.169 - - [28/Aug/2026:00:50:47 +0330] "GET /sitemap.xml HTTP/1.1" 404 2312 "-" "WebSiphonBot/0.1.0"
134.185.90.18 - - [28/Aug/2026:00:50:47 +0330] "GET /wp-login.php HTTP/1.1" 301 169 "-" "WebSiphonBot/0.1.0"
161.118.212.169 - - [28/Aug/2026:00:50:47 +0330] "GET /.DS_Store HTTP/1.1" 403 125 "-" "WebSiphonBot/0.1.0"
134.185.90.18 - - [28/Aug/2026:00:50:47 +0330] "GET /admin/ HTTP/1.1" 301 169 "-" "WebSiphonBot/0.1.0"
161.118.212.169 - - [28/Aug/2026:00:50:47 +0330] "GET /server-status HTTP/1.1" 404 2312 "-" "WebSiphonBot/0.1.0"
134.185.90.18 - - [28/Aug/2026:00:50:47 +0330] "GET /login HTTP/1.1" 301 169 "-" "WebSiphonBot/0.1.0"
134.185.90.18 - - [28/Aug/2026:00:50:48 +0330] "GET /config.json HTTP/1.1" 301 169 "-" "WebSiphonBot/0.1.0"
161.118.212.169 - - [28/Aug/2026:00:50:48 +0330] "GET /phpinfo.php HTTP/1.1" 404 47 "-" "WebSiphonBot/0.1.0"
134.185.90.18 - - [28/Aug/2026:00:50:48 +0330] "GET /config.php HTTP/1.1" 301 169 "-" "WebSiphonBot/0.1.0"
161.118.212.169 - - [28/Aug/2026:00:50:48 +0330] "GET /wp-login.php HTTP/1.1" 404 47 "-" "WebSiphonBot/0.1.0"
134.185.90.18 - - [28/Aug/2026:00:50:48 +0330] "GET /api/ HTTP/1.1" 301 169 "-" "WebSiphonBot/0.1.0"
161.118.212.169 - - [28/Aug/2026:00:50:48 +0330] "GET /admin/ HTTP/1.1" 404 2312 "-" "WebSiphonBot/0.1.0"
134.185.90.18 - - [28/Aug/2026:00:50:48 +0330] "GET /swagger.json HTTP/1.1" 301 169 "-" "WebSiphonBot/0.1.0"
161.118.212.169 - - [28/Aug/2026:00:50:48 +0330] "GET /login HTTP/1.1" 404 2312 "-" "WebSiphonBot/0.1.0"
134.185.90.18 - - [28/Aug/2026:00:50:48 +0330] "GET /swagger/v1/swagger.json HTTP/1.1" 301 169 "-" "WebSiphonBot/0.1.0"
161.118.212.169 - - [28/Aug/2026:00:50:49 +0330] "GET /config.json HTTP/1.1" 404 2312 "-" "WebSiphonBot/0.1.0"
134.185.90.18 - - [28/Aug/2026:00:50:49 +0330] "GET /openapi.json HTTP/1.1" 301 169 "-" "WebSiphonBot/0.1.0"
161.118.212.169 - - [28/Aug/2026:00:50:49 +0330] "GET /config.php HTTP/1.1" 404 47 "-" "WebSiphonBot/0.1.0"
134.185.90.18 - - [28/Aug/2026:00:50:49 +0330] "GET /api-docs HTTP/1.1" 301 169 "-" "WebSiphonBot/0.1.0"
134.185.90.18 - - [28/Aug/2026:00:50:49 +0330] "GET /graphql HTTP/1.1" 301 169 "-" "WebSiphonBot/0.1.0"
161.118.212.169 - - [28/Aug/2026:00:50:49 +0330] "GET /api/ HTTP/1.1" 404 2312 "-" "WebSiphonBot/0.1.0"
134.185.90.18 - - [28/Aug/2026:00:50:49 +0330] "GET /actuator/health HTTP/1.1" 301 169 "-" "WebSiphonBot/0.1.0"
161.118.212.169 - - [28/Aug/2026:00:50:50 +0330] "GET /swagger.json HTTP/1.1" 404 2312 "-" "WebSiphonBot/0.1.0"
134.185.90.18 - - [28/Aug/2026:00:50:50 +0330] "GET /actuator/env HTTP/1.1" 301 169 "-" "WebSiphonBot/0.1.0"
161.118.212.169 - - [28/Aug/2026:00:50:50 +0330] "GET /swagger/v1/swagger.json HTTP/1.1" 404 2312 "-" "WebSiphonBot/0.1.0"
134.185.90.18 - - [28/Aug/2026:00:50:50 +0330] "GET /backup.sql HTTP/1.1" 301 169 "-" "WebSiphonBot/0.1.0"
161.118.212.169 - - [28/Aug/2026:00:50:50 +0330] "GET /openapi.json HTTP/1.1" 404 2312 "-" "WebSiphonBot/0.1.0"
134.185.90.18 - - [28/Aug/2026:00:50:50 +0330] "GET /dump.sql HTTP/1.1" 301 169 "-" "WebSiphonBot/0.1.0"
161.118.212.169 - - [28/Aug/2026:00:50:50 +0330] "GET /api-docs HTTP/1.1" 404 2312 "-" "WebSiphonBot/0.1.0"
134.185.90.18 - - [28/Aug/2026:00:50:50 +0330] "GET /.well-known/security.txt HTTP/1.1" 301 169 "-" "WebSiphonBot/0.1.0"
161.118.212.169 - - [28/Aug/2026:00:50:51 +0330] "GET /graphql HTTP/1.1" 404 2312 "-" "WebSiphonBot/0.1.0"
161.118.212.169 - - [28/Aug/2026:00:50:51 +0330] "GET /actuator/health HTTP/1.1" 404 2312 "-" "WebSiphonBot/0.1.0"
161.118.212.169 - - [28/Aug/2026:00:50:51 +0330] "GET /actuator/env HTTP/1.1" 404 2312 "-" "WebSiphonBot/0.1.0"
161.118.212.169 - - [28/Aug/2026:00:50:51 +0330] "GET /backup.sql HTTP/1.1" 404 2312 "-" "WebSiphonBot/0.1.0"
161.118.212.169 - - [28/Aug/2026:00:50:52 +0330] "GET /dump.sql HTTP/1.1" 404 2312 "-" "WebSiphonBot/0.1.0"
161.118.212.169 - - [28/Aug/2026:00:50:52 +0330] "GET /.well-known/security.txt HTTP/1.1" 404 2312 "-" "WebSiphonBot/0.1.0"
52.167.144.25 - - [28/Aug/2026:00:50:52 +0330] "GET /?u=14780255871203 HTTP/2.0" 200 31527 "-" "Mozilla/5.0 AppleWebKit/537.36 (KHTML, like Gecko; compatible; bingbot/2.0; +http://www.bing.com/bingbot.htm) Chrome/116.0.1938.76 Safari/537.36"
57.141.20.29 - - [28/Aug/2026:00:51:10 +0330] "GET /_next/image?url=https%3A%2F%2Fpanel.charsooq.com%2Fstorage%2F01HJ0YGVA6R15MECW1KS2K5V4G.webp&w=1200&q=75 HTTP/2.0" 200 45750 "-" "Mozilla/5.0 (Windows NT 10.0; Win64; x64) AppleWebKit/537.36 (KHTML, like Gecko) Chrome/145.0.0.0 Safari/537.36 (compatible; meta-externalagent/1.1 (+https://developers.facebook.com/docs/sharing/webmasters/crawler))"
127.0.0.1 - - [28/Aug/2026:00:51:10 +0330] "GET /storage/01HJ0YGVA6R15MECW1KS2K5V4G.webp HTTP/1.1" 200 108586 "-" "node"
57.141.20.53 - - [28/Aug/2026:00:51:15 +0330] "GET /_next/image?url=https%3A%2F%2Fpanel.charsooq.com%2Fstorage%2F01HJ0YGVA6R15MECW1KS2K5V4G.webp&w=1200&q=75 HTTP/2.0" 200 45750 "-" "Mozilla/5.0 (Windows NT 10.0; Win64; x64) AppleWebKit/537.36 (KHTML, like Gecko) Chrome/145.0.0.0 Safari/537.36 (compatible; meta-externalagent/1.1 (+https://developers.facebook.com/docs/sharing/webmasters/crawler))"
57.141.20.25 - - [28/Aug/2026:00:51:16 +0330] "GET /_next/image?url=https%3A%2F%2Fpanel.charsooq.com%2Fstorage%2F01HJ0YGVA6R15MECW1KS2K5V4G.webp&w=1200&q=75 HTTP/2.0" 200 45750 "-" "Mozilla/5.0 (Windows NT 10.0; Win64; x64) AppleWebKit/537.36 (KHTML, like Gecko) Chrome/145.0.0.0 Safari/537.36 (compatible; meta-externalagent/1.1 (+https://developers.facebook.com/docs/sharing/webmasters/crawler))"
127.0.0.1 - - [28/Aug/2026:00:51:35 +0330] "GET /api/v1/categories-amazon HTTP/1.1" 200 34230 "-" "node"
172.16.20.25 - - [28/Aug/2026:00:51:35 +0330] "GET / HTTP/1.1" 200 338468 "-" "Mozilla/5.0 (compatible; PRTG Network Monitor (www.paessler.com); Windows)"
127.0.0.1 - - [28/Aug/2026:00:51:47 +0330] "GET /api/v2/sliders HTTP/1.1" 200 7478 "-" "node"
127.0.0.1 - - [28/Aug/2026:00:51:48 +0330] "GET /api/v1/categories-amazon HTTP/1.1" 200 34199 "-" "node"
127.0.0.1 - - [28/Aug/2026:00:51:49 +0330] "GET /api/v2/page-data HTTP/1.1" 200 36854 "-" "node"
162.120.187.64 - - [28/Aug/2026:00:51:49 +0330] "GET / HTTP/2.0" 200 106233 "https://www.google.com/" "Mozilla/5.0 (Linux; Android 10; K) AppleWebKit/537.36 (KHTML, like Gecko) Chrome/152.0.0.0 Mobile Safari/537.36"
162.120.188.65 - - [28/Aug/2026:00:51:57 +0330] "GET / HTTP/2.0" 499 0 "https://www.google.com/" "Mozilla/5.0 (Linux; Android 10; K) AppleWebKit/537.36 (KHTML, like Gecko) Chrome/152.0.0.0 Mobile Safari/537.36"
127.0.0.1 - - [28/Aug/2026:00:51:57 +0330] "GET /api/v1/categories-amazon HTTP/1.1" 200 34230 "-" "node"
57.141.20.0 - - [28/Aug/2026:00:52:31 +0330] "GET /_next/image?url=https:%2F%2Fpanel.charsooq.com%2Fstorage%2F01HY6BS8GDGCSW52KSBB7AXNKE.webp&w=3840&q=75 HTTP/2.0" 200 61300 "-" "Mozilla/5.0 (X11; Linux x86_64) AppleWebKit/537.36 (KHTML, like Gecko) Chrome/145.0.0.0 Safari/537.36 (compatible; meta-externalagent/1.1 (+https://developers.facebook.com/docs/sharing/webmasters/crawler))"
127.0.0.1 - - [28/Aug/2026:00:52:31 +0330] "GET /storage/01HY6BS8GDGCSW52KSBB7AXNKE.webp HTTP/1.1" 200 200174 "-" "node"
127.0.0.1 - - [28/Aug/2026:00:52:35 +0330] "GET /api/v1/categories-amazon HTTP/1.1" 200 34230 "-" "node"
172.16.20.25 - - [28/Aug/2026:00:52:35 +0330] "GET / HTTP/1.1" 200 338468 "-" "Mozilla/5.0 (compatible; PRTG Network Monitor (www.paessler.com); Windows)"
57.141.20.69 - - [28/Aug/2026:00:52:36 +0330] "GET /_next/image?url=https:%2F%2Fpanel.charsooq.com%2Fstorage%2F01HY6BS8GDGCSW52KSBB7AXNKE.webp&w=3840&q=75 HTTP/2.0" 200 61300 "-" "Mozilla/5.0 (X11; Linux x86_64) AppleWebKit/537.36 (KHTML, like Gecko) Chrome/145.0.0.0 Safari/537.36 (compatible; meta-externalagent/1.1 (+https://developers.facebook.com/docs/sharing/webmasters/crawler))"
57.141.20.58 - - [28/Aug/2026:00:52:36 +0330] "GET /_next/image?url=https:%2F%2Fpanel.charsooq.com%2Fstorage%2F01HY6BS8GDGCSW52KSBB7AXNKE.webp&w=3840&q=75 HTTP/2.0" 200 61300 "-" "Mozilla/5.0 (X11; Linux x86_64) AppleWebKit/537.36 (KHTML, like Gecko) Chrome/145.0.0.0 Safari/537.36 (compatible; meta-externalagent/1.1 (+https://developers.facebook.com/docs/sharing/webmasters/crawler))"
66.249.77.100 - - [28/Aug/2026:00:52:37 +0330] "GET /?u=19591126524104 HTTP/1.1" 200 32385 "-" "Mozilla/5.0 (Linux; Android 6.0.1; Nexus 5X Build/MMB29P) AppleWebKit/537.36 (KHTML, like Gecko) Chrome/151.0.7922.173 Mobile Safari/537.36 (compatible; Googlebot/2.1; +http://www.google.com/bot.html)"
40.77.167.247 - - [28/Aug/2026:00:52:59 +0330] "GET /?u=77484205628302 HTTP/2.0" 200 31951 "-" "Mozilla/5.0 AppleWebKit/537.36 (KHTML, like Gecko; compatible; bingbot/2.0; +http://www.bing.com/bingbot.htm) Chrome/116.0.1938.76 Safari/537.36"
127.0.0.1 - - [28/Aug/2026:00:53:34 +0330] "GET /api/v2/sliders HTTP/1.1" 200 7478 "-" "node"
127.0.0.1 - - [28/Aug/2026:00:53:35 +0330] "GET /api/v1/categories-amazon HTTP/1.1" 200 34199 "-" "node"
127.0.0.1 - - [28/Aug/2026:00:53:36 +0330] "GET /api/v2/page-data HTTP/1.1" 200 36854 "-" "node"
172.16.20.25 - - [28/Aug/2026:00:53:36 +0330] "GET / HTTP/1.1" 200 338475 "-" "Mozilla/5.0 (compatible; PRTG Network Monitor (www.paessler.com); Windows)"
52.71.79.17 - - [28/Aug/2026:00:53:51 +0330] "GET /_next/image?url=https%3A%2F%2Fpanel.charsooq.com%2Fstorage%2F01HJ90JEDQJF6TP536M1MRANF6.webp&w=3840&q=75 HTTP/1.1" 200 28078 "-" "Mozilla/5.0 (X11; Ubuntu; Linux x86_64; rv:72.0) Gecko/20100101 Firefox/72.0"
127.0.0.1 - - [28/Aug/2026:00:53:51 +0330] "GET /storage/01HJ90JEDQJF6TP536M1MRANF6.webp HTTP/1.1" 200 47474 "-" "node"
5.126.52.112 - - [28/Aug/2026:00:54:23 +0330] "GET /storage/uploads/mndJOXESicpKaYWUPl0lP9NgJ4AUxGSYlJhrjlvL.webp HTTP/2.0" 200 22236 "https://www.google.com/" "Mozilla/5.0 (Linux; Android 11; M2102J20SG Build/RKQ1.200826.002; wv) AppleWebKit/537.36 (KHTML, like Gecko) Version/4.0 Chrome/151.0.7922.169 Mobile Safari/537.36 GoogleApp/17.42.17.ve.arm64"
127.0.0.1 - - [28/Aug/2026:00:54:35 +0330] "GET /api/v1/categories-amazon HTTP/1.1" 200 34230 "-" "node"
172.16.20.25 - - [28/Aug/2026:00:54:35 +0330] "GET / HTTP/1.1" 200 338468 "-" "Mozilla/5.0 (compatible; PRTG Network Monitor (www.paessler.com); Windows)"
66.249.77.96 - - [28/Aug/2026:00:54:56 +0330] "GET /storage/uploads/vRMgeb57aVfvzX4Pna0takzGYZlEzdJktyc49csN.webp HTTP/1.1" 301 169 "-" "Googlebot-Image/1.0"
66.249.77.101 - - [28/Aug/2026:00:54:57 +0330] "GET /storage/uploads/vRMgeb57aVfvzX4Pna0takzGYZlEzdJktyc49csN.webp HTTP/1.1" 200 23364 "-" "Googlebot-Image/1.0"
127.0.0.1 - - [28/Aug/2026:00:55:04 +0330] "GET /api/v1/categories-product?store=amazon&category=electronics-wearable-technology-smartwatches&count=24&page=1&minprice=0&maxprice=10000&ratings=&sortby= HTTP/1.1" 301 169 "-" "node"
127.0.0.1 - - [28/Aug/2026:00:55:06 +0330] "GET /api/v1/categories-amazon HTTP/1.1" 200 34199 "-" "node"
127.0.0.1 - - [28/Aug/2026:00:55:06 +0330] "GET /api/v1/categories-product?store=amazon&category=electronics-wearable-technology-smartwatches&count=24&page=1&minprice=0&maxprice=10000&ratings=&sortby= HTTP/1.1" 200 39192 "-" "node"
158.158.5.41 - - [28/Aug/2026:00:55:06 +0330] "GET /amazon/products?category=electronics-wearable-technology-smartwatches&page=1 HTTP/2.0" 200 158684 "-" "Mozilla/5.0 AppleWebKit/537.36 (KHTML, like Gecko); compatible; ChatGPT-User/1.0; +https://openai.com/bot"
127.0.0.1 - - [28/Aug/2026:00:55:10 +0330] "GET /api/v2/article-show/%D9%81%D9%88%D8%B1%D8%AF-%D8%AE%D8%B1%DB%8C%D8%AF-%D8%A7%DB%8C%D9%86%D8%AA%D8%B1%D9%86%D8%AA%DB%8C-%D9%85%D8%A7%D8%B4%DB%8C%D9%86-%D8%B3%D8%B1%D9%85%D8%A7%DB%8C%D9%87%E2%80%8C HTTP/1.1" 404 170 "-" "node"
127.0.0.1 - - [28/Aug/2026:00:55:11 +0330] "GET /api/v1/categories-amazon HTTP/1.1" 200 34199 "-" "node"
216.73.217.50 - - [28/Aug/2026:00:55:11 +0330] "GET /articles/%D9%81%D9%88%D8%B1%D8%AF-%D8%AE%D8%B1%DB%8C%D8%AF-%D8%A7%DB%8C%D9%86%D8%AA%D8%B1%D9%86%D8%AA%DB%8C-%D9%85%D8%A7%D8%B4%DB%8C%D9%86-%D8%B3%D8%B1%D9%85%D8%A7%DB%8C%D9%87%E2%80%8C HTTP/2.0" 200 83633 "-" "Mozilla/5.0 AppleWebKit/537.36 (KHTML, like Gecko; compatible; ClaudeBot/1.0; +claudebot@anthropic.com)"
127.0.0.1 - - [28/Aug/2026:00:55:34 +0330] "GET /api/v2/sliders HTTP/1.1" 200 7478 "-" "node"
127.0.0.1 - - [28/Aug/2026:00:55:35 +0330] "GET /api/v1/categories-amazon HTTP/1.1" 200 34199 "-" "node"
127.0.0.1 - - [28/Aug/2026:00:55:36 +0330] "GET /api/v2/page-data HTTP/1.1" 200 36854 "-" "node"
172.16.20.25 - - [28/Aug/2026:00:55:36 +0330] "GET / HTTP/1.1" 200 338507 "-" "Mozilla/5.0 (compatible; PRTG Network Monitor (www.paessler.com); Windows)"
127.0.0.1 - - [28/Aug/2026:00:56:24 +0330] "GET /api/v1/article-old-show/%D9%85%D8%B9%D8%B1%D9%81%DB%8C-%D8%B3%D8%A7%DB%8C%D8%AA-etsy HTTP/1.1" 200 13729 "-" "node"
127.0.0.1 - - [28/Aug/2026:00:56:26 +0330] "GET /api/v1/categories-amazon HTTP/1.1" 200 34230 "-" "node"
192.178.7.96 - - [28/Aug/2026:00:56:26 +0330] "GET /%D9%85%D8%B9%D8%B1%D9%81%DB%8C-%D8%B3%D8%A7%DB%8C%D8%AA-etsy HTTP/1.1" 200 88180 "-" "Mozilla/5.0 (compatible; Googlebot/2.1; +http://www.google.com/bot.html)"
66.249.77.101 - - [28/Aug/2026:00:56:32 +0330] "GET /?u=81773223629303 HTTP/1.1" 200 32590 "-" "Mozilla/5.0 (Linux; Android 6.0.1; Nexus 5X Build/MMB29P) AppleWebKit/537.36 (KHTML, like Gecko) Chrome/151.0.7922.173 Mobile Safari/537.36 (compatible; Googlebot/2.1; +http://www.google.com/bot.html)"
66.249.77.99 - - [28/Aug/2026:00:56:32 +0330] "GET /101027947.htm HTTP/1.1" 200 38140 "-" "Mozilla/5.0 (Linux; Android 6.0.1; Nexus 5X Build/MMB29P) AppleWebKit/537.36 (KHTML, like Gecko) Chrome/151.0.7922.173 Mobile Safari/537.36 (compatible; Googlebot/2.1; +http://www.google.com/bot.html)"
127.0.0.1 - - [28/Aug/2026:00:56:34 +0330] "GET /api/v1/categories-amazon HTTP/1.1" 200 34230 "-" "node"
172.16.20.25 - - [28/Aug/2026:00:56:35 +0330] "GET / HTTP/1.1" 200 338468 "-" "Mozilla/5.0 (compatible; PRTG Network Monitor (www.paessler.com); Windows)"
127.0.0.1 - - [28/Aug/2026:00:56:43 +0330] "GET /api/v1/article-old-show/%D9%85%D8%B9%D8%B1%D9%81%DB%8C-%D8%B3%D8%A7%DB%8C%D8%AA-etsy HTTP/1.1" 200 13729 "-" "node"
127.0.0.1 - - [28/Aug/2026:00:56:44 +0330] "GET /api/v1/categories-amazon HTTP/1.1" 200 34230 "-" "node"
192.178.7.96 - - [28/Aug/2026:00:56:44 +0330] "GET /%D9%85%D8%B9%D8%B1%D9%81%DB%8C-%D8%B3%D8%A7%DB%8C%D8%AA-etsy HTTP/1.1" 200 88180 "-" "Mozilla/5.0 (Linux; Android 6.0.1; Nexus 5X Build/MMB29P) AppleWebKit/537.36 (KHTML, like Gecko) Chrome/99.0.4844.84 Mobile Safari/537.36 (compatible; Googlebot/2.1; +http://www.google.com/bot.html)"
192.178.7.105 - - [28/Aug/2026:00:56:50 +0330] "GET /_next/static/chunks/webpack-f27042854bafc0d3.js HTTP/1.1" 200 2144 "https://charsooq.com/%D9%85%D8%B9%D8%B1%D9%81%DB%8C-%D8%B3%D8%A7%DB%8C%D8%AA-etsy" "Mozilla/5.0 AppleWebKit/537.36 (KHTML, like Gecko; compatible; Googlebot/2.1; +http://www.google.com/bot.html) Chrome/151.0.7922.108 Safari/537.36"
192.178.7.105 - - [28/Aug/2026:00:56:50 +0330] "GET /_next/static/chunks/3013-a9939c72e4a38977.js HTTP/1.1" 200 6878 "https://charsooq.com/%D9%85%D8%B9%D8%B1%D9%81%DB%8C-%D8%B3%D8%A7%DB%8C%D8%AA-etsy" "Mozilla/5.0 (Linux; Android 6.0.1; Nexus 5X Build/MMB29P) AppleWebKit/537.36 (KHTML, like Gecko) Chrome/151.0.7922.108 Mobile Safari/537.36 (compatible; Googlebot/2.1; +http://www.google.com/bot.html)"
192.178.7.105 - - [28/Aug/2026:00:56:50 +0330] "GET /_next/static/chunks/webpack-f27042854bafc0d3.js HTTP/1.1" 200 2144 "https://charsooq.com/%D9%85%D8%B9%D8%B1%D9%81%DB%8C-%D8%B3%D8%A7%DB%8C%D8%AA-etsy" "Mozilla/5.0 (Linux; Android 6.0.1; Nexus 5X Build/MMB29P) AppleWebKit/537.36 (KHTML, like Gecko) Chrome/151.0.7922.108 Mobile Safari/537.36 (compatible; Googlebot/2.1; +http://www.google.com/bot.html)"
71.90.109.3 - - [28/Aug/2026:00:56:53 +0330] "GET /newnaver.html HTTP/1.1" 200 22546 "-" "Mozilla/5.0 (compatible; PhishMonitor-LivenessSweep/1.0)"
192.178.7.105 - - [28/Aug/2026:00:57:10 +0330] "GET /32px.png HTTP/1.1" 200 11202 "-" "Googlebot-Image/1.0"
127.0.0.1 - - [28/Aug/2026:00:57:34 +0330] "GET /api/v2/sliders HTTP/1.1" 200 7478 "-" "node"
127.0.0.1 - - [28/Aug/2026:00:57:35 +0330] "GET /api/v1/categories-amazon HTTP/1.1" 200 34230 "-" "node"
127.0.0.1 - - [28/Aug/2026:00:57:36 +0330] "GET /api/v2/page-data HTTP/1.1" 200 36854 "-" "node"
172.16.20.25 - - [28/Aug/2026:00:57:36 +0330] "GET / HTTP/1.1" 200 338499 "-" "Mozilla/5.0 (compatible; PRTG Network Monitor (www.paessler.com); Windows)"
127.0.0.1 - - [28/Aug/2026:00:58:35 +0330] "GET /api/v1/categories-amazon HTTP/1.1" 200 34230 "-" "node"
172.16.20.25 - - [28/Aug/2026:00:58:35 +0330] "GET / HTTP/1.1" 200 338476 "-" "Mozilla/5.0 (compatible; PRTG Network Monitor (www.paessler.com); Windows)"
66.249.77.99 - - [28/Aug/2026:00:58:41 +0330] "GET /?u=99067203088201 HTTP/1.1" 200 35028 "-" "Mozilla/5.0 (Linux; Android 6.0.1; Nexus 5X Build/MMB29P) AppleWebKit/537.36 (KHTML, like Gecko) Chrome/151.0.7922.173 Mobile Safari/537.36 (compatible; Googlebot/2.1; +http://www.google.com/bot.html)"
157.55.39.58 - - [28/Aug/2026:00:58:52 +0330] "GET /?u=99028284584304 HTTP/2.0" 200 32006 "-" "Mozilla/5.0 AppleWebKit/537.36 (KHTML, like Gecko; compatible; bingbot/2.0; +http://www.bing.com/bingbot.htm) Chrome/116.0.1938.76 Safari/537.36"
157.55.39.58 - - [28/Aug/2026:00:58:54 +0330] "GET /?u=0411244613108 HTTP/2.0" 200 31913 "-" "Mozilla/5.0 AppleWebKit/537.36 (KHTML, like Gecko; compatible; bingbot/2.0; +http://www.bing.com/bingbot.htm) Chrome/116.0.1938.76 Safari/537.36"
57.141.20.20 - - [28/Aug/2026:00:58:55 +0330] "GET /_next/image?url=https:%2F%2Fpanel.charsooq.com%2Fstorage%2F01HZPC4JGDHPPC1JPBBR2A5T2E.webp&w=640&q=75 HTTP/2.0" 200 13060 "-" "Mozilla/5.0 (Windows NT 10.0; Win64; x64) AppleWebKit/537.36 (KHTML, like Gecko) Chrome/145.0.0.0 Safari/537.36 (compatible; meta-externalagent/1.1 (+https://developers.facebook.com/docs/sharing/webmasters/crawler))"
127.0.0.1 - - [28/Aug/2026:00:58:55 +0330] "GET /storage/01HZPC4JGDHPPC1JPBBR2A5T2E.webp HTTP/1.1" 200 105004 "-" "node"
157.55.39.58 - - [28/Aug/2026:00:58:55 +0330] "GET /?u=7895188473500 HTTP/2.0" 200 35741 "-" "Mozilla/5.0 AppleWebKit/537.36 (KHTML, like Gecko; compatible; bingbot/2.0; +http://www.bing.com/bingbot.htm) Chrome/116.0.1938.76 Safari/537.36"
127.0.0.1 - - [28/Aug/2026:00:58:55 +0330] "GET /api/v1/categories-amazon HTTP/1.1" 200 34230 "-" "node"
72.251.221.23 - - [28/Aug/2026:00:58:56 +0330] "GET /.well-known/assetlinks.json HTTP/2.0" 404 83933 "-" "okhttp/4.12.0"
71.90.109.3 - - [28/Aug/2026:00:58:57 +0330] "GET /preference.html HTTP/1.1" 200 12128 "-" "Mozilla/5.0 (compatible; PhishMonitor-LivenessSweep/1.0)"
157.55.39.58 - - [28/Aug/2026:00:58:57 +0330] "GET /?u=3101114654501 HTTP/2.0" 200 33011 "-" "Mozilla/5.0 AppleWebKit/537.36 (KHTML, like Gecko; compatible; bingbot/2.0; +http://www.bing.com/bingbot.htm) Chrome/116.0.1938.76 Safari/537.36"
40.77.167.14 - - [28/Aug/2026:00:58:58 +0330] "GET /?u=72069201998413 HTTP/2.0" 200 32934 "-" "Mozilla/5.0 AppleWebKit/537.36 (KHTML, like Gecko; compatible; bingbot/2.0; +http://www.bing.com/bingbot.htm) Chrome/116.0.1938.76 Safari/537.36"
157.55.39.58 - - [28/Aug/2026:00:58:59 +0330] "GET /?u=6197257285706 HTTP/2.0" 200 32792 "-" "Mozilla/5.0 AppleWebKit/537.36 (KHTML, like Gecko; compatible; bingbot/2.0; +http://www.bing.com/bingbot.htm) Chrome/116.0.1938.76 Safari/537.36"
40.77.167.14 - - [28/Aug/2026:00:59:00 +0330] "GET /?u=47209278378208 HTTP/2.0" 200 33101 "-" "Mozilla/5.0 AppleWebKit/537.36 (KHTML, like Gecko; compatible; bingbot/2.0; +http://www.bing.com/bingbot.htm) Chrome/116.0.1938.76 Safari/537.36"
157.55.39.58 - - [28/Aug/2026:00:59:02 +0330] "GET /?u=9237866328107 HTTP/2.0" 200 33247 "-" "Mozilla/5.0 AppleWebKit/537.36 (KHTML, like Gecko; compatible; bingbot/2.0; +http://www.bing.com/bingbot.htm) Chrome/116.0.1938.76 Safari/537.36"
57.141.20.2 - - [28/Aug/2026:00:59:02 +0330] "GET /_next/image?url=https:%2F%2Fpanel.charsooq.com%2Fstorage%2F01HZPC4JGDHPPC1JPBBR2A5T2E.webp&w=640&q=75 HTTP/2.0" 200 13060 "-" "Mozilla/5.0 (Windows NT 10.0; Win64; x64) AppleWebKit/537.36 (KHTML, like Gecko) Chrome/145.0.0.0 Safari/537.36 (compatible; meta-externalagent/1.1 (+https://developers.facebook.com/docs/sharing/webmasters/crawler))"
40.77.167.247 - - [28/Aug/2026:00:59:02 +0330] "GET /?u=47481115199307 HTTP/2.0" 200 32983 "-" "Mozilla/5.0 AppleWebKit/537.36 (KHTML, like Gecko; compatible; bingbot/2.0; +http://www.bing.com/bingbot.htm) Chrome/116.0.1938.76 Safari/537.36"
157.55.39.58 - - [28/Aug/2026:00:59:04 +0330] "GET /?u=60715175237900 HTTP/2.0" 200 33863 "-" "Mozilla/5.0 AppleWebKit/537.36 (KHTML, like Gecko; compatible; bingbot/2.0; +http://www.bing.com/bingbot.htm) Chrome/116.0.1938.76 Safari/537.36"
127.0.0.1 - - [28/Aug/2026:00:59:34 +0330] "GET /api/v2/sliders HTTP/1.1" 200 7478 "-" "node"
127.0.0.1 - - [28/Aug/2026:00:59:35 +0330] "GET /api/v1/categories-amazon HTTP/1.1" 200 34199 "-" "node"
127.0.0.1 - - [28/Aug/2026:00:59:36 +0330] "GET /api/v2/page-data HTTP/1.1" 200 36854 "-" "node"
172.16.20.25 - - [28/Aug/2026:00:59:36 +0330] "GET / HTTP/1.1" 200 338499 "-" "Mozilla/5.0 (compatible; PRTG Network Monitor (www.paessler.com); Windows)"
20.48.251.3 - - [28/Aug/2026:01:00:00 +0330] "GET /wp-content/plugins/hellopress/wp_filemanager.php HTTP/1.1" 301 169 "-" "-"
20.48.251.3 - - [28/Aug/2026:01:00:01 +0330] "GET /wp-content/plugins/hellopress/wp_filemanager.php HTTP/1.1" 404 27 "-" "-"
20.48.251.3 - - [28/Aug/2026:01:00:01 +0330] "GET /this_is_a_new_hello_world.php HTTP/1.1" 301 169 "-" "-"
20.48.251.3 - - [28/Aug/2026:01:00:01 +0330] "GET /this_is_a_new_hello_world.php HTTP/1.1" 404 27 "-" "-"
20.48.251.3 - - [28/Aug/2026:01:00:01 +0330] "GET /goods.php HTTP/1.1" 301 169 "-" "-"
20.48.251.3 - - [28/Aug/2026:01:00:01 +0330] "GET /goods.php HTTP/1.1" 404 27 "-" "-"
20.48.251.3 - - [28/Aug/2026:01:00:02 +0330] "GET /asa.php HTTP/1.1" 301 169 "-" "-"
20.48.251.3 - - [28/Aug/2026:01:00:02 +0330] "GET /asa.php HTTP/1.1" 404 27 "-" "-"
20.48.251.3 - - [28/Aug/2026:01:00:02 +0330] "GET /aww.php HTTP/1.1" 301 169 "-" "-"
20.48.251.3 - - [28/Aug/2026:01:00:02 +0330] "GET /aww.php HTTP/1.1" 404 27 "-" "-"
20.48.251.3 - - [28/Aug/2026:01:00:02 +0330] "GET /ty.php HTTP/1.1" 301 169 "-" "-"
20.48.251.3 - - [28/Aug/2026:01:00:02 +0330] "GET /ty.php HTTP/1.1" 404 27 "-" "-"
20.48.251.3 - - [28/Aug/2026:01:00:03 +0330] "GET /grsiuk.php HTTP/1.1" 301 169 "-" "-"
20.48.251.3 - - [28/Aug/2026:01:00:03 +0330] "GET /grsiuk.php HTTP/1.1" 404 27 "-" "-"
20.48.251.3 - - [28/Aug/2026:01:00:03 +0330] "GET /oiko6u.php HTTP/1.1" 301 169 "-" "-"
20.48.251.3 - - [28/Aug/2026:01:00:03 +0330] "GET /oiko6u.php HTTP/1.1" 404 27 "-" "-"
20.48.251.3 - - [28/Aug/2026:01:00:03 +0330] "GET //edit.php HTTP/1.1" 301 169 "-" "-"
20.48.251.3 - - [28/Aug/2026:01:00:04 +0330] "GET //edit.php HTTP/1.1" 404 27 "-" "-"
20.48.251.3 - - [28/Aug/2026:01:00:04 +0330] "GET /gnmlc.php HTTP/1.1" 301 169 "-" "-"
20.48.251.3 - - [28/Aug/2026:01:00:04 +0330] "GET /gnmlc.php HTTP/1.1" 404 27 "-" "-"
20.48.251.3 - - [28/Aug/2026:01:00:04 +0330] "GET /wp-access.php HTTP/1.1" 301 169 "-" "-"
20.48.251.3 - - [28/Aug/2026:01:00:04 +0330] "GET /wp-access.php HTTP/1.1" 404 27 "-" "-"
20.48.251.3 - - [28/Aug/2026:01:00:04 +0330] "GET /xda.php HTTP/1.1" 301 169 "-" "-"
20.48.251.3 - - [28/Aug/2026:01:00:05 +0330] "GET /xda.php HTTP/1.1" 404 27 "-" "-"
20.48.251.3 - - [28/Aug/2026:01:00:05 +0330] "GET /motu.php HTTP/1.1" 301 169 "-" "-"
20.48.251.3 - - [28/Aug/2026:01:00:05 +0330] "GET /motu.php HTTP/1.1" 404 27 "-" "-"
20.48.251.3 - - [28/Aug/2026:01:00:05 +0330] "GET /G-in.php HTTP/1.1" 301 169 "-" "-"
20.48.251.3 - - [28/Aug/2026:01:00:05 +0330] "GET /G-in.php HTTP/1.1" 404 27 "-" "-"
20.48.251.3 - - [28/Aug/2026:01:00:06 +0330] "GET /classsmtps.php HTTP/1.1" 301 169 "-" "-"
20.48.251.3 - - [28/Aug/2026:01:00:06 +0330] "GET /classsmtps.php HTTP/1.1" 404 27 "-" "-"
20.48.251.3 - - [28/Aug/2026:01:00:06 +0330] "GET /tax.php HTTP/1.1" 301 169 "-" "-"
20.48.251.3 - - [28/Aug/2026:01:00:06 +0330] "GET /tax.php HTTP/1.1" 404 27 "-" "-"
20.48.251.3 - - [28/Aug/2026:01:00:06 +0330] "GET /themes.php HTTP/1.1" 301 169 "-" "-"
20.48.251.3 - - [28/Aug/2026:01:00:07 +0330] "GET /themes.php HTTP/1.1" 404 27 "-" "-"
20.48.251.3 - - [28/Aug/2026:01:00:07 +0330] "GET /tinyfilemanager.php HTTP/1.1" 301 169 "-" "-"
20.48.251.3 - - [28/Aug/2026:01:00:07 +0330] "GET /tinyfilemanager.php HTTP/1.1" 404 27 "-" "-"
20.48.251.3 - - [28/Aug/2026:01:00:07 +0330] "GET /min.php HTTP/1.1" 301 169 "-" "-"
20.48.251.3 - - [28/Aug/2026:01:00:07 +0330] "GET /min.php HTTP/1.1" 404 27 "-" "-"
20.48.251.3 - - [28/Aug/2026:01:00:07 +0330] "GET /cache-compat.php HTTP/1.1" 301 169 "-" "-"
20.48.251.3 - - [28/Aug/2026:01:00:08 +0330] "GET /cache-compat.php HTTP/1.1" 404 27 "-" "-"
20.48.251.3 - - [28/Aug/2026:01:00:08 +0330] "GET /fff.php HTTP/1.1" 301 169 "-" "-"
20.48.251.3 - - [28/Aug/2026:01:00:08 +0330] "GET /fff.php HTTP/1.1" 404 27 "-" "-"
20.48.251.3 - - [28/Aug/2026:01:00:08 +0330] "GET /sadd.php HTTP/1.1" 301 169 "-" "-"
20.48.251.3 - - [28/Aug/2026:01:00:08 +0330] "GET /sadd.php HTTP/1.1" 404 27 "-" "-"
20.48.251.3 - - [28/Aug/2026:01:00:09 +0330] "GET /app_dev.php HTTP/1.1" 301 169 "-" "-"
20.48.251.3 - - [28/Aug/2026:01:00:09 +0330] "GET /app_dev.php HTTP/1.1" 404 27 "-" "-"
20.48.251.3 - - [28/Aug/2026:01:00:09 +0330] "GET //thui.php HTTP/1.1" 301 169 "-" "-"
20.48.251.3 - - [28/Aug/2026:01:00:09 +0330] "GET //thui.php HTTP/1.1" 404 27 "-" "-"
20.48.251.3 - - [28/Aug/2026:01:00:09 +0330] "GET /session.php HTTP/1.1" 301 169 "-" "-"
20.48.251.3 - - [28/Aug/2026:01:00:10 +0330] "GET /session.php HTTP/1.1" 404 27 "-" "-"
20.48.251.3 - - [28/Aug/2026:01:00:10 +0330] "GET /saml.php HTTP/1.1" 301 169 "-" "-"
20.48.251.3 - - [28/Aug/2026:01:00:10 +0330] "GET /saml.php HTTP/1.1" 404 27 "-" "-"
20.48.251.3 - - [28/Aug/2026:01:00:10 +0330] "GET /aws_settings.php HTTP/1.1" 301 169 "-" "-"
20.48.251.3 - - [28/Aug/2026:01:00:10 +0330] "GET /aws_settings.php HTTP/1.1" 404 27 "-" "-"
20.48.251.3 - - [28/Aug/2026:01:00:10 +0330] "GET /aws-credentials.php HTTP/1.1" 301 169 "-" "-"
20.48.251.3 - - [28/Aug/2026:01:00:11 +0330] "GET /aws-credentials.php HTTP/1.1" 404 27 "-" "-"
20.48.251.3 - - [28/Aug/2026:01:00:11 +0330] "GET /umgebung.php HTTP/1.1" 301 169 "-" "-"
20.48.251.3 - - [28/Aug/2026:01:00:11 +0330] "GET /umgebung.php HTTP/1.1" 404 27 "-" "-"
20.48.251.3 - - [28/Aug/2026:01:00:11 +0330] "GET /wp-content/db-status.php HTTP/1.1" 301 169 "-" "-"
20.48.251.3 - - [28/Aug/2026:01:00:11 +0330] "GET /wp-content/db-status.php HTTP/1.1" 404 27 "-" "-"
20.48.251.3 - - [28/Aug/2026:01:00:12 +0330] "GET /file59.php HTTP/1.1" 301 169 "-" "-"
20.48.251.3 - - [28/Aug/2026:01:00:12 +0330] "GET /file59.php HTTP/1.1" 404 27 "-" "-"
20.48.251.3 - - [28/Aug/2026:01:00:12 +0330] "GET /time.php HTTP/1.1" 301 169 "-" "-"
20.48.251.3 - - [28/Aug/2026:01:00:12 +0330] "GET /time.php HTTP/1.1" 404 27 "-" "-"
20.48.251.3 - - [28/Aug/2026:01:00:12 +0330] "GET /old_phpinfo.php HTTP/1.1" 301 169 "-" "-"
20.48.251.3 - - [28/Aug/2026:01:00:12 +0330] "GET /old_phpinfo.php HTTP/1.1" 404 27 "-" "-"
20.48.251.3 - - [28/Aug/2026:01:00:13 +0330] "GET /paths.php HTTP/1.1" 301 169 "-" "-"
20.48.251.3 - - [28/Aug/2026:01:00:13 +0330] "GET /paths.php HTTP/1.1" 404 27 "-" "-"
