89.38.245.149 - - [28/Aug/2026:00:16:38 +0330] "GET /_next/image?url=%2Fassets%2Fimages%2Ficons%2Fcheap-products.png&w=640&q=75 HTTP/2.0" 200 11870 "https://charsooq.com/amazon/products?page=1" "Mozilla/5.0 (Windows NT 10.0; Win64; x64) AppleWebKit/537.36 (KHTML, like Gecko) Chrome/151.0.0.0 Safari/537.36"
89.38.245.149 - - [28/Aug/2026:00:16:38 +0330] "GET /16px.png HTTP/2.0" 304 0 "https://charsooq.com/amazon" "Mozilla/5.0 (Windows NT 10.0; Win64; x64) AppleWebKit/537.36 (KHTML, like Gecko) Chrome/151.0.0.0 Safari/537.36"
89.38.245.149 - - [28/Aug/2026:00:16:38 +0330] "GET /_next/image?url=https%3A%2F%2Fpanel.charsooq.com%2Fstorage%2F01K8JWK79NWENGHWPE48PZTYED.webp&w=640&q=75 HTTP/2.0" 200 10564 "https://charsooq.com/amazon/products?page=1" "Mozilla/5.0 (Windows NT 10.0; Win64; x64) AppleWebKit/537.36 (KHTML, like Gecko) Chrome/151.0.0.0 Safari/537.36"
89.38.245.149 - - [28/Aug/2026:00:16:38 +0330] "GET /_next/image?url=https%3A%2F%2Fpanel.charsooq.com%2Fstorage%2F01K30WJ5CRG6P23ET9E20V8BCA.webp&w=640&q=75 HTTP/2.0" 200 13986 "https://charsooq.com/amazon/products?page=1" "Mozilla/5.0 (Windows NT 10.0; Win64; x64) AppleWebKit/537.36 (KHTML, like Gecko) Chrome/151.0.0.0 Safari/537.36"
89.38.245.149 - - [28/Aug/2026:00:16:38 +0330] "GET /_next/image?url=https%3A%2F%2Fpanel.charsooq.com%2Fstorage%2F01K2C81GNQQKAWA7JJQDJ3A7Q4.webp&w=640&q=75 HTTP/2.0" 200 13158 "https://charsooq.com/amazon/products?page=1" "Mozilla/5.0 (Windows NT 10.0; Win64; x64) AppleWebKit/537.36 (KHTML, like Gecko) Chrome/151.0.0.0 Safari/537.36"
89.38.245.149 - - [28/Aug/2026:00:16:38 +0330] "GET /_next/image?url=https%3A%2F%2Fpanel.charsooq.com%2Fstorage%2F01JV4XCZH321NWQS7SA1Y2EA33.webp&w=640&q=75 HTTP/2.0" 200 14554 "https://charsooq.com/amazon/products?page=1" "Mozilla/5.0 (Windows NT 10.0; Win64; x64) AppleWebKit/537.36 (KHTML, like Gecko) Chrome/151.0.0.0 Safari/537.36"
127.0.0.1 - - [28/Aug/2026:00:16:38 +0330] "GET /storage/01K8JWK79NWENGHWPE48PZTYED.webp HTTP/1.1" 200 102920 "-" "node"
127.0.0.1 - - [28/Aug/2026:00:16:38 +0330] "GET /storage/01K30WJ5CRG6P23ET9E20V8BCA.webp HTTP/1.1" 200 89406 "-" "node"
127.0.0.1 - - [28/Aug/2026:00:16:38 +0330] "GET /storage/01K2C81GNQQKAWA7JJQDJ3A7Q4.webp HTTP/1.1" 200 96404 "-" "node"
127.0.0.1 - - [28/Aug/2026:00:16:38 +0330] "GET /storage/01JV4XCZH321NWQS7SA1Y2EA33.webp HTTP/1.1" 200 103370 "-" "node"
127.0.0.1 - - [28/Aug/2026:00:17:01 +0330] "GET /api/v1/categories-product?store=amazon&category=musical-instruments&count=24&page=1&minprice=0&maxprice=10000&ratings=&sortby= HTTP/1.1" 301 169 "-" "node"
127.0.0.1 - - [28/Aug/2026:00:17:02 +0330] "GET /api/v1/categories-amazon HTTP/1.1" 200 34199 "-" "node"
89.38.245.149 - - [28/Aug/2026:00:17:02 +0330] "GET /_next/image?url=%2Fassets%2Fimages%2Ficons%2Ftelegram-icon.png&w=128&q=75 HTTP/2.0" 304 0 "https://charsooq.com/amazon/products?page=1&category=musical-instruments" "Mozilla/5.0 (Windows NT 10.0; Win64; x64) AppleWebKit/537.36 (KHTML, like Gecko) Chrome/151.0.0.0 Safari/537.36"
89.38.245.149 - - [28/Aug/2026:00:17:02 +0330] "GET /assets/images/icons/instagram1.png HTTP/2.0" 304 0 "https://charsooq.com/amazon/products?page=1&category=musical-instruments" "Mozilla/5.0 (Windows NT 10.0; Win64; x64) AppleWebKit/537.36 (KHTML, like Gecko) Chrome/151.0.0.0 Safari/537.36"
89.38.245.149 - - [28/Aug/2026:00:17:02 +0330] "GET /assets/images/icons/whatsapp.png HTTP/2.0" 304 0 "https://charsooq.com/amazon/products?page=1&category=musical-instruments" "Mozilla/5.0 (Windows NT 10.0; Win64; x64) AppleWebKit/537.36 (KHTML, like Gecko) Chrome/151.0.0.0 Safari/537.36"
89.38.245.149 - - [28/Aug/2026:00:17:02 +0330] "GET /assets/images/icons/telegram.png HTTP/2.0" 304 0 "https://charsooq.com/amazon/products?page=1&category=musical-instruments" "Mozilla/5.0 (Windows NT 10.0; Win64; x64) AppleWebKit/537.36 (KHTML, like Gecko) Chrome/151.0.0.0 Safari/537.36"
89.38.245.149 - - [28/Aug/2026:00:17:02 +0330] "GET /manifest.json HTTP/2.0" 304 0 "https://charsooq.com/amazon/products?page=1&category=musical-instruments" "Mozilla/5.0 (Windows NT 10.0; Win64; x64) AppleWebKit/537.36 (KHTML, like Gecko) Chrome/151.0.0.0 Safari/537.36"
127.0.0.1 - - [28/Aug/2026:00:17:02 +0330] "GET /api/v1/categories-product?store=amazon&category=musical-instruments&count=24&page=1&minprice=0&maxprice=10000&ratings=&sortby= HTTP/1.1" 200 38340 "-" "node"
89.38.245.149 - - [28/Aug/2026:00:17:02 +0330] "GET /amazon/products?page=1&category=musical-instruments HTTP/2.0" 200 158086 "https://charsooq.com/amazon" "Mozilla/5.0 (Windows NT 10.0; Win64; x64) AppleWebKit/537.36 (KHTML, like Gecko) Chrome/151.0.0.0 Safari/537.36"
89.38.245.149 - - [28/Aug/2026:00:17:02 +0330] "GET /help?_rsc=1998i HTTP/2.0" 200 1528 "https://charsooq.com/amazon/products?page=1&category=musical-instruments" "Mozilla/5.0 (Windows NT 10.0; Win64; x64) AppleWebKit/537.36 (KHTML, like Gecko) Chrome/151.0.0.0 Safari/537.36"
89.38.245.149 - - [28/Aug/2026:00:17:02 +0330] "GET /industrial-parts?_rsc=1998i HTTP/2.0" 200 2465 "https://charsooq.com/amazon/products?page=1&category=musical-instruments" "Mozilla/5.0 (Windows NT 10.0; Win64; x64) AppleWebKit/537.36 (KHTML, like Gecko) Chrome/151.0.0.0 Safari/537.36"
89.38.245.149 - - [28/Aug/2026:00:17:02 +0330] "GET /calculator?_rsc=1998i HTTP/2.0" 200 1408 "https://charsooq.com/amazon/products?page=1&category=musical-instruments" "Mozilla/5.0 (Windows NT 10.0; Win64; x64) AppleWebKit/537.36 (KHTML, like Gecko) Chrome/151.0.0.0 Safari/537.36"
89.38.245.149 - - [28/Aug/2026:00:17:02 +0330] "GET /articles?_rsc=1998i HTTP/2.0" 200 1795 "https://charsooq.com/amazon/products?page=1&category=musical-instruments" "Mozilla/5.0 (Windows NT 10.0; Win64; x64) AppleWebKit/537.36 (KHTML, like Gecko) Chrome/151.0.0.0 Safari/537.36"
89.38.245.149 - - [28/Aug/2026:00:17:02 +0330] "GET /?_rsc=1998i HTTP/2.0" 200 13558 "https://charsooq.com/amazon/products?page=1&category=musical-instruments" "Mozilla/5.0 (Windows NT 10.0; Win64; x64) AppleWebKit/537.36 (KHTML, like Gecko) Chrome/151.0.0.0 Safari/537.36"
89.38.245.149 - - [28/Aug/2026:00:17:02 +0330] "GET /checkout?_rsc=1998i HTTP/2.0" 200 1690 "https://charsooq.com/amazon/products?page=1&category=musical-instruments" "Mozilla/5.0 (Windows NT 10.0; Win64; x64) AppleWebKit/537.36 (KHTML, like Gecko) Chrome/151.0.0.0 Safari/537.36"
127.0.0.1 - - [28/Aug/2026:00:17:02 +0330] "GET /api/v1/categories-product?store=amazon&category=&count=24&page=1&minprice=0&maxprice=10000&ratings=&sortby= HTTP/1.1" 301 169 "-" "node"
89.38.245.149 - - [28/Aug/2026:00:17:02 +0330] "GET /ebay?_rsc=1998i HTTP/2.0" 200 1456 "https://charsooq.com/amazon/products?page=1&category=musical-instruments" "Mozilla/5.0 (Windows NT 10.0; Win64; x64) AppleWebKit/537.36 (KHTML, like Gecko) Chrome/151.0.0.0 Safari/537.36"
89.38.245.149 - - [28/Aug/2026:00:17:02 +0330] "GET /turkey?_rsc=1998i HTTP/2.0" 200 1430 "https://charsooq.com/amazon/products?page=1&category=musical-instruments" "Mozilla/5.0 (Windows NT 10.0; Win64; x64) AppleWebKit/537.36 (KHTML, like Gecko) Chrome/151.0.0.0 Safari/537.36"
89.38.245.149 - - [28/Aug/2026:00:17:02 +0330] "GET /emirates?_rsc=1998i HTTP/2.0" 200 1457 "https://charsooq.com/amazon/products?page=1&category=musical-instruments" "Mozilla/5.0 (Windows NT 10.0; Win64; x64) AppleWebKit/537.36 (KHTML, like Gecko) Chrome/151.0.0.0 Safari/537.36"
89.38.245.149 - - [28/Aug/2026:00:17:02 +0330] "GET /amazon?_rsc=1998i HTTP/2.0" 200 20148 "https://charsooq.com/amazon/products?page=1&category=musical-instruments" "Mozilla/5.0 (Windows NT 10.0; Win64; x64) AppleWebKit/537.36 (KHTML, like Gecko) Chrome/151.0.0.0 Safari/537.36"
89.38.245.149 - - [28/Aug/2026:00:17:03 +0330] "GET /china?_rsc=1998i HTTP/2.0" 200 1440 "https://charsooq.com/amazon/products?page=1&category=musical-instruments" "Mozilla/5.0 (Windows NT 10.0; Win64; x64) AppleWebKit/537.36 (KHTML, like Gecko) Chrome/151.0.0.0 Safari/537.36"
89.38.245.149 - - [28/Aug/2026:00:17:03 +0330] "GET /foreign-shopping?_rsc=1998i HTTP/2.0" 200 1473 "https://charsooq.com/amazon/products?page=1&category=musical-instruments" "Mozilla/5.0 (Windows NT 10.0; Win64; x64) AppleWebKit/537.36 (KHTML, like Gecko) Chrome/151.0.0.0 Safari/537.36"
89.38.245.149 - - [28/Aug/2026:00:17:03 +0330] "GET /about-us?_rsc=1998i HTTP/2.0" 200 1364 "https://charsooq.com/amazon/products?page=1&category=musical-instruments" "Mozilla/5.0 (Windows NT 10.0; Win64; x64) AppleWebKit/537.36 (KHTML, like Gecko) Chrome/151.0.0.0 Safari/537.36"
89.38.245.149 - - [28/Aug/2026:00:17:03 +0330] "GET /faq?_rsc=1998i HTTP/2.0" 200 1359 "https://charsooq.com/amazon/products?page=1&category=musical-instruments" "Mozilla/5.0 (Windows NT 10.0; Win64; x64) AppleWebKit/537.36 (KHTML, like Gecko) Chrome/151.0.0.0 Safari/537.36"
127.0.0.1 - - [28/Aug/2026:00:17:03 +0330] "GET /api/v3/product-show/amz-B076MKDR92?amazon_region= HTTP/1.1" 301 169 "-" "node"
89.38.245.149 - - [28/Aug/2026:00:17:03 +0330] "GET /ghavanincharsooq?_rsc=1998i HTTP/2.0" 200 1371 "https://charsooq.com/amazon/products?page=1&category=musical-instruments" "Mozilla/5.0 (Windows NT 10.0; Win64; x64) AppleWebKit/537.36 (KHTML, like Gecko) Chrome/151.0.0.0 Safari/537.36"
89.38.245.149 - - [28/Aug/2026:00:17:03 +0330] "GET /contact-us?_rsc=1998i HTTP/2.0" 200 1366 "https://charsooq.com/amazon/products?page=1&category=musical-instruments" "Mozilla/5.0 (Windows NT 10.0; Win64; x64) AppleWebKit/537.36 (KHTML, like Gecko) Chrome/151.0.0.0 Safari/537.36"
127.0.0.1 - - [28/Aug/2026:00:17:03 +0330] "GET /api/v3/product-show/amz-B07H3MKZ9V?amazon_region= HTTP/1.1" 301 169 "-" "node"
127.0.0.1 - - [28/Aug/2026:00:17:03 +0330] "GET /api/v3/product-show/amz-B09GYCGG97?amazon_region= HTTP/1.1" 301 169 "-" "node"
127.0.0.1 - - [28/Aug/2026:00:17:03 +0330] "GET /api/v3/product-show/amz-B00HVLUR86?amazon_region= HTTP/1.1" 301 169 "-" "node"
127.0.0.1 - - [28/Aug/2026:00:17:03 +0330] "GET /api/v3/product-show/amz-B00KCN83V8?amazon_region= HTTP/1.1" 301 169 "-" "node"
127.0.0.1 - - [28/Aug/2026:00:17:03 +0330] "GET /api/v3/product-show/amz-B076MKDR92?amazon_region= HTTP/1.1" 200 3945 "-" "node"
89.38.245.149 - - [28/Aug/2026:00:17:03 +0330] "GET /product/amz-B076MKDR92/soundcraft-efx12-audio-mixer-with-6-amazon-basics-xlr-cables-and-6-axcessables-trs-cables?_rsc=1998i HTTP/2.0" 200 2814 "https://charsooq.com/amazon/products?page=1&category=musical-instruments" "Mozilla/5.0 (Windows NT 10.0; Win64; x64) AppleWebKit/537.36 (KHTML, like Gecko) Chrome/151.0.0.0 Safari/537.36"
127.0.0.1 - - [28/Aug/2026:00:17:03 +0330] "GET /api/v3/product-show/amz-B0BV6K8WG2?amazon_region= HTTP/1.1" 301 169 "-" "node"
127.0.0.1 - - [28/Aug/2026:00:17:03 +0330] "GET /api/v3/product-show/amz-B0CPTGHBS5?amazon_region= HTTP/1.1" 301 169 "-" "node"
127.0.0.1 - - [28/Aug/2026:00:17:03 +0330] "GET /api/v3/product-show/amz-B0BQHHZ1QQ?amazon_region= HTTP/1.1" 301 169 "-" "node"
127.0.0.1 - - [28/Aug/2026:00:17:03 +0330] "GET /api/v3/product-show/amz-B07H3MKZ9V?amazon_region= HTTP/1.1" 200 23809 "-" "node"
89.38.245.149 - - [28/Aug/2026:00:17:03 +0330] "GET /product/amz-B07H3MKZ9V/rockville-rpm1470-14-channel-6000w-powered-mixer-wusb-effects14-xdr2-mic-presblack?_rsc=1998i HTTP/2.0" 200 4199 "https://charsooq.com/amazon/products?page=1&category=musical-instruments" "Mozilla/5.0 (Windows NT 10.0; Win64; x64) AppleWebKit/537.36 (KHTML, like Gecko) Chrome/151.0.0.0 Safari/537.36"
127.0.0.1 - - [28/Aug/2026:00:17:03 +0330] "GET /api/v3/product-show/amz-B09GYCGG97?amazon_region= HTTP/1.1" 200 9187 "-" "node"
89.38.245.149 - - [28/Aug/2026:00:17:03 +0330] "GET /product/amz-B09GYCGG97/mamkoes-vt-5-violin-microphone-wireless-uhf-gooseneck-pick-up-instrument-clip-on-mic-receiver-and-transmitter-system-for-violin?_rsc=1998i HTTP/2.0" 200 3109 "https://charsooq.com/amazon/products?page=1&category=musical-instruments" "Mozilla/5.0 (Windows NT 10.0; Win64; x64) AppleWebKit/537.36 (KHTML, like Gecko) Chrome/151.0.0.0 Safari/537.36"
127.0.0.1 - - [28/Aug/2026:00:17:03 +0330] "GET /api/v3/product-show/amz-B00HVLUR86?amazon_region= HTTP/1.1" 200 31519 "-" "node"
89.38.245.149 - - [28/Aug/2026:00:17:03 +0330] "GET /product/amz-B00HVLUR86/audio-technica-ath-m50x-professional-studio-monitor-headphones-black-professional-grade-critically-acclaimed-with-detachable-cable?_rsc=1998i HTTP/2.0" 200 3197 "https://charsooq.com/amazon/products?page=1&category=musical-instruments" "Mozilla/5.0 (Windows NT 10.0; Win64; x64) AppleWebKit/537.36 (KHTML, like Gecko) Chrome/151.0.0.0 Safari/537.36"
127.0.0.1 - - [28/Aug/2026:00:17:03 +0330] "GET /api/v3/product-show/amz-B0BV6K8WG2?amazon_region= HTTP/1.1" 200 4439 "-" "node"
89.38.245.149 - - [28/Aug/2026:00:17:03 +0330] "GET /product/amz-B0BV6K8WG2/musical-string-light-weight-violin-fine-tuner-black-british-style-pack-of-1?_rsc=1998i HTTP/2.0" 200 2882 "https://charsooq.com/amazon/products?page=1&category=musical-instruments" "Mozilla/5.0 (Windows NT 10.0; Win64; x64) AppleWebKit/537.36 (KHTML, like Gecko) Chrome/151.0.0.0 Safari/537.36"
127.0.0.1 - - [28/Aug/2026:00:17:03 +0330] "GET /api/v3/product-show/amz-B0CPTGHBS5?amazon_region= HTTP/1.1" 200 9730 "-" "node"
89.38.245.149 - - [28/Aug/2026:00:17:03 +0330] "GET /product/amz-B0CPTGHBS5/toyvian-string-fine-tuners-for-violin-fine-tuner-for-violin-replacement-fine-tuners-violin-fine-tuners-key-tuner-for-ukulele-musical-instrument-parts-child-spiral-accessories-metal?_rsc=1998i HTTP/2.0" 200 3496 "https://charsooq.com/amazon/products?page=1&category=musical-instruments" "Mozilla/5.0 (Windows NT 10.0; Win64; x64) AppleWebKit/537.36 (KHTML, like Gecko) Chrome/151.0.0.0 Safari/537.36"
127.0.0.1 - - [28/Aug/2026:00:17:03 +0330] "GET /api/v3/product-show/amz-B00KCN83V8?amazon_region= HTTP/1.1" 200 16751 "-" "node"
89.38.245.149 - - [28/Aug/2026:00:17:03 +0330] "GET /product/amz-B00KCN83V8/electro-voice-re20-broadcast-announcer-microphone-with-variable-d?_rsc=1998i HTTP/2.0" 200 3083 "https://charsooq.com/amazon/products?page=1&category=musical-instruments" "Mozilla/5.0 (Windows NT 10.0; Win64; x64) AppleWebKit/537.36 (KHTML, like Gecko) Chrome/151.0.0.0 Safari/537.36"
89.38.245.149 - - [28/Aug/2026:00:17:03 +0330] "GET /assets/images/home/default-img.png HTTP/2.0" 200 13086 "https://charsooq.com/amazon/products?page=1&category=musical-instruments" "Mozilla/5.0 (Windows NT 10.0; Win64; x64) AppleWebKit/537.36 (KHTML, like Gecko) Chrome/151.0.0.0 Safari/537.36"
127.0.0.1 - - [28/Aug/2026:00:17:03 +0330] "GET /api/v3/product-show/amz-B0BQHHZ1QQ?amazon_region= HTTP/1.1" 200 31257 "-" "node"
127.0.0.1 - - [28/Aug/2026:00:17:03 +0330] "GET /api/v3/product-show/amz-B0CP7QXWPN?amazon_region= HTTP/1.1" 301 169 "-" "node"
127.0.0.1 - - [28/Aug/2026:00:17:03 +0330] "GET /api/v3/product-show/amz-B0848D6TBR?amazon_region= HTTP/1.1" 301 169 "-" "node"
127.0.0.1 - - [28/Aug/2026:00:17:03 +0330] "GET /api/v3/product-show/amz-B0BJL8SJ59?amazon_region= HTTP/1.1" 301 169 "-" "node"
127.0.0.1 - - [28/Aug/2026:00:17:03 +0330] "GET /api/v3/product-show/amz-B088HHWC47?amazon_region= HTTP/1.1" 301 169 "-" "node"
89.38.245.149 - - [28/Aug/2026:00:17:03 +0330] "GET /product/amz-B0BQHHZ1QQ/rde-nt1-5th-generation-large-diaphragm-studio-condenser-microphone-with-xlr-and-usb-outputs-shock-mount-and-pop-filter-for-music-production-vocal-recording-and-podcasting-black?_rsc=1998i HTTP/2.0" 200 3699 "https://charsooq.com/amazon/products?page=1&category=musical-instruments" "Mozilla/5.0 (Windows NT 10.0; Win64; x64) AppleWebKit/537.36 (KHTML, like Gecko) Chrome/151.0.0.0 Safari/537.36"
127.0.0.1 - - [28/Aug/2026:00:17:04 +0330] "GET /api/v3/product-show/amz-B0848D6TBR?amazon_region= HTTP/1.1" 200 15380 "-" "node"
127.0.0.1 - - [28/Aug/2026:00:17:04 +0330] "GET /api/v3/product-show/amz-B0CP7QXWPN?amazon_region= HTTP/1.1" 200 19718 "-" "node"
89.38.245.149 - - [28/Aug/2026:00:17:04 +0330] "GET /product/amz-B0848D6TBR/samson-technologies-q9u-dynamic-broadcast-microphone-xlrusb-black?_rsc=1998i HTTP/2.0" 200 3026 "https://charsooq.com/amazon/products?page=1&category=musical-instruments" "Mozilla/5.0 (Windows NT 10.0; Win64; x64) AppleWebKit/537.36 (KHTML, like Gecko) Chrome/151.0.0.0 Safari/537.36"
89.38.245.149 - - [28/Aug/2026:00:17:04 +0330] "GET /product/amz-B0CP7QXWPN/hollyland-lark-m2-wireless-lavalier-microphone-for-iphoneandroidcamerapclaptop-with-lightningusb-cplug-48khz-24bit-1000ft-range-noise-cancellation-30h-battery-for-video-recording-streaming?_rsc=1998i HTTP/2.0" 200 3180 "https://charsooq.com/amazon/products?page=1&category=musical-instruments" "Mozilla/5.0 (Windows NT 10.0; Win64; x64) AppleWebKit/537.36 (KHTML, like Gecko) Chrome/151.0.0.0 Safari/537.36"
127.0.0.1 - - [28/Aug/2026:00:17:04 +0330] "GET /api/v3/product-show/amz-B0BJL8SJ59?amazon_region= HTTP/1.1" 200 18159 "-" "node"
89.38.245.149 - - [28/Aug/2026:00:17:04 +0330] "GET /product/amz-B0BJL8SJ59/elgato-usb-c-stream-deck-audio-mixer-production-console-and-studio-controller-for-content-creators-streaming-gaming-with-customizable-touch-strip-dials-and-lcd-keys-works-with-mac-and-pc?_rsc=1998i HTTP/2.0" 200 3531 "https://charsooq.com/amazon/products?page=1&category=musical-instruments" "Mozilla/5.0 (Windows NT 10.0; Win64; x64) AppleWebKit/537.36 (KHTML, like Gecko) Chrome/151.0.0.0 Safari/537.36"
127.0.0.1 - - [28/Aug/2026:00:17:04 +0330] "GET /api/v3/product-show/amz-B088HHWC47?amazon_region= HTTP/1.1" 200 24729 "-" "node"
89.38.245.149 - - [28/Aug/2026:00:17:04 +0330] "GET /product/amz-B088HHWC47/elgato-wave3-premium-studio-quality-usb-condenser-microphone-for-streaming-podcast-gaming-and-home-office-free-mixer-software-sound-effect-plugins-anti-distortion-plug-n-play-for-mac-pc?_rsc=1998i HTTP/2.0" 200 3242 "https://charsooq.com/amazon/products?page=1&category=musical-instruments" "Mozilla/5.0 (Windows NT 10.0; Win64; x64) AppleWebKit/537.36 (KHTML, like Gecko) Chrome/151.0.0.0 Safari/537.36"
127.0.0.1 - - [28/Aug/2026:00:17:04 +0330] "GET /api/v1/categories-product?store=amazon&category=&count=24&page=1&minprice=0&maxprice=10000&ratings=&sortby= HTTP/1.1" 200 34246 "-" "node"
89.38.245.149 - - [28/Aug/2026:00:17:04 +0330] "GET /amazon/products?page=1&_rsc=1998i HTTP/2.0" 200 37619 "https://charsooq.com/amazon/products?page=1&category=musical-instruments" "Mozilla/5.0 (Windows NT 10.0; Win64; x64) AppleWebKit/537.36 (KHTML, like Gecko) Chrome/151.0.0.0 Safari/537.36"
89.38.245.149 - - [28/Aug/2026:00:17:05 +0330] "GET /_next/static/chunks/app/product/%5B...productSlug%5D/not-found-45ade0788c8efdcf.js HTTP/2.0" 200 284 "https://charsooq.com/amazon/products?page=1&category=musical-instruments" "Mozilla/5.0 (Windows NT 10.0; Win64; x64) AppleWebKit/537.36 (KHTML, like Gecko) Chrome/151.0.0.0 Safari/537.36"
89.38.245.149 - - [28/Aug/2026:00:17:05 +0330] "GET /32px.png HTTP/2.0" 304 0 "https://charsooq.com/amazon/products?page=1&category=musical-instruments" "Mozilla/5.0 (Windows NT 10.0; Win64; x64) AppleWebKit/537.36 (KHTML, like Gecko) Chrome/151.0.0.0 Safari/537.36"
89.38.245.149 - - [28/Aug/2026:00:17:05 +0330] "GET /16px.png HTTP/2.0" 304 0 "https://charsooq.com/amazon/products?page=1&category=musical-instruments" "Mozilla/5.0 (Windows NT 10.0; Win64; x64) AppleWebKit/537.36 (KHTML, like Gecko) Chrome/151.0.0.0 Safari/537.36"
127.0.0.1 - - [28/Aug/2026:00:17:07 +0330] "GET /api/v3/product-show/amz-B0C2JCN5JM?amazon_region= HTTP/1.1" 301 169 "-" "node"
127.0.0.1 - - [28/Aug/2026:00:17:07 +0330] "GET /api/v3/product-show/amz-B01LZPHELP?amazon_region= HTTP/1.1" 301 169 "-" "node"
127.0.0.1 - - [28/Aug/2026:00:17:07 +0330] "GET /api/v3/product-show/amz-B0072KUGBY?amazon_region= HTTP/1.1" 301 169 "-" "node"
127.0.0.1 - - [28/Aug/2026:00:17:07 +0330] "GET /api/v3/product-show/amz-B07QBGBKQP?amazon_region= HTTP/1.1" 301 169 "-" "node"
127.0.0.1 - - [28/Aug/2026:00:17:07 +0330] "GET /api/v3/product-show/amz-B0C2JCN5JM?amazon_region= HTTP/1.1" 200 15457 "-" "node"
89.38.245.149 - - [28/Aug/2026:00:17:07 +0330] "GET /product/amz-B0C2JCN5JM/fireface-ufx-iii-188-channel-24-bit-and-192khz-high-end-usb-3-audio-interface-with-four-high-performance-combo-inputs?_rsc=1998i HTTP/2.0" 200 3809 "https://charsooq.com/amazon/products?page=1&category=musical-instruments" "Mozilla/5.0 (Windows NT 10.0; Win64; x64) AppleWebKit/537.36 (KHTML, like Gecko) Chrome/151.0.0.0 Safari/537.36"
127.0.0.1 - - [28/Aug/2026:00:17:07 +0330] "GET /api/v3/product-show/amz-B01LZPHELP?amazon_region= HTTP/1.1" 200 11127 "-" "node"
127.0.0.1 - - [28/Aug/2026:00:17:07 +0330] "GET /api/v3/product-show/amz-B0072KUGBY?amazon_region= HTTP/1.1" 200 6091 "-" "node"
89.38.245.149 - - [28/Aug/2026:00:17:07 +0330] "GET /product/amz-B01LZPHELP/rme-audio-interface-ffufx?_rsc=1998i HTTP/2.0" 200 2803 "https://charsooq.com/amazon/products?page=1&category=musical-instruments" "Mozilla/5.0 (Windows NT 10.0; Win64; x64) AppleWebKit/537.36 (KHTML, like Gecko) Chrome/151.0.0.0 Safari/537.36"
89.38.245.149 - - [28/Aug/2026:00:17:07 +0330] "GET /product/amz-B0072KUGBY/neumann-u-89-i-studio-microphone-black-color?_rsc=1998i HTTP/2.0" 200 2887 "https://charsooq.com/amazon/products?page=1&category=musical-instruments" "Mozilla/5.0 (Windows NT 10.0; Win64; x64) AppleWebKit/537.36 (KHTML, like Gecko) Chrome/151.0.0.0 Safari/537.36"
127.0.0.1 - - [28/Aug/2026:00:17:07 +0330] "GET /api/v3/product-show/amz-B07QBGBKQP?amazon_region= HTTP/1.1" 200 4178 "-" "node"
89.38.245.149 - - [28/Aug/2026:00:17:07 +0330] "GET /product/amz-B07QBGBKQP/alchemy-series-tf47-multi-pattern-tube-microphone?_rsc=1998i HTTP/2.0" 200 2768 "https://charsooq.com/amazon/products?page=1&category=musical-instruments" "Mozilla/5.0 (Windows NT 10.0; Win64; x64) AppleWebKit/537.36 (KHTML, like Gecko) Chrome/151.0.0.0 Safari/537.36"
127.0.0.1 - - [28/Aug/2026:00:17:09 +0330] "GET /api/v3/product-show/amz-B09VBXJS8X?amazon_region= HTTP/1.1" 301 169 "-" "node"
127.0.0.1 - - [28/Aug/2026:00:17:09 +0330] "GET /api/v3/product-show/amz-B0000AQRST?amazon_region= HTTP/1.1" 301 169 "-" "node"
127.0.0.1 - - [28/Aug/2026:00:17:09 +0330] "GET /api/v3/product-show/amz-B00KCN83VI?amazon_region= HTTP/1.1" 301 169 "-" "node"
127.0.0.1 - - [28/Aug/2026:00:17:09 +0330] "GET /api/v3/product-show/amz-B0002E4Z8M?amazon_region= HTTP/1.1" 301 169 "-" "node"
127.0.0.1 - - [28/Aug/2026:00:17:09 +0330] "GET /api/v3/product-show/amz-B00KCN83VI?amazon_region= HTTP/1.1" 200 18354 "-" "node"
127.0.0.1 - - [28/Aug/2026:00:17:09 +0330] "GET /api/v3/product-show/amz-B0000AQRST?amazon_region= HTTP/1.1" 200 20564 "-" "node"
89.38.245.149 - - [28/Aug/2026:00:17:09 +0330] "GET /product/amz-B00KCN83VI/electro-voice-re320-large-diaphragm-dynamic-vocal-microphone?_rsc=1998i HTTP/2.0" 200 3324 "https://charsooq.com/amazon/products?page=1&category=musical-instruments" "Mozilla/5.0 (Windows NT 10.0; Win64; x64) AppleWebKit/537.36 (KHTML, like Gecko) Chrome/151.0.0.0 Safari/537.36"
89.38.245.149 - - [28/Aug/2026:00:17:09 +0330] "GET /product/amz-B0000AQRST/shure-sm57-dynamic-instrument-microphone?_rsc=1998i HTTP/2.0" 200 3119 "https://charsooq.com/amazon/products?page=1&category=musical-instruments" "Mozilla/5.0 (Windows NT 10.0; Win64; x64) AppleWebKit/537.36 (KHTML, like Gecko) Chrome/151.0.0.0 Safari/537.36"
127.0.0.1 - - [28/Aug/2026:00:17:10 +0330] "GET /api/v3/product-show/amz-B09VBXJS8X?amazon_region= HTTP/1.1" 200 11389 "-" "node"
89.38.245.149 - - [28/Aug/2026:00:17:10 +0330] "GET /product/amz-B09VBXJS8X/borenbuir-wave-shock-mount-custom-built-for-wave-mic-anti-vibration-suspension-shock-mount-holder-clip-compatible-with-elgato-wave1-and-wave3-microphones?_rsc=1998i HTTP/2.0" 200 3026 "https://charsooq.com/amazon/products?page=1&category=musical-instruments" "Mozilla/5.0 (Windows NT 10.0; Win64; x64) AppleWebKit/537.36 (KHTML, like Gecko) Chrome/151.0.0.0 Safari/537.36"
127.0.0.1 - - [28/Aug/2026:00:17:10 +0330] "GET /api/v3/product-show/amz-B0002E4Z8M?amazon_region= HTTP/1.1" 200 26323 "-" "node"
89.38.245.149 - - [28/Aug/2026:00:17:10 +0330] "GET /product/amz-B0002E4Z8M/shure-sm7b-dynamic-vocal-microphone?_rsc=1998i HTTP/2.0" 200 3140 "https://charsooq.com/amazon/products?page=1&category=musical-instruments" "Mozilla/5.0 (Windows NT 10.0; Win64; x64) AppleWebKit/537.36 (KHTML, like Gecko) Chrome/151.0.0.0 Safari/537.36"
127.0.0.1 - - [28/Aug/2026:00:17:12 +0330] "GET /api/v3/product-show/amz-B0002H0JZ2?amazon_region= HTTP/1.1" 301 169 "-" "node"
127.0.0.1 - - [28/Aug/2026:00:17:12 +0330] "GET /api/v3/product-show/amz-B0C4Y5WNK6?amazon_region= HTTP/1.1" 301 169 "-" "node"
127.0.0.1 - - [28/Aug/2026:00:17:12 +0330] "GET /api/v3/product-show/amz-B0002E51C6?amazon_region= HTTP/1.1" 301 169 "-" "node"
127.0.0.1 - - [28/Aug/2026:00:17:12 +0330] "GET /api/v3/product-show/amz-B08R58WJHS?amazon_region= HTTP/1.1" 301 169 "-" "node"
127.0.0.1 - - [28/Aug/2026:00:17:12 +0330] "GET /api/v3/product-show/amz-B0002H0JZ2?amazon_region= HTTP/1.1" 200 18152 "-" "node"
89.38.245.149 - - [28/Aug/2026:00:17:12 +0330] "GET /product/amz-B0002H0JZ2/daddario-guitar-strings-pro-arte-classical-guitar-strings-ej46-nylon-guitar-strings-silver-plated-wound-nylon-core-hard-tension-1-pack?_rsc=1998i HTTP/2.0" 200 3185 "https://charsooq.com/amazon/products?page=1&category=musical-instruments" "Mozilla/5.0 (Windows NT 10.0; Win64; x64) AppleWebKit/537.36 (KHTML, like Gecko) Chrome/151.0.0.0 Safari/537.36"
127.0.0.1 - - [28/Aug/2026:00:17:12 +0330] "GET /api/v3/product-show/amz-B0002E51C6?amazon_region= HTTP/1.1" 200 12902 "-" "node"
89.38.245.149 - - [28/Aug/2026:00:17:12 +0330] "GET /product/amz-B0002E51C6/shure-drum-microphone-kit-for-performing-and-recording-drummers-conveniently-packaged-selection-of-mics-and-mounts-with-options-for-kick-drum-snare-drum-rack-toms-floor-toms-and-congas-dmk57-52?_rsc=1998i HTTP/2.0" 200 3173 "https://charsooq.com/amazon/products?page=1&category=musical-instruments" "Mozilla/5.0 (Windows NT 10.0; Win64; x64) AppleWebKit/537.36 (KHTML, like Gecko) Chrome/151.0.0.0 Safari/537.36"
127.0.0.1 - - [28/Aug/2026:00:17:13 +0330] "GET /api/v3/product-show/amz-B0C4Y5WNK6?amazon_region= HTTP/1.1" 200 8279 "-" "node"
89.38.245.149 - - [28/Aug/2026:00:17:13 +0330] "GET /product/amz-B0C4Y5WNK6/rode-nt1-5th-generation-condenser-microphone-with-sm6-shockmount-and-pop-filter-black-psa1-desk-mounted-broadcast-microphone-boom-arm?_rsc=1998i HTTP/2.0" 200 3134 "https://charsooq.com/amazon/products?page=1&category=musical-instruments" "Mozilla/5.0 (Windows NT 10.0; Win64; x64) AppleWebKit/537.36 (KHTML, like Gecko) Chrome/151.0.0.0 Safari/537.36"
49.0.201.237 - - [28/Aug/2026:00:17:13 +0330] "HEAD /articles/smart-watch-or-classic-watch HTTP/2.0" 308 0 "-" "Mozilla/5.0 (Macintosh; Intel Mac OS X 10_15_7) AppleWebKit/537.36 (KHTML, like Gecko) Chrome/119.0.0.0 Safari/537.36"
127.0.0.1 - - [28/Aug/2026:00:17:13 +0330] "GET /api/v3/product-show/amz-B08R58WJHS?amazon_region= HTTP/1.1" 200 21631 "-" "node"
89.38.245.149 - - [28/Aug/2026:00:17:13 +0330] "GET /product/amz-B08R58WJHS/shock-mount-compatible-with-elgato-wave-1-shockmount-with-advanced-vibration-blocking-noise-repelling-system-matching-mic-boom-arm-for-elgato-wave-1-microphone-by-youshares?_rsc=1998i HTTP/2.0" 200 3769 "https://charsooq.com/amazon/products?page=1&category=musical-instruments" "Mozilla/5.0 (Windows NT 10.0; Win64; x64) AppleWebKit/537.36 (KHTML, like Gecko) Chrome/151.0.0.0 Safari/537.36"
49.0.201.237 - - [28/Aug/2026:00:17:13 +0330] "GET /articles/smart-watch-or-classic-watch HTTP/2.0" 308 58 "-" "Mozilla/5.0 (Macintosh; Intel Mac OS X 10_15_7) AppleWebKit/537.36 (KHTML, like Gecko) Chrome/119.0.0.0 Safari/537.36"
205.188.37.27 - - [28/Aug/2026:00:17:23 +0330] "GET / HTTP/2.0" 302 673 "-" "Mozilla/5.0 (iPhone; CPU iPhone OS 26_3_0 like Mac OS X) AppleWebKit/605.1.15 (KHTML, like Gecko) CriOS/144.0.7559.95 Mobile/15E148 Safari/604.1"
89.38.245.149 - - [28/Aug/2026:00:17:24 +0330] "GET /32px.png HTTP/2.0" 304 0 "https://charsooq.com/amazon/products?page=1" "Mozilla/5.0 (Windows NT 10.0; Win64; x64) AppleWebKit/537.36 (KHTML, like Gecko) Chrome/151.0.0.0 Safari/537.36"
89.38.245.149 - - [28/Aug/2026:00:17:24 +0330] "GET /manifest.json HTTP/2.0" 304 0 "https://charsooq.com/amazon/products?page=1" "Mozilla/5.0 (Windows NT 10.0; Win64; x64) AppleWebKit/537.36 (KHTML, like Gecko) Chrome/151.0.0.0 Safari/537.36"
127.0.0.1 - - [28/Aug/2026:00:17:24 +0330] "GET /api/v3/product-show/amz-B002SPWOVS?amazon_region= HTTP/1.1" 301 169 "-" "node"
127.0.0.1 - - [28/Aug/2026:00:17:24 +0330] "GET /api/v3/product-show/amz-B098QJF9QQ?amazon_region= HTTP/1.1" 301 169 "-" "node"
127.0.0.1 - - [28/Aug/2026:00:17:24 +0330] "GET /api/v3/product-show/amz-B00BEG9QXG?amazon_region= HTTP/1.1" 301 169 "-" "node"
89.38.245.149 - - [28/Aug/2026:00:17:24 +0330] "GET /32px.png HTTP/2.0" 304 0 "https://charsooq.com/amazon/products?page=1" "Mozilla/5.0 (Windows NT 10.0; Win64; x64) AppleWebKit/537.36 (KHTML, like Gecko) Chrome/151.0.0.0 Safari/537.36"
127.0.0.1 - - [28/Aug/2026:00:17:24 +0330] "GET /api/v3/product-show/amz-B00NETKGB2?amazon_region= HTTP/1.1" 301 169 "-" "node"
127.0.0.1 - - [28/Aug/2026:00:17:24 +0330] "GET /api/v3/product-show/amz-B00GZP041Y?amazon_region= HTTP/1.1" 301 169 "-" "node"
89.38.245.149 - - [28/Aug/2026:00:17:24 +0330] "GET /16px.png HTTP/2.0" 304 0 "https://charsooq.com/amazon/products?page=1" "Mozilla/5.0 (Windows NT 10.0; Win64; x64) AppleWebKit/537.36 (KHTML, like Gecko) Chrome/151.0.0.0 Safari/537.36"
205.188.37.27 - - [28/Aug/2026:00:17:24 +0330] "GET /admin HTTP/2.0" 302 697 "-" "Mozilla/5.0 (iPhone; CPU iPhone OS 26_3_0 like Mac OS X) AppleWebKit/605.1.15 (KHTML, like Gecko) CriOS/144.0.7559.95 Mobile/15E148 Safari/604.1"
127.0.0.1 - - [28/Aug/2026:00:17:24 +0330] "GET /api/v3/product-show/amz-B002SPWOVS?amazon_region= HTTP/1.1" 200 17981 "-" "node"
127.0.0.1 - - [28/Aug/2026:00:17:24 +0330] "GET /api/v3/product-show/amz-B00GZP041Y?amazon_region= HTTP/1.1" 200 63103 "-" "node"
89.38.245.149 - - [28/Aug/2026:00:17:24 +0330] "GET /product/amz-B002SPWOVS/clinique-even-better-makeup-medium-coverage-foundation-broad-spectrum-spf-15-evens-skin-tone-reduces-dark-circles?_rsc=1998i HTTP/2.0" 200 3091 "https://charsooq.com/amazon/products?page=1" "Mozilla/5.0 (Windows NT 10.0; Win64; x64) AppleWebKit/537.36 (KHTML, like Gecko) Chrome/151.0.0.0 Safari/537.36"
89.38.245.149 - - [28/Aug/2026:00:17:24 +0330] "GET /product/amz-B00GZP041Y/versace-bright-crystal-absolu-eau-de-perfume-spray-30-ounce?_rsc=1998i HTTP/2.0" 200 4478 "https://charsooq.com/amazon/products?page=1" "Mozilla/5.0 (Windows NT 10.0; Win64; x64) AppleWebKit/537.36 (KHTML, like Gecko) Chrome/151.0.0.0 Safari/537.36"
127.0.0.1 - - [28/Aug/2026:00:17:24 +0330] "GET /api/v3/product-show/amz-B000C1W6UY?amazon_region= HTTP/1.1" 301 169 "-" "node"
127.0.0.1 - - [28/Aug/2026:00:17:24 +0330] "GET /api/v3/product-show/amz-B000WZIX0W?amazon_region= HTTP/1.1" 301 169 "-" "node"
127.0.0.1 - - [28/Aug/2026:00:17:24 +0330] "GET /api/v3/product-show/amz-B093QMCXMM?amazon_region= HTTP/1.1" 301 169 "-" "node"
127.0.0.1 - - [28/Aug/2026:00:17:24 +0330] "GET /api/v3/product-show/amz-B099DP3617?amazon_region= HTTP/1.1" 301 169 "-" "node"
127.0.0.1 - - [28/Aug/2026:00:17:24 +0330] "GET /api/v3/product-show/amz-B0039N480I?amazon_region= HTTP/1.1" 301 169 "-" "node"
127.0.0.1 - - [28/Aug/2026:00:17:24 +0330] "GET /api/v3/product-show/amz-B00NETKGB2?amazon_region= HTTP/1.1" 200 68943 "-" "node"
89.38.245.149 - - [28/Aug/2026:00:17:24 +0330] "GET /product/amz-B00NETKGB2/jo-malone-wood-sage-sea-salt-cologne-spray-for-women-1-ounce?_rsc=1998i HTTP/2.0" 200 4638 "https://charsooq.com/amazon/products?page=1" "Mozilla/5.0 (Windows NT 10.0; Win64; x64) AppleWebKit/537.36 (KHTML, like Gecko) Chrome/151.0.0.0 Safari/537.36"
127.0.0.1 - - [28/Aug/2026:00:17:25 +0330] "GET /api/v3/product-show/amz-B00BEG9QXG?amazon_region= HTTP/1.1" 200 59296 "-" "node"
89.38.245.149 - - [28/Aug/2026:00:17:25 +0330] "GET /product/amz-B00BEG9QXG/giorgio-armani-acqua-di-gioia-eau-de-parfum-17-fl-oz?_rsc=1998i HTTP/2.0" 200 4435 "https://charsooq.com/amazon/products?page=1" "Mozilla/5.0 (Windows NT 10.0; Win64; x64) AppleWebKit/537.36 (KHTML, like Gecko) Chrome/151.0.0.0 Safari/537.36"
127.0.0.1 - - [28/Aug/2026:00:17:25 +0330] "GET /api/v3/product-show/amz-B000WZIX0W?amazon_region= HTTP/1.1" 200 17501 "-" "node"
127.0.0.1 - - [28/Aug/2026:00:17:25 +0330] "GET /api/v3/product-show/amz-B0939MYLZR?amazon_region= HTTP/1.1" 301 169 "-" "node"
127.0.0.1 - - [28/Aug/2026:00:17:25 +0330] "GET /api/v3/product-show/amz-B07W9654QN?amazon_region= HTTP/1.1" 301 169 "-" "node"
127.0.0.1 - - [28/Aug/2026:00:17:25 +0330] "GET /api/v3/product-show/amz-B000C1W6UY?amazon_region= HTTP/1.1" 200 10362 "-" "node"
127.0.0.1 - - [28/Aug/2026:00:17:25 +0330] "GET /api/v3/product-show/amz-B01H57H1RA?amazon_region= HTTP/1.1" 301 169 "-" "node"
127.0.0.1 - - [28/Aug/2026:00:17:25 +0330] "GET /api/v3/product-show/amz-B07Y8GF5M6?amazon_region= HTTP/1.1" 301 169 "-" "node"
127.0.0.1 - - [28/Aug/2026:00:17:25 +0330] "GET /api/v3/product-show/amz-B098QJF9QQ?amazon_region= HTTP/1.1" 200 15422 "-" "node"
89.38.245.149 - - [28/Aug/2026:00:17:25 +0330] "GET /product/amz-B000WZIX0W/hugo-boss-femme-eau-de-parfum-for-women-notes-of-tangerine-and-blackcurrant-luxury-perfumes-for-women-long-lasting-fragrance?_rsc=1998i HTTP/2.0" 200 3165 "https://charsooq.com/amazon/products?page=1" "Mozilla/5.0 (Windows NT 10.0; Win64; x64) AppleWebKit/537.36 (KHTML, like Gecko) Chrome/151.0.0.0 Safari/537.36"
127.0.0.1 - - [28/Aug/2026:00:17:25 +0330] "GET /api/v3/product-show/amz-B0CP6HJ136?amazon_region= HTTP/1.1" 301 169 "-" "node"
89.38.245.149 - - [28/Aug/2026:00:17:25 +0330] "GET /product/amz-B000C1W6UY/versace-crystal-noir-by-versace-for-women-eau-de-parfum-spray-17-ounces?_rsc=1998i HTTP/2.0" 200 2796 "https://charsooq.com/amazon/products?page=1" "Mozilla/5.0 (Windows NT 10.0; Win64; x64) AppleWebKit/537.36 (KHTML, like Gecko) Chrome/151.0.0.0 Safari/537.36"
89.38.245.149 - - [28/Aug/2026:00:17:25 +0330] "GET /product/amz-B098QJF9QQ/nike-boys-tennis-little-kids-shoes-36-eu?_rsc=1998i HTTP/2.0" 200 2760 "https://charsooq.com/amazon/products?page=1" "Mozilla/5.0 (Windows NT 10.0; Win64; x64) AppleWebKit/537.36 (KHTML, like Gecko) Chrome/151.0.0.0 Safari/537.36"
127.0.0.1 - - [28/Aug/2026:00:17:25 +0330] "GET /api/v3/product-show/amz-B099DP3617?amazon_region= HTTP/1.1" 200 27108 "-" "node"
127.0.0.1 - - [28/Aug/2026:00:17:25 +0330] "GET /api/v3/product-show/amz-B093QMCXMM?amazon_region= HTTP/1.1" 200 22792 "-" "node"
89.38.245.149 - - [28/Aug/2026:00:17:25 +0330] "GET /product/amz-B099DP3617/soundcore-anker-life-p2-mini-true-wireless-bluetooth-52-earbuds-headphones-black?_rsc=1998i HTTP/2.0" 200 3101 "https://charsooq.com/amazon/products?page=1" "Mozilla/5.0 (Windows NT 10.0; Win64; x64) AppleWebKit/537.36 (KHTML, like Gecko) Chrome/151.0.0.0 Safari/537.36"
89.38.245.149 - - [28/Aug/2026:00:17:25 +0330] "GET /product/amz-B093QMCXMM/new-balance-mens-574-core-sneaker?_rsc=1998i HTTP/2.0" 200 2707 "https://charsooq.com/amazon/products?page=1" "Mozilla/5.0 (Windows NT 10.0; Win64; x64) AppleWebKit/537.36 (KHTML, like Gecko) Chrome/151.0.0.0 Safari/537.36"
127.0.0.1 - - [28/Aug/2026:00:17:25 +0330] "GET /api/v3/product-show/amz-B0939MYLZR?amazon_region= HTTP/1.1" 200 11551 "-" "node"
89.38.245.149 - - [28/Aug/2026:00:17:25 +0330] "GET /product/amz-B0939MYLZR/pop-funko-star-wars-mandalorian-with-darksaber-chrome-glow-in-the-dark-exclusive?_rsc=1998i HTTP/2.0" 200 2804 "https://charsooq.com/amazon/products?page=1" "Mozilla/5.0 (Windows NT 10.0; Win64; x64) AppleWebKit/537.36 (KHTML, like Gecko) Chrome/151.0.0.0 Safari/537.36"
127.0.0.1 - - [28/Aug/2026:00:17:25 +0330] "GET /api/v3/product-show/amz-B0039N480I?amazon_region= HTTP/1.1" 200 16526 "-" "node"
89.38.245.149 - - [28/Aug/2026:00:17:25 +0330] "GET /product/amz-B0039N480I/casio-g-shock-mens-watch-in-resin-with-anti-slip-over-sized-buttons-water-resistant-anti-magnetic?_rsc=1998i HTTP/2.0" 200 2825 "https://charsooq.com/amazon/products?page=1" "Mozilla/5.0 (Windows NT 10.0; Win64; x64) AppleWebKit/537.36 (KHTML, like Gecko) Chrome/151.0.0.0 Safari/537.36"
127.0.0.1 - - [28/Aug/2026:00:17:25 +0330] "GET /api/v3/product-show/amz-B07W9654QN?amazon_region= HTTP/1.1" 200 12869 "-" "node"
89.38.245.149 - - [28/Aug/2026:00:17:25 +0330] "GET /product/amz-B07W9654QN/nike-mens-m-nk-dry-park20-pant?_rsc=1998i HTTP/2.0" 200 2682 "https://charsooq.com/amazon/products?page=1" "Mozilla/5.0 (Windows NT 10.0; Win64; x64) AppleWebKit/537.36 (KHTML, like Gecko) Chrome/151.0.0.0 Safari/537.36"
127.0.0.1 - - [28/Aug/2026:00:17:25 +0330] "GET /api/v3/product-show/amz-B01H57H1RA?amazon_region= HTTP/1.1" 200 19312 "-" "node"
89.38.245.149 - - [28/Aug/2026:00:17:25 +0330] "GET /product/amz-B01H57H1RA/tomtoc-360-protective-laptop-carrying-case-for-13-inch-macbook-air-m3a3113-m2a2681-m1a2337-2024-2018-macbook-pro-m2a2686-m1a2337-2022-2016-13-in-surface-pro-98-water-resistant-laptop-bag?_rsc=1998i HTTP/2.0" 200 2935 "https://charsooq.com/amazon/products?page=1" "Mozilla/5.0 (Windows NT 10.0; Win64; x64) AppleWebKit/537.36 (KHTML, like Gecko) Chrome/151.0.0.0 Safari/537.36"
127.0.0.1 - - [28/Aug/2026:00:17:25 +0330] "GET /api/v3/product-show/amz-B0CP6HJ136?amazon_region= HTTP/1.1" 200 15451 "-" "node"
89.38.245.149 - - [28/Aug/2026:00:17:25 +0330] "GET /product/amz-B0CP6HJ136/precious-moments-mary-poppins-figurine-your-wish-is-always-complementary-disney-mary-poppins-bisque-porcelain-figurine-disney-figurine-whimsical-hand-painted?_rsc=1998i HTTP/2.0" 200 2913 "https://charsooq.com/amazon/products?page=1" "Mozilla/5.0 (Windows NT 10.0; Win64; x64) AppleWebKit/537.36 (KHTML, like Gecko) Chrome/151.0.0.0 Safari/537.36"
127.0.0.1 - - [28/Aug/2026:00:17:25 +0330] "GET /api/v3/product-show/amz-B07Y8GF5M6?amazon_region= HTTP/1.1" 200 7373 "-" "node"
89.38.245.149 - - [28/Aug/2026:00:17:25 +0330] "GET /product/amz-B07Y8GF5M6/hgst-wd-ultrastar-dc-hc520-hdd-huh721212ale601-12tb-7200rpm-sata-6gbs-256mb-cache-35-inch-ise-512e-helium-data-center-internal-hard-disk-drive-renewed?_rsc=1998i HTTP/2.0" 200 3028 "https://charsooq.com/amazon/products?page=1" "Mozilla/5.0 (Windows NT 10.0; Win64; x64) AppleWebKit/537.36 (KHTML, like Gecko) Chrome/151.0.0.0 Safari/537.36"
205.188.37.27 - - [28/Aug/2026:00:17:26 +0330] "GET /admin/login HTTP/2.0" 200 9451 "-" "Mozilla/5.0 (iPhone; CPU iPhone OS 26_3_0 like Mac OS X) AppleWebKit/605.1.15 (KHTML, like Gecko) CriOS/144.0.7559.95 Mobile/15E148 Safari/604.1"
205.188.37.27 - - [28/Aug/2026:00:17:26 +0330] "GET /css/filament/forms/forms.css?v=3.2.119.0 HTTP/2.0" 200 86577 "https://panel.charsooq.com/admin/login" "Mozilla/5.0 (iPhone; CPU iPhone OS 26_3_0 like Mac OS X) AppleWebKit/605.1.15 (KHTML, like Gecko) CriOS/144.0.7559.95 Mobile/15E148 Safari/604.1"
205.188.37.27 - - [28/Aug/2026:00:17:26 +0330] "GET /css/filament/support/support.css?v=3.2.119.0 HTTP/2.0" 200 3147 "https://panel.charsooq.com/admin/login" "Mozilla/5.0 (iPhone; CPU iPhone OS 26_3_0 like Mac OS X) AppleWebKit/605.1.15 (KHTML, like Gecko) CriOS/144.0.7559.95 Mobile/15E148 Safari/604.1"
205.188.37.27 - - [28/Aug/2026:00:17:27 +0330] "GET /assets/fonts/iransans/_iransans.css HTTP/2.0" 200 237 "https://panel.charsooq.com/admin/login" "Mozilla/5.0 (iPhone; CPU iPhone OS 26_3_0 like Mac OS X) AppleWebKit/605.1.15 (KHTML, like Gecko) CriOS/144.0.7559.95 Mobile/15E148 Safari/604.1"
205.188.37.27 - - [28/Aug/2026:00:17:27 +0330] "GET /assets/img/charsooq-logo.png HTTP/2.0" 200 13494 "https://panel.charsooq.com/admin/login" "Mozilla/5.0 (iPhone; CPU iPhone OS 26_3_0 like Mac OS X) AppleWebKit/605.1.15 (KHTML, like Gecko) CriOS/144.0.7559.95 Mobile/15E148 Safari/604.1"
205.188.37.27 - - [28/Aug/2026:00:17:27 +0330] "GET /js/filament/support/support.js?v=3.2.119.0 HTTP/2.0" 200 131642 "https://panel.charsooq.com/admin/login" "Mozilla/5.0 (iPhone; CPU iPhone OS 26_3_0 like Mac OS X) AppleWebKit/605.1.15 (KHTML, like Gecko) CriOS/144.0.7559.95 Mobile/15E148 Safari/604.1"
205.188.37.27 - - [28/Aug/2026:00:17:27 +0330] "GET /build/assets/theme-ed8f3cdd.css HTTP/2.0" 200 116608 "https://panel.charsooq.com/admin/login" "Mozilla/5.0 (iPhone; CPU iPhone OS 26_3_0 like Mac OS X) AppleWebKit/605.1.15 (KHTML, like Gecko) CriOS/144.0.7559.95 Mobile/15E148 Safari/604.1"
205.188.37.27 - - [28/Aug/2026:00:17:27 +0330] "GET /js/mohamedsabil83/filament-forms-tinyeditor/tiny-editor.js?v=2.3.3.0 HTTP/2.0" 200 1428 "https://panel.charsooq.com/admin/login" "Mozilla/5.0 (iPhone; CPU iPhone OS 26_3_0 like Mac OS X) AppleWebKit/605.1.15 (KHTML, like Gecko) CriOS/144.0.7559.95 Mobile/15E148 Safari/604.1"
127.0.0.1 - - [28/Aug/2026:00:17:27 +0330] "GET /api/v3/product-show/amz-B0CV9F4HZS?amazon_region= HTTP/1.1" 301 169 "-" "node"
127.0.0.1 - - [28/Aug/2026:00:17:27 +0330] "GET /api/v3/product-show/amz-B0CV9F4HZS?amazon_region= HTTP/1.1" 200 12609 "-" "node"
89.38.245.149 - - [28/Aug/2026:00:17:27 +0330] "GET /product/amz-B0CV9F4HZS/enesco-jim-shore-heartwood-creek-frog-leaning-on-mushroom-figurine-resin-hand-painted-collectible-decorative-figurines-home-decor-sculpture-shelf-statue-room-office-desk-collection-gift-72-inch?_rsc=1998i HTTP/2.0" 200 3019 "https://charsooq.com/amazon/products?page=1" "Mozilla/5.0 (Windows NT 10.0; Win64; x64) AppleWebKit/537.36 (KHTML, like Gecko) Chrome/151.0.0.0 Safari/537.36"
205.188.37.27 - - [28/Aug/2026:00:17:27 +0330] "GET /js/filament/notifications/notifications.js?v=3.2.119.0 HTTP/2.0" 200 7199 "https://panel.charsooq.com/admin/login" "Mozilla/5.0 (iPhone; CPU iPhone OS 26_3_0 like Mac OS X) AppleWebKit/605.1.15 (KHTML, like Gecko) CriOS/144.0.7559.95 Mobile/15E148 Safari/604.1"
205.188.37.27 - - [28/Aug/2026:00:17:27 +0330] "GET /js/filament/support/async-alpine.js?v=3.2.119.0 HTTP/2.0" 200 5266 "https://panel.charsooq.com/admin/login" "Mozilla/5.0 (iPhone; CPU iPhone OS 26_3_0 like Mac OS X) AppleWebKit/605.1.15 (KHTML, like Gecko) CriOS/144.0.7559.95 Mobile/15E148 Safari/604.1"
205.188.37.27 - - [28/Aug/2026:00:17:28 +0330] "GET /js/filament/filament/app.js?v=3.2.119.0 HTTP/2.0" 200 8074 "https://panel.charsooq.com/admin/login" "Mozilla/5.0 (iPhone; CPU iPhone OS 26_3_0 like Mac OS X) AppleWebKit/605.1.15 (KHTML, like Gecko) CriOS/144.0.7559.95 Mobile/15E148 Safari/604.1"
205.188.37.27 - - [28/Aug/2026:00:17:28 +0330] "GET /js/filament/filament/echo.js?v=3.2.119.0 HTTP/2.0" 200 91558 "https://panel.charsooq.com/admin/login" "Mozilla/5.0 (iPhone; CPU iPhone OS 26_3_0 like Mac OS X) AppleWebKit/605.1.15 (KHTML, like Gecko) CriOS/144.0.7559.95 Mobile/15E148 Safari/604.1"
205.188.37.27 - - [28/Aug/2026:00:17:29 +0330] "GET /livewire/livewire.min.js?id=38dc8241 HTTP/2.0" 200 144197 "https://panel.charsooq.com/admin/login" "Mozilla/5.0 (iPhone; CPU iPhone OS 26_3_0 like Mac OS X) AppleWebKit/605.1.15 (KHTML, like Gecko) CriOS/144.0.7559.95 Mobile/15E148 Safari/604.1"
127.0.0.1 - - [28/Aug/2026:00:17:31 +0330] "GET /api/v1/categories-product?store=amazon&category=clothing-shoes-jewelry&count=24&page=1&minprice=0&maxprice=10000&ratings=&sortby= HTTP/1.1" 301 169 "-" "node"
127.0.0.1 - - [28/Aug/2026:00:17:32 +0330] "GET /api/v1/categories-product?store=amazon&category=clothing-shoes-jewelry&count=24&page=1&minprice=0&maxprice=10000&ratings=&sortby= HTTP/1.1" 200 33432 "-" "node"
89.38.245.149 - - [28/Aug/2026:00:17:32 +0330] "GET /amazon/products?page=1&category=clothing-shoes-jewelry&_rsc=ezw0f HTTP/2.0" 200 35496 "https://charsooq.com/amazon/products?page=1" "Mozilla/5.0 (Windows NT 10.0; Win64; x64) AppleWebKit/537.36 (KHTML, like Gecko) Chrome/151.0.0.0 Safari/537.36"
127.0.0.1 - - [28/Aug/2026:00:17:33 +0330] "GET /api/v3/product-show/amz-B0CWNZNTB1?amazon_region= HTTP/1.1" 301 169 "-" "node"
127.0.0.1 - - [28/Aug/2026:00:17:33 +0330] "GET /api/v3/product-show/amz-B00P0Q0T28?amazon_region= HTTP/1.1" 301 169 "-" "node"
127.0.0.1 - - [28/Aug/2026:00:17:33 +0330] "GET /api/v3/product-show/amz-B0CP766V17?amazon_region= HTTP/1.1" 301 169 "-" "node"
127.0.0.1 - - [28/Aug/2026:00:17:33 +0330] "GET /api/v3/product-show/amz-B091D8BXSQ?amazon_region= HTTP/1.1" 301 169 "-" "node"
89.38.245.149 - - [28/Aug/2026:00:17:33 +0330] "GET /32px.png HTTP/2.0" 304 0 "https://charsooq.com/amazon/products?page=1&category=clothing-shoes-jewelry" "Mozilla/5.0 (Windows NT 10.0; Win64; x64) AppleWebKit/537.36 (KHTML, like Gecko) Chrome/151.0.0.0 Safari/537.36"
127.0.0.1 - - [28/Aug/2026:00:17:33 +0330] "GET /api/v3/product-show/amz-B0B9JBL1CR?amazon_region= HTTP/1.1" 301 169 "-" "node"
127.0.0.1 - - [28/Aug/2026:00:17:33 +0330] "GET /api/v3/product-show/amz-B0BM35JCGT?amazon_region= HTTP/1.1" 301 169 "-" "node"
127.0.0.1 - - [28/Aug/2026:00:17:33 +0330] "GET /api/v3/product-show/amz-B00P0Q0T28?amazon_region= HTTP/1.1" 200 19467 "-" "node"
127.0.0.1 - - [28/Aug/2026:00:17:33 +0330] "GET /api/v3/product-show/amz-B0BNNKHBLW?amazon_region= HTTP/1.1" 301 169 "-" "node"
127.0.0.1 - - [28/Aug/2026:00:17:33 +0330] "GET /api/v3/product-show/amz-B0BJH452BH?amazon_region= HTTP/1.1" 301 169 "-" "node"
89.38.245.149 - - [28/Aug/2026:00:17:33 +0330] "GET /product/amz-B00P0Q0T28/too-faced-better-than-sex-volumizing-mascara?_rsc=1998i HTTP/2.0" 200 2735 "https://charsooq.com/amazon/products?page=1" "Mozilla/5.0 (Windows NT 10.0; Win64; x64) AppleWebKit/537.36 (KHTML, like Gecko) Chrome/151.0.0.0 Safari/537.36"
127.0.0.1 - - [28/Aug/2026:00:17:33 +0330] "GET /api/v3/product-show/amz-B0CWNZNTB1?amazon_region= HTTP/1.1" 200 18483 "-" "node"
89.38.245.149 - - [28/Aug/2026:00:17:33 +0330] "GET /product/amz-B0CWNZNTB1/gxamoy-mens-athletic-2-pieces-tracksuit-casual-full-zip-jogging-sweat-suit-workout-sports-set-sportswear?_rsc=1998i HTTP/2.0" 200 3197 "https://charsooq.com/amazon/products?page=1" "Mozilla/5.0 (Windows NT 10.0; Win64; x64) AppleWebKit/537.36 (KHTML, like Gecko) Chrome/151.0.0.0 Safari/537.36"
127.0.0.1 - - [28/Aug/2026:00:17:34 +0330] "GET /api/v3/product-show/amz-B0CP766V17?amazon_region= HTTP/1.1" 200 23893 "-" "node"
127.0.0.1 - - [28/Aug/2026:00:17:34 +0330] "GET /api/v3/product-show/amz-B0B9JBL1CR?amazon_region= HTTP/1.1" 200 9749 "-" "node"
127.0.0.1 - - [28/Aug/2026:00:17:34 +0330] "GET /api/v3/product-show/amz-B091D8BXSQ?amazon_region= HTTP/1.1" 200 22701 "-" "node"
89.38.245.149 - - [28/Aug/2026:00:17:34 +0330] "GET /product/amz-B0CP766V17/pj-paul-jones-mens-linen-shirts-long-sleeve-casual-button-down-shirt-breathable-dress-shirts?_rsc=1998i HTTP/2.0" 200 2824 "https://charsooq.com/amazon/products?page=1" "Mozilla/5.0 (Windows NT 10.0; Win64; x64) AppleWebKit/537.36 (KHTML, like Gecko) Chrome/151.0.0.0 Safari/537.36"
89.38.245.149 - - [28/Aug/2026:00:17:34 +0330] "GET /product/amz-B0B9JBL1CR/nike-mens-air-zoom-terra-kiger-8-trail-running?_rsc=1998i HTTP/2.0" 200 2700 "https://charsooq.com/amazon/products?page=1&category=clothing-shoes-jewelry" "Mozilla/5.0 (Windows NT 10.0; Win64; x64) AppleWebKit/537.36 (KHTML, like Gecko) Chrome/151.0.0.0 Safari/537.36"
89.38.245.149 - - [28/Aug/2026:00:17:34 +0330] "GET /product/amz-B091D8BXSQ/loreal-paris-true-match-nude-hyaluronic-tinted-serum-foundation-with-1-hyaluronic-acid-light-2-3-1-fl-oz?_rsc=1998i HTTP/2.0" 200 3572 "https://charsooq.com/amazon/products?page=1" "Mozilla/5.0 (Windows NT 10.0; Win64; x64) AppleWebKit/537.36 (KHTML, like Gecko) Chrome/151.0.0.0 Safari/537.36"
127.0.0.1 - - [28/Aug/2026:00:17:34 +0330] "GET /api/v3/product-show/amz-B0BM35JCGT?amazon_region= HTTP/1.1" 200 10173 "-" "node"
89.38.245.149 - - [28/Aug/2026:00:17:34 +0330] "GET /product/amz-B0BM35JCGT/seiko-prospex-speedtimer-solar-chronograph-ssc913-blue-dial-with-sunray-finish-and-red-accents?_rsc=1998i HTTP/2.0" 200 2871 "https://charsooq.com/amazon/products?page=1&category=clothing-shoes-jewelry" "Mozilla/5.0 (Windows NT 10.0; Win64; x64) AppleWebKit/537.36 (KHTML, like Gecko) Chrome/151.0.0.0 Safari/537.36"
127.0.0.1 - - [28/Aug/2026:00:17:34 +0330] "GET /api/v3/product-show/amz-B0BJH452BH?amazon_region= HTTP/1.1" 200 7021 "-" "node"
89.38.245.149 - - [28/Aug/2026:00:17:34 +0330] "GET /product/amz-B0BJH452BH/seiko-mens-ssc909-prospex-solar-chronograph-watch?_rsc=1998i HTTP/2.0" 200 2744 "https://charsooq.com/amazon/products?page=1&category=clothing-shoes-jewelry" "Mozilla/5.0 (Windows NT 10.0; Win64; x64) AppleWebKit/537.36 (KHTML, like Gecko) Chrome/151.0.0.0 Safari/537.36"
127.0.0.1 - - [28/Aug/2026:00:17:34 +0330] "GET /api/v3/product-show/amz-B0BNNKHBLW?amazon_region= HTTP/1.1" 200 8775 "-" "node"
89.38.245.149 - - [28/Aug/2026:00:17:34 +0330] "GET /product/amz-B0BNNKHBLW/seiko-ssc911p1mens-prospexsolar-chronographstainlesssapphire-crystaldatewrssc911?_rsc=1998i HTTP/2.0" 200 2848 "https://charsooq.com/amazon/products?page=1&category=clothing-shoes-jewelry" "Mozilla/5.0 (Windows NT 10.0; Win64; x64) AppleWebKit/537.36 (KHTML, like Gecko) Chrome/151.0.0.0 Safari/537.36"
127.0.0.1 - - [28/Aug/2026:00:17:34 +0330] "GET /api/v3/product-show/amz-B08W3NGHGW?amazon_region= HTTP/1.1" 301 169 "-" "node"
127.0.0.1 - - [28/Aug/2026:00:17:34 +0330] "GET /api/v3/product-show/amz-B0183NWFB2?amazon_region= HTTP/1.1" 301 169 "-" "node"
127.0.0.1 - - [28/Aug/2026:00:17:34 +0330] "GET /api/v3/product-show/amz-B08W3NGHGW?amazon_region= HTTP/1.1" 200 9345 "-" "node"
127.0.0.1 - - [28/Aug/2026:00:17:34 +0330] "GET /api/v3/product-show/amz-B0183NWFB2?amazon_region= HTTP/1.1" 200 14645 "-" "node"
89.38.245.149 - - [28/Aug/2026:00:17:34 +0330] "GET /product/amz-B08W3NGHGW/seiko-chronograph-black-dial-stainless-steel-mens-watch-ssc803?_rsc=1998i HTTP/2.0" 200 2800 "https://charsooq.com/amazon/products?page=1&category=clothing-shoes-jewelry" "Mozilla/5.0 (Windows NT 10.0; Win64; x64) AppleWebKit/537.36 (KHTML, like Gecko) Chrome/151.0.0.0 Safari/537.36"
89.38.245.149 - - [28/Aug/2026:00:17:34 +0330] "GET /product/amz-B0183NWFB2/fossil-townsman-mens-automatic-watch-with-mechanical-movement-and-skeleton-dial?_rsc=1998i HTTP/2.0" 200 3005 "https://charsooq.com/amazon/products?page=1&category=clothing-shoes-jewelry" "Mozilla/5.0 (Windows NT 10.0; Win64; x64) AppleWebKit/537.36 (KHTML, like Gecko) Chrome/151.0.0.0 Safari/537.36"
127.0.0.1 - - [28/Aug/2026:00:17:35 +0330] "GET /api/v1/categories-amazon HTTP/1.1" 200 34230 "-" "node"
