167.99.82.126 - - [27/Aug/2026:00:24:33 +0330] "GET /site/xmlrpc.php HTTP/1.1" 404 229585 "http://charsooq.com/site/xmlrpc.php" "Mozilla/5.0 (Macintosh; Intel Mac OS X 10_15_7) AppleWebKit/605.1.15 (KHTML, like Gecko) Version/17.5 Safari/605.1.15"
52.167.144.238 - - [27/Aug/2026:00:24:33 +0330] "GET /?u=22084291886200 HTTP/2.0" 200 36203 "-" "Mozilla/5.0 AppleWebKit/537.36 (KHTML, like Gecko; compatible; bingbot/2.0; +http://www.bing.com/bingbot.htm) Chrome/116.0.1938.76 Safari/537.36"
167.99.82.126 - - [27/Aug/2026:00:24:33 +0330] "POST /news/xmlrpc.php HTTP/1.1" 301 169 "-" "Mozilla/5.0 (Windows NT 10.0; Win64; x64) AppleWebKit/537.36 (KHTML, like Gecko) Chrome/138.0.0.0 Safari/537.36"
157.55.39.7 - - [27/Aug/2026:00:24:34 +0330] "GET /?u=510796133900 HTTP/2.0" 200 33017 "-" "Mozilla/5.0 AppleWebKit/537.36 (KHTML, like Gecko; compatible; bingbot/2.0; +http://www.bing.com/bingbot.htm) Chrome/116.0.1938.76 Safari/537.36"
52.167.144.238 - - [27/Aug/2026:00:24:34 +0330] "GET /?u=8958670033605 HTTP/2.0" 200 33626 "-" "Mozilla/5.0 AppleWebKit/537.36 (KHTML, like Gecko; compatible; bingbot/2.0; +http://www.bing.com/bingbot.htm) Chrome/116.0.1938.76 Safari/537.36"
127.0.0.1 - - [27/Aug/2026:00:24:34 +0330] "GET /api/v1/categories-amazon HTTP/1.1" 200 34199 "-" "node"
172.16.20.25 - - [27/Aug/2026:00:24:34 +0330] "GET / HTTP/1.1" 200 338478 "-" "Mozilla/5.0 (compatible; PRTG Network Monitor (www.paessler.com); Windows)"
127.0.0.1 - - [27/Aug/2026:00:24:35 +0330] "GET /api/v1/categories-amazon HTTP/1.1" 200 34230 "-" "node"
167.99.82.126 - - [27/Aug/2026:00:24:36 +0330] "GET /news/xmlrpc.php HTTP/1.1" 404 229592 "http://charsooq.com/news/xmlrpc.php" "Mozilla/5.0 (Windows NT 10.0; Win64; x64) AppleWebKit/537.36 (KHTML, like Gecko) Chrome/138.0.0.0 Safari/537.36"
167.99.82.126 - - [27/Aug/2026:00:24:36 +0330] "POST /web/xmlrpc.php HTTP/1.1" 301 169 "-" "Mozilla/5.0 (X11; Linux x86_64) AppleWebKit/537.36 (KHTML, like Gecko) Chrome/138.0.0.0 Safari/537.36"
52.167.144.238 - - [27/Aug/2026:00:24:36 +0330] "GET /?u=09163224518808 HTTP/2.0" 200 32450 "-" "Mozilla/5.0 AppleWebKit/537.36 (KHTML, like Gecko; compatible; bingbot/2.0; +http://www.bing.com/bingbot.htm) Chrome/116.0.1938.76 Safari/537.36"
52.167.144.238 - - [27/Aug/2026:00:24:37 +0330] "GET /?u=1084350624900 HTTP/2.0" 200 34678 "-" "Mozilla/5.0 AppleWebKit/537.36 (KHTML, like Gecko; compatible; bingbot/2.0; +http://www.bing.com/bingbot.htm) Chrome/116.0.1938.76 Safari/537.36"
127.0.0.1 - - [27/Aug/2026:00:24:37 +0330] "GET /api/v1/categories-amazon HTTP/1.1" 200 34230 "-" "node"
167.99.82.126 - - [27/Aug/2026:00:24:38 +0330] "GET /web/xmlrpc.php HTTP/1.1" 404 229615 "http://charsooq.com/web/xmlrpc.php" "Mozilla/5.0 (X11; Linux x86_64) AppleWebKit/537.36 (KHTML, like Gecko) Chrome/138.0.0.0 Safari/537.36"
167.99.82.126 - - [27/Aug/2026:00:24:38 +0330] "POST /main/xmlrpc.php HTTP/1.1" 301 169 "-" "Mozilla/5.0 (X11; Linux x86_64) AppleWebKit/537.36 (KHTML, like Gecko) Chrome/138.0.0.0 Safari/537.36"
52.167.144.238 - - [27/Aug/2026:00:24:39 +0330] "GET /?u=92640266418006 HTTP/2.0" 200 33936 "-" "Mozilla/5.0 AppleWebKit/537.36 (KHTML, like Gecko; compatible; bingbot/2.0; +http://www.bing.com/bingbot.htm) Chrome/116.0.1938.76 Safari/537.36"
52.167.144.181 - - [27/Aug/2026:00:24:39 +0330] "GET /?u=8820417571200 HTTP/2.0" 200 33646 "-" "Mozilla/5.0 AppleWebKit/537.36 (KHTML, like Gecko; compatible; bingbot/2.0; +http://www.bing.com/bingbot.htm) Chrome/116.0.1938.76 Safari/537.36"
127.0.0.1 - - [27/Aug/2026:00:24:40 +0330] "GET /api/v1/categories-amazon HTTP/1.1" 200 34199 "-" "node"
167.99.82.126 - - [27/Aug/2026:00:24:40 +0330] "GET /main/xmlrpc.php HTTP/1.1" 404 229592 "http://charsooq.com/main/xmlrpc.php" "Mozilla/5.0 (X11; Linux x86_64) AppleWebKit/537.36 (KHTML, like Gecko) Chrome/138.0.0.0 Safari/537.36"
167.99.82.126 - - [27/Aug/2026:00:24:40 +0330] "POST /cms/xmlrpc.php HTTP/1.1" 301 169 "-" "Mozilla/5.0 (Windows NT 10.0; Win64; x64) AppleWebKit/537.36 (KHTML, like Gecko) Chrome/138.0.0.0 Safari/537.36 Edg/138.0.0.0"
52.167.144.181 - - [27/Aug/2026:00:24:41 +0330] "GET /?u=02421259206400 HTTP/2.0" 200 33486 "-" "Mozilla/5.0 AppleWebKit/537.36 (KHTML, like Gecko; compatible; bingbot/2.0; +http://www.bing.com/bingbot.htm) Chrome/116.0.1938.76 Safari/537.36"
52.167.144.181 - - [27/Aug/2026:00:24:43 +0330] "GET /?u=2077326957800 HTTP/2.0" 200 32516 "-" "Mozilla/5.0 AppleWebKit/537.36 (KHTML, like Gecko; compatible; bingbot/2.0; +http://www.bing.com/bingbot.htm) Chrome/116.0.1938.76 Safari/537.36"
66.249.69.106 - - [27/Aug/2026:00:24:43 +0330] "GET /?u=8086097391714 HTTP/1.1" 200 32362 "-" "Mozilla/5.0 (Linux; Android 6.0.1; Nexus 5X Build/MMB29P) AppleWebKit/537.36 (KHTML, like Gecko) Chrome/151.0.7922.173 Mobile Safari/537.36 (compatible; Googlebot/2.1; +http://www.google.com/bot.html)"
127.0.0.1 - - [27/Aug/2026:00:24:43 +0330] "GET /api/v1/categories-amazon HTTP/1.1" 200 34199 "-" "node"
167.99.82.126 - - [27/Aug/2026:00:24:43 +0330] "GET /cms/xmlrpc.php HTTP/1.1" 404 229591 "http://charsooq.com/cms/xmlrpc.php" "Mozilla/5.0 (Windows NT 10.0; Win64; x64) AppleWebKit/537.36 (KHTML, like Gecko) Chrome/138.0.0.0 Safari/537.36 Edg/138.0.0.0"
167.99.82.126 - - [27/Aug/2026:00:24:43 +0330] "POST /wp-site/xmlrpc.php HTTP/1.1" 301 169 "-" "Mozilla/5.0 (Macintosh; Intel Mac OS X 10_15_7) AppleWebKit/605.1.15 (KHTML, like Gecko) Version/17.5 Safari/605.1.15"
52.167.144.238 - - [27/Aug/2026:00:24:44 +0330] "GET /?u=8105832891306 HTTP/2.0" 200 32722 "-" "Mozilla/5.0 AppleWebKit/537.36 (KHTML, like Gecko; compatible; bingbot/2.0; +http://www.bing.com/bingbot.htm) Chrome/116.0.1938.76 Safari/537.36"
52.167.144.181 - - [27/Aug/2026:00:24:44 +0330] "GET /?u=14902211546705 HTTP/2.0" 200 32230 "-" "Mozilla/5.0 AppleWebKit/537.36 (KHTML, like Gecko; compatible; bingbot/2.0; +http://www.bing.com/bingbot.htm) Chrome/116.0.1938.76 Safari/537.36"
127.0.0.1 - - [27/Aug/2026:00:24:45 +0330] "GET /api/v1/categories-amazon HTTP/1.1" 200 34230 "-" "node"
167.99.82.126 - - [27/Aug/2026:00:24:45 +0330] "GET /wp-site/xmlrpc.php HTTP/1.1" 404 229595 "http://charsooq.com/wp-site/xmlrpc.php" "Mozilla/5.0 (Macintosh; Intel Mac OS X 10_15_7) AppleWebKit/605.1.15 (KHTML, like Gecko) Version/17.5 Safari/605.1.15"
167.99.82.126 - - [27/Aug/2026:00:24:45 +0330] "POST /wpsite/xmlrpc.php HTTP/1.1" 301 169 "-" "Mozilla/5.0 (Windows NT 10.0; Win64; x64) AppleWebKit/537.36 (KHTML, like Gecko) Chrome/138.0.0.0 Safari/537.36"
52.167.144.238 - - [27/Aug/2026:00:24:45 +0330] "GET /?u=30747167031102 HTTP/2.0" 200 33486 "-" "Mozilla/5.0 AppleWebKit/537.36 (KHTML, like Gecko; compatible; bingbot/2.0; +http://www.bing.com/bingbot.htm) Chrome/116.0.1938.76 Safari/537.36"
52.167.144.238 - - [27/Aug/2026:00:24:47 +0330] "GET /?u=1915029734000 HTTP/2.0" 200 33948 "-" "Mozilla/5.0 AppleWebKit/537.36 (KHTML, like Gecko; compatible; bingbot/2.0; +http://www.bing.com/bingbot.htm) Chrome/116.0.1938.76 Safari/537.36"
127.0.0.1 - - [27/Aug/2026:00:24:48 +0330] "GET /api/v1/categories-amazon HTTP/1.1" 200 34230 "-" "node"
167.99.82.126 - - [27/Aug/2026:00:24:48 +0330] "GET /wpsite/xmlrpc.php HTTP/1.1" 404 229594 "http://charsooq.com/wpsite/xmlrpc.php" "Mozilla/5.0 (Windows NT 10.0; Win64; x64) AppleWebKit/537.36 (KHTML, like Gecko) Chrome/138.0.0.0 Safari/537.36"
52.167.144.238 - - [27/Aug/2026:00:24:48 +0330] "GET /?u=54213291463301 HTTP/2.0" 200 32970 "-" "Mozilla/5.0 AppleWebKit/537.36 (KHTML, like Gecko; compatible; bingbot/2.0; +http://www.bing.com/bingbot.htm) Chrome/116.0.1938.76 Safari/537.36"
167.99.82.126 - - [27/Aug/2026:00:24:49 +0330] "POST /old/xmlrpc.php HTTP/1.1" 301 169 "-" "Mozilla/5.0 (Windows NT 10.0; Win64; x64) AppleWebKit/537.36 (KHTML, like Gecko) Chrome/138.0.0.0 Safari/537.36"
52.167.144.238 - - [27/Aug/2026:00:24:50 +0330] "GET /?u=0688563291601 HTTP/2.0" 200 32902 "-" "Mozilla/5.0 AppleWebKit/537.36 (KHTML, like Gecko; compatible; bingbot/2.0; +http://www.bing.com/bingbot.htm) Chrome/116.0.1938.76 Safari/537.36"
127.0.0.1 - - [27/Aug/2026:00:24:50 +0330] "GET /api/v1/categories-amazon HTTP/1.1" 200 34199 "-" "node"
167.99.82.126 - - [27/Aug/2026:00:24:51 +0330] "GET /old/xmlrpc.php HTTP/1.1" 404 229591 "http://charsooq.com/old/xmlrpc.php" "Mozilla/5.0 (Windows NT 10.0; Win64; x64) AppleWebKit/537.36 (KHTML, like Gecko) Chrome/138.0.0.0 Safari/537.36"
167.99.82.126 - - [27/Aug/2026:00:24:51 +0330] "POST /new/xmlrpc.php HTTP/1.1" 301 169 "-" "Mozilla/5.0 (Windows NT 10.0; Win64; x64; rv:140.0) Gecko/20100101 Firefox/140.0"
52.167.144.238 - - [27/Aug/2026:00:24:52 +0330] "GET /?u=47893192154700 HTTP/2.0" 200 32960 "-" "Mozilla/5.0 AppleWebKit/537.36 (KHTML, like Gecko; compatible; bingbot/2.0; +http://www.bing.com/bingbot.htm) Chrome/116.0.1938.76 Safari/537.36"
157.55.39.7 - - [27/Aug/2026:00:24:52 +0330] "GET /?u=98996270266105 HTTP/2.0" 200 32408 "-" "Mozilla/5.0 AppleWebKit/537.36 (KHTML, like Gecko; compatible; bingbot/2.0; +http://www.bing.com/bingbot.htm) Chrome/116.0.1938.76 Safari/537.36"
127.0.0.1 - - [27/Aug/2026:00:24:52 +0330] "GET /api/v1/categories-amazon HTTP/1.1" 200 34230 "-" "node"
167.99.82.126 - - [27/Aug/2026:00:24:52 +0330] "GET /new/xmlrpc.php HTTP/1.1" 404 229615 "http://charsooq.com/new/xmlrpc.php" "Mozilla/5.0 (Windows NT 10.0; Win64; x64; rv:140.0) Gecko/20100101 Firefox/140.0"
52.167.144.238 - - [27/Aug/2026:00:24:53 +0330] "GET /?u=21378273709600 HTTP/2.0" 200 33847 "-" "Mozilla/5.0 AppleWebKit/537.36 (KHTML, like Gecko; compatible; bingbot/2.0; +http://www.bing.com/bingbot.htm) Chrome/116.0.1938.76 Safari/537.36"
167.99.82.126 - - [27/Aug/2026:00:24:53 +0330] "GET /wp-admin/ HTTP/1.1" 301 169 "-" "Mozilla/5.0 (Windows NT 10.0; Win64; x64) AppleWebKit/537.36 (KHTML, like Gecko) Chrome/138.0.0.0 Safari/537.36"
157.55.39.7 - - [27/Aug/2026:00:24:54 +0330] "GET /?u=77922130942701 HTTP/2.0" 200 34547 "-" "Mozilla/5.0 AppleWebKit/537.36 (KHTML, like Gecko; compatible; bingbot/2.0; +http://www.bing.com/bingbot.htm) Chrome/116.0.1938.76 Safari/537.36"
167.99.82.126 - - [27/Aug/2026:00:24:55 +0330] "GET /wp-admin/ HTTP/1.1" 308 19 "http://charsooq.com/wp-admin/" "Mozilla/5.0 (Windows NT 10.0; Win64; x64) AppleWebKit/537.36 (KHTML, like Gecko) Chrome/138.0.0.0 Safari/537.36"
127.0.0.1 - - [27/Aug/2026:00:24:55 +0330] "GET /api/v1/article-old-show/wp-admin HTTP/1.1" 404 170 "-" "node"
157.55.39.7 - - [27/Aug/2026:00:24:55 +0330] "GET /?u=73546266737000 HTTP/2.0" 200 35723 "-" "Mozilla/5.0 AppleWebKit/537.36 (KHTML, like Gecko; compatible; bingbot/2.0; +http://www.bing.com/bingbot.htm) Chrome/116.0.1938.76 Safari/537.36"
127.0.0.1 - - [27/Aug/2026:00:24:56 +0330] "GET /api/v1/categories-amazon HTTP/1.1" 200 34199 "-" "node"
167.99.82.126 - - [27/Aug/2026:00:24:56 +0330] "GET /wp-admin HTTP/1.1" 200 196053 "https://charsooq.com/wp-admin/" "Mozilla/5.0 (Windows NT 10.0; Win64; x64) AppleWebKit/537.36 (KHTML, like Gecko) Chrome/138.0.0.0 Safari/537.36"
168.144.87.7 - - [27/Aug/2026:00:24:57 +0330] "GET / HTTP/1.1" 301 169 "-" "Mozilla/5.0 (Linux; Android 9; vivo 1901) AppleWebKit/537.36 (KHTML, like Gecko) Chrome/83.0.4103.96 Mobile Safari/537.36"
157.55.39.7 - - [27/Aug/2026:00:24:57 +0330] "GET /?u=1097935869201 HTTP/2.0" 200 33564 "-" "Mozilla/5.0 AppleWebKit/537.36 (KHTML, like Gecko; compatible; bingbot/2.0; +http://www.bing.com/bingbot.htm) Chrome/116.0.1938.76 Safari/537.36"
127.0.0.1 - - [27/Aug/2026:00:24:57 +0330] "GET /api/v1/article-old-show/xmlrpc HTTP/1.1" 404 170 "-" "node"
127.0.0.1 - - [27/Aug/2026:00:24:58 +0330] "GET /api/v1/categories-amazon HTTP/1.1" 200 34230 "-" "node"
167.99.82.126 - - [27/Aug/2026:00:24:59 +0330] "POST /xmlrpc.php HTTP/1.1" 200 288504 "-" "Mozilla/5.0 (Windows NT 10.0; Win64; x64) AppleWebKit/537.36 (KHTML, like Gecko) Chrome/138.0.0.0 Safari/537.36 Edg/138.0.0.0"
167.99.82.126 - - [27/Aug/2026:00:24:59 +0330] "GET /wp-login.php HTTP/1.1" 301 169 "-" "Mozilla/5.0 (Windows NT 10.0; Win64; x64; rv:140.0) Gecko/20100101 Firefox/140.0"
157.55.39.7 - - [27/Aug/2026:00:24:59 +0330] "GET /?u=922109761601 HTTP/2.0" 200 34088 "-" "Mozilla/5.0 AppleWebKit/537.36 (KHTML, like Gecko; compatible; bingbot/2.0; +http://www.bing.com/bingbot.htm) Chrome/116.0.1938.76 Safari/537.36"
127.0.0.1 - - [27/Aug/2026:00:24:59 +0330] "GET /api/v1/article-old-show/wp-login HTTP/1.1" 404 170 "-" "node"
52.167.144.238 - - [27/Aug/2026:00:25:00 +0330] "GET /?u=14171249709302 HTTP/2.0" 200 33571 "-" "Mozilla/5.0 AppleWebKit/537.36 (KHTML, like Gecko; compatible; bingbot/2.0; +http://www.bing.com/bingbot.htm) Chrome/116.0.1938.76 Safari/537.36"
127.0.0.1 - - [27/Aug/2026:00:25:00 +0330] "GET /api/v1/categories-amazon HTTP/1.1" 200 34199 "-" "node"
167.99.82.126 - - [27/Aug/2026:00:25:00 +0330] "GET /wp-login.php HTTP/1.1" 200 288488 "http://charsooq.com/wp-login.php" "Mozilla/5.0 (Windows NT 10.0; Win64; x64; rv:140.0) Gecko/20100101 Firefox/140.0"
52.167.144.238 - - [27/Aug/2026:00:25:02 +0330] "GET /?u=27083193463902 HTTP/2.0" 200 33165 "-" "Mozilla/5.0 AppleWebKit/537.36 (KHTML, like Gecko; compatible; bingbot/2.0; +http://www.bing.com/bingbot.htm) Chrome/116.0.1938.76 Safari/537.36"
52.167.144.238 - - [27/Aug/2026:00:25:03 +0330] "GET /?u=80941126962900 HTTP/2.0" 200 34249 "-" "Mozilla/5.0 AppleWebKit/537.36 (KHTML, like Gecko; compatible; bingbot/2.0; +http://www.bing.com/bingbot.htm) Chrome/116.0.1938.76 Safari/537.36"
52.167.144.238 - - [27/Aug/2026:00:25:05 +0330] "GET /?u=3041846842909 HTTP/2.0" 200 32206 "-" "Mozilla/5.0 AppleWebKit/537.36 (KHTML, like Gecko; compatible; bingbot/2.0; +http://www.bing.com/bingbot.htm) Chrome/116.0.1938.76 Safari/537.36"
52.167.144.238 - - [27/Aug/2026:00:25:07 +0330] "GET /?u=7167764355200 HTTP/2.0" 200 40446 "-" "Mozilla/5.0 AppleWebKit/537.36 (KHTML, like Gecko; compatible; bingbot/2.0; +http://www.bing.com/bingbot.htm) Chrome/116.0.1938.76 Safari/537.36"
52.167.144.181 - - [27/Aug/2026:00:25:07 +0330] "GET /?u=604253297701 HTTP/2.0" 200 35111 "-" "Mozilla/5.0 AppleWebKit/537.36 (KHTML, like Gecko; compatible; bingbot/2.0; +http://www.bing.com/bingbot.htm) Chrome/116.0.1938.76 Safari/537.36"
168.144.87.7 - - [27/Aug/2026:00:25:07 +0330] "GET / HTTP/2.0" 302 331 "-" "Mozilla/5.0 (Linux; Android 9; vivo 1901) AppleWebKit/537.36 (KHTML, like Gecko) Chrome/83.0.4103.96 Mobile Safari/537.36"
52.167.144.238 - - [27/Aug/2026:00:25:08 +0330] "GET /?u=066866218500 HTTP/2.0" 200 35453 "-" "Mozilla/5.0 AppleWebKit/537.36 (KHTML, like Gecko; compatible; bingbot/2.0; +http://www.bing.com/bingbot.htm) Chrome/116.0.1938.76 Safari/537.36"
127.0.0.1 - - [27/Aug/2026:00:25:08 +0330] "GET /api/v2/sliders HTTP/1.1" 200 7479 "-" "node"
52.167.144.181 - - [27/Aug/2026:00:25:09 +0330] "GET /?u=69041193743617 HTTP/2.0" 200 33165 "-" "Mozilla/5.0 AppleWebKit/537.36 (KHTML, like Gecko; compatible; bingbot/2.0; +http://www.bing.com/bingbot.htm) Chrome/116.0.1938.76 Safari/537.36"
127.0.0.1 - - [27/Aug/2026:00:25:09 +0330] "GET /api/v1/categories-amazon HTTP/1.1" 200 34230 "-" "node"
168.144.87.7 - - [27/Aug/2026:00:25:09 +0330] "GET / HTTP/2.0" 200 106230 "https://185.215.124.174/" "Mozilla/5.0 (Linux; Android 9; vivo 1901) AppleWebKit/537.36 (KHTML, like Gecko) Chrome/83.0.4103.96 Mobile Safari/537.36"
52.167.144.238 - - [27/Aug/2026:00:25:10 +0330] "GET /?u=02290121397804 HTTP/2.0" 200 34178 "-" "Mozilla/5.0 AppleWebKit/537.36 (KHTML, like Gecko; compatible; bingbot/2.0; +http://www.bing.com/bingbot.htm) Chrome/116.0.1938.76 Safari/537.36"
52.167.144.181 - - [27/Aug/2026:00:25:11 +0330] "GET /?u=0776260061400 HTTP/2.0" 200 33885 "-" "Mozilla/5.0 AppleWebKit/537.36 (KHTML, like Gecko; compatible; bingbot/2.0; +http://www.bing.com/bingbot.htm) Chrome/116.0.1938.76 Safari/537.36"
52.167.144.181 - - [27/Aug/2026:00:25:12 +0330] "GET /?u=99965217933900 HTTP/2.0" 200 34434 "-" "Mozilla/5.0 AppleWebKit/537.36 (KHTML, like Gecko; compatible; bingbot/2.0; +http://www.bing.com/bingbot.htm) Chrome/116.0.1938.76 Safari/537.36"
52.167.144.238 - - [27/Aug/2026:00:25:14 +0330] "GET /?u=82493153060101 HTTP/2.0" 200 33981 "-" "Mozilla/5.0 AppleWebKit/537.36 (KHTML, like Gecko; compatible; bingbot/2.0; +http://www.bing.com/bingbot.htm) Chrome/116.0.1938.76 Safari/537.36"
52.167.144.238 - - [27/Aug/2026:00:25:16 +0330] "GET /?u=63398192504310 HTTP/2.0" 200 33113 "-" "Mozilla/5.0 AppleWebKit/537.36 (KHTML, like Gecko; compatible; bingbot/2.0; +http://www.bing.com/bingbot.htm) Chrome/116.0.1938.76 Safari/537.36"
66.249.69.107 - - [27/Aug/2026:00:25:16 +0330] "GET /?u=30116128363801 HTTP/1.1" 200 32783 "-" "Mozilla/5.0 (Linux; Android 6.0.1; Nexus 5X Build/MMB29P) AppleWebKit/537.36 (KHTML, like Gecko) Chrome/151.0.7922.173 Mobile Safari/537.36 (compatible; Googlebot/2.1; +http://www.google.com/bot.html)"
52.167.144.238 - - [27/Aug/2026:00:25:17 +0330] "GET /?u=3884045636000 HTTP/2.0" 200 32987 "-" "Mozilla/5.0 AppleWebKit/537.36 (KHTML, like Gecko; compatible; bingbot/2.0; +http://www.bing.com/bingbot.htm) Chrome/116.0.1938.76 Safari/537.36"
52.167.144.238 - - [27/Aug/2026:00:25:19 +0330] "GET /?u=23262146228001 HTTP/2.0" 200 32129 "-" "Mozilla/5.0 AppleWebKit/537.36 (KHTML, like Gecko; compatible; bingbot/2.0; +http://www.bing.com/bingbot.htm) Chrome/116.0.1938.76 Safari/537.36"
52.167.144.238 - - [27/Aug/2026:00:25:21 +0330] "GET /?u=27072290756801 HTTP/2.0" 200 33192 "-" "Mozilla/5.0 AppleWebKit/537.36 (KHTML, like Gecko; compatible; bingbot/2.0; +http://www.bing.com/bingbot.htm) Chrome/116.0.1938.76 Safari/537.36"
157.55.39.7 - - [27/Aug/2026:00:25:21 +0330] "GET /?u=80714266694900 HTTP/2.0" 200 35923 "-" "Mozilla/5.0 AppleWebKit/537.36 (KHTML, like Gecko; compatible; bingbot/2.0; +http://www.bing.com/bingbot.htm) Chrome/116.0.1938.76 Safari/537.36"
127.0.0.1 - - [27/Aug/2026:00:25:22 +0330] "GET /api/v2/article-show/stanley-mug-guide HTTP/1.1" 200 121874 "-" "node"
127.0.0.1 - - [27/Aug/2026:00:25:22 +0330] "GET /api/v1/article-most-view?count=3 HTTP/1.1" 301 169 "-" "node"
127.0.0.1 - - [27/Aug/2026:00:25:22 +0330] "GET /api/v1/article-future?count=4 HTTP/1.1" 301 169 "-" "node"
127.0.0.1 - - [27/Aug/2026:00:25:22 +0330] "GET /api/v1/articles?count=8&page=%3C/script%3E%27\x5C%22%3E%3Cimg%20src=x%20onError=prompt(1)%3E HTTP/1.1" 301 169 "-" "node"
127.0.0.1 - - [27/Aug/2026:00:25:22 +0330] "GET /api/v1/product-offer-index?count=24&page=%3C/script%3E%27\x5C%22%3E%3Cimg%20src=x%20onError=prompt(1)%3E&sortby=&category=clothing&minprice=0&maxprice=150000000 HTTP/1.1" 301 169 "-" "node"
127.0.0.1 - - [27/Aug/2026:00:25:22 +0330] "GET /api/v1/product-offer-index?count=24&page=%3C/script%3E%27\x5C%22%3E%3Cimg%20src=x%20onError=prompt(1)%3E&sortby=&category=shoes&minprice=0&maxprice=150000000 HTTP/1.1" 301 169 "-" "node"
127.0.0.1 - - [27/Aug/2026:00:25:22 +0330] "GET /api/v1/product-offer-index?count=24&page=%3C/script%3E%27\x5C%22%3E%3Cimg%20src=x%20onError=prompt(1)%3E&sortby=&category=gadget&minprice=0&maxprice=150000000 HTTP/1.1" 301 169 "-" "node"
127.0.0.1 - - [27/Aug/2026:00:25:22 +0330] "GET /api/v1/product-offer-index?count=24&page=%3C/script%3E%27\x5C%22%3E%3Cimg%20src=x%20onError=prompt(1)%3E&sortby=&category=perfume-and-cosmetics&minprice=0&maxprice=150000000 HTTP/1.1" 301 169 "-" "node"
127.0.0.1 - - [27/Aug/2026:00:25:22 +0330] "GET /api/v1/categories-product?store=amazon&category=beauty-personal-care-fragrance&count=24&page=%3C/script%3E%27\x5C%22%3E%3Cimg%20src=x%20onError=prompt(1)%3E&minprice=0&maxprice=10000&ratings=&sortby= HTTP/1.1" 301 169 "-" "node"
127.0.0.1 - - [27/Aug/2026:00:25:22 +0330] "GET /api/v1/product-offer-index?count=24&page=%3C/script%3E%27\x5C%22%3E%3Cimg%20src=x%20onError=prompt(1)%3E&sortby=&category=other&minprice=0&maxprice=150000000 HTTP/1.1" 301 169 "-" "node"
127.0.0.1 - - [27/Aug/2026:00:25:22 +0330] "GET /api/v1/categories-product?store=amazon&category=%3C/script%3E%27\x5C%22%3E%3Cimg%20src=x%20onError=prompt(1)%3E&count=24&page=1&minprice=0&maxprice=10000&ratings=&sortby= HTTP/1.1" 301 169 "-" "node"
52.167.144.238 - - [27/Aug/2026:00:25:22 +0330] "GET /?u=6192232281501 HTTP/2.0" 200 33040 "-" "Mozilla/5.0 AppleWebKit/537.36 (KHTML, like Gecko; compatible; bingbot/2.0; +http://www.bing.com/bingbot.htm) Chrome/116.0.1938.76 Safari/537.36"
127.0.0.1 - - [27/Aug/2026:00:25:23 +0330] "GET /api/v1/categories-amazon HTTP/1.1" 200 34230 "-" "node"
105.157.190.45 - - [27/Aug/2026:00:25:23 +0330] "GET /amazon/products?max-price=25&min-price=00.1&page=%3C%2Fscript%3E%27%5C%22%3E%3Cimg+src%3Dx+onError%3Dprompt%281%29%3E HTTP/2.0" 308 136 "-" "Go-http-client/2.0"
105.157.190.45 - - [27/Aug/2026:00:25:23 +0330] "GET /amazon/products?max-price=25&min-price=%3C%2Fscript%3E%27%5C%22%3E%3Cimg+src%3Dx+onError%3Dprompt%281%29%3E&page=1 HTTP/2.0" 308 133 "-" "Go-http-client/2.0"
105.157.190.45 - - [27/Aug/2026:00:25:23 +0330] "GET /amazon/products?max-price=%3C%2Fscript%3E%27%5C%22%3E%3Cimg+src%3Dx+onError%3Dprompt%281%29%3E&min-price=00.1&page=1 HTTP/2.0" 308 135 "-" "Go-http-client/2.0"
127.0.0.1 - - [27/Aug/2026:00:25:23 +0330] "GET /api/v1/categories-amazon HTTP/1.1" 200 34230 "-" "node"
40.77.167.14 - - [27/Aug/2026:00:25:23 +0330] "GET /articles/stanley-mug-guide HTTP/2.0" 200 103355 "-" "Mozilla/5.0 AppleWebKit/537.36 (KHTML, like Gecko; compatible; bingbot/2.0; +http://www.bing.com/bingbot.htm) Chrome/116.0.1938.76 Safari/537.36"
127.0.0.1 - - [27/Aug/2026:00:25:23 +0330] "GET /api/v1/categories-product?store=amazon&category=&count=24&page=%3C/script%3E%27\x5C%22%3E%3Cimg%20src=x%20onError=prompt(1)%3E&minprice=0.1&maxprice=25&ratings=&sortby= HTTP/1.1" 301 169 "-" "node"
127.0.0.1 - - [27/Aug/2026:00:25:23 +0330] "GET /api/v1/categories-product?store=amazon&category=&count=24&page=1&minprice=NaN&maxprice=25&ratings=&sortby= HTTP/1.1" 301 169 "-" "node"
127.0.0.1 - - [27/Aug/2026:00:25:23 +0330] "GET /api/v1/categories-product?store=amazon&category=&count=24&page=1&minprice=0.1&maxprice=NaN&ratings=&sortby= HTTP/1.1" 301 169 "-" "node"
157.55.39.7 - - [27/Aug/2026:00:25:23 +0330] "GET /?u=25082247843901 HTTP/2.0" 200 32329 "-" "Mozilla/5.0 AppleWebKit/537.36 (KHTML, like Gecko; compatible; bingbot/2.0; +http://www.bing.com/bingbot.htm) Chrome/116.0.1938.76 Safari/537.36"
127.0.0.1 - - [27/Aug/2026:00:25:23 +0330] "GET /api/v1/categories-amazon HTTP/1.1" 200 34199 "-" "node"
127.0.0.1 - - [27/Aug/2026:00:25:24 +0330] "GET /api/v1/categories-amazon HTTP/1.1" 200 34199 "-" "node"
127.0.0.1 - - [27/Aug/2026:00:25:24 +0330] "GET /api/v1/article-most-view?count=3 HTTP/1.1" 200 806798 "-" "node"
127.0.0.1 - - [27/Aug/2026:00:25:24 +0330] "GET /api/v1/categories-amazon HTTP/1.1" 200 34230 "-" "node"
127.0.0.1 - - [27/Aug/2026:00:25:24 +0330] "GET /api/v1/articles?count=8&page=%3C/script%3E%27\x5C%22%3E%3Cimg%20src=x%20onError=prompt(1)%3E HTTP/1.1" 200 22411 "-" "node"
127.0.0.1 - - [27/Aug/2026:00:25:24 +0330] "GET /api/v1/article-future?count=4 HTTP/1.1" 200 932766 "-" "node"
127.0.0.1 - - [27/Aug/2026:00:25:24 +0330] "GET /api/v1/product-offer-index?count=24&page=%3C/script%3E%27\x5C%22%3E%3Cimg%20src=x%20onError=prompt(1)%3E&sortby=&category=clothing&minprice=0&maxprice=150000000 HTTP/1.1" 500 1067996 "-" "node"
127.0.0.1 - - [27/Aug/2026:00:25:24 +0330] "GET /api/v1/product-offer-index?count=24&page=%3C/script%3E%27\x5C%22%3E%3Cimg%20src=x%20onError=prompt(1)%3E&sortby=&category=shoes&minprice=0&maxprice=150000000 HTTP/1.1" 500 1068004 "-" "node"
127.0.0.1 - - [27/Aug/2026:00:25:24 +0330] "GET /api/v1/product-offer-index?count=24&page=%3C/script%3E%27\x5C%22%3E%3Cimg%20src=x%20onError=prompt(1)%3E&sortby=&category=gadget&minprice=0&maxprice=150000000 HTTP/1.1" 500 1067980 "-" "node"
127.0.0.1 - - [27/Aug/2026:00:25:24 +0330] "GET /api/v1/product-offer-index?count=24&page=%3C/script%3E%27\x5C%22%3E%3Cimg%20src=x%20onError=prompt(1)%3E&sortby=&category=perfume-and-cosmetics&minprice=0&maxprice=150000000 HTTP/1.1" 500 1068096 "-" "node"
105.157.190.45 - - [27/Aug/2026:00:25:24 +0330] "GET /articles?page=%3C%2Fscript%3E%27%5C%22%3E%3Cimg+src%3Dx+onError%3Dprompt%281%29%3E HTTP/2.0" 200 94045 "-" "Go-http-client/2.0"
105.157.190.45 - - [27/Aug/2026:00:25:24 +0330] "GET /products-offer/clothing?page=%3C%2Fscript%3E%27%5C%22%3E%3Cimg+src%3Dx+onError%3Dprompt%281%29%3E HTTP/2.0" 200 110462 "-" "Go-http-client/2.0"
105.157.190.45 - - [27/Aug/2026:00:25:24 +0330] "GET /products-offer/shoes?page=%3C%2Fscript%3E%27%5C%22%3E%3Cimg+src%3Dx+onError%3Dprompt%281%29%3E HTTP/2.0" 200 110453 "-" "Go-http-client/2.0"
105.157.190.45 - - [27/Aug/2026:00:25:24 +0330] "GET /products-offer/gadget?page=%3C%2Fscript%3E%27%5C%22%3E%3Cimg+src%3Dx+onError%3Dprompt%281%29%3E HTTP/2.0" 200 110455 "-" "Go-http-client/2.0"
127.0.0.1 - - [27/Aug/2026:00:25:24 +0330] "GET /api/v1/categories-amazon HTTP/1.1" 200 34230 "-" "node"
127.0.0.1 - - [27/Aug/2026:00:25:24 +0330] "GET /api/v1/product-offer-index?count=24&page=%3C/script%3E%27\x5C%22%3E%3Cimg%20src=x%20onError=prompt(1)%3E&sortby=&category=other&minprice=0&maxprice=150000000 HTTP/1.1" 500 1067972 "-" "node"
105.157.190.45 - - [27/Aug/2026:00:25:24 +0330] "GET /products-offer/perfume-and-cosmetics?page=%3C%2Fscript%3E%27%5C%22%3E%3Cimg+src%3Dx+onError%3Dprompt%281%29%3E HTTP/2.0" 200 110332 "-" "Go-http-client/2.0"
127.0.0.1 - - [27/Aug/2026:00:25:24 +0330] "GET /api/v1/categories-product?store=amazon&category=&count=24&page=%3C/script%3E%27\x5C%22%3E%3Cimg%20src=x%20onError=prompt(1)%3E&minprice=0.1&maxprice=25&ratings=&sortby= HTTP/1.1" 422 359 "-" "node"
127.0.0.1 - - [27/Aug/2026:00:25:25 +0330] "GET /api/v1/categories-amazon HTTP/1.1" 200 34199 "-" "node"
127.0.0.1 - - [27/Aug/2026:00:25:25 +0330] "GET /api/v1/categories-product?store=amazon&category=&count=24&page=1&minprice=NaN&maxprice=25&ratings=&sortby= HTTP/1.1" 422 359 "-" "node"
127.0.0.1 - - [27/Aug/2026:00:25:25 +0330] "GET /api/v1/categories-amazon HTTP/1.1" 200 34230 "-" "node"
127.0.0.1 - - [27/Aug/2026:00:25:25 +0330] "GET /api/v1/categories-product?store=amazon&category=&count=24&page=1&minprice=0.1&maxprice=NaN&ratings=&sortby= HTTP/1.1" 422 540 "-" "node"
127.0.0.1 - - [27/Aug/2026:00:25:25 +0330] "GET /api/v1/categories-amazon HTTP/1.1" 200 34230 "-" "node"
105.157.190.45 - - [27/Aug/2026:00:25:25 +0330] "GET /products-offer/other?page=%3C%2Fscript%3E%27%5C%22%3E%3Cimg+src%3Dx+onError%3Dprompt%281%29%3E HTTP/2.0" 200 110283 "-" "Go-http-client/2.0"
127.0.0.1 - - [27/Aug/2026:00:25:25 +0330] "GET /api/v1/categories-product?store=amazon&category=%3C/script%3E%27\x5C%22%3E%3Cimg%20src=x%20onError=prompt(1)%3E&count=24&page=1&minprice=0&maxprice=10000&ratings=&sortby= HTTP/1.1" 404 153 "-" "node"
105.157.190.45 - - [27/Aug/2026:00:25:25 +0330] "GET /amazon/products?category=%3C%2Fscript%3E%27%5C%22%3E%3Cimg+src%3Dx+onError%3Dprompt%281%29%3E&page=1 HTTP/2.0" 200 113000 "-" "Go-http-client/2.0"
127.0.0.1 - - [27/Aug/2026:00:25:25 +0330] "GET /api/v1/categories-product?store=amazon&category=beauty-personal-care-fragrance&count=24&page=%3C/script%3E%27\x5C%22%3E%3Cimg%20src=x%20onError=prompt(1)%3E&minprice=0&maxprice=10000&ratings=&sortby= HTTP/1.1" 200 28105 "-" "node"
105.157.190.45 - - [27/Aug/2026:00:25:25 +0330] "GET /amazon/products?category=beauty-personal-care-fragrance&page=%3C%2Fscript%3E%27%5C%22%3E%3Cimg+src%3Dx+onError%3Dprompt%281%29%3E HTTP/2.0" 200 150313 "-" "Go-http-client/2.0"
127.0.0.1 - - [27/Aug/2026:00:25:26 +0330] "GET /api/v1/categories-amazon HTTP/1.1" 200 34230 "-" "node"
105.157.190.45 - - [27/Aug/2026:00:25:26 +0330] "GET /amazon/products?max-price=25&min-price=00.1&page=%3C%2Fscript%3E'%5C%22%3E%3Cimg%20src%3Dx%20onError%3Dprompt(1)%3E HTTP/2.0" 200 85644 "https://www.charsooq.com/amazon/products?max-price=25&min-price=00.1&page=%3C%2Fscript%3E%27%5C%22%3E%3Cimg+src%3Dx+onError%3Dprompt%281%29%3E" "Go-http-client/2.0"
127.0.0.1 - - [27/Aug/2026:00:25:26 +0330] "GET /api/v1/categories-amazon HTTP/1.1" 200 34199 "-" "node"
127.0.0.1 - - [27/Aug/2026:00:25:26 +0330] "GET /api/v1/categories-amazon HTTP/1.1" 200 34230 "-" "node"
105.157.190.45 - - [27/Aug/2026:00:25:26 +0330] "GET /amazon/products?max-price=%3C%2Fscript%3E'%5C%22%3E%3Cimg%20src%3Dx%20onError%3Dprompt(1)%3E&min-price=00.1&page=1 HTTP/2.0" 200 85641 "https://www.charsooq.com/amazon/products?max-price=%3C%2Fscript%3E%27%5C%22%3E%3Cimg+src%3Dx+onError%3Dprompt%281%29%3E&min-price=00.1&page=1" "Go-http-client/2.0"
127.0.0.1 - - [27/Aug/2026:00:25:26 +0330] "GET /api/v1/categories-amazon HTTP/1.1" 200 34230 "-" "node"
5.126.58.239 - - [27/Aug/2026:00:25:26 +0330] "GET /calculator HTTP/2.0" 200 84591 "https://www.google.com/" "Mozilla/5.0 (Linux; Android 10; K) AppleWebKit/537.36 (KHTML, like Gecko) Chrome/151.0.0.0 Mobile Safari/537.36"
105.157.190.45 - - [27/Aug/2026:00:25:26 +0330] "GET /amazon/products?max-price=25&min-price=%3C%2Fscript%3E'%5C%22%3E%3Cimg%20src%3Dx%20onError%3Dprompt(1)%3E&page=1 HTTP/2.0" 200 85635 "https://www.charsooq.com/amazon/products?max-price=25&min-price=%3C%2Fscript%3E%27%5C%22%3E%3Cimg+src%3Dx+onError%3Dprompt%281%29%3E&page=1" "Go-http-client/2.0"
157.55.39.7 - - [27/Aug/2026:00:25:26 +0330] "GET /?u=03277105022300 HTTP/2.0" 200 33036 "-" "Mozilla/5.0 AppleWebKit/537.36 (KHTML, like Gecko; compatible; bingbot/2.0; +http://www.bing.com/bingbot.htm) Chrome/116.0.1938.76 Safari/537.36"
5.126.58.239 - - [27/Aug/2026:00:25:26 +0330] "GET /_next/static/css/1fd47d1e4f3a64a0.css HTTP/2.0" 200 5002 "https://charsooq.com/calculator" "Mozilla/5.0 (Linux; Android 10; K) AppleWebKit/537.36 (KHTML, like Gecko) Chrome/151.0.0.0 Mobile Safari/537.36"
5.126.58.239 - - [27/Aug/2026:00:25:26 +0330] "GET /_next/static/css/302d83c05ad27d8b.css HTTP/2.0" 200 369 "https://charsooq.com/calculator" "Mozilla/5.0 (Linux; Android 10; K) AppleWebKit/537.36 (KHTML, like Gecko) Chrome/151.0.0.0 Mobile Safari/537.36"
5.126.58.239 - - [27/Aug/2026:00:25:26 +0330] "GET /_next/static/css/2c9caab41af7e337.css HTTP/2.0" 200 3175 "https://charsooq.com/calculator" "Mozilla/5.0 (Linux; Android 10; K) AppleWebKit/537.36 (KHTML, like Gecko) Chrome/151.0.0.0 Mobile Safari/537.36"
5.126.58.239 - - [27/Aug/2026:00:25:26 +0330] "GET /_next/static/media/c7178acf770b8f1a-s.p.ttf HTTP/2.0" 200 35704 "https://charsooq.com/calculator" "Mozilla/5.0 (Linux; Android 10; K) AppleWebKit/537.36 (KHTML, like Gecko) Chrome/151.0.0.0 Mobile Safari/537.36"
5.126.58.239 - - [27/Aug/2026:00:25:26 +0330] "GET /_next/static/css/91447b978d7716af.css HTTP/2.0" 200 20418 "https://charsooq.com/calculator" "Mozilla/5.0 (Linux; Android 10; K) AppleWebKit/537.36 (KHTML, like Gecko) Chrome/151.0.0.0 Mobile Safari/537.36"
5.126.58.239 - - [27/Aug/2026:00:25:26 +0330] "GET /_next/static/media/d36c74da9a95e091-s.p.ttf HTTP/2.0" 200 35196 "https://charsooq.com/calculator" "Mozilla/5.0 (Linux; Android 10; K) AppleWebKit/537.36 (KHTML, like Gecko) Chrome/151.0.0.0 Mobile Safari/537.36"
5.126.58.239 - - [27/Aug/2026:00:25:26 +0330] "GET /_next/image?url=%2Fassets%2Fimages%2Fhome%2Ffaq-bg3.png&w=1200&q=75 HTTP/2.0" 200 167576 "https://charsooq.com/calculator" "Mozilla/5.0 (Linux; Android 10; K) AppleWebKit/537.36 (KHTML, like Gecko) Chrome/151.0.0.0 Mobile Safari/537.36"
5.126.58.239 - - [27/Aug/2026:00:25:26 +0330] "GET /_next/image?url=%2Fassets%2Fimages%2Fhome%2Ffaq-bg2.png&w=1080&q=75 HTTP/2.0" 200 89606 "https://charsooq.com/calculator" "Mozilla/5.0 (Linux; Android 10; K) AppleWebKit/537.36 (KHTML, like Gecko) Chrome/151.0.0.0 Mobile Safari/537.36"
5.126.58.239 - - [27/Aug/2026:00:25:26 +0330] "GET /_next/image?url=%2Fassets%2Fimages%2Ficons%2Ftelegram-icon.png&w=128&q=75 HTTP/2.0" 200 5724 "https://charsooq.com/calculator" "Mozilla/5.0 (Linux; Android 10; K) AppleWebKit/537.36 (KHTML, like Gecko) Chrome/151.0.0.0 Mobile Safari/537.36"
5.126.58.239 - - [27/Aug/2026:00:25:27 +0330] "GET /assets/images/icons/us-icon.png HTTP/2.0" 200 426 "https://charsooq.com/calculator" "Mozilla/5.0 (Linux; Android 10; K) AppleWebKit/537.36 (KHTML, like Gecko) Chrome/151.0.0.0 Mobile Safari/537.36"
5.126.58.239 - - [27/Aug/2026:00:25:27 +0330] "GET /assets/images/icons/instagram1.png HTTP/2.0" 200 1556 "https://charsooq.com/calculator" "Mozilla/5.0 (Linux; Android 10; K) AppleWebKit/537.36 (KHTML, like Gecko) Chrome/151.0.0.0 Mobile Safari/537.36"
5.126.58.239 - - [27/Aug/2026:00:25:27 +0330] "GET /assets/images/icons/whatsapp.png HTTP/2.0" 200 763 "https://charsooq.com/calculator" "Mozilla/5.0 (Linux; Android 10; K) AppleWebKit/537.36 (KHTML, like Gecko) Chrome/151.0.0.0 Mobile Safari/537.36"
5.126.58.239 - - [27/Aug/2026:00:25:27 +0330] "GET /assets/images/icons/telegram.png HTTP/2.0" 200 1179 "https://charsooq.com/calculator" "Mozilla/5.0 (Linux; Android 10; K) AppleWebKit/537.36 (KHTML, like Gecko) Chrome/151.0.0.0 Mobile Safari/537.36"
5.126.58.239 - - [27/Aug/2026:00:25:27 +0330] "GET /_next/static/chunks/webpack-f27042854bafc0d3.js HTTP/2.0" 200 2127 "https://charsooq.com/calculator" "Mozilla/5.0 (Linux; Android 10; K) AppleWebKit/537.36 (KHTML, like Gecko) Chrome/151.0.0.0 Mobile Safari/537.36"
5.126.58.239 - - [27/Aug/2026:00:25:27 +0330] "GET /_next/static/chunks/main-app-9964935a240c0d39.js HTTP/2.0" 200 471 "https://charsooq.com/calculator" "Mozilla/5.0 (Linux; Android 10; K) AppleWebKit/537.36 (KHTML, like Gecko) Chrome/151.0.0.0 Mobile Safari/537.36"
5.126.58.239 - - [27/Aug/2026:00:25:27 +0330] "GET /_next/static/chunks/2117-828e02dc1643a950.js HTTP/2.0" 200 32001 "https://charsooq.com/calculator" "Mozilla/5.0 (Linux; Android 10; K) AppleWebKit/537.36 (KHTML, like Gecko) Chrome/151.0.0.0 Mobile Safari/537.36"
5.126.58.239 - - [27/Aug/2026:00:25:27 +0330] "GET /_next/static/chunks/fd9d1056-9ff99acbd7fb9fe8.js HTTP/2.0" 200 53744 "https://charsooq.com/calculator" "Mozilla/5.0 (Linux; Android 10; K) AppleWebKit/537.36 (KHTML, like Gecko) Chrome/151.0.0.0 Mobile Safari/537.36"
5.126.58.239 - - [27/Aug/2026:00:25:27 +0330] "GET /_next/static/chunks/4438-ac5ce0d4a5fd9e15.js HTTP/2.0" 200 8260 "https://charsooq.com/calculator" "Mozilla/5.0 (Linux; Android 10; K) AppleWebKit/537.36 (KHTML, like Gecko) Chrome/151.0.0.0 Mobile Safari/537.36"
5.126.58.239 - - [27/Aug/2026:00:25:27 +0330] "GET /_next/static/chunks/6137-97a90ba21cd4a885.js HTTP/2.0" 200 6706 "https://charsooq.com/calculator" "Mozilla/5.0 (Linux; Android 10; K) AppleWebKit/537.36 (KHTML, like Gecko) Chrome/151.0.0.0 Mobile Safari/537.36"
5.126.58.239 - - [27/Aug/2026:00:25:27 +0330] "GET /_next/static/chunks/3462-b3fd13ed1d4f90e2.js HTTP/2.0" 200 1833 "https://charsooq.com/calculator" "Mozilla/5.0 (Linux; Android 10; K) AppleWebKit/537.36 (KHTML, like Gecko) Chrome/151.0.0.0 Mobile Safari/537.36"
5.126.58.239 - - [27/Aug/2026:00:25:27 +0330] "GET /_next/static/chunks/3013-a9939c72e4a38977.js HTTP/2.0" 200 6860 "https://charsooq.com/calculator" "Mozilla/5.0 (Linux; Android 10; K) AppleWebKit/537.36 (KHTML, like Gecko) Chrome/151.0.0.0 Mobile Safari/537.36"
5.126.58.239 - - [27/Aug/2026:00:25:27 +0330] "GET /_next/static/chunks/5878-8c4517462d65e9a5.js HTTP/2.0" 200 5170 "https://charsooq.com/calculator" "Mozilla/5.0 (Linux; Android 10; K) AppleWebKit/537.36 (KHTML, like Gecko) Chrome/151.0.0.0 Mobile Safari/537.36"
5.126.58.239 - - [27/Aug/2026:00:25:27 +0330] "GET /_next/static/chunks/2034-b6ee9baf8082b7dc.js HTTP/2.0" 200 10926 "https://charsooq.com/calculator" "Mozilla/5.0 (Linux; Android 10; K) AppleWebKit/537.36 (KHTML, like Gecko) Chrome/151.0.0.0 Mobile Safari/537.36"
5.126.58.239 - - [27/Aug/2026:00:25:27 +0330] "GET /_next/static/chunks/app/calculator/page-173ebce368fa72cd.js HTTP/2.0" 200 3357 "https://charsooq.com/calculator" "Mozilla/5.0 (Linux; Android 10; K) AppleWebKit/537.36 (KHTML, like Gecko) Chrome/151.0.0.0 Mobile Safari/537.36"
5.126.58.239 - - [27/Aug/2026:00:25:27 +0330] "GET /_next/static/chunks/5605-342a49848bbf0c11.js HTTP/2.0" 200 6777 "https://charsooq.com/calculator" "Mozilla/5.0 (Linux; Android 10; K) AppleWebKit/537.36 (KHTML, like Gecko) Chrome/151.0.0.0 Mobile Safari/537.36"
5.126.58.239 - - [27/Aug/2026:00:25:27 +0330] "GET /_next/static/chunks/1580-575957d688ae25ac.js HTTP/2.0" 200 12089 "https://charsooq.com/calculator" "Mozilla/5.0 (Linux; Android 10; K) AppleWebKit/537.36 (KHTML, like Gecko) Chrome/151.0.0.0 Mobile Safari/537.36"
5.126.58.239 - - [27/Aug/2026:00:25:27 +0330] "GET /_next/static/chunks/2972-d7980624b2014943.js HTTP/2.0" 200 8732 "https://charsooq.com/calculator" "Mozilla/5.0 (Linux; Android 10; K) AppleWebKit/537.36 (KHTML, like Gecko) Chrome/151.0.0.0 Mobile Safari/537.36"
5.126.58.239 - - [27/Aug/2026:00:25:27 +0330] "GET /_next/static/chunks/6818-72710ec856a66515.js HTTP/2.0" 200 2700 "https://charsooq.com/calculator" "Mozilla/5.0 (Linux; Android 10; K) AppleWebKit/537.36 (KHTML, like Gecko) Chrome/151.0.0.0 Mobile Safari/537.36"
5.126.58.239 - - [27/Aug/2026:00:25:27 +0330] "GET /_next/static/chunks/5763-e3689baff1695fd1.js HTTP/2.0" 200 4387 "https://charsooq.com/calculator" "Mozilla/5.0 (Linux; Android 10; K) AppleWebKit/537.36 (KHTML, like Gecko) Chrome/151.0.0.0 Mobile Safari/537.36"
5.126.58.239 - - [27/Aug/2026:00:25:27 +0330] "GET /_next/static/chunks/9064-bc53da8ff6805f5a.js HTTP/2.0" 200 4703 "https://charsooq.com/calculator" "Mozilla/5.0 (Linux; Android 10; K) AppleWebKit/537.36 (KHTML, like Gecko) Chrome/151.0.0.0 Mobile Safari/537.36"
5.126.58.239 - - [27/Aug/2026:00:25:27 +0330] "GET /_next/static/chunks/1493-5bf6477734a442f1.js HTTP/2.0" 200 3468 "https://charsooq.com/calculator" "Mozilla/5.0 (Linux; Android 10; K) AppleWebKit/537.36 (KHTML, like Gecko) Chrome/151.0.0.0 Mobile Safari/537.36"
5.126.58.239 - - [27/Aug/2026:00:25:27 +0330] "GET /_next/static/chunks/1592-00644b699e0ed4d8.js HTTP/2.0" 200 7980 "https://charsooq.com/calculator" "Mozilla/5.0 (Linux; Android 10; K) AppleWebKit/537.36 (KHTML, like Gecko) Chrome/151.0.0.0 Mobile Safari/537.36"
5.126.58.239 - - [27/Aug/2026:00:25:27 +0330] "GET /_next/static/chunks/8003-81602ee8b36ef204.js HTTP/2.0" 200 2418 "https://charsooq.com/calculator" "Mozilla/5.0 (Linux; Android 10; K) AppleWebKit/537.36 (KHTML, like Gecko) Chrome/151.0.0.0 Mobile Safari/537.36"
5.126.58.239 - - [27/Aug/2026:00:25:27 +0330] "GET /_next/static/chunks/9227-c2a8061d3143118a.js HTTP/2.0" 200 2320 "https://charsooq.com/calculator" "Mozilla/5.0 (Linux; Android 10; K) AppleWebKit/537.36 (KHTML, like Gecko) Chrome/151.0.0.0 Mobile Safari/537.36"
5.126.58.239 - - [27/Aug/2026:00:25:27 +0330] "GET /_next/static/chunks/169-68dabecb1c163108.js HTTP/2.0" 200 6555 "https://charsooq.com/calculator" "Mozilla/5.0 (Linux; Android 10; K) AppleWebKit/537.36 (KHTML, like Gecko) Chrome/151.0.0.0 Mobile Safari/537.36"
5.126.58.239 - - [27/Aug/2026:00:25:27 +0330] "GET /_next/image?url=%2Fassets%2Fimages%2Ficons%2Fenamad-icon.png&w=256&q=75 HTTP/2.0" 200 2578 "https://charsooq.com/" "Mozilla/5.0 (Linux; Android 10; K) AppleWebKit/537.36 (KHTML, like Gecko) Chrome/151.0.0.0 Mobile Safari/537.36"
5.126.58.239 - - [27/Aug/2026:00:25:27 +0330] "GET /_next/static/chunks/1188-8347881a51d7e866.js HTTP/2.0" 200 3364 "https://charsooq.com/calculator" "Mozilla/5.0 (Linux; Android 10; K) AppleWebKit/537.36 (KHTML, like Gecko) Chrome/151.0.0.0 Mobile Safari/537.36"
5.126.58.239 - - [27/Aug/2026:00:25:27 +0330] "GET /_next/static/chunks/7463-8c14f85f0b9a94fe.js HTTP/2.0" 200 3339 "https://charsooq.com/calculator" "Mozilla/5.0 (Linux; Android 10; K) AppleWebKit/537.36 (KHTML, like Gecko) Chrome/151.0.0.0 Mobile Safari/537.36"
5.126.58.239 - - [27/Aug/2026:00:25:27 +0330] "GET /_next/static/chunks/2177-53f14356cddc2711.js HTTP/2.0" 200 3254 "https://charsooq.com/calculator" "Mozilla/5.0 (Linux; Android 10; K) AppleWebKit/537.36 (KHTML, like Gecko) Chrome/151.0.0.0 Mobile Safari/537.36"
5.126.58.239 - - [27/Aug/2026:00:25:27 +0330] "GET /_next/static/chunks/app/page-759df78f59703adb.js HTTP/2.0" 200 1959 "https://charsooq.com/calculator" "Mozilla/5.0 (Linux; Android 10; K) AppleWebKit/537.36 (KHTML, like Gecko) Chrome/151.0.0.0 Mobile Safari/537.36"
5.126.58.239 - - [27/Aug/2026:00:25:27 +0330] "GET /_next/static/chunks/3134-367eb482f3be54c2.js HTTP/2.0" 200 2334 "https://charsooq.com/calculator" "Mozilla/5.0 (Linux; Android 10; K) AppleWebKit/537.36 (KHTML, like Gecko) Chrome/151.0.0.0 Mobile Safari/537.36"
5.126.58.239 - - [27/Aug/2026:00:25:27 +0330] "GET /_next/static/chunks/9470-129db663fb54ce77.js HTTP/2.0" 200 3092 "https://charsooq.com/calculator" "Mozilla/5.0 (Linux; Android 10; K) AppleWebKit/537.36 (KHTML, like Gecko) Chrome/151.0.0.0 Mobile Safari/537.36"
5.126.58.239 - - [27/Aug/2026:00:25:27 +0330] "GET /_next/static/chunks/4216-78fe3424349836f6.js HTTP/2.0" 200 7011 "https://charsooq.com/calculator" "Mozilla/5.0 (Linux; Android 10; K) AppleWebKit/537.36 (KHTML, like Gecko) Chrome/151.0.0.0 Mobile Safari/537.36"
5.126.58.239 - - [27/Aug/2026:00:25:27 +0330] "GET /_next/static/chunks/8472-05374d6b6d91921f.js HTTP/2.0" 200 9473 "https://charsooq.com/calculator" "Mozilla/5.0 (Linux; Android 10; K) AppleWebKit/537.36 (KHTML, like Gecko) Chrome/151.0.0.0 Mobile Safari/537.36"
5.126.58.239 - - [27/Aug/2026:00:25:27 +0330] "GET /_next/static/chunks/84-b6c070b37c66d77f.js HTTP/2.0" 200 2597 "https://charsooq.com/calculator" "Mozilla/5.0 (Linux; Android 10; K) AppleWebKit/537.36 (KHTML, like Gecko) Chrome/151.0.0.0 Mobile Safari/537.36"
5.126.58.239 - - [27/Aug/2026:00:25:27 +0330] "GET /_next/static/chunks/app/error-094d5bcef522249f.js HTTP/2.0" 200 673 "https://charsooq.com/calculator" "Mozilla/5.0 (Linux; Android 10; K) AppleWebKit/537.36 (KHTML, like Gecko) Chrome/151.0.0.0 Mobile Safari/537.36"
5.126.58.239 - - [27/Aug/2026:00:25:27 +0330] "GET /_next/static/chunks/app/layout-cb550aa8118c7c2c.js HTTP/2.0" 200 11535 "https://charsooq.com/calculator" "Mozilla/5.0 (Linux; Android 10; K) AppleWebKit/537.36 (KHTML, like Gecko) Chrome/151.0.0.0 Mobile Safari/537.36"
5.126.58.239 - - [27/Aug/2026:00:25:27 +0330] "GET /_next/static/chunks/300-72da8991edf2ed5a.js HTTP/2.0" 200 33594 "https://charsooq.com/calculator" "Mozilla/5.0 (Linux; Android 10; K) AppleWebKit/537.36 (KHTML, like Gecko) Chrome/151.0.0.0 Mobile Safari/537.36"
5.126.58.239 - - [27/Aug/2026:00:25:27 +0330] "GET /_next/static/chunks/873-fa2a34145b7f655b.js HTTP/2.0" 200 64908 "https://charsooq.com/calculator" "Mozilla/5.0 (Linux; Android 10; K) AppleWebKit/537.36 (KHTML, like Gecko) Chrome/151.0.0.0 Mobile Safari/537.36"
5.126.58.239 - - [27/Aug/2026:00:25:27 +0330] "GET /pwa-icon-180.png HTTP/2.0" 200 10221 "https://charsooq.com/calculator" "Mozilla/5.0 (Linux; Android 10; K) AppleWebKit/537.36 (KHTML, like Gecko) Chrome/151.0.0.0 Mobile Safari/537.36"
5.126.58.239 - - [27/Aug/2026:00:25:27 +0330] "GET /manifest.json HTTP/2.0" 200 334 "https://charsooq.com/calculator" "Mozilla/5.0 (Linux; Android 10; K) AppleWebKit/537.36 (KHTML, like Gecko) Chrome/151.0.0.0 Mobile Safari/537.36"
5.126.58.239 - - [27/Aug/2026:00:25:27 +0330] "GET /favicon.ico HTTP/2.0" 200 3035 "https://charsooq.com/calculator" "Mozilla/5.0 (Linux; Android 10; K) AppleWebKit/537.36 (KHTML, like Gecko) Chrome/151.0.0.0 Mobile Safari/537.36"
5.126.58.239 - - [27/Aug/2026:00:25:27 +0330] "GET /_next/static/chunks/4922.b90b86ef20984235.js HTTP/2.0" 200 425 "https://charsooq.com/calculator" "Mozilla/5.0 (Linux; Android 10; K) AppleWebKit/537.36 (KHTML, like Gecko) Chrome/151.0.0.0 Mobile Safari/537.36"
5.126.58.239 - - [27/Aug/2026:00:25:27 +0330] "GET /_next/static/chunks/1495.b45bb862bd3e18ec.js HTTP/2.0" 200 779 "https://charsooq.com/calculator" "Mozilla/5.0 (Linux; Android 10; K) AppleWebKit/537.36 (KHTML, like Gecko) Chrome/151.0.0.0 Mobile Safari/537.36"
5.126.58.239 - - [27/Aug/2026:00:25:27 +0330] "GET /_next/static/chunks/415.9bf722adfc74e289.js HTTP/2.0" 200 8742 "https://charsooq.com/calculator" "Mozilla/5.0 (Linux; Android 10; K) AppleWebKit/537.36 (KHTML, like Gecko) Chrome/151.0.0.0 Mobile Safari/537.36"
5.126.58.239 - - [27/Aug/2026:00:25:27 +0330] "GET /checkout?_rsc=bqr1v HTTP/2.0" 200 1690 "https://charsooq.com/calculator" "Mozilla/5.0 (Linux; Android 10; K) AppleWebKit/537.36 (KHTML, like Gecko) Chrome/151.0.0.0 Mobile Safari/537.36"
5.126.58.239 - - [27/Aug/2026:00:25:27 +0330] "GET /?_rsc=bqr1v HTTP/2.0" 200 13562 "https://charsooq.com/calculator" "Mozilla/5.0 (Linux; Android 10; K) AppleWebKit/537.36 (KHTML, like Gecko) Chrome/151.0.0.0 Mobile Safari/537.36"
5.126.58.239 - - [27/Aug/2026:00:25:27 +0330] "GET /pwa-icon-180.png HTTP/2.0" 304 0 "https://charsooq.com/calculator" "Mozilla/5.0 (Linux; Android 10; K) AppleWebKit/537.36 (KHTML, like Gecko) Chrome/151.0.0.0 Mobile Safari/537.36"
5.126.58.239 - - [27/Aug/2026:00:25:27 +0330] "GET /_next/static/chunks/app/checkout/layout-d7cf06d0dc8d6df6.js HTTP/2.0" 200 39421 "https://charsooq.com/calculator" "Mozilla/5.0 (Linux; Android 10; K) AppleWebKit/537.36 (KHTML, like Gecko) Chrome/151.0.0.0 Mobile Safari/537.36"
157.55.39.7 - - [27/Aug/2026:00:25:28 +0330] "GET /?u=58948101265100 HTTP/2.0" 200 33648 "-" "Mozilla/5.0 AppleWebKit/537.36 (KHTML, like Gecko; compatible; bingbot/2.0; +http://www.bing.com/bingbot.htm) Chrome/116.0.1938.76 Safari/537.36"
5.126.58.239 - - [27/Aug/2026:00:25:29 +0330] "GET /api/v1/calculator-index HTTP/2.0" 200 1549 "https://charsooq.com/" "Mozilla/5.0 (Linux; Android 10; K) AppleWebKit/537.36 (KHTML, like Gecko) Chrome/151.0.0.0 Mobile Safari/537.36"
127.0.0.1 - - [27/Aug/2026:00:25:29 +0330] "GET /api/v2/page-data HTTP/1.1" 200 36854 "-" "node"
52.167.144.181 - - [27/Aug/2026:00:25:29 +0330] "GET /?u=7024515745605 HTTP/2.0" 200 33920 "-" "Mozilla/5.0 AppleWebKit/537.36 (KHTML, like Gecko; compatible; bingbot/2.0; +http://www.bing.com/bingbot.htm) Chrome/116.0.1938.76 Safari/537.36"
157.55.39.7 - - [27/Aug/2026:00:25:30 +0330] "GET /?u=1229455858000 HTTP/2.0" 200 35853 "-" "Mozilla/5.0 AppleWebKit/537.36 (KHTML, like Gecko; compatible; bingbot/2.0; +http://www.bing.com/bingbot.htm) Chrome/116.0.1938.76 Safari/537.36"
52.167.144.181 - - [27/Aug/2026:00:25:31 +0330] "GET /?u=7621966981105 HTTP/2.0" 200 32256 "-" "Mozilla/5.0 AppleWebKit/537.36 (KHTML, like Gecko; compatible; bingbot/2.0; +http://www.bing.com/bingbot.htm) Chrome/116.0.1938.76 Safari/537.36"
157.55.39.7 - - [27/Aug/2026:00:25:31 +0330] "GET /?u=5405075812506 HTTP/2.0" 200 34080 "-" "Mozilla/5.0 AppleWebKit/537.36 (KHTML, like Gecko; compatible; bingbot/2.0; +http://www.bing.com/bingbot.htm) Chrome/116.0.1938.76 Safari/537.36"
52.167.144.181 - - [27/Aug/2026:00:25:33 +0330] "GET /?u=8226817302602 HTTP/2.0" 200 32415 "-" "Mozilla/5.0 AppleWebKit/537.36 (KHTML, like Gecko; compatible; bingbot/2.0; +http://www.bing.com/bingbot.htm) Chrome/116.0.1938.76 Safari/537.36"
157.55.39.7 - - [27/Aug/2026:00:25:33 +0330] "GET /?u=78221102179100 HTTP/2.0" 200 33592 "-" "Mozilla/5.0 AppleWebKit/537.36 (KHTML, like Gecko; compatible; bingbot/2.0; +http://www.bing.com/bingbot.htm) Chrome/116.0.1938.76 Safari/537.36"
52.167.144.181 - - [27/Aug/2026:00:25:33 +0330] "GET /?u=2092170942701 HTTP/2.0" 200 32412 "-" "Mozilla/5.0 AppleWebKit/537.36 (KHTML, like Gecko; compatible; bingbot/2.0; +http://www.bing.com/bingbot.htm) Chrome/116.0.1938.76 Safari/537.36"
127.0.0.1 - - [27/Aug/2026:00:25:35 +0330] "GET /api/v1/categories-amazon HTTP/1.1" 200 34230 "-" "node"
172.16.20.25 - - [27/Aug/2026:00:25:35 +0330] "GET / HTTP/1.1" 200 338478 "-" "Mozilla/5.0 (compatible; PRTG Network Monitor (www.paessler.com); Windows)"
52.167.144.181 - - [27/Aug/2026:00:25:35 +0330] "GET /?u=08712122802600 HTTP/2.0" 200 34872 "-" "Mozilla/5.0 AppleWebKit/537.36 (KHTML, like Gecko; compatible; bingbot/2.0; +http://www.bing.com/bingbot.htm) Chrome/116.0.1938.76 Safari/537.36"
157.55.39.7 - - [27/Aug/2026:00:25:35 +0330] "GET /?u=82089160458103 HTTP/2.0" 200 35426 "-" "Mozilla/5.0 AppleWebKit/537.36 (KHTML, like Gecko; compatible; bingbot/2.0; +http://www.bing.com/bingbot.htm) Chrome/116.0.1938.76 Safari/537.36"
5.126.58.239 - - [27/Aug/2026:00:25:36 +0330] "GET /about-us?_rsc=bqr1v HTTP/2.0" 200 1364 "https://charsooq.com/calculator" "Mozilla/5.0 (Linux; Android 10; K) AppleWebKit/537.36 (KHTML, like Gecko) Chrome/151.0.0.0 Mobile Safari/537.36"
5.126.58.239 - - [27/Aug/2026:00:25:36 +0330] "GET /help?_rsc=bqr1v HTTP/2.0" 200 1528 "https://charsooq.com/calculator" "Mozilla/5.0 (Linux; Android 10; K) AppleWebKit/537.36 (KHTML, like Gecko) Chrome/151.0.0.0 Mobile Safari/537.36"
5.126.58.239 - - [27/Aug/2026:00:25:36 +0330] "GET /faq?_rsc=bqr1v HTTP/2.0" 200 1359 "https://charsooq.com/calculator" "Mozilla/5.0 (Linux; Android 10; K) AppleWebKit/537.36 (KHTML, like Gecko) Chrome/151.0.0.0 Mobile Safari/537.36"
5.126.58.239 - - [27/Aug/2026:00:25:36 +0330] "GET /articles?_rsc=bqr1v HTTP/2.0" 200 1795 "https://charsooq.com/calculator" "Mozilla/5.0 (Linux; Android 10; K) AppleWebKit/537.36 (KHTML, like Gecko) Chrome/151.0.0.0 Mobile Safari/537.36"
5.126.58.239 - - [27/Aug/2026:00:25:36 +0330] "GET /_next/static/chunks/app/help/layout-bafecda7f594b8aa.js HTTP/2.0" 200 4169 "https://charsooq.com/calculator" "Mozilla/5.0 (Linux; Android 10; K) AppleWebKit/537.36 (KHTML, like Gecko) Chrome/151.0.0.0 Mobile Safari/537.36"
5.126.58.239 - - [27/Aug/2026:00:25:36 +0330] "GET /ghavanincharsooq?_rsc=bqr1v HTTP/2.0" 200 1371 "https://charsooq.com/calculator" "Mozilla/5.0 (Linux; Android 10; K) AppleWebKit/537.36 (KHTML, like Gecko) Chrome/151.0.0.0 Mobile Safari/537.36"
52.167.144.181 - - [27/Aug/2026:00:25:37 +0330] "GET /?u=56742133453403 HTTP/2.0" 200 32654 "-" "Mozilla/5.0 AppleWebKit/537.36 (KHTML, like Gecko; compatible; bingbot/2.0; +http://www.bing.com/bingbot.htm) Chrome/116.0.1938.76 Safari/537.36"
157.55.39.7 - - [27/Aug/2026:00:25:39 +0330] "GET /?u=07150184867700 HTTP/2.0" 200 33532 "-" "Mozilla/5.0 AppleWebKit/537.36 (KHTML, like Gecko; compatible; bingbot/2.0; +http://www.bing.com/bingbot.htm) Chrome/116.0.1938.76 Safari/537.36"
157.55.39.7 - - [27/Aug/2026:00:25:41 +0330] "GET /?u=89077272888800 HTTP/2.0" 200 33670 "-" "Mozilla/5.0 AppleWebKit/537.36 (KHTML, like Gecko; compatible; bingbot/2.0; +http://www.bing.com/bingbot.htm) Chrome/116.0.1938.76 Safari/537.36"
