127.0.0.1 - - [27/Aug/2026:02:02:13 +0330] "GET /storage/RMjYn38Y7jiNmxuMZzzmGk3Sa8MKpc-metabm9vbi5qcGVn-.jpg HTTP/1.1" 301 169 "-" "node"
127.0.0.1 - - [27/Aug/2026:02:02:13 +0330] "GET /storage/LCPGtzxk1buKzN4zXcAJYXnZYfPUNw-metab3VuYXNzLmpwZWc=-.jpg HTTP/1.1" 301 169 "-" "node"
89.47.148.103 - - [27/Aug/2026:02:02:13 +0330] "GET /_next/image?url=http%3A%2F%2Fpanel.charsooq.com%2Fstorage%2F1l4et8mQMQKS7tGxSKnaGr3pGRLjU0-metac3R5bGlzaG9wLmpwZWc%3D-.jpg&w=256&q=75 HTTP/2.0" 200 2752 "https://charsooq.com/emirates?url=https://www.amazon.ae/MuscleTech-Platinum-Creatine-Monohydrate-Unflavored/dp/B0GX179S95?th=1" "Mozilla/5.0 (Windows NT 10.0; Win64; x64) AppleWebKit/537.36 (KHTML, like Gecko) Chrome/151.0.0.0 Safari/537.36"
127.0.0.1 - - [27/Aug/2026:02:02:13 +0330] "GET /storage/1l4et8mQMQKS7tGxSKnaGr3pGRLjU0-metac3R5bGlzaG9wLmpwZWc=-.jpg HTTP/1.1" 301 169 "-" "node"
127.0.0.1 - - [27/Aug/2026:02:02:13 +0330] "GET /storage/RMjYn38Y7jiNmxuMZzzmGk3Sa8MKpc-metabm9vbi5qcGVn-.jpg HTTP/1.1" 200 3725 "-" "node"
127.0.0.1 - - [27/Aug/2026:02:02:13 +0330] "GET /storage/LCPGtzxk1buKzN4zXcAJYXnZYfPUNw-metab3VuYXNzLmpwZWc=-.jpg HTTP/1.1" 200 8563 "-" "node"
127.0.0.1 - - [27/Aug/2026:02:02:13 +0330] "GET /storage/1l4et8mQMQKS7tGxSKnaGr3pGRLjU0-metac3R5bGlzaG9wLmpwZWc=-.jpg HTTP/1.1" 200 11556 "-" "node"
89.47.148.103 - - [27/Aug/2026:02:02:13 +0330] "GET /assets/images/home/comment-vector-up.svg HTTP/2.0" 304 0 "https://charsooq.com/emirates?url=https://www.amazon.ae/MuscleTech-Platinum-Creatine-Monohydrate-Unflavored/dp/B0GX179S95?th=1" "Mozilla/5.0 (Windows NT 10.0; Win64; x64) AppleWebKit/537.36 (KHTML, like Gecko) Chrome/151.0.0.0 Safari/537.36"
89.47.148.103 - - [27/Aug/2026:02:02:13 +0330] "GET /16px.png HTTP/2.0" 304 0 "https://charsooq.com/emirates?url=https://www.amazon.ae/MuscleTech-Platinum-Creatine-Monohydrate-Unflavored/dp/B0GX179S95?th=1" "Mozilla/5.0 (Windows NT 10.0; Win64; x64) AppleWebKit/537.36 (KHTML, like Gecko) Chrome/151.0.0.0 Safari/537.36"
127.0.0.1 - - [27/Aug/2026:02:02:13 +0330] "GET /storage/INjIFyq6m0cka7GKatlRoAF8KJ3vHM-metadG95c3J1c21lbmEuanBlZw==-.jpg HTTP/1.1" 301 169 "-" "node"
89.47.148.103 - - [27/Aug/2026:02:02:13 +0330] "GET /_next/image?url=http%3A%2F%2Fpanel.charsooq.com%2Fstorage%2FINjIFyq6m0cka7GKatlRoAF8KJ3vHM-metadG95c3J1c21lbmEuanBlZw%3D%3D-.jpg&w=256&q=75 HTTP/2.0" 200 2756 "https://charsooq.com/emirates?url=https://www.amazon.ae/MuscleTech-Platinum-Creatine-Monohydrate-Unflavored/dp/B0GX179S95?th=1" "Mozilla/5.0 (Windows NT 10.0; Win64; x64) AppleWebKit/537.36 (KHTML, like Gecko) Chrome/151.0.0.0 Safari/537.36"
127.0.0.1 - - [27/Aug/2026:02:02:13 +0330] "GET /storage/INjIFyq6m0cka7GKatlRoAF8KJ3vHM-metadG95c3J1c21lbmEuanBlZw==-.jpg HTTP/1.1" 200 15086 "-" "node"
89.47.148.103 - - [27/Aug/2026:02:02:14 +0330] "GET /assets/images/home/comment-vector-down.svg HTTP/2.0" 304 0 "https://charsooq.com/emirates?url=https://www.amazon.ae/MuscleTech-Platinum-Creatine-Monohydrate-Unflavored/dp/B0GX179S95?th=1" "Mozilla/5.0 (Windows NT 10.0; Win64; x64) AppleWebKit/537.36 (KHTML, like Gecko) Chrome/151.0.0.0 Safari/537.36"
89.47.148.103 - - [27/Aug/2026:02:02:14 +0330] "GET /assets/images/home/sell-buy.svg HTTP/2.0" 304 0 "https://charsooq.com/emirates?url=https://www.amazon.ae/MuscleTech-Platinum-Creatine-Monohydrate-Unflavored/dp/B0GX179S95?th=1" "Mozilla/5.0 (Windows NT 10.0; Win64; x64) AppleWebKit/537.36 (KHTML, like Gecko) Chrome/151.0.0.0 Safari/537.36"
89.47.148.103 - - [27/Aug/2026:02:02:14 +0330] "GET /assets/images/home/comment-bg.png HTTP/2.0" 304 0 "https://charsooq.com/_next/static/css/2c9caab41af7e337.css" "Mozilla/5.0 (Windows NT 10.0; Win64; x64) AppleWebKit/537.36 (KHTML, like Gecko) Chrome/151.0.0.0 Safari/537.36"
127.0.0.1 - - [27/Aug/2026:02:02:14 +0330] "GET /storage/9VuV77wU5gsJwQLS7EGVTr9EK4dH02-metac2hlaW4uanBlZw==-.jpg HTTP/1.1" 301 169 "-" "node"
89.47.148.103 - - [27/Aug/2026:02:02:14 +0330] "GET /_next/image?url=http%3A%2F%2Fpanel.charsooq.com%2Fstorage%2F9VuV77wU5gsJwQLS7EGVTr9EK4dH02-metac2hlaW4uanBlZw%3D%3D-.jpg&w=256&q=75 HTTP/2.0" 200 1164 "https://charsooq.com/emirates?url=https://www.amazon.ae/MuscleTech-Platinum-Creatine-Monohydrate-Unflavored/dp/B0GX179S95?th=1" "Mozilla/5.0 (Windows NT 10.0; Win64; x64) AppleWebKit/537.36 (KHTML, like Gecko) Chrome/151.0.0.0 Safari/537.36"
127.0.0.1 - - [27/Aug/2026:02:02:14 +0330] "GET /storage/dG2If7crS5iiTznoxXzeU9dySr1FsS-metac2FtYXdhLmpwZWc=-.jpg HTTP/1.1" 301 169 "-" "node"
89.47.148.103 - - [27/Aug/2026:02:02:14 +0330] "GET /_next/image?url=http%3A%2F%2Fpanel.charsooq.com%2Fstorage%2FdG2If7crS5iiTznoxXzeU9dySr1FsS-metac2FtYXdhLmpwZWc%3D-.jpg&w=256&q=75 HTTP/2.0" 200 4286 "https://charsooq.com/emirates?url=https://www.amazon.ae/MuscleTech-Platinum-Creatine-Monohydrate-Unflavored/dp/B0GX179S95?th=1" "Mozilla/5.0 (Windows NT 10.0; Win64; x64) AppleWebKit/537.36 (KHTML, like Gecko) Chrome/151.0.0.0 Safari/537.36"
127.0.0.1 - - [27/Aug/2026:02:02:14 +0330] "GET /storage/0hKDYZLrnzk4CubVqzEOGgRTM4pf2P-metadnBlcmZ1bWVzLmpwZWc=-.jpg HTTP/1.1" 301 169 "-" "node"
89.47.148.103 - - [27/Aug/2026:02:02:14 +0330] "GET /_next/image?url=http%3A%2F%2Fpanel.charsooq.com%2Fstorage%2F0hKDYZLrnzk4CubVqzEOGgRTM4pf2P-metadnBlcmZ1bWVzLmpwZWc%3D-.jpg&w=256&q=75 HTTP/2.0" 200 1836 "https://charsooq.com/emirates?url=https://www.amazon.ae/MuscleTech-Platinum-Creatine-Monohydrate-Unflavored/dp/B0GX179S95?th=1" "Mozilla/5.0 (Windows NT 10.0; Win64; x64) AppleWebKit/537.36 (KHTML, like Gecko) Chrome/151.0.0.0 Safari/537.36"
127.0.0.1 - - [27/Aug/2026:02:02:14 +0330] "GET /storage/9VuV77wU5gsJwQLS7EGVTr9EK4dH02-metac2hlaW4uanBlZw==-.jpg HTTP/1.1" 200 7410 "-" "node"
127.0.0.1 - - [27/Aug/2026:02:02:14 +0330] "GET /storage/dG2If7crS5iiTznoxXzeU9dySr1FsS-metac2FtYXdhLmpwZWc=-.jpg HTTP/1.1" 200 23166 "-" "node"
127.0.0.1 - - [27/Aug/2026:02:02:14 +0330] "GET /storage/0hKDYZLrnzk4CubVqzEOGgRTM4pf2P-metadnBlcmZ1bWVzLmpwZWc=-.jpg HTTP/1.1" 200 11209 "-" "node"
127.0.0.1 - - [27/Aug/2026:02:02:14 +0330] "GET /storage/EFL07LUvfgktaMTdaBECyZCS5nkyFB-metaZmlyc3RjcnkuanBlZw==-.jpg HTTP/1.1" 301 169 "-" "node"
89.47.148.103 - - [27/Aug/2026:02:02:14 +0330] "GET /_next/image?url=http%3A%2F%2Fpanel.charsooq.com%2Fstorage%2FEFL07LUvfgktaMTdaBECyZCS5nkyFB-metaZmlyc3RjcnkuanBlZw%3D%3D-.jpg&w=256&q=75 HTTP/2.0" 200 3306 "https://charsooq.com/emirates?url=https://www.amazon.ae/MuscleTech-Platinum-Creatine-Monohydrate-Unflavored/dp/B0GX179S95?th=1" "Mozilla/5.0 (Windows NT 10.0; Win64; x64) AppleWebKit/537.36 (KHTML, like Gecko) Chrome/151.0.0.0 Safari/537.36"
127.0.0.1 - - [27/Aug/2026:02:02:14 +0330] "GET /storage/weASPTvzc90H0zdsiU3325j95tj7jJ-metabmV0LWEtcG9ydGVyLmpwZWc=-.jpg HTTP/1.1" 301 169 "-" "node"
89.47.148.103 - - [27/Aug/2026:02:02:14 +0330] "GET /_next/image?url=http%3A%2F%2Fpanel.charsooq.com%2Fstorage%2FweASPTvzc90H0zdsiU3325j95tj7jJ-metabmV0LWEtcG9ydGVyLmpwZWc%3D-.jpg&w=256&q=75 HTTP/2.0" 200 1236 "https://charsooq.com/emirates?url=https://www.amazon.ae/MuscleTech-Platinum-Creatine-Monohydrate-Unflavored/dp/B0GX179S95?th=1" "Mozilla/5.0 (Windows NT 10.0; Win64; x64) AppleWebKit/537.36 (KHTML, like Gecko) Chrome/151.0.0.0 Safari/537.36"
127.0.0.1 - - [27/Aug/2026:02:02:14 +0330] "GET /storage/EFL07LUvfgktaMTdaBECyZCS5nkyFB-metaZmlyc3RjcnkuanBlZw==-.jpg HTTP/1.1" 200 21523 "-" "node"
127.0.0.1 - - [27/Aug/2026:02:02:14 +0330] "GET /storage/weASPTvzc90H0zdsiU3325j95tj7jJ-metabmV0LWEtcG9ydGVyLmpwZWc=-.jpg HTTP/1.1" 200 6062 "-" "node"
127.0.0.1 - - [27/Aug/2026:02:02:14 +0330] "GET /storage/k2dV8O95fx7I672VCscuSimuaWkmOX-metadm9nYWNsb3NldC5qcGVn-.jpg HTTP/1.1" 301 169 "-" "node"
89.47.148.103 - - [27/Aug/2026:02:02:14 +0330] "GET /_next/image?url=http%3A%2F%2Fpanel.charsooq.com%2Fstorage%2Fk2dV8O95fx7I672VCscuSimuaWkmOX-metadm9nYWNsb3NldC5qcGVn-.jpg&w=256&q=75 HTTP/2.0" 200 1798 "https://charsooq.com/emirates?url=https://www.amazon.ae/MuscleTech-Platinum-Creatine-Monohydrate-Unflavored/dp/B0GX179S95?th=1" "Mozilla/5.0 (Windows NT 10.0; Win64; x64) AppleWebKit/537.36 (KHTML, like Gecko) Chrome/151.0.0.0 Safari/537.36"
127.0.0.1 - - [27/Aug/2026:02:02:14 +0330] "GET /storage/BQQ8e6SkPpEpoQI5suTqGCIe7DGH2z-metaZHJhZ29ubWFydC5qcGVn-.jpg HTTP/1.1" 301 169 "-" "node"
89.47.148.103 - - [27/Aug/2026:02:02:14 +0330] "GET /_next/image?url=http%3A%2F%2Fpanel.charsooq.com%2Fstorage%2FBQQ8e6SkPpEpoQI5suTqGCIe7DGH2z-metaZHJhZ29ubWFydC5qcGVn-.jpg&w=256&q=75 HTTP/2.0" 200 3114 "https://charsooq.com/emirates?url=https://www.amazon.ae/MuscleTech-Platinum-Creatine-Monohydrate-Unflavored/dp/B0GX179S95?th=1" "Mozilla/5.0 (Windows NT 10.0; Win64; x64) AppleWebKit/537.36 (KHTML, like Gecko) Chrome/151.0.0.0 Safari/537.36"
127.0.0.1 - - [27/Aug/2026:02:02:14 +0330] "GET /storage/uK9DPkuwi6ykQfqeTquw1CLM3i1Twk-metaZnJlbmNoZnJhZ3JhbmNlLmpwZWc=-.jpg HTTP/1.1" 301 169 "-" "node"
89.47.148.103 - - [27/Aug/2026:02:02:14 +0330] "GET /_next/image?url=http%3A%2F%2Fpanel.charsooq.com%2Fstorage%2FuK9DPkuwi6ykQfqeTquw1CLM3i1Twk-metaZnJlbmNoZnJhZ3JhbmNlLmpwZWc%3D-.jpg&w=256&q=75 HTTP/2.0" 200 4018 "https://charsooq.com/emirates?url=https://www.amazon.ae/MuscleTech-Platinum-Creatine-Monohydrate-Unflavored/dp/B0GX179S95?th=1" "Mozilla/5.0 (Windows NT 10.0; Win64; x64) AppleWebKit/537.36 (KHTML, like Gecko) Chrome/151.0.0.0 Safari/537.36"
127.0.0.1 - - [27/Aug/2026:02:02:14 +0330] "GET /storage/k2dV8O95fx7I672VCscuSimuaWkmOX-metadm9nYWNsb3NldC5qcGVn-.jpg HTTP/1.1" 200 7514 "-" "node"
127.0.0.1 - - [27/Aug/2026:02:02:14 +0330] "GET /storage/BQQ8e6SkPpEpoQI5suTqGCIe7DGH2z-metaZHJhZ29ubWFydC5qcGVn-.jpg HTTP/1.1" 200 12992 "-" "node"
127.0.0.1 - - [27/Aug/2026:02:02:14 +0330] "GET /storage/uK9DPkuwi6ykQfqeTquw1CLM3i1Twk-metaZnJlbmNoZnJhZ3JhbmNlLmpwZWc=-.jpg HTTP/1.1" 200 20274 "-" "node"
127.0.0.1 - - [27/Aug/2026:02:02:14 +0330] "GET /storage/YsZrtgTUjVoziIL6bZA4RFZeesJoC0-metaY2FyZXRvYmVhdXR5LmpwZWc=-.jpg HTTP/1.1" 301 169 "-" "node"
89.47.148.103 - - [27/Aug/2026:02:02:14 +0330] "GET /_next/image?url=http%3A%2F%2Fpanel.charsooq.com%2Fstorage%2FYsZrtgTUjVoziIL6bZA4RFZeesJoC0-metaY2FyZXRvYmVhdXR5LmpwZWc%3D-.jpg&w=256&q=75 HTTP/2.0" 200 3348 "https://charsooq.com/emirates?url=https://www.amazon.ae/MuscleTech-Platinum-Creatine-Monohydrate-Unflavored/dp/B0GX179S95?th=1" "Mozilla/5.0 (Windows NT 10.0; Win64; x64) AppleWebKit/537.36 (KHTML, like Gecko) Chrome/151.0.0.0 Safari/537.36"
127.0.0.1 - - [27/Aug/2026:02:02:14 +0330] "GET /storage/YsZrtgTUjVoziIL6bZA4RFZeesJoC0-metaY2FyZXRvYmVhdXR5LmpwZWc=-.jpg HTTP/1.1" 200 16862 "-" "node"
127.0.0.1 - - [27/Aug/2026:02:02:14 +0330] "GET /storage/0GQitiD6eKARpskuCfm8HJLz5J9F5i-metaY291bnRyeWF0dGlyZS5qcGVn-.jpg HTTP/1.1" 301 169 "-" "node"
89.47.148.103 - - [27/Aug/2026:02:02:14 +0330] "GET /_next/image?url=http%3A%2F%2Fpanel.charsooq.com%2Fstorage%2F0GQitiD6eKARpskuCfm8HJLz5J9F5i-metaY291bnRyeWF0dGlyZS5qcGVn-.jpg&w=256&q=75 HTTP/2.0" 200 2214 "https://charsooq.com/emirates?url=https://www.amazon.ae/MuscleTech-Platinum-Creatine-Monohydrate-Unflavored/dp/B0GX179S95?th=1" "Mozilla/5.0 (Windows NT 10.0; Win64; x64) AppleWebKit/537.36 (KHTML, like Gecko) Chrome/151.0.0.0 Safari/537.36"
127.0.0.1 - - [27/Aug/2026:02:02:14 +0330] "GET /storage/NqlCpVdJy1KIzWXNgpTt1ND3XjQJkX-metaZmFjZXMuanBlZw==-.jpg HTTP/1.1" 301 169 "-" "node"
89.47.148.103 - - [27/Aug/2026:02:02:14 +0330] "GET /_next/image?url=http%3A%2F%2Fpanel.charsooq.com%2Fstorage%2FNqlCpVdJy1KIzWXNgpTt1ND3XjQJkX-metaZmFjZXMuanBlZw%3D%3D-.jpg&w=256&q=75 HTTP/2.0" 200 2710 "https://charsooq.com/emirates?url=https://www.amazon.ae/MuscleTech-Platinum-Creatine-Monohydrate-Unflavored/dp/B0GX179S95?th=1" "Mozilla/5.0 (Windows NT 10.0; Win64; x64) AppleWebKit/537.36 (KHTML, like Gecko) Chrome/151.0.0.0 Safari/537.36"
127.0.0.1 - - [27/Aug/2026:02:02:14 +0330] "GET /storage/0GQitiD6eKARpskuCfm8HJLz5J9F5i-metaY291bnRyeWF0dGlyZS5qcGVn-.jpg HTTP/1.1" 200 10553 "-" "node"
127.0.0.1 - - [27/Aug/2026:02:02:14 +0330] "GET /storage/NqlCpVdJy1KIzWXNgpTt1ND3XjQJkX-metaZmFjZXMuanBlZw==-.jpg HTTP/1.1" 200 15069 "-" "node"
127.0.0.1 - - [27/Aug/2026:02:02:14 +0330] "GET /storage/UbyZ2orEjtZOEWb3TmKA4Ooys0yzSS-metaZ29kdWtrYW4uanBlZw==-.jpg HTTP/1.1" 301 169 "-" "node"
89.47.148.103 - - [27/Aug/2026:02:02:14 +0330] "GET /_next/image?url=http%3A%2F%2Fpanel.charsooq.com%2Fstorage%2FUbyZ2orEjtZOEWb3TmKA4Ooys0yzSS-metaZ29kdWtrYW4uanBlZw%3D%3D-.jpg&w=256&q=75 HTTP/2.0" 200 2956 "https://charsooq.com/emirates?url=https://www.amazon.ae/MuscleTech-Platinum-Creatine-Monohydrate-Unflavored/dp/B0GX179S95?th=1" "Mozilla/5.0 (Windows NT 10.0; Win64; x64) AppleWebKit/537.36 (KHTML, like Gecko) Chrome/151.0.0.0 Safari/537.36"
127.0.0.1 - - [27/Aug/2026:02:02:14 +0330] "GET /storage/mcNMvS1CTZZcE41Oe2UQjrf9nigiTn-metaTHVMdS5qcGVn-.jpg HTTP/1.1" 301 169 "-" "node"
89.47.148.103 - - [27/Aug/2026:02:02:14 +0330] "GET /_next/image?url=http%3A%2F%2Fpanel.charsooq.com%2Fstorage%2FmcNMvS1CTZZcE41Oe2UQjrf9nigiTn-metaTHVMdS5qcGVn-.jpg&w=256&q=75 HTTP/2.0" 200 3928 "https://charsooq.com/emirates?url=https://www.amazon.ae/MuscleTech-Platinum-Creatine-Monohydrate-Unflavored/dp/B0GX179S95?th=1" "Mozilla/5.0 (Windows NT 10.0; Win64; x64) AppleWebKit/537.36 (KHTML, like Gecko) Chrome/151.0.0.0 Safari/537.36"
127.0.0.1 - - [27/Aug/2026:02:02:14 +0330] "GET /storage/eC2zcH5fwU8nFYlcmMyaEaTypyWeT0-metaTWljcm9sZXNzLmpwZWc=-.jpg HTTP/1.1" 301 169 "-" "node"
89.47.148.103 - - [27/Aug/2026:02:02:14 +0330] "GET /_next/image?url=http%3A%2F%2Fpanel.charsooq.com%2Fstorage%2FeC2zcH5fwU8nFYlcmMyaEaTypyWeT0-metaTWljcm9sZXNzLmpwZWc%3D-.jpg&w=256&q=75 HTTP/2.0" 200 2194 "https://charsooq.com/emirates?url=https://www.amazon.ae/MuscleTech-Platinum-Creatine-Monohydrate-Unflavored/dp/B0GX179S95?th=1" "Mozilla/5.0 (Windows NT 10.0; Win64; x64) AppleWebKit/537.36 (KHTML, like Gecko) Chrome/151.0.0.0 Safari/537.36"
89.47.148.103 - - [27/Aug/2026:02:02:14 +0330] "GET /_next/image?url=http%3A%2F%2Fpanel.charsooq.com%2Fstorage%2FphCyeRb681OYuwcRuSFwJCCC7xBdv0-metac2l2dmkuanBlZw%3D%3D-.jpg&w=256&q=75 HTTP/2.0" 200 1540 "https://charsooq.com/emirates?url=https://www.amazon.ae/MuscleTech-Platinum-Creatine-Monohydrate-Unflavored/dp/B0GX179S95?th=1" "Mozilla/5.0 (Windows NT 10.0; Win64; x64) AppleWebKit/537.36 (KHTML, like Gecko) Chrome/151.0.0.0 Safari/537.36"
127.0.0.1 - - [27/Aug/2026:02:02:14 +0330] "GET /storage/UbyZ2orEjtZOEWb3TmKA4Ooys0yzSS-metaZ29kdWtrYW4uanBlZw==-.jpg HTTP/1.1" 200 10936 "-" "node"
127.0.0.1 - - [27/Aug/2026:02:02:14 +0330] "GET /storage/mcNMvS1CTZZcE41Oe2UQjrf9nigiTn-metaTHVMdS5qcGVn-.jpg HTTP/1.1" 200 21177 "-" "node"
127.0.0.1 - - [27/Aug/2026:02:02:14 +0330] "GET /storage/eC2zcH5fwU8nFYlcmMyaEaTypyWeT0-metaTWljcm9sZXNzLmpwZWc=-.jpg HTTP/1.1" 200 11172 "-" "node"
127.0.0.1 - - [27/Aug/2026:02:02:14 +0330] "GET /storage/76sTBYnGNkhahRX02GVzz7X8TEjCCc-metabGFjb3N0ZS5qcGVn-.jpg HTTP/1.1" 301 169 "-" "node"
89.47.148.103 - - [27/Aug/2026:02:02:14 +0330] "GET /_next/image?url=http%3A%2F%2Fpanel.charsooq.com%2Fstorage%2F76sTBYnGNkhahRX02GVzz7X8TEjCCc-metabGFjb3N0ZS5qcGVn-.jpg&w=256&q=75 HTTP/2.0" 200 3840 "https://charsooq.com/emirates?url=https://www.amazon.ae/MuscleTech-Platinum-Creatine-Monohydrate-Unflavored/dp/B0GX179S95?th=1" "Mozilla/5.0 (Windows NT 10.0; Win64; x64) AppleWebKit/537.36 (KHTML, like Gecko) Chrome/151.0.0.0 Safari/537.36"
127.0.0.1 - - [27/Aug/2026:02:02:14 +0330] "GET /storage/76sTBYnGNkhahRX02GVzz7X8TEjCCc-metabGFjb3N0ZS5qcGVn-.jpg HTTP/1.1" 200 14911 "-" "node"
127.0.0.1 - - [27/Aug/2026:02:02:14 +0330] "GET /storage/phCyeRb681OYuwcRuSFwJCCC7xBdv0-metac2l2dmkuanBlZw==-.jpg HTTP/1.1" 301 169 "-" "node"
127.0.0.1 - - [27/Aug/2026:02:02:14 +0330] "GET /storage/phCyeRb681OYuwcRuSFwJCCC7xBdv0-metac2l2dmkuanBlZw==-.jpg HTTP/1.1" 200 8973 "-" "node"
127.0.0.1 - - [27/Aug/2026:02:02:14 +0330] "GET /storage/DH2cEMo0Zj9NnNy5O8jD9FgTmzEodZ-metac3BsYXNoLmpwZWc=-.jpg HTTP/1.1" 301 169 "-" "node"
89.47.148.103 - - [27/Aug/2026:02:02:14 +0330] "GET /_next/image?url=http%3A%2F%2Fpanel.charsooq.com%2Fstorage%2FDH2cEMo0Zj9NnNy5O8jD9FgTmzEodZ-metac3BsYXNoLmpwZWc%3D-.jpg&w=256&q=75 HTTP/2.0" 200 1888 "https://charsooq.com/emirates?url=https://www.amazon.ae/MuscleTech-Platinum-Creatine-Monohydrate-Unflavored/dp/B0GX179S95?th=1" "Mozilla/5.0 (Windows NT 10.0; Win64; x64) AppleWebKit/537.36 (KHTML, like Gecko) Chrome/151.0.0.0 Safari/537.36"
127.0.0.1 - - [27/Aug/2026:02:02:14 +0330] "GET /storage/DH2cEMo0Zj9NnNy5O8jD9FgTmzEodZ-metac3BsYXNoLmpwZWc=-.jpg HTTP/1.1" 200 9849 "-" "node"
127.0.0.1 - - [27/Aug/2026:02:02:14 +0330] "GET /storage/9Au4C5YKWl7ldfWphZ4WP7uOrSl7bS-metac3VyZmRvbWUuanBlZw==-.jpg HTTP/1.1" 301 169 "-" "node"
89.47.148.103 - - [27/Aug/2026:02:02:14 +0330] "GET /_next/image?url=http%3A%2F%2Fpanel.charsooq.com%2Fstorage%2F9Au4C5YKWl7ldfWphZ4WP7uOrSl7bS-metac3VyZmRvbWUuanBlZw%3D%3D-.jpg&w=256&q=75 HTTP/2.0" 200 1836 "https://charsooq.com/emirates?url=https://www.amazon.ae/MuscleTech-Platinum-Creatine-Monohydrate-Unflavored/dp/B0GX179S95?th=1" "Mozilla/5.0 (Windows NT 10.0; Win64; x64) AppleWebKit/537.36 (KHTML, like Gecko) Chrome/151.0.0.0 Safari/537.36"
127.0.0.1 - - [27/Aug/2026:02:02:14 +0330] "GET /storage/9Au4C5YKWl7ldfWphZ4WP7uOrSl7bS-metac3VyZmRvbWUuanBlZw==-.jpg HTTP/1.1" 200 8672 "-" "node"
127.0.0.1 - - [27/Aug/2026:02:02:14 +0330] "GET /storage/2q7MeNAoyXpN2ENzKdGKvus3qS7lBq-metaYW1hem9uLmFlLmpwZWc=-.jpg HTTP/1.1" 301 169 "-" "node"
89.47.148.103 - - [27/Aug/2026:02:02:14 +0330] "GET /_next/image?url=http%3A%2F%2Fpanel.charsooq.com%2Fstorage%2F2q7MeNAoyXpN2ENzKdGKvus3qS7lBq-metaYW1hem9uLmFlLmpwZWc%3D-.jpg&w=256&q=75 HTTP/2.0" 200 2262 "https://charsooq.com/emirates?url=https://www.amazon.ae/MuscleTech-Platinum-Creatine-Monohydrate-Unflavored/dp/B0GX179S95?th=1" "Mozilla/5.0 (Windows NT 10.0; Win64; x64) AppleWebKit/537.36 (KHTML, like Gecko) Chrome/151.0.0.0 Safari/537.36"
127.0.0.1 - - [27/Aug/2026:02:02:14 +0330] "GET /storage/2q7MeNAoyXpN2ENzKdGKvus3qS7lBq-metaYW1hem9uLmFlLmpwZWc=-.jpg HTTP/1.1" 200 6594 "-" "node"
127.0.0.1 - - [27/Aug/2026:02:02:15 +0330] "GET /storage/ HTTP/1.1" 301 169 "-" "node"
127.0.0.1 - - [27/Aug/2026:02:02:15 +0330] "GET /storage/ HTTP/1.1" 403 125 "-" "node"
127.0.0.1 - - [27/Aug/2026:02:02:15 +0330] "GET /storage/54vuPIyODw4cE7VxzE9lDo55Vfgmtu-metaVW50aXRsZWQuanBn-.jpg HTTP/1.1" 301 169 "-" "node"
89.47.148.103 - - [27/Aug/2026:02:02:15 +0330] "GET /_next/image?url=http%3A%2F%2Fpanel.charsooq.com%2Fstorage%2F54vuPIyODw4cE7VxzE9lDo55Vfgmtu-metaVW50aXRsZWQuanBn-.jpg&w=256&q=75 HTTP/2.0" 200 1562 "https://charsooq.com/emirates?url=https://www.amazon.ae/MuscleTech-Platinum-Creatine-Monohydrate-Unflavored/dp/B0GX179S95?th=1" "Mozilla/5.0 (Windows NT 10.0; Win64; x64) AppleWebKit/537.36 (KHTML, like Gecko) Chrome/151.0.0.0 Safari/537.36"
89.47.148.103 - - [27/Aug/2026:02:02:15 +0330] "GET /_next/image?url=http%3A%2F%2Fpanel.charsooq.com%2Fstorage%2F&w=256&q=75 HTTP/2.0" 403 57 "https://charsooq.com/emirates?url=https://www.amazon.ae/MuscleTech-Platinum-Creatine-Monohydrate-Unflavored/dp/B0GX179S95?th=1" "Mozilla/5.0 (Windows NT 10.0; Win64; x64) AppleWebKit/537.36 (KHTML, like Gecko) Chrome/151.0.0.0 Safari/537.36"
127.0.0.1 - - [27/Aug/2026:02:02:15 +0330] "GET /storage/54vuPIyODw4cE7VxzE9lDo55Vfgmtu-metaVW50aXRsZWQuanBn-.jpg HTTP/1.1" 200 4937 "-" "node"
127.0.0.1 - - [27/Aug/2026:02:02:15 +0330] "GET /storage/01J3AGDS2AQ5RF1K9F8NYJ2YAB.png HTTP/1.1" 301 169 "-" "node"
89.47.148.103 - - [27/Aug/2026:02:02:15 +0330] "GET /_next/image?url=http%3A%2F%2Fpanel.charsooq.com%2Fstorage%2F01J3AGDS2AQ5RF1K9F8NYJ2YAB.png&w=256&q=75 HTTP/2.0" 200 1992 "https://charsooq.com/emirates?url=https://www.amazon.ae/MuscleTech-Platinum-Creatine-Monohydrate-Unflavored/dp/B0GX179S95?th=1" "Mozilla/5.0 (Windows NT 10.0; Win64; x64) AppleWebKit/537.36 (KHTML, like Gecko) Chrome/151.0.0.0 Safari/537.36"
127.0.0.1 - - [27/Aug/2026:02:02:15 +0330] "GET /storage/01J3AGDS2AQ5RF1K9F8NYJ2YAB.png HTTP/1.1" 200 6403 "-" "node"
89.47.148.103 - - [27/Aug/2026:02:02:15 +0330] "GET /assets/images/home/emirates/noon.ae.webp HTTP/2.0" 200 22470 "https://charsooq.com/emirates?url=https://www.amazon.ae/MuscleTech-Platinum-Creatine-Monohydrate-Unflavored/dp/B0GX179S95?th=1" "Mozilla/5.0 (Windows NT 10.0; Win64; x64) AppleWebKit/537.36 (KHTML, like Gecko) Chrome/151.0.0.0 Safari/537.36"
89.47.148.103 - - [27/Aug/2026:02:02:15 +0330] "GET /assets/images/home/emirates/amazon.ae-charsooq.webp HTTP/2.0" 200 38976 "https://charsooq.com/emirates?url=https://www.amazon.ae/MuscleTech-Platinum-Creatine-Monohydrate-Unflavored/dp/B0GX179S95?th=1" "Mozilla/5.0 (Windows NT 10.0; Win64; x64) AppleWebKit/537.36 (KHTML, like Gecko) Chrome/151.0.0.0 Safari/537.36"
127.0.0.1 - - [27/Aug/2026:02:02:15 +0330] "GET /storage/01JBRKEVN0V68M9ES3GYMXJY5N.jpg HTTP/1.1" 301 169 "-" "node"
89.47.148.103 - - [27/Aug/2026:02:02:15 +0330] "GET /_next/image?url=http%3A%2F%2Fpanel.charsooq.com%2Fstorage%2F01JBRKEVN0V68M9ES3GYMXJY5N.jpg&w=256&q=75 HTTP/2.0" 200 4252 "https://charsooq.com/emirates?url=https://www.amazon.ae/MuscleTech-Platinum-Creatine-Monohydrate-Unflavored/dp/B0GX179S95?th=1" "Mozilla/5.0 (Windows NT 10.0; Win64; x64) AppleWebKit/537.36 (KHTML, like Gecko) Chrome/151.0.0.0 Safari/537.36"
127.0.0.1 - - [27/Aug/2026:02:02:15 +0330] "GET /storage/01JBRKEVN0V68M9ES3GYMXJY5N.jpg HTTP/1.1" 200 8186 "-" "node"
37.202.131.82 - - [27/Aug/2026:02:02:17 +0330] "GET /amazon?_rsc=1jezg HTTP/2.0" 200 20154 "https://charsooq.com/foreign-shopping?url=https://www.amazon.it/-/en/AEG-HKB75453NB-FlameLight-Gas-Hob/dp/B0034UTNDI/ref=sr_1_1?dib=eyJ2IjoiMSJ9.FmdMg9yBoo2wps91xlFZIw.tNnR6hj9W0HUKThO6os7BWdJ2GSYIA-NmFmbkJte37E&dib_tag=se&keywords=HKB75453NB&qid=1787783060&sr=8-1" "Mozilla/5.0 (Windows NT 10.0; Win64; x64; rv:154.0) Gecko/20100101 Firefox/154.0"
89.47.148.103 - - [27/Aug/2026:02:02:26 +0330] "GET /32px.png HTTP/2.0" 304 0 "https://charsooq.com/amazon" "Mozilla/5.0 (Windows NT 10.0; Win64; x64) AppleWebKit/537.36 (KHTML, like Gecko) Chrome/151.0.0.0 Safari/537.36"
89.47.148.103 - - [27/Aug/2026:02:02:26 +0330] "GET /32px.png HTTP/2.0" 304 0 "https://charsooq.com/amazon" "Mozilla/5.0 (Windows NT 10.0; Win64; x64) AppleWebKit/537.36 (KHTML, like Gecko) Chrome/151.0.0.0 Safari/537.36"
89.47.148.103 - - [27/Aug/2026:02:02:26 +0330] "GET /manifest.json HTTP/2.0" 304 0 "https://charsooq.com/amazon" "Mozilla/5.0 (Windows NT 10.0; Win64; x64) AppleWebKit/537.36 (KHTML, like Gecko) Chrome/151.0.0.0 Safari/537.36"
89.47.148.103 - - [27/Aug/2026:02:02:27 +0330] "GET /16px.png HTTP/2.0" 304 0 "https://charsooq.com/amazon" "Mozilla/5.0 (Windows NT 10.0; Win64; x64) AppleWebKit/537.36 (KHTML, like Gecko) Chrome/151.0.0.0 Safari/537.36"
37.202.131.82 - - [27/Aug/2026:02:02:27 +0330] "GET /_next/static/chunks/app/amazon/page-31e7e225043b5dc1.js HTTP/2.0" 200 3250 "https://charsooq.com/amazon" "Mozilla/5.0 (Windows NT 10.0; Win64; x64; rv:154.0) Gecko/20100101 Firefox/154.0"
37.202.131.82 - - [27/Aug/2026:02:02:27 +0330] "GET /_next/image?url=%2Fassets%2Fimages%2Ficons%2Fcheap-products.png&w=640&q=75 HTTP/2.0" 200 11870 "https://charsooq.com/amazon" "Mozilla/5.0 (Windows NT 10.0; Win64; x64; rv:154.0) Gecko/20100101 Firefox/154.0"
37.202.131.82 - - [27/Aug/2026:02:02:27 +0330] "GET /_next/image?url=%2Fassets%2Fimages%2Ficons%2Fcheap-products.png&w=640&q=75 HTTP/2.0" 304 0 "https://charsooq.com/amazon" "Mozilla/5.0 (Windows NT 10.0; Win64; x64; rv:154.0) Gecko/20100101 Firefox/154.0"
37.202.131.82 - - [27/Aug/2026:02:02:27 +0330] "GET /_next/image?url=https%3A%2F%2Fpanel.charsooq.com%2Fstorage%2F01K8JWK79NWENGHWPE48PZTYED.webp&w=640&q=75 HTTP/2.0" 200 10564 "https://charsooq.com/amazon" "Mozilla/5.0 (Windows NT 10.0; Win64; x64; rv:154.0) Gecko/20100101 Firefox/154.0"
37.202.131.82 - - [27/Aug/2026:02:02:27 +0330] "GET /_next/image?url=https%3A%2F%2Fpanel.charsooq.com%2Fstorage%2F01K30WJ5CRG6P23ET9E20V8BCA.webp&w=640&q=75 HTTP/2.0" 200 13986 "https://charsooq.com/amazon" "Mozilla/5.0 (Windows NT 10.0; Win64; x64; rv:154.0) Gecko/20100101 Firefox/154.0"
37.202.131.82 - - [27/Aug/2026:02:02:27 +0330] "GET /_next/image?url=https%3A%2F%2Fpanel.charsooq.com%2Fstorage%2F01K2C81GNQQKAWA7JJQDJ3A7Q4.webp&w=640&q=75 HTTP/2.0" 200 13158 "https://charsooq.com/amazon" "Mozilla/5.0 (Windows NT 10.0; Win64; x64; rv:154.0) Gecko/20100101 Firefox/154.0"
37.202.131.82 - - [27/Aug/2026:02:02:27 +0330] "GET /_next/image?url=https%3A%2F%2Fpanel.charsooq.com%2Fstorage%2F01JV4XCZH321NWQS7SA1Y2EA33.webp&w=640&q=75 HTTP/2.0" 200 14554 "https://charsooq.com/amazon" "Mozilla/5.0 (Windows NT 10.0; Win64; x64; rv:154.0) Gecko/20100101 Firefox/154.0"
89.47.148.103 - - [27/Aug/2026:02:02:32 +0330] "POST /api/v3/check-url HTTP/2.0" 200 234 "https://charsooq.com/" "Mozilla/5.0 (Windows NT 10.0; Win64; x64) AppleWebKit/537.36 (KHTML, like Gecko) Chrome/151.0.0.0 Safari/537.36"
89.47.148.103 - - [27/Aug/2026:02:02:32 +0330] "GET /32px.png HTTP/2.0" 304 0 "https://charsooq.com/emirates?url=https://www.amazon.ae/MuscleTech-Platinum-Creatine-Monohydrate-Unflavored/dp/B0GX179S95?th=1" "Mozilla/5.0 (Windows NT 10.0; Win64; x64) AppleWebKit/537.36 (KHTML, like Gecko) Chrome/151.0.0.0 Safari/537.36"
127.0.0.1 - - [27/Aug/2026:02:02:32 +0330] "GET /storage/ HTTP/1.1" 301 169 "-" "node"
127.0.0.1 - - [27/Aug/2026:02:02:32 +0330] "GET /storage/ HTTP/1.1" 403 125 "-" "node"
89.47.148.103 - - [27/Aug/2026:02:02:32 +0330] "GET /_next/image?url=http%3A%2F%2Fpanel.charsooq.com%2Fstorage%2F&w=256&q=75 HTTP/2.0" 403 57 "https://charsooq.com/amazon" "Mozilla/5.0 (Windows NT 10.0; Win64; x64) AppleWebKit/537.36 (KHTML, like Gecko) Chrome/151.0.0.0 Safari/537.36"
89.47.148.103 - - [27/Aug/2026:02:02:33 +0330] "GET /manifest.json HTTP/2.0" 304 0 "https://charsooq.com/emirates?url=https://www.amazon.ae/MuscleTech-Platinum-Creatine-Monohydrate-Unflavored/dp/B0GX179S95?th=1" "Mozilla/5.0 (Windows NT 10.0; Win64; x64) AppleWebKit/537.36 (KHTML, like Gecko) Chrome/151.0.0.0 Safari/537.36"
89.47.148.103 - - [27/Aug/2026:02:02:33 +0330] "GET /16px.png HTTP/2.0" 304 0 "https://charsooq.com/emirates?url=https://www.amazon.ae/MuscleTech-Platinum-Creatine-Monohydrate-Unflavored/dp/B0GX179S95?th=1" "Mozilla/5.0 (Windows NT 10.0; Win64; x64) AppleWebKit/537.36 (KHTML, like Gecko) Chrome/151.0.0.0 Safari/537.36"
127.0.0.1 - - [27/Aug/2026:02:02:35 +0330] "GET /api/v1/categories-amazon HTTP/1.1" 200 34199 "-" "node"
172.16.20.25 - - [27/Aug/2026:02:02:35 +0330] "GET / HTTP/1.1" 200 338478 "-" "Mozilla/5.0 (compatible; PRTG Network Monitor (www.paessler.com); Windows)"
127.0.0.1 - - [27/Aug/2026:02:02:48 +0330] "GET /api/v1/show-products-offers/RondoBasicMarkerSet36Colors HTTP/1.1" 301 169 "-" "node"
127.0.0.1 - - [27/Aug/2026:02:02:48 +0330] "GET /api/v1/show-products-offers/RondoBasicMarkerSet36Colors HTTP/1.1" 200 4299 "-" "node"
89.47.148.103 - - [27/Aug/2026:02:02:48 +0330] "GET /products/RondoBasicMarkerSet36Colors/%D9%85%D8%A7%DA%98%DB%8C%DA%A9-%D8%B1%D8%A7%D9%86%D8%AF%D9%88-%D8%A8%DB%8C%D8%B3%DB%8C%DA%A9-%D8%B3%D8%AA-36-%D8%B1%D9%86%DA%AF?_rsc=1p4pu HTTP/2.0" 200 2278 "https://charsooq.com/emirates?url=https://www.amazon.ae/MuscleTech-Platinum-Creatine-Monohydrate-Unflavored/dp/B0GX179S95?th=1" "Mozilla/5.0 (Windows NT 10.0; Win64; x64) AppleWebKit/537.36 (KHTML, like Gecko) Chrome/151.0.0.0 Safari/537.36"
89.47.148.103 - - [27/Aug/2026:02:02:50 +0330] "POST /api/v1/calculator-show HTTP/2.0" 200 354 "https://charsooq.com/" "Mozilla/5.0 (Windows NT 10.0; Win64; x64) AppleWebKit/537.36 (KHTML, like Gecko) Chrome/151.0.0.0 Safari/537.36"
20.229.51.198 - - [27/Aug/2026:02:02:53 +0330] "GET / HTTP/1.1" 302 387 "-" "curl/8.6.0"
20.105.137.134 - - [27/Aug/2026:02:02:55 +0330] "GET /admin HTTP/1.1" 302 411 "https://panel.charsooq.com" "curl/8.6.0"
20.229.51.198 - - [27/Aug/2026:02:02:56 +0330] "GET /admin/login HTTP/1.1" 200 9391 "https://panel.charsooq.com/admin" "curl/8.6.0"
127.0.0.1 - - [27/Aug/2026:02:03:01 +0330] "GET /api/v1/show-products-offers/Evolution14Grip HTTP/1.1" 301 169 "-" "node"
127.0.0.1 - - [27/Aug/2026:02:03:01 +0330] "GET /api/v1/show-products-offers/TrekkerIIcap HTTP/1.1" 301 169 "-" "node"
127.0.0.1 - - [27/Aug/2026:02:03:01 +0330] "GET /api/v1/show-products-offers/Evolution14Grip HTTP/1.1" 200 3036 "-" "node"
127.0.0.1 - - [27/Aug/2026:02:03:01 +0330] "GET /api/v1/show-products-offers/TrekkerIIcap HTTP/1.1" 200 3238 "-" "node"
89.47.148.103 - - [27/Aug/2026:02:03:01 +0330] "GET /products/Evolution14Grip/%DA%86%D8%A7%D9%82%D9%88-%D9%88%DB%8C%DA%A9%D8%AA%D9%88%D8%B1%DB%8C%D9%86%D9%88%DA%A9%D8%B3?_rsc=1p4pu HTTP/2.0" 200 2221 "https://charsooq.com/emirates?url=https://www.amazon.ae/MuscleTech-Platinum-Creatine-Monohydrate-Unflavored/dp/B0GX179S95?th=1" "Mozilla/5.0 (Windows NT 10.0; Win64; x64) AppleWebKit/537.36 (KHTML, like Gecko) Chrome/151.0.0.0 Safari/537.36"
89.47.148.103 - - [27/Aug/2026:02:03:01 +0330] "GET /products/TrekkerIIcap/%DA%A9%D9%84%D8%A7%D9%87-%D8%A2%D9%81%D8%AA%D8%A7%D8%A8%DB%8C-%D9%85%DB%8C%D9%84%D8%AA?_rsc=1p4pu HTTP/2.0" 200 2159 "https://charsooq.com/emirates?url=https://www.amazon.ae/MuscleTech-Platinum-Creatine-Monohydrate-Unflavored/dp/B0GX179S95?th=1" "Mozilla/5.0 (Windows NT 10.0; Win64; x64) AppleWebKit/537.36 (KHTML, like Gecko) Chrome/151.0.0.0 Safari/537.36"
66.249.77.101 - - [27/Aug/2026:02:03:05 +0330] "GET /?u=4864069387514 HTTP/1.1" 200 32669 "-" "Mozilla/5.0 (Linux; Android 6.0.1; Nexus 5X Build/MMB29P) AppleWebKit/537.36 (KHTML, like Gecko) Chrome/151.0.7922.173 Mobile Safari/537.36 (compatible; Googlebot/2.1; +http://www.google.com/bot.html)"
89.47.148.103 - - [27/Aug/2026:02:03:07 +0330] "GET /amazon?_rsc=1jezg HTTP/2.0" 200 20154 "https://charsooq.com/emirates?url=https://www.amazon.ae/MuscleTech-Platinum-Creatine-Monohydrate-Unflavored/dp/B0GX179S95?th=1" "Mozilla/5.0 (Windows NT 10.0; Win64; x64) AppleWebKit/537.36 (KHTML, like Gecko) Chrome/151.0.0.0 Safari/537.36"
89.47.148.103 - - [27/Aug/2026:02:03:07 +0330] "GET /32px.png HTTP/2.0" 304 0 "https://charsooq.com/amazon" "Mozilla/5.0 (Windows NT 10.0; Win64; x64) AppleWebKit/537.36 (KHTML, like Gecko) Chrome/151.0.0.0 Safari/537.36"
127.0.0.1 - - [27/Aug/2026:02:03:07 +0330] "GET /api/v2/sliders HTTP/1.1" 200 7479 "-" "node"
127.0.0.1 - - [27/Aug/2026:02:03:07 +0330] "GET /api/v1/article-page?region=amazon HTTP/1.1" 200 6910 "-" "node"
66.249.77.100 - - [27/Aug/2026:02:03:08 +0330] "GET /?u=27061286511206 HTTP/1.1" 200 32312 "-" "Mozilla/5.0 (Linux; Android 6.0.1; Nexus 5X Build/MMB29P) AppleWebKit/537.36 (KHTML, like Gecko) Chrome/151.0.7922.173 Mobile Safari/537.36 (compatible; Googlebot/2.1; +http://www.google.com/bot.html)"
127.0.0.1 - - [27/Aug/2026:02:03:08 +0330] "GET /api/v2/page-data HTTP/1.1" 200 36854 "-" "node"
89.47.148.103 - - [27/Aug/2026:02:03:09 +0330] "GET /32px.png HTTP/2.0" 304 0 "https://charsooq.com/amazon" "Mozilla/5.0 (Windows NT 10.0; Win64; x64) AppleWebKit/537.36 (KHTML, like Gecko) Chrome/151.0.0.0 Safari/537.36"
89.47.148.103 - - [27/Aug/2026:02:03:09 +0330] "GET /manifest.json HTTP/2.0" 304 0 "https://charsooq.com/amazon" "Mozilla/5.0 (Windows NT 10.0; Win64; x64) AppleWebKit/537.36 (KHTML, like Gecko) Chrome/151.0.0.0 Safari/537.36"
89.47.148.103 - - [27/Aug/2026:02:03:09 +0330] "GET /16px.png HTTP/2.0" 304 0 "https://charsooq.com/amazon" "Mozilla/5.0 (Windows NT 10.0; Win64; x64) AppleWebKit/537.36 (KHTML, like Gecko) Chrome/151.0.0.0 Safari/537.36"
66.249.77.99 - - [27/Aug/2026:02:03:10 +0330] "GET /?u=97178180206802 HTTP/1.1" 200 31812 "-" "Mozilla/5.0 (Linux; Android 6.0.1; Nexus 5X Build/MMB29P) AppleWebKit/537.36 (KHTML, like Gecko) Chrome/151.0.7922.173 Mobile Safari/537.36 (compatible; Googlebot/2.1; +http://www.google.com/bot.html)"
127.0.0.1 - - [27/Aug/2026:02:03:11 +0330] "GET /api/v2/article-show/Advantages-buying-from-Amazon HTTP/1.1" 200 122358 "-" "node"
127.0.0.1 - - [27/Aug/2026:02:03:12 +0330] "GET /api/v1/categories-amazon HTTP/1.1" 200 34199 "-" "node"
192.178.7.97 - - [27/Aug/2026:02:03:12 +0330] "GET /articles/Advantages-buying-from-Amazon HTTP/1.1" 200 106144 "-" "Mozilla/5.0 (Linux; Android 6.0.1; Nexus 5X Build/MMB29P) AppleWebKit/537.36 (KHTML, like Gecko) Chrome/151.0.7922.173 Mobile Safari/537.36 (compatible; Googlebot/2.1; +http://www.google.com/bot.html)"
37.202.131.82 - - [27/Aug/2026:02:03:16 +0330] "GET /_next/image?url=https%3A%2F%2Fpanel.charsooq.com%2Fstorage%2F01K85XJ14R02M5WX4G3RCTM11E.webp&w=640&q=75 HTTP/2.0" 200 8558 "https://charsooq.com/amazon" "Mozilla/5.0 (Windows NT 10.0; Win64; x64; rv:154.0) Gecko/20100101 Firefox/154.0"
127.0.0.1 - - [27/Aug/2026:02:03:16 +0330] "GET /storage/01K85XJ14R02M5WX4G3RCTM11E.webp HTTP/1.1" 200 39572 "-" "node"
89.47.148.103 - - [27/Aug/2026:02:03:21 +0330] "POST /api/v3/check-url HTTP/2.0" 200 234 "https://charsooq.com/" "Mozilla/5.0 (Windows NT 10.0; Win64; x64) AppleWebKit/537.36 (KHTML, like Gecko) Chrome/151.0.0.0 Safari/537.36"
89.47.148.103 - - [27/Aug/2026:02:03:22 +0330] "GET /emirates?url=https%3A%2F%2Fwww.amazon.ae%2FMuscleTech-Platinum-Creatine-Monohydrate-Unflavored%2Fdp%2FB0GX179S95%3Fth%3D1&_rsc=1cef0 HTTP/2.0" 200 20604 "https://charsooq.com/amazon" "Mozilla/5.0 (Windows NT 10.0; Win64; x64) AppleWebKit/537.36 (KHTML, like Gecko) Chrome/151.0.0.0 Safari/537.36"
127.0.0.1 - - [27/Aug/2026:02:03:22 +0330] "GET /api/v1/cart-index HTTP/1.1" 200 17477 "-" "node"
127.0.0.1 - - [27/Aug/2026:02:03:22 +0330] "GET /api/v1/article-page?region=emirates HTTP/1.1" 200 6704 "-" "node"
89.47.148.103 - - [27/Aug/2026:02:03:23 +0330] "GET /32px.png HTTP/2.0" 304 0 "https://charsooq.com/emirates?url=https://www.amazon.ae/MuscleTech-Platinum-Creatine-Monohydrate-Unflavored/dp/B0GX179S95?th=1" "Mozilla/5.0 (Windows NT 10.0; Win64; x64) AppleWebKit/537.36 (KHTML, like Gecko) Chrome/151.0.0.0 Safari/537.36"
89.47.148.103 - - [27/Aug/2026:02:03:23 +0330] "GET /manifest.json HTTP/2.0" 304 0 "https://charsooq.com/emirates?url=https://www.amazon.ae/MuscleTech-Platinum-Creatine-Monohydrate-Unflavored/dp/B0GX179S95?th=1" "Mozilla/5.0 (Windows NT 10.0; Win64; x64) AppleWebKit/537.36 (KHTML, like Gecko) Chrome/151.0.0.0 Safari/537.36"
127.0.0.1 - - [27/Aug/2026:02:03:23 +0330] "GET /storage/ HTTP/1.1" 301 169 "-" "node"
127.0.0.1 - - [27/Aug/2026:02:03:23 +0330] "GET /storage/ HTTP/1.1" 403 125 "-" "node"
89.47.148.103 - - [27/Aug/2026:02:03:23 +0330] "GET /_next/image?url=http%3A%2F%2Fpanel.charsooq.com%2Fstorage%2F&w=256&q=75 HTTP/2.0" 403 57 "https://charsooq.com/emirates?url=https://www.amazon.ae/MuscleTech-Platinum-Creatine-Monohydrate-Unflavored/dp/B0GX179S95?th=1" "Mozilla/5.0 (Windows NT 10.0; Win64; x64) AppleWebKit/537.36 (KHTML, like Gecko) Chrome/151.0.0.0 Safari/537.36"
89.47.148.103 - - [27/Aug/2026:02:03:23 +0330] "GET /16px.png HTTP/2.0" 304 0 "https://charsooq.com/emirates?url=https://www.amazon.ae/MuscleTech-Platinum-Creatine-Monohydrate-Unflavored/dp/B0GX179S95?th=1" "Mozilla/5.0 (Windows NT 10.0; Win64; x64) AppleWebKit/537.36 (KHTML, like Gecko) Chrome/151.0.0.0 Safari/537.36"
66.249.77.99 - - [27/Aug/2026:02:03:26 +0330] "GET /?u=3354726467105 HTTP/1.1" 200 33238 "-" "Mozilla/5.0 (Linux; Android 6.0.1; Nexus 5X Build/MMB29P) AppleWebKit/537.36 (KHTML, like Gecko) Chrome/151.0.7922.173 Mobile Safari/537.36 (compatible; Googlebot/2.1; +http://www.google.com/bot.html)"
127.0.0.1 - - [27/Aug/2026:02:03:34 +0330] "GET /api/v1/categories-amazon HTTP/1.1" 200 34199 "-" "node"
172.16.20.25 - - [27/Aug/2026:02:03:34 +0330] "GET / HTTP/1.1" 200 338470 "-" "Mozilla/5.0 (compatible; PRTG Network Monitor (www.paessler.com); Windows)"
89.47.148.103 - - [27/Aug/2026:02:03:36 +0330] "POST /api/v1/calculator-show HTTP/2.0" 200 355 "https://charsooq.com/" "Mozilla/5.0 (Windows NT 10.0; Win64; x64) AppleWebKit/537.36 (KHTML, like Gecko) Chrome/151.0.0.0 Safari/537.36"
127.0.0.1 - - [27/Aug/2026:02:03:36 +0330] "GET /api/v3/product-show/amz-B00D2I503O?amazon_region=undefined HTTP/1.1" 301 169 "-" "node"
127.0.0.1 - - [27/Aug/2026:02:03:36 +0330] "GET /api/v3/product-show/amz-B00D2I503O?amazon_region= HTTP/1.1" 301 169 "-" "node"
127.0.0.1 - - [27/Aug/2026:02:03:37 +0330] "GET /api/v3/product-show/amz-B00D2I503O?amazon_region= HTTP/1.1" 200 10587 "-" "node"
127.0.0.1 - - [27/Aug/2026:02:03:37 +0330] "GET /api/v3/product-show/amz-B00D2I503O?amazon_region=undefined HTTP/1.1" 200 10594 "-" "node"
127.0.0.1 - - [27/Aug/2026:02:03:37 +0330] "GET /api/v1/categories-amazon HTTP/1.1" 200 34199 "-" "node"
189.6.214.69 - - [27/Aug/2026:02:03:37 +0330] "GET /product/amz-B00D2I503O/mugler-alien-eau-de-parfum-womens-perfume-floral-woody-with-jasmine-wood-and-amber-long-lasting-fragrance HTTP/2.0" 200 105037 "https://charsooq.com" "Mozilla/5.0 (Windows NT 10.0; Win64; x64) AppleWebKit/537.36 (KHTML, like Gecko) Chrome/144.0.0.0 Safari/537.36"
127.0.0.1 - - [27/Aug/2026:02:03:39 +0330] "GET /api/v2/article-show/5-tools-for-people-who-need-a-good-night's-sleep HTTP/1.1" 200 37842 "-" "node"
127.0.0.1 - - [27/Aug/2026:02:03:40 +0330] "GET /api/v1/categories-amazon HTTP/1.1" 200 34230 "-" "node"
152.230.120.234 - - [27/Aug/2026:02:03:40 +0330] "GET /articles/5-tools-for-people-who-need-a-good-night%27s-sleep HTTP/2.0" 200 95207 "https://charsooq.com" "Mozilla/5.0 (Macintosh; Intel Mac OS X 10_15_7) AppleWebKit/537.36 (KHTML, like Gecko) Chrome/145.0.0.0 Safari/537.36"
127.0.0.1 - - [27/Aug/2026:02:03:52 +0330] "GET /storage/01JSPFB8FDBZFJ0BTHD56QES8Y.webp HTTP/1.1" 200 98426 "-" "node"
91.133.188.122 - - [27/Aug/2026:02:03:52 +0330] "GET /_next/image?url=https%3A%2F%2Fpanel.charsooq.com%2Fstorage%2F01JSPFB8FDBZFJ0BTHD56QES8Y.webp&w=3840&q=75 HTTP/2.0" 200 65844 "https://www.google.com/" "Mozilla/5.0 (Linux; Android 13; SM-A325F Build/TP1A.220624.014; wv) AppleWebKit/537.36 (KHTML, like Gecko) Version/4.0 Chrome/151.0.7922.170 Mobile Safari/537.36 GoogleApp/17.0.4.ve.arm"
23.191.200.67 - - [27/Aug/2026:02:03:56 +0330] "GET /excelorder.html HTTP/1.1" 200 73989 "-" "Mozilla/5.0 (compatible; MSIE 10.0; Windows NT 6.1; Trident/6.0)"
89.47.148.103 - - [27/Aug/2026:02:04:09 +0330] "GET /amazon?_rsc=1jezg HTTP/2.0" 200 20153 "https://charsooq.com/emirates?url=https://www.amazon.ae/MuscleTech-Platinum-Creatine-Monohydrate-Unflavored/dp/B0GX179S95?th=1" "Mozilla/5.0 (Windows NT 10.0; Win64; x64) AppleWebKit/537.36 (KHTML, like Gecko) Chrome/151.0.0.0 Safari/537.36"
89.47.148.103 - - [27/Aug/2026:02:04:09 +0330] "GET /32px.png HTTP/2.0" 304 0 "https://charsooq.com/amazon" "Mozilla/5.0 (Windows NT 10.0; Win64; x64) AppleWebKit/537.36 (KHTML, like Gecko) Chrome/151.0.0.0 Safari/537.36"
127.0.0.1 - - [27/Aug/2026:02:04:09 +0330] "GET /api/v2/sliders HTTP/1.1" 200 7479 "-" "node"
127.0.0.1 - - [27/Aug/2026:02:04:09 +0330] "GET /api/v1/article-page?region=amazon HTTP/1.1" 200 6910 "-" "node"
89.47.148.103 - - [27/Aug/2026:02:04:10 +0330] "GET /32px.png HTTP/2.0" 304 0 "https://charsooq.com/amazon" "Mozilla/5.0 (Windows NT 10.0; Win64; x64) AppleWebKit/537.36 (KHTML, like Gecko) Chrome/151.0.0.0 Safari/537.36"
89.47.148.103 - - [27/Aug/2026:02:04:10 +0330] "GET /manifest.json HTTP/2.0" 304 0 "https://charsooq.com/amazon" "Mozilla/5.0 (Windows NT 10.0; Win64; x64) AppleWebKit/537.36 (KHTML, like Gecko) Chrome/151.0.0.0 Safari/537.36"
89.47.148.103 - - [27/Aug/2026:02:04:10 +0330] "GET /16px.png HTTP/2.0" 304 0 "https://charsooq.com/amazon" "Mozilla/5.0 (Windows NT 10.0; Win64; x64) AppleWebKit/537.36 (KHTML, like Gecko) Chrome/151.0.0.0 Safari/537.36"
127.0.0.1 - - [27/Aug/2026:02:04:11 +0330] "GET /api/v2/page-data HTTP/1.1" 200 36854 "-" "node"
23.191.200.40 - - [27/Aug/2026:02:04:14 +0330] "GET /excelorder.html HTTP/1.1" 200 73989 "-" "Mozilla/5.0 (compatible; MSIE 10.0; Windows NT 6.1; Trident/6.0)"
66.249.77.100 - - [27/Aug/2026:02:04:15 +0330] "GET /?u=77250101800004 HTTP/1.1" 200 32596 "-" "Mozilla/5.0 (Linux; Android 6.0.1; Nexus 5X Build/MMB29P) AppleWebKit/537.36 (KHTML, like Gecko) Chrome/151.0.7922.173 Mobile Safari/537.36 (compatible; Googlebot/2.1; +http://www.google.com/bot.html)"
127.0.0.1 - - [27/Aug/2026:02:04:18 +0330] "GET /api/v1/show-products-offers/StPetersburgWatercolor48ColorsWoodenBox HTTP/1.1" 301 169 "-" "node"
127.0.0.1 - - [27/Aug/2026:02:04:18 +0330] "GET /api/v1/show-products-offers/RondoBasicMarkerSet36Colors HTTP/1.1" 301 169 "-" "node"
127.0.0.1 - - [27/Aug/2026:02:04:18 +0330] "GET /api/v1/show-products-offers/Evolution14Grip HTTP/1.1" 301 169 "-" "node"
127.0.0.1 - - [27/Aug/2026:02:04:18 +0330] "GET /api/v1/show-products-offers/RondoBasicMarkerSet36Colors HTTP/1.1" 200 4299 "-" "node"
127.0.0.1 - - [27/Aug/2026:02:04:18 +0330] "GET /api/v1/show-products-offers/Evolution14Grip HTTP/1.1" 200 3036 "-" "node"
37.202.131.82 - - [27/Aug/2026:02:04:18 +0330] "GET /products/RondoBasicMarkerSet36Colors/%D9%85%D8%A7%DA%98%DB%8C%DA%A9-%D8%B1%D8%A7%D9%86%D8%AF%D9%88-%D8%A8%DB%8C%D8%B3%DB%8C%DA%A9-%D8%B3%D8%AA-36-%D8%B1%D9%86%DA%AF?_rsc=15hze HTTP/2.0" 200 2278 "https://charsooq.com/amazon" "Mozilla/5.0 (Windows NT 10.0; Win64; x64; rv:154.0) Gecko/20100101 Firefox/154.0"
127.0.0.1 - - [27/Aug/2026:02:04:18 +0330] "GET /api/v1/show-products-offers/StPetersburgWatercolor48ColorsWoodenBox HTTP/1.1" 200 4458 "-" "node"
37.202.131.82 - - [27/Aug/2026:02:04:18 +0330] "GET /products/Evolution14Grip/%DA%86%D8%A7%D9%82%D9%88-%D9%88%DB%8C%DA%A9%D8%AA%D9%88%D8%B1%DB%8C%D9%86%D9%88%DA%A9%D8%B3?_rsc=15hze HTTP/2.0" 200 2221 "https://charsooq.com/amazon" "Mozilla/5.0 (Windows NT 10.0; Win64; x64; rv:154.0) Gecko/20100101 Firefox/154.0"
37.202.131.82 - - [27/Aug/2026:02:04:18 +0330] "GET /products/StPetersburgWatercolor48ColorsWoodenBox/%D8%A2%D8%A8%D8%B1%D9%86%DA%AF-%D8%B3%D9%86-%D9%BE%D8%AA%D8%B1%D8%B2%D8%A8%D9%88%D8%B1%DA%AF-%DB%B4%DB%B8-%D8%B1%D9%86%DA%AF-%D8%AC%D8%B9%D8%A8%D9%87-%DA%86%D9%88%D8%A8%DB%8C?_rsc=15hze HTTP/2.0" 200 2332 "https://charsooq.com/amazon" "Mozilla/5.0 (Windows NT 10.0; Win64; x64; rv:154.0) Gecko/20100101 Firefox/154.0"
89.47.148.103 - - [27/Aug/2026:02:04:18 +0330] "POST /api/v3/check-url HTTP/2.0" 200 396 "https://charsooq.com/" "Mozilla/5.0 (Windows NT 10.0; Win64; x64) AppleWebKit/537.36 (KHTML, like Gecko) Chrome/151.0.0.0 Safari/537.36"
127.0.0.1 - - [27/Aug/2026:02:04:18 +0330] "GET /api/v3/product-show/amz-B098QJF9QQ?amazon_region= HTTP/1.1" 301 169 "-" "node"
127.0.0.1 - - [27/Aug/2026:02:04:18 +0330] "GET /api/v3/product-show/amz-B00BEG9QXG?amazon_region= HTTP/1.1" 301 169 "-" "node"
127.0.0.1 - - [27/Aug/2026:02:04:18 +0330] "GET /api/v3/product-show/amz-B00NETKGB2?amazon_region= HTTP/1.1" 301 169 "-" "node"
127.0.0.1 - - [27/Aug/2026:02:04:18 +0330] "GET /api/v3/product-show/amz-B00GZP041Y?amazon_region= HTTP/1.1" 301 169 "-" "node"
127.0.0.1 - - [27/Aug/2026:02:04:18 +0330] "GET /api/v3/product-show/amz-B00NETKGB2?amazon_region= HTTP/1.1" 200 68943 "-" "node"
127.0.0.1 - - [27/Aug/2026:02:04:18 +0330] "GET /api/v3/product-show/amz-B00BEG9QXG?amazon_region= HTTP/1.1" 200 59296 "-" "node"
37.202.131.82 - - [27/Aug/2026:02:04:19 +0330] "GET /product/amz-B00BEG9QXG/giorgio-armani-acqua-di-gioia-eau-de-parfum-17-fl-oz?_rsc=15hze HTTP/2.0" 200 4435 "https://charsooq.com/amazon" "Mozilla/5.0 (Windows NT 10.0; Win64; x64; rv:154.0) Gecko/20100101 Firefox/154.0"
37.202.131.82 - - [27/Aug/2026:02:04:19 +0330] "GET /product/amz-B00NETKGB2/jo-malone-wood-sage-sea-salt-cologne-spray-for-women-1-ounce?_rsc=15hze HTTP/2.0" 200 4638 "https://charsooq.com/amazon" "Mozilla/5.0 (Windows NT 10.0; Win64; x64; rv:154.0) Gecko/20100101 Firefox/154.0"
127.0.0.1 - - [27/Aug/2026:02:04:19 +0330] "GET /api/v3/product-show/amz-B00GZP041Y?amazon_region= HTTP/1.1" 200 63103 "-" "node"
37.202.131.82 - - [27/Aug/2026:02:04:19 +0330] "GET /product/amz-B00GZP041Y/versace-bright-crystal-absolu-eau-de-perfume-spray-30-ounce?_rsc=15hze HTTP/2.0" 200 4478 "https://charsooq.com/amazon" "Mozilla/5.0 (Windows NT 10.0; Win64; x64; rv:154.0) Gecko/20100101 Firefox/154.0"
127.0.0.1 - - [27/Aug/2026:02:04:19 +0330] "GET /api/v3/product-show/amz-B098QJF9QQ?amazon_region= HTTP/1.1" 200 15408 "-" "node"
37.202.131.82 - - [27/Aug/2026:02:04:19 +0330] "GET /product/amz-B098QJF9QQ/nike-boys-tennis-little-kids-shoes-36-eu?_rsc=15hze HTTP/2.0" 200 2760 "https://charsooq.com/amazon" "Mozilla/5.0 (Windows NT 10.0; Win64; x64; rv:154.0) Gecko/20100101 Firefox/154.0"
127.0.0.1 - - [27/Aug/2026:02:04:19 +0330] "GET /api/v3/product-show/amz-B00IUHNCIW?amazon_region=usa-amazon HTTP/1.1" 301 169 "-" "node"
127.0.0.1 - - [27/Aug/2026:02:04:19 +0330] "GET /api/v3/product-show/amz-B00IUHNCIW?amazon_region= HTTP/1.1" 301 169 "-" "node"
127.0.0.1 - - [27/Aug/2026:02:04:19 +0330] "GET /api/v3/product-show/amz-B00IUHNCIW?amazon_region= HTTP/1.1" 200 14015 "-" "node"
127.0.0.1 - - [27/Aug/2026:02:04:19 +0330] "GET /api/v3/product-show/amz-B00IUHNCIW?amazon_region=usa-amazon HTTP/1.1" 200 14029 "-" "node"
89.47.148.103 - - [27/Aug/2026:02:04:19 +0330] "GET /product/amz-B00IUHNCIW/creatine-monohydrate-powder-muscletech-platinum-pure-micronized-muscle-recovery-builder-for-men-women-workout-supplements-unflavored-80-servings?amazon-region=usa-amazon&_rsc=1cef0 HTTP/2.0" 200 15246 "https://charsooq.com/amazon" "Mozilla/5.0 (Windows NT 10.0; Win64; x64) AppleWebKit/537.36 (KHTML, like Gecko) Chrome/151.0.0.0 Safari/537.36"
89.47.148.103 - - [27/Aug/2026:02:04:20 +0330] "GET /_next/static/chunks/9496-511d5e04493bb6c9.js HTTP/2.0" 200 18435 "https://charsooq.com/amazon" "Mozilla/5.0 (Windows NT 10.0; Win64; x64) AppleWebKit/537.36 (KHTML, like Gecko) Chrome/151.0.0.0 Safari/537.36"
89.47.148.103 - - [27/Aug/2026:02:04:20 +0330] "GET /_next/static/chunks/6477-32e18fbecea10db7.js HTTP/2.0" 200 20263 "https://charsooq.com/amazon" "Mozilla/5.0 (Windows NT 10.0; Win64; x64) AppleWebKit/537.36 (KHTML, like Gecko) Chrome/151.0.0.0 Safari/537.36"
89.47.148.103 - - [27/Aug/2026:02:04:20 +0330] "GET /_next/static/css/aacc7ef42b2356a7.css HTTP/2.0" 200 716 "https://charsooq.com/amazon" "Mozilla/5.0 (Windows NT 10.0; Win64; x64) AppleWebKit/537.36 (KHTML, like Gecko) Chrome/151.0.0.0 Safari/537.36"
89.47.148.103 - - [27/Aug/2026:02:04:20 +0330] "GET /_next/static/chunks/5176-ee004c1792da33da.js HTTP/2.0" 200 7144 "https://charsooq.com/amazon" "Mozilla/5.0 (Windows NT 10.0; Win64; x64) AppleWebKit/537.36 (KHTML, like Gecko) Chrome/151.0.0.0 Safari/537.36"
89.47.148.103 - - [27/Aug/2026:02:04:20 +0330] "GET /_next/static/chunks/2429-dce83281d9dba3e1.js HTTP/2.0" 200 3524 "https://charsooq.com/amazon" "Mozilla/5.0 (Windows NT 10.0; Win64; x64) AppleWebKit/537.36 (KHTML, like Gecko) Chrome/151.0.0.0 Safari/537.36"
89.47.148.103 - - [27/Aug/2026:02:04:20 +0330] "GET /_next/static/chunks/1562-6ee80329b07bb1a9.js HTTP/2.0" 200 4306 "https://charsooq.com/amazon" "Mozilla/5.0 (Windows NT 10.0; Win64; x64) AppleWebKit/537.36 (KHTML, like Gecko) Chrome/151.0.0.0 Safari/537.36"
89.47.148.103 - - [27/Aug/2026:02:04:20 +0330] "GET /32px.png HTTP/2.0" 304 0 "https://charsooq.com/product/amz-B00IUHNCIW/creatine-monohydrate-powder-muscletech-platinum-pure-micronized-muscle-recovery-builder-for-men-women-workout-supplements-unflavored-80-servings?amazon-region=usa-amazon" "Mozilla/5.0 (Windows NT 10.0; Win64; x64) AppleWebKit/537.36 (KHTML, like Gecko) Chrome/151.0.0.0 Safari/537.36"
89.47.148.103 - - [27/Aug/2026:02:04:20 +0330] "GET /manifest.json HTTP/2.0" 304 0 "https://charsooq.com/product/amz-B00IUHNCIW/creatine-monohydrate-powder-muscletech-platinum-pure-micronized-muscle-recovery-builder-for-men-women-workout-supplements-unflavored-80-servings?amazon-region=usa-amazon" "Mozilla/5.0 (Windows NT 10.0; Win64; x64) AppleWebKit/537.36 (KHTML, like Gecko) Chrome/151.0.0.0 Safari/537.36"
89.47.148.103 - - [27/Aug/2026:02:04:20 +0330] "GET /_next/static/chunks/3570-a2ad5dfcad216f8e.js HTTP/2.0" 200 6218 "https://charsooq.com/amazon" "Mozilla/5.0 (Windows NT 10.0; Win64; x64) AppleWebKit/537.36 (KHTML, like Gecko) Chrome/151.0.0.0 Safari/537.36"
89.47.148.103 - - [27/Aug/2026:02:04:20 +0330] "GET /_next/static/chunks/app/product/%5B...productSlug%5D/page-648f7cde64adfa9b.js HTTP/2.0" 200 14866 "https://charsooq.com/amazon" "Mozilla/5.0 (Windows NT 10.0; Win64; x64) AppleWebKit/537.36 (KHTML, like Gecko) Chrome/151.0.0.0 Safari/537.36"
89.47.148.103 - - [27/Aug/2026:02:04:21 +0330] "GET /16px.png HTTP/2.0" 304 0 "https://charsooq.com/product/amz-B00IUHNCIW/creatine-monohydrate-powder-muscletech-platinum-pure-micronized-muscle-recovery-builder-for-men-women-workout-supplements-unflavored-80-servings?amazon-region=usa-amazon" "Mozilla/5.0 (Windows NT 10.0; Win64; x64) AppleWebKit/537.36 (KHTML, like Gecko) Chrome/151.0.0.0 Safari/537.36"
89.47.148.103 - - [27/Aug/2026:02:04:21 +0330] "GET /_next/static/css/89c525ac1f9c2b21.css HTTP/2.0" 200 1518 "https://charsooq.com/product/amz-B00IUHNCIW/creatine-monohydrate-powder-muscletech-platinum-pure-micronized-muscle-recovery-builder-for-men-women-workout-supplements-unflavored-80-servings?amazon-region=usa-amazon" "Mozilla/5.0 (Windows NT 10.0; Win64; x64) AppleWebKit/537.36 (KHTML, like Gecko) Chrome/151.0.0.0 Safari/537.36"
89.47.148.103 - - [27/Aug/2026:02:04:21 +0330] "GET /_next/static/css/a3ea09f254e74c9c.css HTTP/2.0" 200 2012 "https://charsooq.com/product/amz-B00IUHNCIW/creatine-monohydrate-powder-muscletech-platinum-pure-micronized-muscle-recovery-builder-for-men-women-workout-supplements-unflavored-80-servings?amazon-region=usa-amazon" "Mozilla/5.0 (Windows NT 10.0; Win64; x64) AppleWebKit/537.36 (KHTML, like Gecko) Chrome/151.0.0.0 Safari/537.36"
127.0.0.1 - - [27/Aug/2026:02:04:21 +0330] "GET /api/v1/show-products-offers/TrekkerIIcap HTTP/1.1" 301 169 "-" "node"
127.0.0.1 - - [27/Aug/2026:02:04:21 +0330] "GET /api/v1/show-products-offers/TrekkerIIcap HTTP/1.1" 200 3238 "-" "node"
37.202.131.82 - - [27/Aug/2026:02:04:21 +0330] "GET /products/TrekkerIIcap/%DA%A9%D9%84%D8%A7%D9%87-%D8%A2%D9%81%D8%AA%D8%A7%D8%A8%DB%8C-%D9%85%DB%8C%D9%84%D8%AA?_rsc=15hze HTTP/2.0" 200 2159 "https://charsooq.com/amazon" "Mozilla/5.0 (Windows NT 10.0; Win64; x64; rv:154.0) Gecko/20100101 Firefox/154.0"
