45.148.10.238 - - [27/Aug/2026:01:29:28 +0330] "GET /.env.test.localapi/.env HTTP/1.1" 403 187 "http://185.215.124.174/.env.test.localapi/.env" "Mozlila/5.0 (Linux; Android 7.0; SM-G892A Bulid/NRD90M; wv) AppleWebKit/537.36 (KHTML, like Gecko) Version/4.0 Chrome/60.0.3112.107 Moblie Safari/537.36"
45.148.10.238 - - [27/Aug/2026:01:29:28 +0330] "GET /cd49e28e-96d2-422d-8ff2-d494629a9c73.html HTTP/1.1" 301 169 "-" "Mozilla/5.0 (X11; Linux x86_64; rv:134.0) Gecko/20100101 Firefox/134.0"
45.148.10.238 - - [27/Aug/2026:01:29:28 +0330] "GET /.envs HTTP/1.1" 403 125 "http://185.215.124.174/.envs" "Mozilla/5.0 (Macintosh; Intel Mac OS X 10_15_7) AppleWebKit/605.1.15 (KHTML, like Gecko) Version/18.2 Safari/605.1.15"
45.148.10.238 - - [27/Aug/2026:01:29:28 +0330] "GET /bc3b38fd-83b1-46b5-8aa8-9b3bf1c79493.html HTTP/1.1" 301 169 "-" "Mozilla/5.0 (Windows NT 10.0; Win64; x64) AppleWebKit/537.36 (KHTML, like Gecko) Chrome/131.0.0.0 Safari/537.36"
45.148.10.238 - - [27/Aug/2026:01:29:28 +0330] "GET /core/.env?v=khVHC HTTP/1.1" 301 169 "-" "Mozlila/5.0 (Linux; Android 7.0; SM-G892A Bulid/NRD90M; wv) AppleWebKit/537.36 (KHTML, like Gecko) Version/4.0 Chrome/60.0.3112.107 Moblie Safari/537.36"
45.148.10.238 - - [27/Aug/2026:01:29:28 +0330] "GET /wp-config.old HTTP/1.1" 404 2312 "http://185.215.124.174/wp-config.old" "Mozilla/5.0 (iPhone; CPU iPhone OS 18_2 like Mac OS X) AppleWebKit/605.1.15 (KHTML, like Gecko) Version/18.2 Mobile/15E148 Safari/605.1.15"
45.148.10.238 - - [27/Aug/2026:01:29:28 +0330] "GET /.env.docker.dev?v=zniXd HTTP/1.1" 301 169 "-" "Mozilla/5.0 (X11; Linux x86_64) AppleWebKit/537.36 (KHTML, like Gecko) Chrome/131.0.0.0 Safari/537.36"
45.148.10.238 - - [27/Aug/2026:01:29:28 +0330] "GET /0c6d1c2f-1b16-4e9b-80bc-dd72f3504763.html HTTP/1.1" 301 169 "-" "Mozilla/5.0 (X11; Linux x86_64; rv:134.0) Gecko/20100101 Firefox/134.0"
45.148.10.238 - - [27/Aug/2026:01:29:28 +0330] "GET /env HTTP/1.1" 404 2312 "http://185.215.124.174/env" "Mozilla/5.0 (Linux; Android 14; SM-S928B) AppleWebKit/537.36 (KHTML, like Gecko) Chrome/131.0.0.0 Mobile Safari/537.36"
45.148.10.238 - - [27/Aug/2026:01:29:28 +0330] "GET /alpha/.env HTTP/1.1" 403 125 "http://185.215.124.174/alpha/.env" "Mozilla/5.0 (X11; Linux x86_64; rv:134.0) Gecko/20100101 Firefox/134.0"
45.148.10.238 - - [27/Aug/2026:01:29:28 +0330] "GET /env.prod HTTP/1.1" 404 2312 "http://185.215.124.174/env.prod" "Mozilla/5.0 (X11; Linux x86_64) AppleWebKit/537.36 (KHTML, like Gecko) Chrome/131.0.0.0 Safari/537.36"
45.148.10.238 - - [27/Aug/2026:01:29:28 +0330] "GET /app/frontend/.env HTTP/1.1" 403 187 "http://185.215.124.174/app/frontend/.env" "Mozilla/5.0 (Linux; Android 14; SM-S928B) AppleWebKit/537.36 (KHTML, like Gecko) Chrome/131.0.0.0 Mobile Safari/537.36"
45.148.10.238 - - [27/Aug/2026:01:29:28 +0330] "GET /anaconda/.env HTTP/1.1" 403 187 "http://185.215.124.174/anaconda/.env" "Mozilla/5.0 (X11; Linux x86_64) AppleWebKit/537.36 (KHTML, like Gecko) Chrome/131.0.0.0 Safari/537.36"
45.148.10.238 - - [27/Aug/2026:01:29:28 +0330] "GET /.envs?v=EF1km HTTP/1.1" 301 169 "-" "Mozilla/5.0 (Macintosh; Intel Mac OS X 10_15_7) AppleWebKit/537.36 (KHTML, like Gecko) Chrome/131.0.0.0 Safari/537.36"
45.148.10.238 - - [27/Aug/2026:01:29:28 +0330] "GET /api/config.env HTTP/1.1" 404 2312 "http://185.215.124.174/api/config.env" "Mozilla/5.0 (Windows NT 10.0; Win64; x64; rv:134.0) Gecko/20100101 Firefox/134.0"
45.148.10.238 - - [27/Aug/2026:01:29:28 +0330] "GET /.env.server?v=c8oXL HTTP/1.1" 403 187 "http://185.215.124.174/.env.server?v=c8oXL" "Mozilla/5.0 (Windows NT 10.0; Win64; x64) AppleWebKit/537.36 (KHTML, like Gecko) Chrome/131.0.0.0 Safari/537.36"
45.148.10.238 - - [27/Aug/2026:01:29:28 +0330] "GET /api/shared/.env HTTP/1.1" 403 187 "http://185.215.124.174/api/shared/.env" "Mozilla/5.0 (Linux; Android 14; SM-S928B) AppleWebKit/537.36 (KHTML, like Gecko) Chrome/131.0.0.0 Mobile Safari/537.36"
45.148.10.238 - - [27/Aug/2026:01:29:28 +0330] "GET /26be929d-d095-448e-a799-8ead68c0e2f1.html HTTP/1.1" 301 169 "-" "Mozilla/5.0 (Windows NT 10.0; Win64; x64) AppleWebKit/537.36 (KHTML, like Gecko) Chrome/131.0.0.0 Safari/537.36 Edg/131.0.0.0"
45.148.10.238 - - [27/Aug/2026:01:29:28 +0330] "GET /app/frontend/.env?v=ih4vP HTTP/1.1" 301 169 "-" "Mozlila/5.0 (Linux; Android 7.0; SM-G892A Bulid/NRD90M; wv) AppleWebKit/537.36 (KHTML, like Gecko) Version/4.0 Chrome/60.0.3112.107 Moblie Safari/537.36"
45.148.10.238 - - [27/Aug/2026:01:29:28 +0330] "GET /aws-config.json HTTP/1.1" 404 2312 "http://185.215.124.174/aws-config.json" "Mozilla/5.0 (Macintosh; Intel Mac OS X 10_15_7) AppleWebKit/537.36 (KHTML, like Gecko) Chrome/131.0.0.0 Safari/537.36"
45.148.10.238 - - [27/Aug/2026:01:29:28 +0330] "GET /configs.json.bak HTTP/1.1" 404 2312 "http://185.215.124.174/configs.json.bak" "Mozilla/5.0 (Macintosh; Intel Mac OS X 10_15_7) AppleWebKit/605.1.15 (KHTML, like Gecko) Version/18.2 Safari/605.1.15"
45.148.10.238 - - [27/Aug/2026:01:29:28 +0330] "GET /aws_config.json HTTP/1.1" 404 2312 "http://185.215.124.174/aws_config.json" "Mozilla/5.0 (X11; Linux x86_64) AppleWebKit/537.36 (KHTML, like Gecko) Chrome/131.0.0.0 Safari/537.36"
45.148.10.238 - - [27/Aug/2026:01:29:28 +0330] "GET /constants.py HTTP/1.1" 404 2312 "http://185.215.124.174/constants.py" "Mozilla/5.0 (iPhone; CPU iPhone OS 18_2 like Mac OS X) AppleWebKit/605.1.15 (KHTML, like Gecko) Version/18.2 Mobile/15E148 Safari/605.1.15"
45.148.10.238 - - [27/Aug/2026:01:29:28 +0330] "GET /9ce78ef5-ec88-4594-a54e-eaf19e5b8eb1.html HTTP/1.1" 301 169 "-" "Mozilla/5.0 (Windows NT 10.0; Win64; x64) AppleWebKit/537.36 (KHTML, like Gecko) Chrome/131.0.0.0 Safari/537.36"
45.148.10.238 - - [27/Aug/2026:01:29:28 +0330] "GET /%6d%61%69%6c.%70%68%70?v=gUT96 HTTP/1.1" 404 47 "http://185.215.124.174/%6d%61%69%6c.%70%68%70?v=gUT96" "Mozilla/5.0 (X11; Linux x86_64; rv:134.0) Gecko/20100101 Firefox/134.0"
45.148.10.238 - - [27/Aug/2026:01:29:28 +0330] "GET /87afc2d6-5464-4099-8756-8157afd3c96d.html HTTP/1.1" 404 2312 "http://185.215.124.174/87afc2d6-5464-4099-8756-8157afd3c96d.html" "Mozilla/5.0 (Macintosh; Intel Mac OS X 10_15_7) AppleWebKit/605.1.15 (KHTML, like Gecko) Version/18.2 Safari/605.1.15"
45.148.10.238 - - [27/Aug/2026:01:29:28 +0330] "GET /bitbucket-pipelines.yml HTTP/1.1" 404 2312 "http://185.215.124.174/bitbucket-pipelines.yml" "Mozilla/5.0 (iPhone; CPU iPhone OS 18_2 like Mac OS X) AppleWebKit/605.1.15 (KHTML, like Gecko) Version/18.2 Mobile/15E148 Safari/605.1.15"
45.148.10.238 - - [27/Aug/2026:01:29:28 +0330] "GET /4c566544-fcc2-4cf1-9fbe-5a08bab4789b.html HTTP/1.1" 301 169 "-" "Mozilla/5.0 (Windows NT 10.0; Win64; x64) AppleWebKit/537.36 (KHTML, like Gecko) Chrome/131.0.0.0 Safari/537.36"
45.148.10.238 - - [27/Aug/2026:01:29:28 +0330] "GET /bc3b38fd-83b1-46b5-8aa8-9b3bf1c79493.html HTTP/1.1" 404 2312 "http://185.215.124.174/bc3b38fd-83b1-46b5-8aa8-9b3bf1c79493.html" "Mozilla/5.0 (Windows NT 10.0; Win64; x64) AppleWebKit/537.36 (KHTML, like Gecko) Chrome/131.0.0.0 Safari/537.36"
45.148.10.238 - - [27/Aug/2026:01:29:28 +0330] "GET /core/.env?v=khVHC HTTP/1.1" 403 187 "http://185.215.124.174/core/.env?v=khVHC" "Mozlila/5.0 (Linux; Android 7.0; SM-G892A Bulid/NRD90M; wv) AppleWebKit/537.36 (KHTML, like Gecko) Version/4.0 Chrome/60.0.3112.107 Moblie Safari/537.36"
45.148.10.238 - - [27/Aug/2026:01:29:28 +0330] "GET /0c6d1c2f-1b16-4e9b-80bc-dd72f3504763.html HTTP/1.1" 404 2312 "http://185.215.124.174/0c6d1c2f-1b16-4e9b-80bc-dd72f3504763.html" "Mozilla/5.0 (X11; Linux x86_64; rv:134.0) Gecko/20100101 Firefox/134.0"
45.148.10.238 - - [27/Aug/2026:01:29:28 +0330] "GET /26be929d-d095-448e-a799-8ead68c0e2f1.html HTTP/1.1" 404 2312 "http://185.215.124.174/26be929d-d095-448e-a799-8ead68c0e2f1.html" "Mozilla/5.0 (Windows NT 10.0; Win64; x64) AppleWebKit/537.36 (KHTML, like Gecko) Chrome/131.0.0.0 Safari/537.36 Edg/131.0.0.0"
45.148.10.238 - - [27/Aug/2026:01:29:28 +0330] "GET /%00mail.php HTTP/1.1" 400 157 "-" "-"
45.148.10.238 - - [27/Aug/2026:01:29:28 +0330] "GET /9ce78ef5-ec88-4594-a54e-eaf19e5b8eb1.html HTTP/1.1" 404 2312 "http://185.215.124.174/9ce78ef5-ec88-4594-a54e-eaf19e5b8eb1.html" "Mozilla/5.0 (Windows NT 10.0; Win64; x64) AppleWebKit/537.36 (KHTML, like Gecko) Chrome/131.0.0.0 Safari/537.36"
127.0.0.1 - - [27/Aug/2026:01:29:31 +0330] "GET /api/v1/show-products-offers/Babycamera HTTP/1.1" 301 169 "-" "node"
127.0.0.1 - - [27/Aug/2026:01:29:31 +0330] "GET /api/v1/show-products-offers/Babycamera HTTP/1.1" 200 1444 "-" "node"
2.147.138.23 - - [27/Aug/2026:01:29:31 +0330] "GET /products/Babycamera/%D8%AF%D9%88%D8%B1%D8%A8%DB%8C%D9%86-%D8%B9%DA%A9%D8%A7%D8%B3%DB%8C-%DA%A9%D9%88%D8%AF%DA%A9?_rsc=19zvn HTTP/2.0" 200 2168 "https://charsooq.com/" "Mozilla/5.0 (Linux; Android 10; K) AppleWebKit/537.36 (KHTML, like Gecko) Chrome/150.0.0.0 Mobile Safari/537.36"
2.147.138.23 - - [27/Aug/2026:01:29:31 +0330] "GET /_next/image?url=https%3A%2F%2Fpanel.charsooq.com%2Fstorage%2F01K86AE67CD768YVCX06C4MFGY.jpg&w=640&q=75 HTTP/2.0" 200 40654 "https://charsooq.com/" "Mozilla/5.0 (Linux; Android 10; K) AppleWebKit/537.36 (KHTML, like Gecko) Chrome/150.0.0.0 Mobile Safari/537.36"
127.0.0.1 - - [27/Aug/2026:01:29:31 +0330] "GET /storage/01K86AE67CD768YVCX06C4MFGY.jpg HTTP/1.1" 200 102485 "-" "node"
2.147.138.23 - - [27/Aug/2026:01:29:32 +0330] "GET /amazon/products?page=1&category=beauty-personal-care-fragrance&_rsc=19zvn HTTP/2.0" 200 1543 "https://charsooq.com/" "Mozilla/5.0 (Linux; Android 10; K) AppleWebKit/537.36 (KHTML, like Gecko) Chrome/150.0.0.0 Mobile Safari/537.36"
45.148.10.238 - - [27/Aug/2026:01:29:34 +0330] "GET /.aws/credentials.bak HTTP/1.1" 301 169 "-" "Mozilla/5.0 (Macintosh; Intel Mac OS X 10_15_7) AppleWebKit/605.1.15 (KHTML, like Gecko) Version/18.2 Safari/605.1.15"
45.148.10.238 - - [27/Aug/2026:01:29:34 +0330] "GET /.env.www HTTP/1.1" 301 169 "-" "Mozilla/5.0 (Windows NT 10.0; Win64; x64; rv:134.0) Gecko/20100101 Firefox/134.0"
127.0.0.1 - - [27/Aug/2026:01:29:35 +0330] "GET /api/v1/categories-amazon HTTP/1.1" 200 34199 "-" "node"
172.16.20.25 - - [27/Aug/2026:01:29:35 +0330] "GET / HTTP/1.1" 200 338398 "-" "Mozilla/5.0 (compatible; PRTG Network Monitor (www.paessler.com); Windows)"
45.148.10.238 - - [27/Aug/2026:01:29:35 +0330] "GET /.env.prod HTTP/1.1" 301 169 "-" "Mozilla/5.0 (iPhone; CPU iPhone OS 18_2 like Mac OS X) AppleWebKit/605.1.15 (KHTML, like Gecko) Version/18.2 Mobile/15E148 Safari/605.1.15"
45.148.10.238 - - [27/Aug/2026:01:29:35 +0330] "GET /aws.yml HTTP/1.1" 301 169 "-" "Mozilla/5.0 (Linux; Android 14; SM-S928B) AppleWebKit/537.36 (KHTML, like Gecko) Chrome/131.0.0.0 Mobile Safari/537.36"
45.148.10.238 - - [27/Aug/2026:01:29:35 +0330] "GET /app/config/dev/.env HTTP/1.1" 301 169 "-" "Mozilla/5.0 (Linux; Android 14; SM-S928B) AppleWebKit/537.36 (KHTML, like Gecko) Chrome/131.0.0.0 Mobile Safari/537.36"
45.148.10.238 - - [27/Aug/2026:01:29:35 +0330] "GET /application.json HTTP/1.1" 301 169 "-" "Mozlila/5.0 (Linux; Android 7.0; SM-G892A Bulid/NRD90M; wv) AppleWebKit/537.36 (KHTML, like Gecko) Version/4.0 Chrome/60.0.3112.107 Moblie Safari/537.36"
45.148.10.238 - - [27/Aug/2026:01:29:35 +0330] "GET /appsettings.json HTTP/1.1" 301 169 "-" "Mozilla/5.0 (X11; Linux x86_64) AppleWebKit/537.36 (KHTML, like Gecko) Chrome/131.0.0.0 Safari/537.36"
45.148.10.238 - - [27/Aug/2026:01:29:35 +0330] "GET /appsettings.Production.json HTTP/1.1" 301 169 "-" "Mozilla/5.0 (X11; Linux x86_64) AppleWebKit/537.36 (KHTML, like Gecko) Chrome/131.0.0.0 Safari/537.36"
45.148.10.238 - - [27/Aug/2026:01:29:35 +0330] "GET /client/.env HTTP/1.1" 301 169 "-" "Mozilla/5.0 (Windows NT 10.0; Win64; x64; rv:134.0) Gecko/20100101 Firefox/134.0"
45.148.10.238 - - [27/Aug/2026:01:29:35 +0330] "GET /.env.live HTTP/1.1" 301 169 "-" "Mozilla/5.0 (X11; Linux x86_64) AppleWebKit/537.36 (KHTML, like Gecko) Chrome/131.0.0.0 Safari/537.36"
45.148.10.238 - - [27/Aug/2026:01:29:35 +0330] "GET /config.py HTTP/1.1" 301 169 "-" "Mozilla/5.0 (iPhone; CPU iPhone OS 18_2 like Mac OS X) AppleWebKit/605.1.15 (KHTML, like Gecko) Version/18.2 Mobile/15E148 Safari/605.1.15"
45.148.10.238 - - [27/Aug/2026:01:29:35 +0330] "GET /.env.swp HTTP/1.1" 301 169 "-" "Mozilla/5.0 (Windows NT 10.0; Win64; x64) AppleWebKit/537.36 (KHTML, like Gecko) Chrome/131.0.0.0 Safari/537.36 Edg/131.0.0.0"
45.148.10.238 - - [27/Aug/2026:01:29:35 +0330] "GET /content/.env HTTP/1.1" 301 169 "-" "Mozilla/5.0 (Windows NT 10.0; Win64; x64; rv:134.0) Gecko/20100101 Firefox/134.0"
45.148.10.238 - - [27/Aug/2026:01:29:35 +0330] "GET /acme-challenge/.env HTTP/1.1" 301 169 "-" "Mozilla/5.0 (Macintosh; Intel Mac OS X 10_15_7) AppleWebKit/537.36 (KHTML, like Gecko) Chrome/131.0.0.0 Safari/537.36"
45.148.10.238 - - [27/Aug/2026:01:29:35 +0330] "GET /config/.env HTTP/1.1" 301 169 "-" "Mozlila/5.0 (Linux; Android 7.0; SM-G892A Bulid/NRD90M; wv) AppleWebKit/537.36 (KHTML, like Gecko) Version/4.0 Chrome/60.0.3112.107 Moblie Safari/537.36"
45.148.10.238 - - [27/Aug/2026:01:29:35 +0330] "GET /.env.stage.local HTTP/1.1" 301 169 "-" "Mozilla/5.0 (Windows NT 10.0; Win64; x64; rv:134.0) Gecko/20100101 Firefox/134.0"
45.148.10.238 - - [27/Aug/2026:01:29:35 +0330] "GET /.env.test HTTP/1.1" 301 169 "-" "Mozilla/5.0 (Windows NT 10.0; Win64; x64; rv:134.0) Gecko/20100101 Firefox/134.0"
45.148.10.238 - - [27/Aug/2026:01:29:35 +0330] "GET /config/config.js HTTP/1.1" 301 169 "-" "Mozilla/5.0 (Linux; Android 14; SM-S928B) AppleWebKit/537.36 (KHTML, like Gecko) Chrome/131.0.0.0 Mobile Safari/537.36"
45.148.10.238 - - [27/Aug/2026:01:29:35 +0330] "GET /admin-app/.env HTTP/1.1" 301 169 "-" "Mozilla/5.0 (Windows NT 10.0; Win64; x64) AppleWebKit/537.36 (KHTML, like Gecko) Chrome/131.0.0.0 Safari/537.36 Edg/131.0.0.0"
45.148.10.238 - - [27/Aug/2026:01:29:35 +0330] "GET /application.json HTTP/1.1" 404 2312 "http://185.215.124.174/application.json" "Mozlila/5.0 (Linux; Android 7.0; SM-G892A Bulid/NRD90M; wv) AppleWebKit/537.36 (KHTML, like Gecko) Version/4.0 Chrome/60.0.3112.107 Moblie Safari/537.36"
45.148.10.238 - - [27/Aug/2026:01:29:35 +0330] "GET /app/.env HTTP/1.1" 301 169 "-" "Mozilla/5.0 (Windows NT 10.0; Win64; x64) AppleWebKit/537.36 (KHTML, like Gecko) Chrome/131.0.0.0 Safari/537.36"
45.148.10.238 - - [27/Aug/2026:01:29:35 +0330] "GET /appsettings.json HTTP/1.1" 404 2312 "http://185.215.124.174/appsettings.json" "Mozilla/5.0 (X11; Linux x86_64) AppleWebKit/537.36 (KHTML, like Gecko) Chrome/131.0.0.0 Safari/537.36"
45.148.10.238 - - [27/Aug/2026:01:29:35 +0330] "GET /app2-static/.env HTTP/1.1" 301 169 "-" "Mozilla/5.0 (Macintosh; Intel Mac OS X 10_15_7) AppleWebKit/537.36 (KHTML, like Gecko) Chrome/131.0.0.0 Safari/537.36"
45.148.10.238 - - [27/Aug/2026:01:29:35 +0330] "GET /api/aws/index.js HTTP/1.1" 301 169 "-" "Mozlila/5.0 (Linux; Android 7.0; SM-G892A Bulid/NRD90M; wv) AppleWebKit/537.36 (KHTML, like Gecko) Version/4.0 Chrome/60.0.3112.107 Moblie Safari/537.36"
45.148.10.238 - - [27/Aug/2026:01:29:35 +0330] "GET /.env.dev.local HTTP/1.1" 301 169 "-" "Mozilla/5.0 (Windows NT 10.0; Win64; x64) AppleWebKit/537.36 (KHTML, like Gecko) Chrome/131.0.0.0 Safari/537.36 Edg/131.0.0.0"
45.148.10.238 - - [27/Aug/2026:01:29:35 +0330] "GET /apps/.env HTTP/1.1" 301 169 "-" "Mozilla/5.0 (Windows NT 10.0; Win64; x64; rv:134.0) Gecko/20100101 Firefox/134.0"
45.148.10.238 - - [27/Aug/2026:01:29:35 +0330] "GET /bgoldd/.env HTTP/1.1" 301 169 "-" "Mozilla/5.0 (X11; Linux x86_64; rv:134.0) Gecko/20100101 Firefox/134.0"
45.148.10.238 - - [27/Aug/2026:01:29:35 +0330] "GET /.env HTTP/1.1" 301 169 "-" "Mozilla/5.0 (Windows NT 10.0; Win64; x64; rv:134.0) Gecko/20100101 Firefox/134.0"
45.148.10.238 - - [27/Aug/2026:01:29:35 +0330] "GET /app/config/.env HTTP/1.1" 301 169 "-" "Mozilla/5.0 (Windows NT 10.0; Win64; x64) AppleWebKit/537.36 (KHTML, like Gecko) Chrome/131.0.0.0 Safari/537.36"
45.148.10.238 - - [27/Aug/2026:01:29:35 +0330] "GET /aws-config.js HTTP/1.1" 301 169 "-" "Mozilla/5.0 (X11; Linux x86_64) AppleWebKit/537.36 (KHTML, like Gecko) Chrome/131.0.0.0 Safari/537.36"
45.148.10.238 - - [27/Aug/2026:01:29:35 +0330] "GET /app_dir/.env HTTP/1.1" 301 169 "-" "Mozilla/5.0 (iPhone; CPU iPhone OS 18_2 like Mac OS X) AppleWebKit/605.1.15 (KHTML, like Gecko) Version/18.2 Mobile/15E148 Safari/605.1.15"
45.148.10.238 - - [27/Aug/2026:01:29:35 +0330] "GET /.env~ HTTP/1.1" 301 169 "-" "Mozilla/5.0 (X11; Linux x86_64) AppleWebKit/537.36 (KHTML, like Gecko) Chrome/131.0.0.0 Safari/537.36"
45.148.10.238 - - [27/Aug/2026:01:29:35 +0330] "GET /stockapi/.env HTTP/1.1" 301 169 "-" "Mozilla/5.0 (iPhone; CPU iPhone OS 18_2 like Mac OS X) AppleWebKit/605.1.15 (KHTML, like Gecko) Version/18.2 Mobile/15E148 Safari/605.1.15"
45.148.10.238 - - [27/Aug/2026:01:29:35 +0330] "GET /bitcoin/.env HTTP/1.1" 301 169 "-" "Mozilla/5.0 (iPhone; CPU iPhone OS 18_2 like Mac OS X) AppleWebKit/605.1.15 (KHTML, like Gecko) Version/18.2 Mobile/15E148 Safari/605.1.15"
45.148.10.238 - - [27/Aug/2026:01:29:35 +0330] "GET /cdw-backend/.env HTTP/1.1" 301 169 "-" "Mozilla/5.0 (X11; Linux x86_64) AppleWebKit/537.36 (KHTML, like Gecko) Chrome/131.0.0.0 Safari/537.36"
45.148.10.238 - - [27/Aug/2026:01:29:35 +0330] "GET /config/main.json HTTP/1.1" 301 169 "-" "Mozilla/5.0 (X11; Linux x86_64; rv:134.0) Gecko/20100101 Firefox/134.0"
45.148.10.238 - - [27/Aug/2026:01:29:35 +0330] "GET /wp-config.php HTTP/1.1" 301 169 "-" "Mozilla/5.0 (Macintosh; Intel Mac OS X 10_15_7) AppleWebKit/605.1.15 (KHTML, like Gecko) Version/18.2 Safari/605.1.15"
45.148.10.238 - - [27/Aug/2026:01:29:35 +0330] "GET /api3/.env HTTP/1.1" 301 169 "-" "Mozilla/5.0 (Windows NT 10.0; Win64; x64) AppleWebKit/537.36 (KHTML, like Gecko) Chrome/131.0.0.0 Safari/537.36"
45.148.10.238 - - [27/Aug/2026:01:29:35 +0330] "GET /docker/%252eenv HTTP/1.1" 301 169 "-" "Mozilla/5.0 (Macintosh; Intel Mac OS X 10_15_7) AppleWebKit/537.36 (KHTML, like Gecko) Chrome/131.0.0.0 Safari/537.36"
45.148.10.238 - - [27/Aug/2026:01:29:35 +0330] "GET /env.json HTTP/1.1" 301 169 "-" "Mozilla/5.0 (Linux; Android 14; SM-S928B) AppleWebKit/537.36 (KHTML, like Gecko) Chrome/131.0.0.0 Mobile Safari/537.36"
45.148.10.238 - - [27/Aug/2026:01:29:35 +0330] "GET //.env HTTP/1.1" 301 169 "-" "Mozilla/5.0 (Windows NT 10.0; Win64; x64) AppleWebKit/537.36 (KHTML, like Gecko) Chrome/131.0.0.0 Safari/537.36"
45.148.10.238 - - [27/Aug/2026:01:29:35 +0330] "GET /backup.sql HTTP/1.1" 301 169 "-" "Mozilla/5.0 (Macintosh; Intel Mac OS X 10_15_7) AppleWebKit/537.36 (KHTML, like Gecko) Chrome/131.0.0.0 Safari/537.36"
45.148.10.238 - - [27/Aug/2026:01:29:35 +0330] "GET /env.backup HTTP/1.1" 301 169 "-" "Mozilla/5.0 (Macintosh; Intel Mac OS X 10_15_7) AppleWebKit/605.1.15 (KHTML, like Gecko) Version/18.2 Safari/605.1.15"
45.148.10.238 - - [27/Aug/2026:01:29:35 +0330] "GET /blue/.env HTTP/1.1" 301 169 "-" "Mozilla/5.0 (Windows NT 10.0; Win64; x64) AppleWebKit/537.36 (KHTML, like Gecko) Chrome/131.0.0.0 Safari/537.36 Edg/131.0.0.0"
45.148.10.238 - - [27/Aug/2026:01:29:35 +0330] "GET /backend/.env.local HTTP/1.1" 301 169 "-" "Mozilla/5.0 (X11; Linux x86_64; rv:134.0) Gecko/20100101 Firefox/134.0"
45.148.10.238 - - [27/Aug/2026:01:29:35 +0330] "GET /api/.env HTTP/1.1" 301 169 "-" "Mozilla/5.0 (X11; Linux x86_64) AppleWebKit/537.36 (KHTML, like Gecko) Chrome/131.0.0.0 Safari/537.36"
45.148.10.238 - - [27/Aug/2026:01:29:35 +0330] "GET /_profiler/info HTTP/1.1" 301 169 "-" "Mozilla/5.0 (Windows NT 10.0; Win64; x64) AppleWebKit/537.36 (KHTML, like Gecko) Chrome/131.0.0.0 Safari/537.36 Edg/131.0.0.0"
45.148.10.238 - - [27/Aug/2026:01:29:35 +0330] "GET /api1/.env HTTP/1.1" 301 169 "-" "Mozilla/5.0 (Windows NT 10.0; Win64; x64; rv:134.0) Gecko/20100101 Firefox/134.0"
45.148.10.238 - - [27/Aug/2026:01:29:35 +0330] "GET /config.yml HTTP/1.1" 301 169 "-" "Mozlila/5.0 (Linux; Android 7.0; SM-G892A Bulid/NRD90M; wv) AppleWebKit/537.36 (KHTML, like Gecko) Version/4.0 Chrome/60.0.3112.107 Moblie Safari/537.36"
45.148.10.238 - - [27/Aug/2026:01:29:35 +0330] "GET /app/client/.env HTTP/1.1" 301 169 "-" "Mozilla/5.0 (Linux; Android 14; SM-S928B) AppleWebKit/537.36 (KHTML, like Gecko) Chrome/131.0.0.0 Mobile Safari/537.36"
45.148.10.238 - - [27/Aug/2026:01:29:35 +0330] "GET /wp-config.php.bkp HTTP/1.1" 301 169 "-" "Mozilla/5.0 (Windows NT 10.0; Win64; x64) AppleWebKit/537.36 (KHTML, like Gecko) Chrome/131.0.0.0 Safari/537.36"
45.148.10.238 - - [27/Aug/2026:01:29:35 +0330] "GET /acme_challenges/.env HTTP/1.1" 301 169 "-" "Mozlila/5.0 (Linux; Android 7.0; SM-G892A Bulid/NRD90M; wv) AppleWebKit/537.36 (KHTML, like Gecko) Version/4.0 Chrome/60.0.3112.107 Moblie Safari/537.36"
45.148.10.238 - - [27/Aug/2026:01:29:35 +0330] "GET /auth.yaml HTTP/1.1" 301 169 "-" "Mozilla/5.0 (X11; Linux x86_64) AppleWebKit/537.36 (KHTML, like Gecko) Chrome/131.0.0.0 Safari/537.36"
45.148.10.238 - - [27/Aug/2026:01:29:35 +0330] "GET /app.js HTTP/1.1" 301 169 "-" "Mozilla/5.0 (Windows NT 10.0; Win64; x64) AppleWebKit/537.36 (KHTML, like Gecko) Chrome/131.0.0.0 Safari/537.36"
45.148.10.238 - - [27/Aug/2026:01:29:35 +0330] "GET /blankon/.env HTTP/1.1" 301 169 "-" "Mozilla/5.0 (Linux; Android 14; SM-S928B) AppleWebKit/537.36 (KHTML, like Gecko) Chrome/131.0.0.0 Mobile Safari/537.36"
45.148.10.238 - - [27/Aug/2026:01:29:35 +0330] "GET /admin/settings.json HTTP/1.1" 301 169 "-" "Mozilla/5.0 (X11; Linux x86_64; rv:134.0) Gecko/20100101 Firefox/134.0"
45.148.10.238 - - [27/Aug/2026:01:29:35 +0330] "GET /.env.prod.local HTTP/1.1" 301 169 "-" "Mozilla/5.0 (Macintosh; Intel Mac OS X 10_15_7) AppleWebKit/605.1.15 (KHTML, like Gecko) Version/18.2 Safari/605.1.15"
45.148.10.238 - - [27/Aug/2026:01:29:35 +0330] "GET / HTTP/1.1" 301 169 "-" "Mozilla/5.0 (iPhone; CPU iPhone OS 18_2 like Mac OS X) AppleWebKit/605.1.15 (KHTML, like Gecko) Version/18.2 Mobile/15E148 Safari/605.1.15"
45.148.10.238 - - [27/Aug/2026:01:29:35 +0330] "GET /appsettings.Production.json HTTP/1.1" 404 2312 "http://185.215.124.174/appsettings.Production.json" "Mozilla/5.0 (X11; Linux x86_64) AppleWebKit/537.36 (KHTML, like Gecko) Chrome/131.0.0.0 Safari/537.36"
45.148.10.238 - - [27/Aug/2026:01:29:35 +0330] "GET /config.env HTTP/1.1" 301 169 "-" "Mozlila/5.0 (Linux; Android 7.0; SM-G892A Bulid/NRD90M; wv) AppleWebKit/537.36 (KHTML, like Gecko) Version/4.0 Chrome/60.0.3112.107 Moblie Safari/537.36"
45.148.10.238 - - [27/Aug/2026:01:29:35 +0330] "GET /.environment HTTP/1.1" 301 169 "-" "Mozlila/5.0 (Linux; Android 7.0; SM-G892A Bulid/NRD90M; wv) AppleWebKit/537.36 (KHTML, like Gecko) Version/4.0 Chrome/60.0.3112.107 Moblie Safari/537.36"
45.148.10.238 - - [27/Aug/2026:01:29:35 +0330] "GET /.aws/credentials HTTP/1.1" 301 169 "-" "Mozilla/5.0 (Macintosh; Intel Mac OS X 10_15_7) AppleWebKit/537.36 (KHTML, like Gecko) Chrome/131.0.0.0 Safari/537.36"
45.148.10.238 - - [27/Aug/2026:01:29:35 +0330] "GET /config/probuildKeys.js HTTP/1.1" 301 169 "-" "Mozilla/5.0 (Macintosh; Intel Mac OS X 10_15_7) AppleWebKit/605.1.15 (KHTML, like Gecko) Version/18.2 Safari/605.1.15"
45.148.10.238 - - [27/Aug/2026:01:29:35 +0330] "GET /.gitlab-ci/.env HTTP/1.1" 301 169 "-" "Mozilla/5.0 (Macintosh; Intel Mac OS X 10_15_7) AppleWebKit/537.36 (KHTML, like Gecko) Chrome/131.0.0.0 Safari/537.36"
45.148.10.238 - - [27/Aug/2026:01:29:35 +0330] "GET /1board/.env HTTP/1.1" 301 169 "-" "Mozilla/5.0 (X11; Linux x86_64) AppleWebKit/537.36 (KHTML, like Gecko) Chrome/131.0.0.0 Safari/537.36"
45.148.10.238 - - [27/Aug/2026:01:29:35 +0330] "GET /actions-server/.env HTTP/1.1" 301 169 "-" "Mozilla/5.0 (Windows NT 10.0; Win64; x64) AppleWebKit/537.36 (KHTML, like Gecko) Chrome/131.0.0.0 Safari/537.36"
45.148.10.238 - - [27/Aug/2026:01:29:35 +0330] "GET /admin/.env HTTP/1.1" 301 169 "-" "Mozilla/5.0 (iPhone; CPU iPhone OS 18_2 like Mac OS X) AppleWebKit/605.1.15 (KHTML, like Gecko) Version/18.2 Mobile/15E148 Safari/605.1.15"
45.148.10.238 - - [27/Aug/2026:01:29:35 +0330] "GET /admincontrol/sys_phpinfo.php HTTP/1.1" 301 169 "-" "Mozilla/5.0 (Windows NT 10.0; Win64; x64) AppleWebKit/537.36 (KHTML, like Gecko) Chrome/131.0.0.0 Safari/537.36 Edg/131.0.0.0"
127.0.0.1 - - [27/Aug/2026:01:29:35 +0330] "GET /api/v1/product-offer-index?count=24&page=1&sortby=&minprice=0&maxprice=150000000 HTTP/1.1" 301 169 "-" "node"
2.147.138.23 - - [27/Aug/2026:01:29:35 +0330] "GET /_next/image?url=%2Fassets%2Fimages%2Ficons%2Fenamad-icon.png&w=256&q=75 HTTP/2.0" 200 2578 "https://charsooq.com/" "Mozilla/5.0 (Linux; Android 10; K) AppleWebKit/537.36 (KHTML, like Gecko) Chrome/150.0.0.0 Mobile Safari/537.36"
45.148.10.238 - - [27/Aug/2026:01:29:35 +0330] "GET /api2/.env HTTP/1.1" 301 169 "-" "Mozilla/5.0 (Windows NT 10.0; Win64; x64; rv:134.0) Gecko/20100101 Firefox/134.0"
127.0.0.1 - - [27/Aug/2026:01:29:35 +0330] "GET /api/v1/product-offer-index?count=24&page=1&sortby=&minprice=0&maxprice=150000000 HTTP/1.1" 200 21867 "-" "node"
45.148.10.238 - - [27/Aug/2026:01:29:35 +0330] "GET /bank/.env HTTP/1.1" 301 169 "-" "Mozilla/5.0 (X11; Linux x86_64) AppleWebKit/537.36 (KHTML, like Gecko) Chrome/131.0.0.0 Safari/537.36"
45.148.10.238 - - [27/Aug/2026:01:29:35 +0330] "GET /blog/.env HTTP/1.1" 301 169 "-" "Mozlila/5.0 (Linux; Android 7.0; SM-G892A Bulid/NRD90M; wv) AppleWebKit/537.36 (KHTML, like Gecko) Version/4.0 Chrome/60.0.3112.107 Moblie Safari/537.36"
45.148.10.238 - - [27/Aug/2026:01:29:35 +0330] "GET /consulation/.env HTTP/1.1" 301 169 "-" "Mozilla/5.0 (iPhone; CPU iPhone OS 18_2 like Mac OS X) AppleWebKit/605.1.15 (KHTML, like Gecko) Version/18.2 Mobile/15E148 Safari/605.1.15"
2.147.138.23 - - [27/Aug/2026:01:29:35 +0330] "GET /manifest.json HTTP/2.0" 304 0 "https://charsooq.com/products-offer?page=1" "Mozilla/5.0 (Linux; Android 10; K) AppleWebKit/537.36 (KHTML, like Gecko) Chrome/150.0.0.0 Mobile Safari/537.36"
45.148.10.238 - - [27/Aug/2026:01:29:35 +0330] "GET /credentials.csv HTTP/1.1" 301 169 "-" "Mozilla/5.0 (iPhone; CPU iPhone OS 18_2 like Mac OS X) AppleWebKit/605.1.15 (KHTML, like Gecko) Version/18.2 Mobile/15E148 Safari/605.1.15"
45.148.10.238 - - [27/Aug/2026:01:29:35 +0330] "GET /credentials.xml?v=B2Dri HTTP/1.1" 301 169 "-" "Mozilla/5.0 (X11; Linux x86_64) AppleWebKit/537.36 (KHTML, like Gecko) Chrome/131.0.0.0 Safari/537.36"
2.147.138.23 - - [27/Aug/2026:01:29:35 +0330] "GET /calculator?_rsc=y394c HTTP/2.0" 200 1408 "https://charsooq.com/products-offer?page=1" "Mozilla/5.0 (Linux; Android 10; K) AppleWebKit/537.36 (KHTML, like Gecko) Chrome/150.0.0.0 Mobile Safari/537.36"
2.147.138.23 - - [27/Aug/2026:01:29:35 +0330] "GET /about-us?_rsc=y394c HTTP/2.0" 200 1364 "https://charsooq.com/products-offer?page=1" "Mozilla/5.0 (Linux; Android 10; K) AppleWebKit/537.36 (KHTML, like Gecko) Chrome/150.0.0.0 Mobile Safari/537.36"
45.148.10.238 - - [27/Aug/2026:01:29:35 +0330] "GET /.env.dev.local HTTP/1.1" 403 187 "http://185.215.124.174/.env.dev.local" "Mozilla/5.0 (Windows NT 10.0; Win64; x64) AppleWebKit/537.36 (KHTML, like Gecko) Chrome/131.0.0.0 Safari/537.36 Edg/131.0.0.0"
2.147.138.23 - - [27/Aug/2026:01:29:35 +0330] "GET /help?_rsc=y394c HTTP/2.0" 200 1528 "https://charsooq.com/products-offer?page=1" "Mozilla/5.0 (Linux; Android 10; K) AppleWebKit/537.36 (KHTML, like Gecko) Chrome/150.0.0.0 Mobile Safari/537.36"
2.147.138.23 - - [27/Aug/2026:01:29:35 +0330] "GET /faq?_rsc=y394c HTTP/2.0" 200 1359 "https://charsooq.com/products-offer?page=1" "Mozilla/5.0 (Linux; Android 10; K) AppleWebKit/537.36 (KHTML, like Gecko) Chrome/150.0.0.0 Mobile Safari/537.36"
2.147.138.23 - - [27/Aug/2026:01:29:35 +0330] "GET /articles?_rsc=y394c HTTP/2.0" 200 1795 "https://charsooq.com/products-offer?page=1" "Mozilla/5.0 (Linux; Android 10; K) AppleWebKit/537.36 (KHTML, like Gecko) Chrome/150.0.0.0 Mobile Safari/537.36"
2.147.138.23 - - [27/Aug/2026:01:29:35 +0330] "GET /products-offer?page=1&_rsc=dfnv7 HTTP/2.0" 200 16552 "https://charsooq.com/" "Mozilla/5.0 (Linux; Android 10; K) AppleWebKit/537.36 (KHTML, like Gecko) Chrome/150.0.0.0 Mobile Safari/537.36"
45.148.10.238 - - [27/Aug/2026:01:29:35 +0330] "GET /staticfiles/.env HTTP/1.1" 301 169 "-" "Mozilla/5.0 (Macintosh; Intel Mac OS X 10_15_7) AppleWebKit/537.36 (KHTML, like Gecko) Chrome/131.0.0.0 Safari/537.36"
45.148.10.238 - - [27/Aug/2026:01:29:35 +0330] "GET /.env.v1?v=eRCmR HTTP/1.1" 301 169 "-" "Mozilla/5.0 (Macintosh; Intel Mac OS X 10_15_7) AppleWebKit/537.36 (KHTML, like Gecko) Chrome/131.0.0.0 Safari/537.36"
45.148.10.238 - - [27/Aug/2026:01:29:35 +0330] "GET /stockapi/.env HTTP/1.1" 403 125 "http://185.215.124.174/stockapi/.env" "Mozilla/5.0 (iPhone; CPU iPhone OS 18_2 like Mac OS X) AppleWebKit/605.1.15 (KHTML, like Gecko) Version/18.2 Mobile/15E148 Safari/605.1.15"
45.148.10.238 - - [27/Aug/2026:01:29:35 +0330] "GET /wp-config.php HTTP/1.1" 404 47 "http://185.215.124.174/wp-config.php" "Mozilla/5.0 (Macintosh; Intel Mac OS X 10_15_7) AppleWebKit/605.1.15 (KHTML, like Gecko) Version/18.2 Safari/605.1.15"
2.147.138.23 - - [27/Aug/2026:01:29:35 +0330] "GET /pwa-icon-180.png HTTP/2.0" 304 0 "https://charsooq.com/products-offer?page=1" "Mozilla/5.0 (Linux; Android 10; K) AppleWebKit/537.36 (KHTML, like Gecko) Chrome/150.0.0.0 Mobile Safari/537.36"
45.148.10.238 - - [27/Aug/2026:01:29:35 +0330] "GET /cgi-bin/.env?v=QOcTd HTTP/1.1" 301 169 "-" "Mozilla/5.0 (Windows NT 10.0; Win64; x64; rv:134.0) Gecko/20100101 Firefox/134.0"
45.148.10.238 - - [27/Aug/2026:01:29:35 +0330] "GET /.env.live HTTP/1.1" 403 187 "http://185.215.124.174/.env.live" "Mozilla/5.0 (X11; Linux x86_64) AppleWebKit/537.36 (KHTML, like Gecko) Chrome/131.0.0.0 Safari/537.36"
45.148.10.238 - - [27/Aug/2026:01:29:35 +0330] "GET /.env.swp HTTP/1.1" 403 187 "http://185.215.124.174/.env.swp" "Mozilla/5.0 (Windows NT 10.0; Win64; x64) AppleWebKit/537.36 (KHTML, like Gecko) Chrome/131.0.0.0 Safari/537.36 Edg/131.0.0.0"
45.148.10.238 - - [27/Aug/2026:01:29:35 +0330] "GET /app/client/.env HTTP/1.1" 403 187 "http://185.215.124.174/app/client/.env" "Mozilla/5.0 (Linux; Android 14; SM-S928B) AppleWebKit/537.36 (KHTML, like Gecko) Chrome/131.0.0.0 Mobile Safari/537.36"
45.148.10.238 - - [27/Aug/2026:01:29:35 +0330] "GET /acme_challenges/.env HTTP/1.1" 403 187 "http://185.215.124.174/acme_challenges/.env" "Mozlila/5.0 (Linux; Android 7.0; SM-G892A Bulid/NRD90M; wv) AppleWebKit/537.36 (KHTML, like Gecko) Version/4.0 Chrome/60.0.3112.107 Moblie Safari/537.36"
45.148.10.238 - - [27/Aug/2026:01:29:35 +0330] "GET /backend/.env.local HTTP/1.1" 403 125 "http://185.215.124.174/backend/.env.local" "Mozilla/5.0 (X11; Linux x86_64; rv:134.0) Gecko/20100101 Firefox/134.0"
45.148.10.238 - - [27/Aug/2026:01:29:35 +0330] "GET /.env.new?v=g5OwN HTTP/1.1" 301 169 "-" "Mozlila/5.0 (Linux; Android 7.0; SM-G892A Bulid/NRD90M; wv) AppleWebKit/537.36 (KHTML, like Gecko) Version/4.0 Chrome/60.0.3112.107 Moblie Safari/537.36"
45.148.10.238 - - [27/Aug/2026:01:29:35 +0330] "GET /.env HTTP/1.1" 403 125 "http://185.215.124.174/.env" "Mozilla/5.0 (Windows NT 10.0; Win64; x64; rv:134.0) Gecko/20100101 Firefox/134.0"
45.148.10.238 - - [27/Aug/2026:01:29:35 +0330] "GET /09fb25e5-cd92-4a56-96d1-a3f97d0b5bf1.html HTTP/1.1" 301 169 "-" "Mozilla/5.0 (X11; Linux x86_64) AppleWebKit/537.36 (KHTML, like Gecko) Chrome/131.0.0.0 Safari/537.36"
45.148.10.238 - - [27/Aug/2026:01:29:35 +0330] "GET /app-order-client/.env?v=VFQWw HTTP/1.1" 301 169 "-" "Mozilla/5.0 (Linux; Android 14; SM-S928B) AppleWebKit/537.36 (KHTML, like Gecko) Chrome/131.0.0.0 Mobile Safari/537.36"
45.148.10.238 - - [27/Aug/2026:01:29:35 +0330] "GET /.env~ HTTP/1.1" 403 187 "http://185.215.124.174/.env~" "Mozilla/5.0 (X11; Linux x86_64) AppleWebKit/537.36 (KHTML, like Gecko) Chrome/131.0.0.0 Safari/537.36"
2.147.138.23 - - [27/Aug/2026:01:29:35 +0330] "GET /ghavanincharsooq?_rsc=y394c HTTP/2.0" 200 1371 "https://charsooq.com/products-offer?page=1" "Mozilla/5.0 (Linux; Android 10; K) AppleWebKit/537.36 (KHTML, like Gecko) Chrome/150.0.0.0 Mobile Safari/537.36"
2.147.138.23 - - [27/Aug/2026:01:29:35 +0330] "GET /_next/static/chunks/app/help/layout-bafecda7f594b8aa.js HTTP/2.0" 200 4169 "https://charsooq.com/products-offer?page=1" "Mozilla/5.0 (Linux; Android 10; K) AppleWebKit/537.36 (KHTML, like Gecko) Chrome/150.0.0.0 Mobile Safari/537.36"
45.148.10.238 - - [27/Aug/2026:01:29:35 +0330] "GET /api3/.env HTTP/1.1" 403 187 "http://185.215.124.174/api3/.env" "Mozilla/5.0 (Windows NT 10.0; Win64; x64) AppleWebKit/537.36 (KHTML, like Gecko) Chrome/131.0.0.0 Safari/537.36"
45.148.10.238 - - [27/Aug/2026:01:29:35 +0330] "GET /config/main.json HTTP/1.1" 404 2312 "http://185.215.124.174/config/main.json" "Mozilla/5.0 (X11; Linux x86_64; rv:134.0) Gecko/20100101 Firefox/134.0"
45.148.10.238 - - [27/Aug/2026:01:29:35 +0330] "GET /config.yml HTTP/1.1" 404 2312 "http://185.215.124.174/config.yml" "Mozlila/5.0 (Linux; Android 7.0; SM-G892A Bulid/NRD90M; wv) AppleWebKit/537.36 (KHTML, like Gecko) Version/4.0 Chrome/60.0.3112.107 Moblie Safari/537.36"
45.148.10.238 - - [27/Aug/2026:01:29:35 +0330] "GET /bitcoin/.env HTTP/1.1" 403 125 "http://185.215.124.174/bitcoin/.env" "Mozilla/5.0 (iPhone; CPU iPhone OS 18_2 like Mac OS X) AppleWebKit/605.1.15 (KHTML, like Gecko) Version/18.2 Mobile/15E148 Safari/605.1.15"
45.148.10.238 - - [27/Aug/2026:01:29:35 +0330] "GET /config/config.js HTTP/1.1" 404 2312 "http://185.215.124.174/config/config.js" "Mozilla/5.0 (Linux; Android 14; SM-S928B) AppleWebKit/537.36 (KHTML, like Gecko) Chrome/131.0.0.0 Mobile Safari/537.36"
45.148.10.238 - - [27/Aug/2026:01:29:35 +0330] "GET /stockapi/.env?v=WbUQs HTTP/1.1" 301 169 "-" "Mozilla/5.0 (Macintosh; Intel Mac OS X 10_15_7) AppleWebKit/605.1.15 (KHTML, like Gecko) Version/18.2 Safari/605.1.15"
2.147.138.23 - - [27/Aug/2026:01:29:35 +0330] "GET /_next/static/chunks/app/products-offer/%5B...categorySlug%5D/page-e94cab214798a230.js HTTP/2.0" 200 213 "https://charsooq.com/products-offer?page=1" "Mozilla/5.0 (Linux; Android 10; K) AppleWebKit/537.36 (KHTML, like Gecko) Chrome/150.0.0.0 Mobile Safari/537.36"
45.148.10.238 - - [27/Aug/2026:01:29:35 +0330] "GET /api/.env HTTP/1.1" 403 187 "http://185.215.124.174/api/.env" "Mozilla/5.0 (X11; Linux x86_64) AppleWebKit/537.36 (KHTML, like Gecko) Chrome/131.0.0.0 Safari/537.36"
2.147.138.23 - - [27/Aug/2026:01:29:35 +0330] "GET /_next/static/chunks/6361-1e20b04aa603e0ca.js HTTP/2.0" 200 3528 "https://charsooq.com/products-offer?page=1" "Mozilla/5.0 (Linux; Android 10; K) AppleWebKit/537.36 (KHTML, like Gecko) Chrome/150.0.0.0 Mobile Safari/537.36"
2.147.138.23 - - [27/Aug/2026:01:29:35 +0330] "GET /_next/static/chunks/7539-9d426d13d3df87a8.js HTTP/2.0" 200 8837 "https://charsooq.com/products-offer?page=1" "Mozilla/5.0 (Linux; Android 10; K) AppleWebKit/537.36 (KHTML, like Gecko) Chrome/150.0.0.0 Mobile Safari/537.36"
2.147.138.23 - - [27/Aug/2026:01:29:35 +0330] "GET /_next/static/chunks/4445-1162e374620f77aa.js HTTP/2.0" 200 5793 "https://charsooq.com/products-offer?page=1" "Mozilla/5.0 (Linux; Android 10; K) AppleWebKit/537.36 (KHTML, like Gecko) Chrome/150.0.0.0 Mobile Safari/537.36"
45.148.10.238 - - [27/Aug/2026:01:29:35 +0330] "GET /env.json HTTP/1.1" 404 2312 "http://185.215.124.174/env.json" "Mozilla/5.0 (Linux; Android 14; SM-S928B) AppleWebKit/537.36 (KHTML, like Gecko) Chrome/131.0.0.0 Mobile Safari/537.36"
45.148.10.238 - - [27/Aug/2026:01:29:35 +0330] "GET /app/client/.env?v=JOyHI HTTP/1.1" 301 169 "-" "Mozilla/5.0 (Macintosh; Intel Mac OS X 10_15_7) AppleWebKit/605.1.15 (KHTML, like Gecko) Version/18.2 Safari/605.1.15"
45.148.10.238 - - [27/Aug/2026:01:29:35 +0330] "GET /.env.live?v=yPkWZ HTTP/1.1" 301 169 "-" "Mozilla/5.0 (X11; Linux x86_64) AppleWebKit/537.36 (KHTML, like Gecko) Chrome/131.0.0.0 Safari/537.36"
45.148.10.238 - - [27/Aug/2026:01:29:35 +0330] "GET /02a7d2ec-478a-434b-83c3-823b5879d28f.html HTTP/1.1" 301 169 "-" "Mozilla/5.0 (Windows NT 10.0; Win64; x64; rv:134.0) Gecko/20100101 Firefox/134.0"
45.148.10.238 - - [27/Aug/2026:01:29:35 +0330] "GET /wp-config.php.bkp HTTP/1.1" 404 2312 "http://185.215.124.174/wp-config.php.bkp" "Mozilla/5.0 (Windows NT 10.0; Win64; x64) AppleWebKit/537.36 (KHTML, like Gecko) Chrome/131.0.0.0 Safari/537.36"
45.148.10.238 - - [27/Aug/2026:01:29:35 +0330] "GET /.gitlab-ci/.env HTTP/1.1" 403 187 "http://185.215.124.174/.gitlab-ci/.env" "Mozilla/5.0 (Macintosh; Intel Mac OS X 10_15_7) AppleWebKit/537.36 (KHTML, like Gecko) Chrome/131.0.0.0 Safari/537.36"
45.148.10.238 - - [27/Aug/2026:01:29:35 +0330] "GET /api2/.env HTTP/1.1" 403 125 "http://185.215.124.174/api2/.env" "Mozilla/5.0 (Windows NT 10.0; Win64; x64; rv:134.0) Gecko/20100101 Firefox/134.0"
45.148.10.238 - - [27/Aug/2026:01:29:35 +0330] "GET /backend/.env.local?v=LvoVu HTTP/1.1" 301 169 "-" "Mozlila/5.0 (Linux; Android 7.0; SM-G892A Bulid/NRD90M; wv) AppleWebKit/537.36 (KHTML, like Gecko) Version/4.0 Chrome/60.0.3112.107 Moblie Safari/537.36"
45.148.10.238 - - [27/Aug/2026:01:29:35 +0330] "GET /acme_challenges/.env?v=rveeK HTTP/1.1" 301 169 "-" "Mozilla/5.0 (Linux; Android 14; SM-S928B) AppleWebKit/537.36 (KHTML, like Gecko) Chrome/131.0.0.0 Mobile Safari/537.36"
45.148.10.238 - - [27/Aug/2026:01:29:35 +0330] "GET /consulation/.env HTTP/1.1" 403 125 "http://185.215.124.174/consulation/.env" "Mozilla/5.0 (iPhone; CPU iPhone OS 18_2 like Mac OS X) AppleWebKit/605.1.15 (KHTML, like Gecko) Version/18.2 Mobile/15E148 Safari/605.1.15"
45.148.10.238 - - [27/Aug/2026:01:29:35 +0330] "GET /bank/.env HTTP/1.1" 403 187 "http://185.215.124.174/bank/.env" "Mozilla/5.0 (X11; Linux x86_64) AppleWebKit/537.36 (KHTML, like Gecko) Chrome/131.0.0.0 Safari/537.36"
45.148.10.238 - - [27/Aug/2026:01:29:35 +0330] "GET /23792ff5-4c81-4944-9f4f-e557e1bd94e3.html HTTP/1.1" 301 169 "-" "Mozilla/5.0 (Windows NT 10.0; Win64; x64) AppleWebKit/537.36 (KHTML, like Gecko) Chrome/131.0.0.0 Safari/537.36 Edg/131.0.0.0"
45.148.10.238 - - [27/Aug/2026:01:29:35 +0330] "GET /app.js HTTP/1.1" 404 2312 "http://185.215.124.174/app.js" "Mozilla/5.0 (Windows NT 10.0; Win64; x64) AppleWebKit/537.36 (KHTML, like Gecko) Chrome/131.0.0.0 Safari/537.36"
45.148.10.238 - - [27/Aug/2026:01:29:35 +0330] "GET /.env~?v=VFipq HTTP/1.1" 301 169 "-" "Mozilla/5.0 (Windows NT 10.0; Win64; x64) AppleWebKit/537.36 (KHTML, like Gecko) Chrome/131.0.0.0 Safari/537.36 Edg/131.0.0.0"
45.148.10.238 - - [27/Aug/2026:01:29:35 +0330] "GET /staticfiles/.env HTTP/1.1" 403 187 "http://185.215.124.174/staticfiles/.env" "Mozilla/5.0 (Macintosh; Intel Mac OS X 10_15_7) AppleWebKit/537.36 (KHTML, like Gecko) Chrome/131.0.0.0 Safari/537.36"
45.148.10.238 - - [27/Aug/2026:01:29:35 +0330] "GET /config/probuildKeys.js HTTP/1.1" 404 2312 "http://185.215.124.174/config/probuildKeys.js" "Mozilla/5.0 (Macintosh; Intel Mac OS X 10_15_7) AppleWebKit/605.1.15 (KHTML, like Gecko) Version/18.2 Safari/605.1.15"
45.148.10.238 - - [27/Aug/2026:01:29:35 +0330] "GET /app-order-client/.env?v=VFQWw HTTP/1.1" 403 187 "http://185.215.124.174/app-order-client/.env?v=VFQWw" "Mozilla/5.0 (Linux; Android 14; SM-S928B) AppleWebKit/537.36 (KHTML, like Gecko) Chrome/131.0.0.0 Mobile Safari/537.36"
45.148.10.238 - - [27/Aug/2026:01:29:35 +0330] "GET /83490eb8-43a2-4153-b830-4ce23e7c1659.html HTTP/1.1" 301 169 "-" "Mozilla/5.0 (Macintosh; Intel Mac OS X 10_15_7) AppleWebKit/605.1.15 (KHTML, like Gecko) Version/18.2 Safari/605.1.15"
45.148.10.238 - - [27/Aug/2026:01:29:35 +0330] "GET /adminer/.env?v=fYimI HTTP/1.1" 301 169 "-" "Mozilla/5.0 (X11; Linux x86_64; rv:134.0) Gecko/20100101 Firefox/134.0"
45.148.10.238 - - [27/Aug/2026:01:29:35 +0330] "GET /credentials.csv HTTP/1.1" 404 2312 "http://185.215.124.174/credentials.csv" "Mozilla/5.0 (iPhone; CPU iPhone OS 18_2 like Mac OS X) AppleWebKit/605.1.15 (KHTML, like Gecko) Version/18.2 Mobile/15E148 Safari/605.1.15"
45.148.10.238 - - [27/Aug/2026:01:29:35 +0330] "GET /credentials.xml?v=B2Dri HTTP/1.1" 404 2312 "http://185.215.124.174/credentials.xml?v=B2Dri" "Mozilla/5.0 (X11; Linux x86_64) AppleWebKit/537.36 (KHTML, like Gecko) Chrome/131.0.0.0 Safari/537.36"
45.148.10.238 - - [27/Aug/2026:01:29:35 +0330] "GET /cms/.env?v=BtKJF HTTP/1.1" 301 169 "-" "Mozilla/5.0 (iPhone; CPU iPhone OS 18_2 like Mac OS X) AppleWebKit/605.1.15 (KHTML, like Gecko) Version/18.2 Mobile/15E148 Safari/605.1.15"
45.148.10.238 - - [27/Aug/2026:01:29:35 +0330] "GET /app/client/.env?v=JOyHI HTTP/1.1" 403 125 "http://185.215.124.174/app/client/.env?v=JOyHI" "Mozilla/5.0 (Macintosh; Intel Mac OS X 10_15_7) AppleWebKit/605.1.15 (KHTML, like Gecko) Version/18.2 Safari/605.1.15"
2.147.138.23 - - [27/Aug/2026:01:29:35 +0330] "GET /_next/image?url=%2Fassets%2Fimages%2Fhome%2Fcategory%2Fall.png&w=256&q=75 HTTP/2.0" 200 750 "https://charsooq.com/products-offer?page=1" "Mozilla/5.0 (Linux; Android 10; K) AppleWebKit/537.36 (KHTML, like Gecko) Chrome/150.0.0.0 Mobile Safari/537.36"
45.148.10.238 - - [27/Aug/2026:01:29:35 +0330] "GET /backend/.env.local?v=LvoVu HTTP/1.1" 403 187 "http://185.215.124.174/backend/.env.local?v=LvoVu" "Mozlila/5.0 (Linux; Android 7.0; SM-G892A Bulid/NRD90M; wv) AppleWebKit/537.36 (KHTML, like Gecko) Version/4.0 Chrome/60.0.3112.107 Moblie Safari/537.36"
45.148.10.238 - - [27/Aug/2026:01:29:35 +0330] "GET /62384131-e20e-446b-830f-f0ad1539b92a.html HTTP/1.1" 301 169 "-" "Mozlila/5.0 (Linux; Android 7.0; SM-G892A Bulid/NRD90M; wv) AppleWebKit/537.36 (KHTML, like Gecko) Version/4.0 Chrome/60.0.3112.107 Moblie Safari/537.36"
45.148.10.238 - - [27/Aug/2026:01:29:35 +0330] "GET /acme_challenges/.env?v=rveeK HTTP/1.1" 403 187 "http://185.215.124.174/acme_challenges/.env?v=rveeK" "Mozilla/5.0 (Linux; Android 14; SM-S928B) AppleWebKit/537.36 (KHTML, like Gecko) Chrome/131.0.0.0 Mobile Safari/537.36"
45.148.10.238 - - [27/Aug/2026:01:29:35 +0330] "GET /bank/.env?v=Dpyau HTTP/1.1" 301 169 "-" "Mozilla/5.0 (Windows NT 10.0; Win64; x64; rv:134.0) Gecko/20100101 Firefox/134.0"
45.148.10.238 - - [27/Aug/2026:01:29:35 +0330] "GET /consulation/.env?v=VEAWC HTTP/1.1" 301 169 "-" "Mozilla/5.0 (Macintosh; Intel Mac OS X 10_15_7) AppleWebKit/537.36 (KHTML, like Gecko) Chrome/131.0.0.0 Safari/537.36"
45.148.10.238 - - [27/Aug/2026:01:29:35 +0330] "GET /app-order-client/%2eenv?v=VFQWw HTTP/1.1" 301 169 "-" "Mozilla/5.0 (Linux; Android 14; SM-S928B) AppleWebKit/537.36 (KHTML, like Gecko) Chrome/131.0.0.0 Mobile Safari/537.36"
45.148.10.238 - - [27/Aug/2026:01:29:35 +0330] "GET /02a7d2ec-478a-434b-83c3-823b5879d28f.html HTTP/1.1" 404 2312 "http://185.215.124.174/02a7d2ec-478a-434b-83c3-823b5879d28f.html" "Mozilla/5.0 (Windows NT 10.0; Win64; x64; rv:134.0) Gecko/20100101 Firefox/134.0"
2.147.138.23 - - [27/Aug/2026:01:29:35 +0330] "GET /_next/image?url=https%3A%2F%2Fpanel.charsooq.com%2Fstorage%2F01JPCD7NP7BB1X5738NRZ1MF60.png&w=256&q=75 HTTP/2.0" 200 9822 "https://charsooq.com/products-offer?page=1" "Mozilla/5.0 (Linux; Android 10; K) AppleWebKit/537.36 (KHTML, like Gecko) Chrome/150.0.0.0 Mobile Safari/537.36"
45.148.10.238 - - [27/Aug/2026:01:29:35 +0330] "GET /staticfiles/.env?v=DDMj3 HTTP/1.1" 301 169 "-" "Mozilla/5.0 (iPhone; CPU iPhone OS 18_2 like Mac OS X) AppleWebKit/605.1.15 (KHTML, like Gecko) Version/18.2 Mobile/15E148 Safari/605.1.15"
45.148.10.238 - - [27/Aug/2026:01:29:35 +0330] "GET /.env~?v=VFipq HTTP/1.1" 403 187 "http://185.215.124.174/.env~?v=VFipq" "Mozilla/5.0 (Windows NT 10.0; Win64; x64) AppleWebKit/537.36 (KHTML, like Gecko) Chrome/131.0.0.0 Safari/537.36 Edg/131.0.0.0"
2.147.138.23 - - [27/Aug/2026:01:29:35 +0330] "GET /_next/image?url=https%3A%2F%2Fpanel.charsooq.com%2Fstorage%2F01JPCD8PQ017Q5Z9K1CPWYC9SF.png&w=256&q=75 HTTP/2.0" 200 6886 "https://charsooq.com/products-offer?page=1" "Mozilla/5.0 (Linux; Android 10; K) AppleWebKit/537.36 (KHTML, like Gecko) Chrome/150.0.0.0 Mobile Safari/537.36"
2.147.138.23 - - [27/Aug/2026:01:29:35 +0330] "GET /_next/image?url=https%3A%2F%2Fpanel.charsooq.com%2Fstorage%2F01JNB1V5VC8MNZZ9FDEY8NPMYJ.webp&w=256&q=75 HTTP/2.0" 200 1040 "https://charsooq.com/products-offer?page=1" "Mozilla/5.0 (Linux; Android 10; K) AppleWebKit/537.36 (KHTML, like Gecko) Chrome/150.0.0.0 Mobile Safari/537.36"
2.147.138.23 - - [27/Aug/2026:01:29:35 +0330] "GET /_next/image?url=https%3A%2F%2Fpanel.charsooq.com%2Fstorage%2F01JT37RDMTN0VX2QHJKM2PQH95.png&w=256&q=75 HTTP/2.0" 200 10776 "https://charsooq.com/products-offer?page=1" "Mozilla/5.0 (Linux; Android 10; K) AppleWebKit/537.36 (KHTML, like Gecko) Chrome/150.0.0.0 Mobile Safari/537.36"
45.148.10.238 - - [27/Aug/2026:01:29:35 +0330] "GET /.env.test.localapi/.env?v=ODlvY HTTP/1.1" 301 169 "-" "Mozilla/5.0 (Linux; Android 14; SM-S928B) AppleWebKit/537.36 (KHTML, like Gecko) Chrome/131.0.0.0 Mobile Safari/537.36"
127.0.0.1 - - [27/Aug/2026:01:29:35 +0330] "GET /storage/01JNB1V5VC8MNZZ9FDEY8NPMYJ.webp HTTP/1.1" 200 1068 "-" "node"
127.0.0.1 - - [27/Aug/2026:01:29:35 +0330] "GET /storage/01JPCD7NP7BB1X5738NRZ1MF60.png HTTP/1.1" 200 52465 "-" "node"
127.0.0.1 - - [27/Aug/2026:01:29:35 +0330] "GET /storage/01JT37RDMTN0VX2QHJKM2PQH95.png HTTP/1.1" 200 49734 "-" "node"
127.0.0.1 - - [27/Aug/2026:01:29:35 +0330] "GET /storage/01JPCD8PQ017Q5Z9K1CPWYC9SF.png HTTP/1.1" 200 27169 "-" "node"
45.148.10.238 - - [27/Aug/2026:01:29:35 +0330] "GET /cd49e28e-96d2-422d-8ff2-d494629a9c73.html HTTP/1.1" 301 169 "-" "Mozilla/5.0 (Linux; Android 14; SM-S928B) AppleWebKit/537.36 (KHTML, like Gecko) Chrome/131.0.0.0 Mobile Safari/537.36"
45.148.10.238 - - [27/Aug/2026:01:29:35 +0330] "GET /adminer/.env?v=fYimI HTTP/1.1" 403 125 "http://185.215.124.174/adminer/.env?v=fYimI" "Mozilla/5.0 (X11; Linux x86_64; rv:134.0) Gecko/20100101 Firefox/134.0"
45.148.10.238 - - [27/Aug/2026:01:29:35 +0330] "GET /%2eenv~?v=VFipq HTTP/1.1" 301 169 "-" "Mozilla/5.0 (X11; Linux x86_64; rv:134.0) Gecko/20100101 Firefox/134.0"
45.148.10.238 - - [27/Aug/2026:01:29:35 +0330] "GET /consulation/.env?v=VEAWC HTTP/1.1" 403 187 "http://185.215.124.174/consulation/.env?v=VEAWC" "Mozilla/5.0 (Macintosh; Intel Mac OS X 10_15_7) AppleWebKit/537.36 (KHTML, like Gecko) Chrome/131.0.0.0 Safari/537.36"
45.148.10.238 - - [27/Aug/2026:01:29:35 +0330] "GET /staticfiles/.env?v=DDMj3 HTTP/1.1" 403 125 "http://185.215.124.174/staticfiles/.env?v=DDMj3" "Mozilla/5.0 (iPhone; CPU iPhone OS 18_2 like Mac OS X) AppleWebKit/605.1.15 (KHTML, like Gecko) Version/18.2 Mobile/15E148 Safari/605.1.15"
45.148.10.238 - - [27/Aug/2026:01:29:35 +0330] "GET /adminer/%2eenv?v=fYimI HTTP/1.1" 301 169 "-" "Mozilla/5.0 (Windows NT 10.0; Win64; x64) AppleWebKit/537.36 (KHTML, like Gecko) Chrome/131.0.0.0 Safari/537.36 Edg/131.0.0.0"
45.148.10.238 - - [27/Aug/2026:01:29:35 +0330] "GET /.env.docker.dev?v=zniXd HTTP/1.1" 301 169 "-" "Mozilla/5.0 (Linux; Android 14; SM-S928B) AppleWebKit/537.36 (KHTML, like Gecko) Chrome/131.0.0.0 Mobile Safari/537.36"
127.0.0.1 - - [27/Aug/2026:01:29:35 +0330] "GET /storage/01JPCDDDH5XS7PDQSG8FCVYECA.png HTTP/1.1" 200 3743 "-" "node"
2.147.138.23 - - [27/Aug/2026:01:29:35 +0330] "GET /_next/image?url=https%3A%2F%2Fpanel.charsooq.com%2Fstorage%2F01JPCDDDH5XS7PDQSG8FCVYECA.png&w=256&q=75 HTTP/2.0" 200 1708 "https://charsooq.com/products-offer?page=1" "Mozilla/5.0 (Linux; Android 10; K) AppleWebKit/537.36 (KHTML, like Gecko) Chrome/150.0.0.0 Mobile Safari/537.36"
127.0.0.1 - - [27/Aug/2026:01:29:35 +0330] "GET /storage/01JPHNRPP6THKXR3ZPV8R48MK8.png HTTP/1.1" 200 3454 "-" "node"
2.147.138.23 - - [27/Aug/2026:01:29:35 +0330] "GET /_next/image?url=https%3A%2F%2Fpanel.charsooq.com%2Fstorage%2F01JPHNRPP6THKXR3ZPV8R48MK8.png&w=256&q=75 HTTP/2.0" 200 1446 "https://charsooq.com/products-offer?page=1" "Mozilla/5.0 (Linux; Android 10; K) AppleWebKit/537.36 (KHTML, like Gecko) Chrome/150.0.0.0 Mobile Safari/537.36"
127.0.0.1 - - [27/Aug/2026:01:29:35 +0330] "GET /storage/01K85XJ14R02M5WX4G3RCTM11E.webp HTTP/1.1" 200 39572 "-" "node"
2.147.138.23 - - [27/Aug/2026:01:29:35 +0330] "GET /_next/image?url=https%3A%2F%2Fpanel.charsooq.com%2Fstorage%2F01K85XJ14R02M5WX4G3RCTM11E.webp&w=640&q=75 HTTP/2.0" 200 8558 "https://charsooq.com/" "Mozilla/5.0 (Linux; Android 10; K) AppleWebKit/537.36 (KHTML, like Gecko) Chrome/150.0.0.0 Mobile Safari/537.36"
127.0.0.1 - - [27/Aug/2026:01:29:35 +0330] "GET /storage/01K85ZWV0VHD9K1G8EP3NEVTBD.webp HTTP/1.1" 200 50168 "-" "node"
2.147.138.23 - - [27/Aug/2026:01:29:35 +0330] "GET /_next/image?url=https%3A%2F%2Fpanel.charsooq.com%2Fstorage%2F01K85ZWV0VHD9K1G8EP3NEVTBD.webp&w=640&q=75 HTTP/2.0" 200 15514 "https://charsooq.com/" "Mozilla/5.0 (Linux; Android 10; K) AppleWebKit/537.36 (KHTML, like Gecko) Chrome/150.0.0.0 Mobile Safari/537.36"
2.147.138.23 - - [27/Aug/2026:01:29:35 +0330] "GET /products-offer/gadget?page=1&_rsc=y394c HTTP/2.0" 200 1504 "https://charsooq.com/products-offer?page=1" "Mozilla/5.0 (Linux; Android 10; K) AppleWebKit/537.36 (KHTML, like Gecko) Chrome/150.0.0.0 Mobile Safari/537.36"
45.148.10.238 - - [27/Aug/2026:01:29:35 +0330] "GET /.envs?v=EF1km HTTP/1.1" 301 169 "-" "Mozilla/5.0 (Macintosh; Intel Mac OS X 10_15_7) AppleWebKit/537.36 (KHTML, like Gecko) Chrome/131.0.0.0 Safari/537.36"
127.0.0.1 - - [27/Aug/2026:01:29:35 +0330] "GET /storage/01K026HVSY2NFB8Y8Y9XAENRE2.webp HTTP/1.1" 200 100894 "-" "node"
45.148.10.238 - - [27/Aug/2026:01:29:35 +0330] "GET /cd49e28e-96d2-422d-8ff2-d494629a9c73.html HTTP/1.1" 404 2312 "http://185.215.124.174/cd49e28e-96d2-422d-8ff2-d494629a9c73.html" "Mozilla/5.0 (Linux; Android 14; SM-S928B) AppleWebKit/537.36 (KHTML, like Gecko) Chrome/131.0.0.0 Mobile Safari/537.36"
45.148.10.238 - - [27/Aug/2026:01:29:35 +0330] "GET /api/shared/.env?v=ohEvV HTTP/1.1" 301 169 "-" "Mozilla/5.0 (X11; Linux x86_64) AppleWebKit/537.36 (KHTML, like Gecko) Chrome/131.0.0.0 Safari/537.36"
45.148.10.238 - - [27/Aug/2026:01:29:35 +0330] "GET /staticfiles/%2eenv?v=DDMj3 HTTP/1.1" 301 169 "-" "Mozilla/5.0 (Windows NT 10.0; Win64; x64) AppleWebKit/537.36 (KHTML, like Gecko) Chrome/131.0.0.0 Safari/537.36"
45.148.10.238 - - [27/Aug/2026:01:29:36 +0330] "GET /credentials%2eyml?v=ohJ3p HTTP/1.1" 301 169 "-" "Mozilla/5.0 (Windows NT 10.0; Win64; x64) AppleWebKit/537.36 (KHTML, like Gecko) Chrome/131.0.0.0 Safari/537.36"
45.148.10.238 - - [27/Aug/2026:01:29:36 +0330] "GET /api/shared/.env?v=ohEvV HTTP/1.1" 403 187 "http://185.215.124.174/api/shared/.env?v=ohEvV" "Mozilla/5.0 (X11; Linux x86_64) AppleWebKit/537.36 (KHTML, like Gecko) Chrome/131.0.0.0 Safari/537.36"
