5.22.10.65 - - [27/Aug/2026:01:03:25 +0330] "GET /_next/static/chunks/2117-828e02dc1643a950.js HTTP/2.0" 200 32001 "https://charsooq.com/articles/arabic-women-dress" "Mozilla/5.0 (Linux; Android 10; K) AppleWebKit/537.36 (KHTML, like Gecko) Chrome/151.0.0.0 Mobile Safari/537.36"
5.22.10.65 - - [27/Aug/2026:01:03:25 +0330] "GET /_next/static/chunks/2972-d7980624b2014943.js HTTP/2.0" 200 8732 "https://charsooq.com/articles/arabic-women-dress" "Mozilla/5.0 (Linux; Android 10; K) AppleWebKit/537.36 (KHTML, like Gecko) Chrome/151.0.0.0 Mobile Safari/537.36"
5.22.10.65 - - [27/Aug/2026:01:03:25 +0330] "GET /_next/static/chunks/1580-575957d688ae25ac.js HTTP/2.0" 200 12089 "https://charsooq.com/articles/arabic-women-dress" "Mozilla/5.0 (Linux; Android 10; K) AppleWebKit/537.36 (KHTML, like Gecko) Chrome/151.0.0.0 Mobile Safari/537.36"
5.22.10.65 - - [27/Aug/2026:01:03:25 +0330] "GET /_next/static/chunks/4438-ac5ce0d4a5fd9e15.js HTTP/2.0" 200 8260 "https://charsooq.com/articles/arabic-women-dress" "Mozilla/5.0 (Linux; Android 10; K) AppleWebKit/537.36 (KHTML, like Gecko) Chrome/151.0.0.0 Mobile Safari/537.36"
5.22.10.65 - - [27/Aug/2026:01:03:25 +0330] "GET /_next/static/chunks/6137-97a90ba21cd4a885.js HTTP/2.0" 200 6706 "https://charsooq.com/articles/arabic-women-dress" "Mozilla/5.0 (Linux; Android 10; K) AppleWebKit/537.36 (KHTML, like Gecko) Chrome/151.0.0.0 Mobile Safari/537.36"
5.22.10.65 - - [27/Aug/2026:01:03:25 +0330] "GET /_next/static/chunks/3462-b3fd13ed1d4f90e2.js HTTP/2.0" 200 1833 "https://charsooq.com/articles/arabic-women-dress" "Mozilla/5.0 (Linux; Android 10; K) AppleWebKit/537.36 (KHTML, like Gecko) Chrome/151.0.0.0 Mobile Safari/537.36"
5.22.10.65 - - [27/Aug/2026:01:03:25 +0330] "GET /_next/static/chunks/3013-a9939c72e4a38977.js HTTP/2.0" 200 6860 "https://charsooq.com/articles/arabic-women-dress" "Mozilla/5.0 (Linux; Android 10; K) AppleWebKit/537.36 (KHTML, like Gecko) Chrome/151.0.0.0 Mobile Safari/537.36"
5.22.10.65 - - [27/Aug/2026:01:03:25 +0330] "GET /_next/static/chunks/5878-8c4517462d65e9a5.js HTTP/2.0" 200 5170 "https://charsooq.com/articles/arabic-women-dress" "Mozilla/5.0 (Linux; Android 10; K) AppleWebKit/537.36 (KHTML, like Gecko) Chrome/151.0.0.0 Mobile Safari/537.36"
5.22.10.65 - - [27/Aug/2026:01:03:25 +0330] "GET /_next/static/chunks/6818-72710ec856a66515.js HTTP/2.0" 200 2700 "https://charsooq.com/articles/arabic-women-dress" "Mozilla/5.0 (Linux; Android 10; K) AppleWebKit/537.36 (KHTML, like Gecko) Chrome/151.0.0.0 Mobile Safari/537.36"
5.22.10.65 - - [27/Aug/2026:01:03:26 +0330] "GET /_next/static/chunks/1493-5bf6477734a442f1.js HTTP/2.0" 200 3468 "https://charsooq.com/articles/arabic-women-dress" "Mozilla/5.0 (Linux; Android 10; K) AppleWebKit/537.36 (KHTML, like Gecko) Chrome/151.0.0.0 Mobile Safari/537.36"
5.22.10.65 - - [27/Aug/2026:01:03:26 +0330] "GET /_next/static/chunks/8003-81602ee8b36ef204.js HTTP/2.0" 200 2418 "https://charsooq.com/articles/arabic-women-dress" "Mozilla/5.0 (Linux; Android 10; K) AppleWebKit/537.36 (KHTML, like Gecko) Chrome/151.0.0.0 Mobile Safari/537.36"
5.22.10.65 - - [27/Aug/2026:01:03:26 +0330] "GET /_next/static/chunks/8230-1cded471f36e4c61.js HTTP/2.0" 200 5411 "https://charsooq.com/articles/arabic-women-dress" "Mozilla/5.0 (Linux; Android 10; K) AppleWebKit/537.36 (KHTML, like Gecko) Chrome/151.0.0.0 Mobile Safari/537.36"
5.22.10.65 - - [27/Aug/2026:01:03:26 +0330] "GET /_next/static/chunks/9227-c2a8061d3143118a.js HTTP/2.0" 200 2320 "https://charsooq.com/articles/arabic-women-dress" "Mozilla/5.0 (Linux; Android 10; K) AppleWebKit/537.36 (KHTML, like Gecko) Chrome/151.0.0.0 Mobile Safari/537.36"
5.22.10.65 - - [27/Aug/2026:01:03:26 +0330] "GET /_next/static/chunks/app/articles/%5Bslug%5D/page-eab29444fd759c7a.js HTTP/2.0" 200 6410 "https://charsooq.com/articles/arabic-women-dress" "Mozilla/5.0 (Linux; Android 10; K) AppleWebKit/537.36 (KHTML, like Gecko) Chrome/151.0.0.0 Mobile Safari/537.36"
5.22.10.65 - - [27/Aug/2026:01:03:26 +0330] "GET /_next/static/chunks/9064-bc53da8ff6805f5a.js HTTP/2.0" 200 4703 "https://charsooq.com/articles/arabic-women-dress" "Mozilla/5.0 (Linux; Android 10; K) AppleWebKit/537.36 (KHTML, like Gecko) Chrome/151.0.0.0 Mobile Safari/537.36"
5.22.10.65 - - [27/Aug/2026:01:03:26 +0330] "GET /_next/static/chunks/4216-78fe3424349836f6.js HTTP/2.0" 200 7011 "https://charsooq.com/articles/arabic-women-dress" "Mozilla/5.0 (Linux; Android 10; K) AppleWebKit/537.36 (KHTML, like Gecko) Chrome/151.0.0.0 Mobile Safari/537.36"
5.22.10.65 - - [27/Aug/2026:01:03:26 +0330] "GET /_next/static/chunks/3134-367eb482f3be54c2.js HTTP/2.0" 200 2334 "https://charsooq.com/articles/arabic-women-dress" "Mozilla/5.0 (Linux; Android 10; K) AppleWebKit/537.36 (KHTML, like Gecko) Chrome/151.0.0.0 Mobile Safari/537.36"
5.22.10.65 - - [27/Aug/2026:01:03:26 +0330] "GET /_next/static/chunks/9470-129db663fb54ce77.js HTTP/2.0" 200 3092 "https://charsooq.com/articles/arabic-women-dress" "Mozilla/5.0 (Linux; Android 10; K) AppleWebKit/537.36 (KHTML, like Gecko) Chrome/151.0.0.0 Mobile Safari/537.36"
5.22.10.65 - - [27/Aug/2026:01:03:26 +0330] "GET /_next/static/chunks/8472-05374d6b6d91921f.js HTTP/2.0" 200 9473 "https://charsooq.com/articles/arabic-women-dress" "Mozilla/5.0 (Linux; Android 10; K) AppleWebKit/537.36 (KHTML, like Gecko) Chrome/151.0.0.0 Mobile Safari/537.36"
5.22.10.65 - - [27/Aug/2026:01:03:26 +0330] "GET /_next/static/chunks/873-fa2a34145b7f655b.js HTTP/2.0" 200 64908 "https://charsooq.com/articles/arabic-women-dress" "Mozilla/5.0 (Linux; Android 10; K) AppleWebKit/537.36 (KHTML, like Gecko) Chrome/151.0.0.0 Mobile Safari/537.36"
5.22.10.65 - - [27/Aug/2026:01:03:26 +0330] "GET /_next/static/chunks/84-b6c070b37c66d77f.js HTTP/2.0" 200 2597 "https://charsooq.com/articles/arabic-women-dress" "Mozilla/5.0 (Linux; Android 10; K) AppleWebKit/537.36 (KHTML, like Gecko) Chrome/151.0.0.0 Mobile Safari/537.36"
5.22.10.65 - - [27/Aug/2026:01:03:26 +0330] "GET /_next/static/chunks/app/layout-cb550aa8118c7c2c.js HTTP/2.0" 200 11535 "https://charsooq.com/articles/arabic-women-dress" "Mozilla/5.0 (Linux; Android 10; K) AppleWebKit/537.36 (KHTML, like Gecko) Chrome/151.0.0.0 Mobile Safari/537.36"
5.22.10.65 - - [27/Aug/2026:01:03:26 +0330] "GET /_next/static/chunks/app/error-094d5bcef522249f.js HTTP/2.0" 200 673 "https://charsooq.com/articles/arabic-women-dress" "Mozilla/5.0 (Linux; Android 10; K) AppleWebKit/537.36 (KHTML, like Gecko) Chrome/151.0.0.0 Mobile Safari/537.36"
5.22.10.65 - - [27/Aug/2026:01:03:26 +0330] "GET /storage/uploads/q2fHWkqoydNzmrKw3xWaLQe3maRlBETJcfWPsNBT.webp HTTP/2.0" 200 53968 "https://charsooq.com/" "Mozilla/5.0 (Linux; Android 10; K) AppleWebKit/537.36 (KHTML, like Gecko) Chrome/151.0.0.0 Mobile Safari/537.36"
5.22.10.65 - - [27/Aug/2026:01:03:26 +0330] "GET /storage/uploads/wtu4R1zcuplGwc661BjZWr8zXQPwTnv8895rNHYl.webp HTTP/2.0" 200 54760 "https://charsooq.com/" "Mozilla/5.0 (Linux; Android 10; K) AppleWebKit/537.36 (KHTML, like Gecko) Chrome/151.0.0.0 Mobile Safari/537.36"
5.22.10.65 - - [27/Aug/2026:01:03:26 +0330] "GET /storage/uploads/NPrsg1PmfNRsdOSEt2QfTyVyuQUEzIabaoketM1F.webp HTTP/2.0" 200 18122 "https://charsooq.com/" "Mozilla/5.0 (Linux; Android 10; K) AppleWebKit/537.36 (KHTML, like Gecko) Chrome/151.0.0.0 Mobile Safari/537.36"
5.22.10.65 - - [27/Aug/2026:01:03:26 +0330] "GET /_next/static/chunks/4922.b90b86ef20984235.js HTTP/2.0" 200 425 "https://charsooq.com/articles/arabic-women-dress" "Mozilla/5.0 (Linux; Android 10; K) AppleWebKit/537.36 (KHTML, like Gecko) Chrome/151.0.0.0 Mobile Safari/537.36"
5.22.10.65 - - [27/Aug/2026:01:03:26 +0330] "GET /_next/static/chunks/1495.b45bb862bd3e18ec.js HTTP/2.0" 200 779 "https://charsooq.com/articles/arabic-women-dress" "Mozilla/5.0 (Linux; Android 10; K) AppleWebKit/537.36 (KHTML, like Gecko) Chrome/151.0.0.0 Mobile Safari/537.36"
5.22.10.65 - - [27/Aug/2026:01:03:26 +0330] "GET /_next/static/chunks/415.9bf722adfc74e289.js HTTP/2.0" 200 8742 "https://charsooq.com/articles/arabic-women-dress" "Mozilla/5.0 (Linux; Android 10; K) AppleWebKit/537.36 (KHTML, like Gecko) Chrome/151.0.0.0 Mobile Safari/537.36"
5.22.10.65 - - [27/Aug/2026:01:03:26 +0330] "GET /checkout?_rsc=1co2f HTTP/2.0" 200 1690 "https://charsooq.com/articles/arabic-women-dress" "Mozilla/5.0 (Linux; Android 10; K) AppleWebKit/537.36 (KHTML, like Gecko) Chrome/151.0.0.0 Mobile Safari/537.36"
127.0.0.1 - - [27/Aug/2026:01:03:26 +0330] "GET /api/v1/article-most-view?count=3 HTTP/1.1" 301 169 "-" "node"
127.0.0.1 - - [27/Aug/2026:01:03:26 +0330] "GET /api/v1/article-future?count=4 HTTP/1.1" 301 169 "-" "node"
127.0.0.1 - - [27/Aug/2026:01:03:26 +0330] "GET /api/v1/articles?count=8&page=1 HTTP/1.1" 301 169 "-" "node"
5.22.10.65 - - [27/Aug/2026:01:03:26 +0330] "GET /?_rsc=1co2f HTTP/2.0" 200 13562 "https://charsooq.com/articles/arabic-women-dress" "Mozilla/5.0 (Linux; Android 10; K) AppleWebKit/537.36 (KHTML, like Gecko) Chrome/151.0.0.0 Mobile Safari/537.36"
5.22.10.65 - - [27/Aug/2026:01:03:26 +0330] "GET /_next/static/chunks/5763-e3689baff1695fd1.js HTTP/2.0" 200 4387 "https://charsooq.com/articles/arabic-women-dress" "Mozilla/5.0 (Linux; Android 10; K) AppleWebKit/537.36 (KHTML, like Gecko) Chrome/151.0.0.0 Mobile Safari/537.36"
5.22.10.65 - - [27/Aug/2026:01:03:26 +0330] "GET /_next/static/chunks/2034-b6ee9baf8082b7dc.js HTTP/2.0" 200 10926 "https://charsooq.com/articles/arabic-women-dress" "Mozilla/5.0 (Linux; Android 10; K) AppleWebKit/537.36 (KHTML, like Gecko) Chrome/151.0.0.0 Mobile Safari/537.36"
5.22.10.65 - - [27/Aug/2026:01:03:26 +0330] "GET /_next/static/chunks/5605-342a49848bbf0c11.js HTTP/2.0" 200 6777 "https://charsooq.com/articles/arabic-women-dress" "Mozilla/5.0 (Linux; Android 10; K) AppleWebKit/537.36 (KHTML, like Gecko) Chrome/151.0.0.0 Mobile Safari/537.36"
5.22.10.65 - - [27/Aug/2026:01:03:26 +0330] "GET /_next/static/chunks/1592-00644b699e0ed4d8.js HTTP/2.0" 200 7980 "https://charsooq.com/articles/arabic-women-dress" "Mozilla/5.0 (Linux; Android 10; K) AppleWebKit/537.36 (KHTML, like Gecko) Chrome/151.0.0.0 Mobile Safari/537.36"
5.22.10.65 - - [27/Aug/2026:01:03:26 +0330] "GET /_next/static/chunks/169-68dabecb1c163108.js HTTP/2.0" 200 6555 "https://charsooq.com/articles/arabic-women-dress" "Mozilla/5.0 (Linux; Android 10; K) AppleWebKit/537.36 (KHTML, like Gecko) Chrome/151.0.0.0 Mobile Safari/537.36"
5.22.10.65 - - [27/Aug/2026:01:03:26 +0330] "GET /_next/static/chunks/1188-8347881a51d7e866.js HTTP/2.0" 200 3364 "https://charsooq.com/articles/arabic-women-dress" "Mozilla/5.0 (Linux; Android 10; K) AppleWebKit/537.36 (KHTML, like Gecko) Chrome/151.0.0.0 Mobile Safari/537.36"
5.22.10.65 - - [27/Aug/2026:01:03:26 +0330] "GET /_next/static/chunks/7463-8c14f85f0b9a94fe.js HTTP/2.0" 200 3339 "https://charsooq.com/articles/arabic-women-dress" "Mozilla/5.0 (Linux; Android 10; K) AppleWebKit/537.36 (KHTML, like Gecko) Chrome/151.0.0.0 Mobile Safari/537.36"
5.22.10.65 - - [27/Aug/2026:01:03:26 +0330] "GET /_next/static/chunks/2177-53f14356cddc2711.js HTTP/2.0" 200 3254 "https://charsooq.com/articles/arabic-women-dress" "Mozilla/5.0 (Linux; Android 10; K) AppleWebKit/537.36 (KHTML, like Gecko) Chrome/151.0.0.0 Mobile Safari/537.36"
5.22.10.65 - - [27/Aug/2026:01:03:26 +0330] "GET /_next/static/chunks/app/page-759df78f59703adb.js HTTP/2.0" 200 1959 "https://charsooq.com/articles/arabic-women-dress" "Mozilla/5.0 (Linux; Android 10; K) AppleWebKit/537.36 (KHTML, like Gecko) Chrome/151.0.0.0 Mobile Safari/537.36"
5.22.10.65 - - [27/Aug/2026:01:03:26 +0330] "GET /_next/static/chunks/app/articles/page-324f669561f38a6f.js HTTP/2.0" 200 5209 "https://charsooq.com/articles/arabic-women-dress" "Mozilla/5.0 (Linux; Android 10; K) AppleWebKit/537.36 (KHTML, like Gecko) Chrome/151.0.0.0 Mobile Safari/537.36"
5.22.10.65 - - [27/Aug/2026:01:03:26 +0330] "GET /_next/static/chunks/300-72da8991edf2ed5a.js HTTP/2.0" 200 33594 "https://charsooq.com/articles/arabic-women-dress" "Mozilla/5.0 (Linux; Android 10; K) AppleWebKit/537.36 (KHTML, like Gecko) Chrome/151.0.0.0 Mobile Safari/537.36"
127.0.0.1 - - [27/Aug/2026:01:03:26 +0330] "GET /api/v1/article-most-view?count=3 HTTP/1.1" 200 806789 "-" "node"
127.0.0.1 - - [27/Aug/2026:01:03:26 +0330] "GET /api/v2/sliders HTTP/1.1" 200 7479 "-" "node"
5.22.10.65 - - [27/Aug/2026:01:03:26 +0330] "GET /_next/static/chunks/app/checkout/layout-d7cf06d0dc8d6df6.js HTTP/2.0" 200 39421 "https://charsooq.com/articles/arabic-women-dress" "Mozilla/5.0 (Linux; Android 10; K) AppleWebKit/537.36 (KHTML, like Gecko) Chrome/151.0.0.0 Mobile Safari/537.36"
127.0.0.1 - - [27/Aug/2026:01:03:26 +0330] "GET /api/v1/article-future?count=4 HTTP/1.1" 200 932773 "-" "node"
127.0.0.1 - - [27/Aug/2026:01:03:26 +0330] "GET /api/v1/articles?count=8&page=1 HTTP/1.1" 200 22434 "-" "node"
5.22.10.65 - - [27/Aug/2026:01:03:26 +0330] "GET /articles?_rsc=1co2f HTTP/2.0" 200 7120 "https://charsooq.com/articles/arabic-women-dress" "Mozilla/5.0 (Linux; Android 10; K) AppleWebKit/537.36 (KHTML, like Gecko) Chrome/151.0.0.0 Mobile Safari/537.36"
5.22.10.65 - - [27/Aug/2026:01:03:27 +0330] "GET /pwa-icon-180.png HTTP/2.0" 200 10221 "https://charsooq.com/articles/arabic-women-dress" "Mozilla/5.0 (Linux; Android 10; K) AppleWebKit/537.36 (KHTML, like Gecko) Chrome/151.0.0.0 Mobile Safari/537.36"
5.22.10.65 - - [27/Aug/2026:01:03:27 +0330] "GET /manifest.json HTTP/2.0" 200 334 "https://charsooq.com/articles/arabic-women-dress" "Mozilla/5.0 (Linux; Android 10; K) AppleWebKit/537.36 (KHTML, like Gecko) Chrome/151.0.0.0 Mobile Safari/537.36"
5.22.10.65 - - [27/Aug/2026:01:03:27 +0330] "GET /favicon.ico HTTP/2.0" 200 3035 "https://charsooq.com/articles/arabic-women-dress" "Mozilla/5.0 (Linux; Android 10; K) AppleWebKit/537.36 (KHTML, like Gecko) Chrome/151.0.0.0 Mobile Safari/537.36"
5.22.10.65 - - [27/Aug/2026:01:03:27 +0330] "GET /pwa-icon-180.png HTTP/2.0" 304 0 "https://charsooq.com/articles/arabic-women-dress" "Mozilla/5.0 (Linux; Android 10; K) AppleWebKit/537.36 (KHTML, like Gecko) Chrome/151.0.0.0 Mobile Safari/537.36"
127.0.0.1 - - [27/Aug/2026:01:03:28 +0330] "GET /api/v2/page-data HTTP/1.1" 200 36854 "-" "node"
127.0.0.1 - - [27/Aug/2026:01:03:35 +0330] "GET /api/v1/categories-amazon HTTP/1.1" 200 34230 "-" "node"
172.16.20.25 - - [27/Aug/2026:01:03:35 +0330] "GET / HTTP/1.1" 200 338470 "-" "Mozilla/5.0 (compatible; PRTG Network Monitor (www.paessler.com); Windows)"
127.0.0.1 - - [27/Aug/2026:01:04:21 +0330] "GET /api/v1/article-page?region=foreign-shopping HTTP/1.1" 200 6429 "-" "node"
127.0.0.1 - - [27/Aug/2026:01:04:22 +0330] "GET /api/v1/categories-amazon HTTP/1.1" 200 34199 "-" "node"
207.204.114.106 - - [27/Aug/2026:01:04:23 +0330] "GET /foreign-shopping HTTP/1.1" 200 113517 "https://charsooq.com/" "Mozilla/5.0 (X11; Ubuntu; Linux x86_64) AppleWebKit/537.36 (KHTML, like Gecko) Chrome/124.0.6367.82 Safari/537.36"
127.0.0.1 - - [27/Aug/2026:01:04:34 +0330] "GET /api/v2/sliders HTTP/1.1" 200 7479 "-" "node"
127.0.0.1 - - [27/Aug/2026:01:04:34 +0330] "GET /api/v1/categories-amazon HTTP/1.1" 200 34230 "-" "node"
127.0.0.1 - - [27/Aug/2026:01:04:35 +0330] "GET /api/v2/page-data HTTP/1.1" 200 36854 "-" "node"
172.16.20.25 - - [27/Aug/2026:01:04:35 +0330] "GET / HTTP/1.1" 200 338453 "-" "Mozilla/5.0 (compatible; PRTG Network Monitor (www.paessler.com); Windows)"
66.249.77.99 - - [27/Aug/2026:01:05:03 +0330] "GET /?u=2290131129600 HTTP/1.1" 200 33642 "-" "Mozilla/5.0 (Linux; Android 6.0.1; Nexus 5X Build/MMB29P) AppleWebKit/537.36 (KHTML, like Gecko) Chrome/151.0.7922.173 Mobile Safari/537.36 (compatible; Googlebot/2.1; +http://www.google.com/bot.html)"
66.249.77.100 - - [27/Aug/2026:01:05:09 +0330] "GET /?u=5093173841208 HTTP/1.1" 200 33589 "-" "Mozilla/5.0 (Linux; Android 6.0.1; Nexus 5X Build/MMB29P) AppleWebKit/537.36 (KHTML, like Gecko) Chrome/151.0.7922.173 Mobile Safari/537.36 (compatible; Googlebot/2.1; +http://www.google.com/bot.html)"
127.0.0.1 - - [27/Aug/2026:01:05:34 +0330] "GET /api/v2/sliders HTTP/1.1" 200 7479 "-" "node"
127.0.0.1 - - [27/Aug/2026:01:05:35 +0330] "GET /api/v1/categories-amazon HTTP/1.1" 200 34230 "-" "node"
172.16.20.25 - - [27/Aug/2026:01:05:35 +0330] "GET / HTTP/1.1" 200 338414 "-" "Mozilla/5.0 (compatible; PRTG Network Monitor (www.paessler.com); Windows)"
207.46.13.6 - - [27/Aug/2026:01:05:36 +0330] "GET /?u=831902431902 HTTP/2.0" 200 34137 "-" "Mozilla/5.0 AppleWebKit/537.36 (KHTML, like Gecko; compatible; bingbot/2.0; +http://www.bing.com/bingbot.htm) Chrome/116.0.1938.76 Safari/537.36"
5.120.23.175 - - [27/Aug/2026:01:05:37 +0330] "GET /storage/uploads/mndJOXESicpKaYWUPl0lP9NgJ4AUxGSYlJhrjlvL.webp HTTP/2.0" 200 22236 "-" "com.google.GoogleMobile/408.0 iPhone/18.6.2 hw/iPhone15_3"
207.46.13.6 - - [27/Aug/2026:01:05:38 +0330] "GET /?u=18719175326200 HTTP/2.0" 200 32090 "-" "Mozilla/5.0 AppleWebKit/537.36 (KHTML, like Gecko; compatible; bingbot/2.0; +http://www.bing.com/bingbot.htm) Chrome/116.0.1938.76 Safari/537.36"
40.77.167.21 - - [27/Aug/2026:01:05:40 +0330] "GET /?u=1797318528800 HTTP/2.0" 200 32541 "-" "Mozilla/5.0 AppleWebKit/537.36 (KHTML, like Gecko; compatible; bingbot/2.0; +http://www.bing.com/bingbot.htm) Chrome/116.0.1938.76 Safari/537.36"
40.77.167.21 - - [27/Aug/2026:01:05:41 +0330] "GET /?u=08620265030000 HTTP/2.0" 200 33309 "-" "Mozilla/5.0 AppleWebKit/537.36 (KHTML, like Gecko; compatible; bingbot/2.0; +http://www.bing.com/bingbot.htm) Chrome/116.0.1938.76 Safari/537.36"
40.77.167.21 - - [27/Aug/2026:01:05:43 +0330] "GET /?u=8095799360703 HTTP/2.0" 200 33436 "-" "Mozilla/5.0 AppleWebKit/537.36 (KHTML, like Gecko; compatible; bingbot/2.0; +http://www.bing.com/bingbot.htm) Chrome/116.0.1938.76 Safari/537.36"
40.77.167.21 - - [27/Aug/2026:01:05:46 +0330] "GET /?u=490968189804 HTTP/2.0" 200 33570 "-" "Mozilla/5.0 AppleWebKit/537.36 (KHTML, like Gecko; compatible; bingbot/2.0; +http://www.bing.com/bingbot.htm) Chrome/116.0.1938.76 Safari/537.36"
40.77.167.21 - - [27/Aug/2026:01:05:47 +0330] "GET /?u=82708122258502 HTTP/2.0" 200 33198 "-" "Mozilla/5.0 AppleWebKit/537.36 (KHTML, like Gecko; compatible; bingbot/2.0; +http://www.bing.com/bingbot.htm) Chrome/116.0.1938.76 Safari/537.36"
40.77.167.21 - - [27/Aug/2026:01:05:49 +0330] "GET /?u=0876743633602 HTTP/2.0" 200 33577 "-" "Mozilla/5.0 AppleWebKit/537.36 (KHTML, like Gecko; compatible; bingbot/2.0; +http://www.bing.com/bingbot.htm) Chrome/116.0.1938.76 Safari/537.36"
40.77.167.52 - - [27/Aug/2026:01:05:50 +0330] "GET /?u=469005910607 HTTP/2.0" 200 33254 "-" "Mozilla/5.0 AppleWebKit/537.36 (KHTML, like Gecko; compatible; bingbot/2.0; +http://www.bing.com/bingbot.htm) Chrome/116.0.1938.76 Safari/537.36"
40.77.167.21 - - [27/Aug/2026:01:05:50 +0330] "GET /?u=02228104295712 HTTP/2.0" 200 32952 "-" "Mozilla/5.0 AppleWebKit/537.36 (KHTML, like Gecko; compatible; bingbot/2.0; +http://www.bing.com/bingbot.htm) Chrome/116.0.1938.76 Safari/537.36"
40.77.167.52 - - [27/Aug/2026:01:05:52 +0330] "GET /?u=65398179939405 HTTP/2.0" 200 33376 "-" "Mozilla/5.0 AppleWebKit/537.36 (KHTML, like Gecko; compatible; bingbot/2.0; +http://www.bing.com/bingbot.htm) Chrome/116.0.1938.76 Safari/537.36"
40.77.167.21 - - [27/Aug/2026:01:05:52 +0330] "GET /?u=97861102179807 HTTP/2.0" 200 32591 "-" "Mozilla/5.0 AppleWebKit/537.36 (KHTML, like Gecko; compatible; bingbot/2.0; +http://www.bing.com/bingbot.htm) Chrome/116.0.1938.76 Safari/537.36"
40.77.167.52 - - [27/Aug/2026:01:05:53 +0330] "GET /?u=39849263502900 HTTP/2.0" 200 33224 "-" "Mozilla/5.0 AppleWebKit/537.36 (KHTML, like Gecko; compatible; bingbot/2.0; +http://www.bing.com/bingbot.htm) Chrome/116.0.1938.76 Safari/537.36"
40.77.167.52 - - [27/Aug/2026:01:05:55 +0330] "GET /?u=221179271703 HTTP/2.0" 200 34037 "-" "Mozilla/5.0 AppleWebKit/537.36 (KHTML, like Gecko; compatible; bingbot/2.0; +http://www.bing.com/bingbot.htm) Chrome/116.0.1938.76 Safari/537.36"
207.46.13.6 - - [27/Aug/2026:01:05:56 +0330] "GET /?u=9777829185300 HTTP/2.0" 200 32915 "-" "Mozilla/5.0 AppleWebKit/537.36 (KHTML, like Gecko; compatible; bingbot/2.0; +http://www.bing.com/bingbot.htm) Chrome/116.0.1938.76 Safari/537.36"
40.77.167.21 - - [27/Aug/2026:01:05:58 +0330] "GET /?u=57317126295607 HTTP/2.0" 200 33766 "-" "Mozilla/5.0 AppleWebKit/537.36 (KHTML, like Gecko; compatible; bingbot/2.0; +http://www.bing.com/bingbot.htm) Chrome/116.0.1938.76 Safari/537.36"
207.46.13.6 - - [27/Aug/2026:01:05:58 +0330] "GET /?u=29140138928900 HTTP/2.0" 200 35957 "-" "Mozilla/5.0 AppleWebKit/537.36 (KHTML, like Gecko; compatible; bingbot/2.0; +http://www.bing.com/bingbot.htm) Chrome/116.0.1938.76 Safari/537.36"
40.77.167.52 - - [27/Aug/2026:01:06:00 +0330] "GET /?u=6971196298900 HTTP/2.0" 200 34098 "-" "Mozilla/5.0 AppleWebKit/537.36 (KHTML, like Gecko; compatible; bingbot/2.0; +http://www.bing.com/bingbot.htm) Chrome/116.0.1938.76 Safari/537.36"
207.46.13.6 - - [27/Aug/2026:01:06:01 +0330] "GET /?u=97727220980703 HTTP/2.0" 200 33219 "-" "Mozilla/5.0 AppleWebKit/537.36 (KHTML, like Gecko; compatible; bingbot/2.0; +http://www.bing.com/bingbot.htm) Chrome/116.0.1938.76 Safari/537.36"
40.77.167.52 - - [27/Aug/2026:01:06:02 +0330] "GET /?u=32995213557605 HTTP/2.0" 200 33433 "-" "Mozilla/5.0 AppleWebKit/537.36 (KHTML, like Gecko; compatible; bingbot/2.0; +http://www.bing.com/bingbot.htm) Chrome/116.0.1938.76 Safari/537.36"
40.77.167.52 - - [27/Aug/2026:01:06:03 +0330] "GET /?u=7212182531605 HTTP/2.0" 200 34612 "-" "Mozilla/5.0 AppleWebKit/537.36 (KHTML, like Gecko; compatible; bingbot/2.0; +http://www.bing.com/bingbot.htm) Chrome/116.0.1938.76 Safari/537.36"
40.77.167.52 - - [27/Aug/2026:01:06:05 +0330] "GET /?u=02814225820504 HTTP/2.0" 200 32709 "-" "Mozilla/5.0 AppleWebKit/537.36 (KHTML, like Gecko; compatible; bingbot/2.0; +http://www.bing.com/bingbot.htm) Chrome/116.0.1938.76 Safari/537.36"
40.77.167.52 - - [27/Aug/2026:01:06:05 +0330] "GET /?u=5749062017604 HTTP/2.0" 200 32922 "-" "Mozilla/5.0 AppleWebKit/537.36 (KHTML, like Gecko; compatible; bingbot/2.0; +http://www.bing.com/bingbot.htm) Chrome/116.0.1938.76 Safari/537.36"
127.0.0.1 - - [27/Aug/2026:01:06:05 +0330] "GET /api/v2/article-show/amazon-christmas HTTP/1.1" 200 90486 "-" "node"
207.46.13.6 - - [27/Aug/2026:01:06:06 +0330] "GET /?u=0193024594901 HTTP/2.0" 200 35009 "-" "Mozilla/5.0 AppleWebKit/537.36 (KHTML, like Gecko; compatible; bingbot/2.0; +http://www.bing.com/bingbot.htm) Chrome/116.0.1938.76 Safari/537.36"
127.0.0.1 - - [27/Aug/2026:01:06:06 +0330] "GET /api/v1/categories-amazon HTTP/1.1" 200 34230 "-" "node"
192.178.7.105 - - [27/Aug/2026:01:06:06 +0330] "GET /articles/amazon-christmas HTTP/1.1" 200 99837 "-" "Mozilla/5.0 (Linux; Android 6.0.1; Nexus 5X Build/MMB29P) AppleWebKit/537.36 (KHTML, like Gecko) Chrome/151.0.7922.173 Mobile Safari/537.36 (compatible; Googlebot/2.1; +http://www.google.com/bot.html)"
40.77.167.52 - - [27/Aug/2026:01:06:06 +0330] "GET /?u=2461346841502 HTTP/2.0" 200 33951 "-" "Mozilla/5.0 AppleWebKit/537.36 (KHTML, like Gecko; compatible; bingbot/2.0; +http://www.bing.com/bingbot.htm) Chrome/116.0.1938.76 Safari/537.36"
66.249.77.100 - - [27/Aug/2026:01:06:07 +0330] "GET /%E5%8E%9F%E7%A5%9E%20%E4%B8%89%E5%88%86%E5%A6%84%E6%83%B3%20%E3%83%95%E3%82%A1%E3%83%AB%E3%82%B6%E3%83%B3%20%E3%82%B3%E3%82%B9%E3%83%97%E3%83%AC%20%E8%A1%A3%E8%A3%85%E3%83%95%E3%83%AB%E3%82%BB%E3%83%83%E3%83%88%20%E3%80%90%E5%85%AC%E5%BC%8F%E9%80%9A%E8%B2%A9%E3%80%91,Qoo10]%20%E3%82%B3%E3%82%B9%E3%83%97%E3%83%AC%E3%82%A6%E3%82%A3%E3%83%83%E3%82%B0%20%E5%AF%92%E9%B4%89%20%E3%82%AB%E3%83%B3%E3%82%A2%20%E5%B4%A9%E5%A3%8A%EF%BC%9A%E3%82%B9%20:%20%E3%83%9B%E3%83%93%E3%83%BC%E3%83%BB%E3%82%B3%E3%82%B9%E3%83%97%E3%83%AC,%E4%B8%89%E5%88%86%E5%A6%84%E6%83%B3%20%E9%B3%B4%E6%BD%AE%20%E3%82%B3%E3%82%B9%E3%83%97%E3%83%AC%20%E3%82%AB%E3%83%AB%E3%83%86%E3%82%B8%E3%82%A2%20%E3%82%A6%E3%82%A3%E3%83%83%E3%82%B0,%E4%B8%89%E5%88%86%E5%A6%84%E6%83%B3%20%E9%B3%B4%E6%BD%AE%20%E3%83%AA%E3%83%B3%E3%83%8D%E3%83%BC%20%E3%82%B3%E3%82%B9%E3%83%97%E3%83%AC%20%E3%82%A6%E3%82%A3%E3%83%83%E3%82%B0,%E4%B8%89%E5%88%86%E5%A6%84%E6%83%B3%20%E9%B3%B4%E6%BD%AE%20%E3%82%B3%E3%82%B9%E3%83%97%E3%83%AC%20%E4%BB%87%E9%81%A0%20%E3%82%A6%E3%82%A3%E3%83%83%E3%82%B0,%E3%82%B7%E3%83%A3%E3%83%84%20%E3%83%AD%E3%83%83%E3%82%AF%20y2k%20a-4-crs-rock-tee_1.jpg HTTP/1.1" 200 34190 "-" "Googlebot-Image/1.0"
40.77.167.52 - - [27/Aug/2026:01:06:07 +0330] "GET /?u=290382925102 HTTP/2.0" 200 34860 "-" "Mozilla/5.0 AppleWebKit/537.36 (KHTML, like Gecko; compatible; bingbot/2.0; +http://www.bing.com/bingbot.htm) Chrome/116.0.1938.76 Safari/537.36"
40.77.167.52 - - [27/Aug/2026:01:06:08 +0330] "GET /?u=08136172249000 HTTP/2.0" 200 33685 "-" "Mozilla/5.0 AppleWebKit/537.36 (KHTML, like Gecko; compatible; bingbot/2.0; +http://www.bing.com/bingbot.htm) Chrome/116.0.1938.76 Safari/537.36"
40.77.167.52 - - [27/Aug/2026:01:06:09 +0330] "GET /?u=60308128212906 HTTP/2.0" 200 32715 "-" "Mozilla/5.0 AppleWebKit/537.36 (KHTML, like Gecko; compatible; bingbot/2.0; +http://www.bing.com/bingbot.htm) Chrome/116.0.1938.76 Safari/537.36"
40.77.167.21 - - [27/Aug/2026:01:06:11 +0330] "GET /?u=05273109136300 HTTP/2.0" 200 34577 "-" "Mozilla/5.0 AppleWebKit/537.36 (KHTML, like Gecko; compatible; bingbot/2.0; +http://www.bing.com/bingbot.htm) Chrome/116.0.1938.76 Safari/537.36"
40.77.167.21 - - [27/Aug/2026:01:06:12 +0330] "GET /?u=19215228270100 HTTP/2.0" 200 32519 "-" "Mozilla/5.0 AppleWebKit/537.36 (KHTML, like Gecko; compatible; bingbot/2.0; +http://www.bing.com/bingbot.htm) Chrome/116.0.1938.76 Safari/537.36"
40.77.167.21 - - [27/Aug/2026:01:06:14 +0330] "GET /?u=05590130592801 HTTP/2.0" 200 33358 "-" "Mozilla/5.0 AppleWebKit/537.36 (KHTML, like Gecko; compatible; bingbot/2.0; +http://www.bing.com/bingbot.htm) Chrome/116.0.1938.76 Safari/537.36"
40.77.167.21 - - [27/Aug/2026:01:06:16 +0330] "GET /?u=9722091328503 HTTP/2.0" 200 33318 "-" "Mozilla/5.0 AppleWebKit/537.36 (KHTML, like Gecko; compatible; bingbot/2.0; +http://www.bing.com/bingbot.htm) Chrome/116.0.1938.76 Safari/537.36"
207.46.13.6 - - [27/Aug/2026:01:06:16 +0330] "GET /?u=3203711145101 HTTP/2.0" 200 33946 "-" "Mozilla/5.0 AppleWebKit/537.36 (KHTML, like Gecko; compatible; bingbot/2.0; +http://www.bing.com/bingbot.htm) Chrome/116.0.1938.76 Safari/537.36"
207.46.13.6 - - [27/Aug/2026:01:06:18 +0330] "GET /?u=5847566655601 HTTP/2.0" 200 33712 "-" "Mozilla/5.0 AppleWebKit/537.36 (KHTML, like Gecko; compatible; bingbot/2.0; +http://www.bing.com/bingbot.htm) Chrome/116.0.1938.76 Safari/537.36"
40.77.167.52 - - [27/Aug/2026:01:06:20 +0330] "GET /?u=17189169936703 HTTP/2.0" 200 33738 "-" "Mozilla/5.0 AppleWebKit/537.36 (KHTML, like Gecko; compatible; bingbot/2.0; +http://www.bing.com/bingbot.htm) Chrome/116.0.1938.76 Safari/537.36"
207.46.13.6 - - [27/Aug/2026:01:06:20 +0330] "GET /?u=0103424091900 HTTP/2.0" 200 35999 "-" "Mozilla/5.0 AppleWebKit/537.36 (KHTML, like Gecko; compatible; bingbot/2.0; +http://www.bing.com/bingbot.htm) Chrome/116.0.1938.76 Safari/537.36"
40.77.167.52 - - [27/Aug/2026:01:06:22 +0330] "GET /?u=0927824697004 HTTP/2.0" 200 34660 "-" "Mozilla/5.0 AppleWebKit/537.36 (KHTML, like Gecko; compatible; bingbot/2.0; +http://www.bing.com/bingbot.htm) Chrome/116.0.1938.76 Safari/537.36"
40.77.167.52 - - [27/Aug/2026:01:06:23 +0330] "GET /?u=83440176541500 HTTP/2.0" 200 39198 "-" "Mozilla/5.0 AppleWebKit/537.36 (KHTML, like Gecko; compatible; bingbot/2.0; +http://www.bing.com/bingbot.htm) Chrome/116.0.1938.76 Safari/537.36"
40.77.167.52 - - [27/Aug/2026:01:06:25 +0330] "GET /?u=11569220124700 HTTP/2.0" 200 32069 "-" "Mozilla/5.0 AppleWebKit/537.36 (KHTML, like Gecko; compatible; bingbot/2.0; +http://www.bing.com/bingbot.htm) Chrome/116.0.1938.76 Safari/537.36"
40.77.167.52 - - [27/Aug/2026:01:06:26 +0330] "GET /?u=82330191311700 HTTP/2.0" 200 32650 "-" "Mozilla/5.0 AppleWebKit/537.36 (KHTML, like Gecko; compatible; bingbot/2.0; +http://www.bing.com/bingbot.htm) Chrome/116.0.1938.76 Safari/537.36"
40.77.167.52 - - [27/Aug/2026:01:06:28 +0330] "GET /?u=3524331137700 HTTP/2.0" 200 33008 "-" "Mozilla/5.0 AppleWebKit/537.36 (KHTML, like Gecko; compatible; bingbot/2.0; +http://www.bing.com/bingbot.htm) Chrome/116.0.1938.76 Safari/537.36"
40.77.167.52 - - [27/Aug/2026:01:06:29 +0330] "GET /?u=3912460541007 HTTP/2.0" 200 32726 "-" "Mozilla/5.0 AppleWebKit/537.36 (KHTML, like Gecko; compatible; bingbot/2.0; +http://www.bing.com/bingbot.htm) Chrome/116.0.1938.76 Safari/537.36"
40.77.167.21 - - [27/Aug/2026:01:06:31 +0330] "GET /?u=9469843010500 HTTP/2.0" 200 33250 "-" "Mozilla/5.0 AppleWebKit/537.36 (KHTML, like Gecko; compatible; bingbot/2.0; +http://www.bing.com/bingbot.htm) Chrome/116.0.1938.76 Safari/537.36"
34.96.52.105 - - [27/Aug/2026:01:06:32 +0330] "GET /newnaver.html HTTP/1.1" 200 6180 "-" "Mozilla/5.0 (iPhone; CPU iPhone OS 17_2 like Mac OS X) AppleWebKit/605.1.15 (KHTML, like Gecko) CriOS/120.0.6099.119 Version/17.2 Mobile/15E148 Safari/604.1"
40.77.167.21 - - [27/Aug/2026:01:06:33 +0330] "GET /?u=97012291030101 HTTP/2.0" 200 32546 "-" "Mozilla/5.0 AppleWebKit/537.36 (KHTML, like Gecko; compatible; bingbot/2.0; +http://www.bing.com/bingbot.htm) Chrome/116.0.1938.76 Safari/537.36"
127.0.0.1 - - [27/Aug/2026:01:06:35 +0330] "GET /api/v1/categories-amazon HTTP/1.1" 200 34230 "-" "node"
40.77.167.21 - - [27/Aug/2026:01:06:35 +0330] "GET /?u=26110201972802 HTTP/2.0" 200 32513 "-" "Mozilla/5.0 AppleWebKit/537.36 (KHTML, like Gecko; compatible; bingbot/2.0; +http://www.bing.com/bingbot.htm) Chrome/116.0.1938.76 Safari/537.36"
127.0.0.1 - - [27/Aug/2026:01:06:35 +0330] "GET /api/v2/page-data HTTP/1.1" 200 36854 "-" "node"
172.16.20.25 - - [27/Aug/2026:01:06:35 +0330] "GET / HTTP/1.1" 200 338509 "-" "Mozilla/5.0 (compatible; PRTG Network Monitor (www.paessler.com); Windows)"
207.46.13.6 - - [27/Aug/2026:01:06:36 +0330] "GET /?u=2759790982901 HTTP/2.0" 200 33689 "-" "Mozilla/5.0 AppleWebKit/537.36 (KHTML, like Gecko; compatible; bingbot/2.0; +http://www.bing.com/bingbot.htm) Chrome/116.0.1938.76 Safari/537.36"
207.46.13.6 - - [27/Aug/2026:01:06:38 +0330] "GET /?u=29507144123200 HTTP/2.0" 200 33586 "-" "Mozilla/5.0 AppleWebKit/537.36 (KHTML, like Gecko; compatible; bingbot/2.0; +http://www.bing.com/bingbot.htm) Chrome/116.0.1938.76 Safari/537.36"
207.46.13.6 - - [27/Aug/2026:01:06:40 +0330] "GET /?u=06460168632600 HTTP/2.0" 200 33060 "-" "Mozilla/5.0 AppleWebKit/537.36 (KHTML, like Gecko; compatible; bingbot/2.0; +http://www.bing.com/bingbot.htm) Chrome/116.0.1938.76 Safari/537.36"
40.77.167.52 - - [27/Aug/2026:01:06:41 +0330] "GET /?u=896214741700 HTTP/2.0" 200 34176 "-" "Mozilla/5.0 AppleWebKit/537.36 (KHTML, like Gecko; compatible; bingbot/2.0; +http://www.bing.com/bingbot.htm) Chrome/116.0.1938.76 Safari/537.36"
40.77.167.52 - - [27/Aug/2026:01:06:42 +0330] "GET /?u=8744793579217 HTTP/2.0" 200 33116 "-" "Mozilla/5.0 AppleWebKit/537.36 (KHTML, like Gecko; compatible; bingbot/2.0; +http://www.bing.com/bingbot.htm) Chrome/116.0.1938.76 Safari/537.36"
40.77.167.52 - - [27/Aug/2026:01:06:44 +0330] "GET /?u=20294200303501 HTTP/2.0" 200 33234 "-" "Mozilla/5.0 AppleWebKit/537.36 (KHTML, like Gecko; compatible; bingbot/2.0; +http://www.bing.com/bingbot.htm) Chrome/116.0.1938.76 Safari/537.36"
40.77.167.52 - - [27/Aug/2026:01:06:46 +0330] "GET /?u=90698280332000 HTTP/2.0" 200 34053 "-" "Mozilla/5.0 AppleWebKit/537.36 (KHTML, like Gecko; compatible; bingbot/2.0; +http://www.bing.com/bingbot.htm) Chrome/116.0.1938.76 Safari/537.36"
40.77.167.52 - - [27/Aug/2026:01:06:46 +0330] "GET /?u=8990638979803 HTTP/2.0" 200 33992 "-" "Mozilla/5.0 AppleWebKit/537.36 (KHTML, like Gecko; compatible; bingbot/2.0; +http://www.bing.com/bingbot.htm) Chrome/116.0.1938.76 Safari/537.36"
40.77.167.52 - - [27/Aug/2026:01:06:48 +0330] "GET /?u=51015196163200 HTTP/2.0" 200 33408 "-" "Mozilla/5.0 AppleWebKit/537.36 (KHTML, like Gecko; compatible; bingbot/2.0; +http://www.bing.com/bingbot.htm) Chrome/116.0.1938.76 Safari/537.36"
40.77.167.52 - - [27/Aug/2026:01:06:50 +0330] "GET /?u=951642353203 HTTP/2.0" 200 33184 "-" "Mozilla/5.0 AppleWebKit/537.36 (KHTML, like Gecko; compatible; bingbot/2.0; +http://www.bing.com/bingbot.htm) Chrome/116.0.1938.76 Safari/537.36"
40.77.167.52 - - [27/Aug/2026:01:06:51 +0330] "GET /?u=98168270668100 HTTP/2.0" 200 33984 "-" "Mozilla/5.0 AppleWebKit/537.36 (KHTML, like Gecko; compatible; bingbot/2.0; +http://www.bing.com/bingbot.htm) Chrome/116.0.1938.76 Safari/537.36"
40.77.167.21 - - [27/Aug/2026:01:06:52 +0330] "GET /?u=70158192139903 HTTP/2.0" 200 32465 "-" "Mozilla/5.0 AppleWebKit/537.36 (KHTML, like Gecko; compatible; bingbot/2.0; +http://www.bing.com/bingbot.htm) Chrome/116.0.1938.76 Safari/537.36"
40.77.167.21 - - [27/Aug/2026:01:06:54 +0330] "GET /?u=6771918381402 HTTP/2.0" 200 33924 "-" "Mozilla/5.0 AppleWebKit/537.36 (KHTML, like Gecko; compatible; bingbot/2.0; +http://www.bing.com/bingbot.htm) Chrome/116.0.1938.76 Safari/537.36"
40.77.167.21 - - [27/Aug/2026:01:06:55 +0330] "GET /?u=6687967428400 HTTP/2.0" 200 33449 "-" "Mozilla/5.0 AppleWebKit/537.36 (KHTML, like Gecko; compatible; bingbot/2.0; +http://www.bing.com/bingbot.htm) Chrome/116.0.1938.76 Safari/537.36"
40.77.167.52 - - [27/Aug/2026:01:06:57 +0330] "GET /?u=24983194138500 HTTP/2.0" 200 34230 "-" "Mozilla/5.0 AppleWebKit/537.36 (KHTML, like Gecko; compatible; bingbot/2.0; +http://www.bing.com/bingbot.htm) Chrome/116.0.1938.76 Safari/537.36"
40.77.167.52 - - [27/Aug/2026:01:06:59 +0330] "GET /?u=24508190253803 HTTP/2.0" 200 34366 "-" "Mozilla/5.0 AppleWebKit/537.36 (KHTML, like Gecko; compatible; bingbot/2.0; +http://www.bing.com/bingbot.htm) Chrome/116.0.1938.76 Safari/537.36"
40.77.167.52 - - [27/Aug/2026:01:07:00 +0330] "GET /?u=38981173008304 HTTP/2.0" 200 32963 "-" "Mozilla/5.0 AppleWebKit/537.36 (KHTML, like Gecko; compatible; bingbot/2.0; +http://www.bing.com/bingbot.htm) Chrome/116.0.1938.76 Safari/537.36"
40.77.167.52 - - [27/Aug/2026:01:07:02 +0330] "GET /?u=923915903600 HTTP/2.0" 200 33431 "-" "Mozilla/5.0 AppleWebKit/537.36 (KHTML, like Gecko; compatible; bingbot/2.0; +http://www.bing.com/bingbot.htm) Chrome/116.0.1938.76 Safari/537.36"
40.77.167.21 - - [27/Aug/2026:01:07:08 +0330] "GET /?u=3815598784704 HTTP/2.0" 200 32439 "-" "Mozilla/5.0 AppleWebKit/537.36 (KHTML, like Gecko; compatible; bingbot/2.0; +http://www.bing.com/bingbot.htm) Chrome/116.0.1938.76 Safari/537.36"
66.249.77.100 - - [27/Aug/2026:01:07:09 +0330] "GET /?u=54594226376703 HTTP/1.1" 200 33415 "-" "Mozilla/5.0 (Linux; Android 6.0.1; Nexus 5X Build/MMB29P) AppleWebKit/537.36 (KHTML, like Gecko) Chrome/151.0.7922.173 Mobile Safari/537.36 (compatible; Googlebot/2.1; +http://www.google.com/bot.html)"
66.249.77.101 - - [27/Aug/2026:01:07:09 +0330] "GET /?u=7104985266407 HTTP/1.1" 200 32942 "-" "Mozilla/5.0 (Linux; Android 6.0.1; Nexus 5X Build/MMB29P) AppleWebKit/537.36 (KHTML, like Gecko) Chrome/151.0.7922.173 Mobile Safari/537.36 (compatible; Googlebot/2.1; +http://www.google.com/bot.html)"
40.77.167.21 - - [27/Aug/2026:01:07:10 +0330] "GET /?u=129452080603 HTTP/2.0" 200 34261 "-" "Mozilla/5.0 AppleWebKit/537.36 (KHTML, like Gecko; compatible; bingbot/2.0; +http://www.bing.com/bingbot.htm) Chrome/116.0.1938.76 Safari/537.36"
66.249.77.100 - - [27/Aug/2026:01:07:11 +0330] "GET /?u=27430131753602 HTTP/1.1" 200 32969 "-" "Mozilla/5.0 (Linux; Android 6.0.1; Nexus 5X Build/MMB29P) AppleWebKit/537.36 (KHTML, like Gecko) Chrome/151.0.7922.173 Mobile Safari/537.36 (compatible; Googlebot/2.1; +http://www.google.com/bot.html)"
66.249.77.100 - - [27/Aug/2026:01:07:19 +0330] "GET /?u=9489956143500 HTTP/1.1" 200 36609 "-" "Mozilla/5.0 (Linux; Android 6.0.1; Nexus 5X Build/MMB29P) AppleWebKit/537.36 (KHTML, like Gecko) Chrome/151.0.7922.173 Mobile Safari/537.36 (compatible; Googlebot/2.1; +http://www.google.com/bot.html)"
127.0.0.1 - - [27/Aug/2026:01:07:34 +0330] "GET /api/v2/sliders HTTP/1.1" 200 7479 "-" "node"
127.0.0.1 - - [27/Aug/2026:01:07:35 +0330] "GET /api/v1/categories-amazon HTTP/1.1" 200 34230 "-" "node"
172.16.20.25 - - [27/Aug/2026:01:07:35 +0330] "GET / HTTP/1.1" 200 338470 "-" "Mozilla/5.0 (compatible; PRTG Network Monitor (www.paessler.com); Windows)"
192.178.7.97 - - [27/Aug/2026:01:08:10 +0330] "GET /_next/static/chunks/1493-5bf6477734a442f1.js HTTP/1.1" 200 3485 "https://charsooq.com/articles/buy-amazon-uae-without-customs-duty" "Mozilla/5.0 (Linux; Android 6.0.1; Nexus 5X Build/MMB29P) AppleWebKit/537.36 (KHTML, like Gecko) Chrome/151.0.7922.173 Mobile Safari/537.36 (compatible; Googlebot/2.1; +http://www.google.com/bot.html)"
192.178.7.105 - - [27/Aug/2026:01:08:10 +0330] "GET /_next/static/css/91447b978d7716af.css HTTP/1.1" 200 20452 "https://charsooq.com/articles/buy-amazon-uae-without-customs-duty" "Mozilla/5.0 (Linux; Android 6.0.1; Nexus 5X Build/MMB29P) AppleWebKit/537.36 (KHTML, like Gecko) Chrome/151.0.7922.173 Mobile Safari/537.36 (compatible; Googlebot/2.1; +http://www.google.com/bot.html)"
98.84.64.180 - - [27/Aug/2026:01:08:16 +0330] "GET /robots.txt HTTP/1.1" 301 169 "-" "Mozilla/5.0 (Macintosh; Intel Mac OS X 10_10_1) AppleWebKit/600.2.5 (KHTML, like Gecko) Version/8.0.2 Safari/600.2.5 (Gort)"
66.249.77.100 - - [27/Aug/2026:01:08:34 +0330] "GET /?u=20980197034106 HTTP/1.1" 200 32833 "-" "Mozilla/5.0 (Linux; Android 6.0.1; Nexus 5X Build/MMB29P) AppleWebKit/537.36 (KHTML, like Gecko) Chrome/151.0.7922.173 Mobile Safari/537.36 (compatible; Googlebot/2.1; +http://www.google.com/bot.html)"
127.0.0.1 - - [27/Aug/2026:01:08:35 +0330] "GET /api/v1/categories-amazon HTTP/1.1" 200 34230 "-" "node"
127.0.0.1 - - [27/Aug/2026:01:08:36 +0330] "GET /api/v2/page-data HTTP/1.1" 200 36854 "-" "node"
172.16.20.25 - - [27/Aug/2026:01:08:36 +0330] "GET / HTTP/1.1" 200 338477 "-" "Mozilla/5.0 (compatible; PRTG Network Monitor (www.paessler.com); Windows)"
127.0.0.1 - - [27/Aug/2026:01:09:34 +0330] "GET /api/v2/sliders HTTP/1.1" 200 7479 "-" "node"
127.0.0.1 - - [27/Aug/2026:01:09:35 +0330] "GET /api/v1/categories-amazon HTTP/1.1" 200 34199 "-" "node"
172.16.20.25 - - [27/Aug/2026:01:09:35 +0330] "GET / HTTP/1.1" 200 338478 "-" "Mozilla/5.0 (compatible; PRTG Network Monitor (www.paessler.com); Windows)"
207.46.13.6 - - [27/Aug/2026:01:09:56 +0330] "GET /contents/event/kansyasai/ HTTP/2.0" 200 34219 "-" "Mozilla/5.0 AppleWebKit/537.36 (KHTML, like Gecko; compatible; bingbot/2.0; +http://www.bing.com/bingbot.htm) Chrome/116.0.1938.76 Safari/537.36"
127.0.0.1 - - [27/Aug/2026:01:10:35 +0330] "GET /api/v1/categories-amazon HTTP/1.1" 200 34230 "-" "node"
127.0.0.1 - - [27/Aug/2026:01:10:36 +0330] "GET /api/v2/page-data HTTP/1.1" 200 36854 "-" "node"
172.16.20.25 - - [27/Aug/2026:01:10:36 +0330] "GET / HTTP/1.1" 200 338501 "-" "Mozilla/5.0 (compatible; PRTG Network Monitor (www.paessler.com); Windows)"
5.120.23.175 - - [27/Aug/2026:01:10:37 +0330] "GET /storage/uploads/5s9zGEfVfJZQHniA8Y41AGbj6otzYveYYnzn59NJ.webp HTTP/2.0" 200 26638 "-" "com.google.GoogleMobile/408.0 iPhone/18.6.2 hw/iPhone15_3"
127.0.0.1 - - [27/Aug/2026:01:10:41 +0330] "GET /api/v2/article-show/wedding-dresses HTTP/1.1" 200 489184 "-" "node"
127.0.0.1 - - [27/Aug/2026:01:10:41 +0330] "GET /api/v1/categories-amazon HTTP/1.1" 200 34230 "-" "node"
127.0.0.1 - - [27/Aug/2026:01:10:41 +0330] "GET /storage/01K1R4FW9RCMQ90BVF4RA0KVC9.webp HTTP/1.1" 200 99026 "-" "node"
5.120.23.175 - - [27/Aug/2026:01:10:43 +0330] "GET /articles/wedding-dresses HTTP/2.0" 200 140739 "-" "Mozilla/5.0 (iPhone; CPU iPhone OS 18_6_2 like Mac OS X) AppleWebKit/605.1.15 (KHTML, like Gecko) GSA/408.0.868297084 Mobile/15E148 Safari/604.1"
5.120.23.175 - - [27/Aug/2026:01:10:43 +0330] "GET /_next/static/css/302d83c05ad27d8b.css HTTP/2.0" 200 369 "https://charsooq.com/articles/wedding-dresses" "Mozilla/5.0 (iPhone; CPU iPhone OS 18_6_2 like Mac OS X) AppleWebKit/605.1.15 (KHTML, like Gecko) GSA/408.0.868297084 Mobile/15E148 Safari/604.1"
5.120.23.175 - - [27/Aug/2026:01:10:43 +0330] "GET /_next/static/css/2c9caab41af7e337.css HTTP/2.0" 200 3175 "https://charsooq.com/articles/wedding-dresses" "Mozilla/5.0 (iPhone; CPU iPhone OS 18_6_2 like Mac OS X) AppleWebKit/605.1.15 (KHTML, like Gecko) GSA/408.0.868297084 Mobile/15E148 Safari/604.1"
5.120.23.175 - - [27/Aug/2026:01:10:43 +0330] "GET /_next/static/css/91447b978d7716af.css HTTP/2.0" 200 20418 "https://charsooq.com/articles/wedding-dresses" "Mozilla/5.0 (iPhone; CPU iPhone OS 18_6_2 like Mac OS X) AppleWebKit/605.1.15 (KHTML, like Gecko) GSA/408.0.868297084 Mobile/15E148 Safari/604.1"
5.120.23.175 - - [27/Aug/2026:01:10:44 +0330] "GET /_next/static/css/1fd47d1e4f3a64a0.css HTTP/2.0" 200 5002 "https://charsooq.com/articles/wedding-dresses" "Mozilla/5.0 (iPhone; CPU iPhone OS 18_6_2 like Mac OS X) AppleWebKit/605.1.15 (KHTML, like Gecko) GSA/408.0.868297084 Mobile/15E148 Safari/604.1"
5.120.23.175 - - [27/Aug/2026:01:10:44 +0330] "GET /_next/static/media/c7178acf770b8f1a-s.p.ttf HTTP/2.0" 200 35704 "https://charsooq.com/articles/wedding-dresses" "Mozilla/5.0 (iPhone; CPU iPhone OS 18_6_2 like Mac OS X) AppleWebKit/605.1.15 (KHTML, like Gecko) GSA/408.0.868297084 Mobile/15E148 Safari/604.1"
5.120.23.175 - - [27/Aug/2026:01:10:44 +0330] "GET /_next/static/media/d36c74da9a95e091-s.p.ttf HTTP/2.0" 200 35196 "https://charsooq.com/articles/wedding-dresses" "Mozilla/5.0 (iPhone; CPU iPhone OS 18_6_2 like Mac OS X) AppleWebKit/605.1.15 (KHTML, like Gecko) GSA/408.0.868297084 Mobile/15E148 Safari/604.1"
5.120.23.175 - - [27/Aug/2026:01:10:44 +0330] "GET /_next/image?url=%2Fassets%2Fimages%2Ficons%2Ftelegram-icon.png&w=128&q=75 HTTP/2.0" 200 5724 "https://charsooq.com/articles/wedding-dresses" "Mozilla/5.0 (iPhone; CPU iPhone OS 18_6_2 like Mac OS X) AppleWebKit/605.1.15 (KHTML, like Gecko) GSA/408.0.868297084 Mobile/15E148 Safari/604.1"
5.120.23.175 - - [27/Aug/2026:01:10:44 +0330] "GET /storage/uploads/mVmKkILjciMp2sxef8YWdLQT5pP5w2dkzKBVJ1d7.webp HTTP/2.0" 200 31716 "https://charsooq.com/" "Mozilla/5.0 (iPhone; CPU iPhone OS 18_6_2 like Mac OS X) AppleWebKit/605.1.15 (KHTML, like Gecko) GSA/408.0.868297084 Mobile/15E148 Safari/604.1"
5.120.23.175 - - [27/Aug/2026:01:10:44 +0330] "GET /storage/uploads/TZkVOJsPz0o8FH9faIR4QzOLsNtO3Yw9mNfbKwCO.webp HTTP/2.0" 200 28396 "https://charsooq.com/" "Mozilla/5.0 (iPhone; CPU iPhone OS 18_6_2 like Mac OS X) AppleWebKit/605.1.15 (KHTML, like Gecko) GSA/408.0.868297084 Mobile/15E148 Safari/604.1"
5.120.23.175 - - [27/Aug/2026:01:10:46 +0330] "GET /storage/uploads/2QXNHodtTpXcPdy0QYgb7l41yoeJH4Q5SpsceSdG.webp HTTP/2.0" 200 40274 "https://charsooq.com/" "Mozilla/5.0 (iPhone; CPU iPhone OS 18_6_2 like Mac OS X) AppleWebKit/605.1.15 (KHTML, like Gecko) GSA/408.0.868297084 Mobile/15E148 Safari/604.1"
5.120.23.175 - - [27/Aug/2026:01:10:46 +0330] "GET /_next/image?url=https%3A%2F%2Fpanel.charsooq.com%2Fstorage%2F01K1R4FW9RCMQ90BVF4RA0KVC9.webp&w=3840&q=75 HTTP/2.0" 200 33664 "https://charsooq.com/articles/wedding-dresses" "Mozilla/5.0 (iPhone; CPU iPhone OS 18_6_2 like Mac OS X) AppleWebKit/605.1.15 (KHTML, like Gecko) GSA/408.0.868297084 Mobile/15E148 Safari/604.1"
5.120.23.175 - - [27/Aug/2026:01:10:46 +0330] "GET /_next/static/chunks/webpack-f27042854bafc0d3.js HTTP/2.0" 200 2127 "https://charsooq.com/articles/wedding-dresses" "Mozilla/5.0 (iPhone; CPU iPhone OS 18_6_2 like Mac OS X) AppleWebKit/605.1.15 (KHTML, like Gecko) GSA/408.0.868297084 Mobile/15E148 Safari/604.1"
5.120.23.175 - - [27/Aug/2026:01:10:46 +0330] "GET /_next/static/chunks/main-app-9964935a240c0d39.js HTTP/2.0" 200 471 "https://charsooq.com/articles/wedding-dresses" "Mozilla/5.0 (iPhone; CPU iPhone OS 18_6_2 like Mac OS X) AppleWebKit/605.1.15 (KHTML, like Gecko) GSA/408.0.868297084 Mobile/15E148 Safari/604.1"
5.120.23.175 - - [27/Aug/2026:01:10:46 +0330] "GET /_next/static/chunks/app/articles/%5Bslug%5D/not-found-a2aec68dc87351df.js HTTP/2.0" 200 284 "https://charsooq.com/articles/wedding-dresses" "Mozilla/5.0 (iPhone; CPU iPhone OS 18_6_2 like Mac OS X) AppleWebKit/605.1.15 (KHTML, like Gecko) GSA/408.0.868297084 Mobile/15E148 Safari/604.1"
5.120.23.175 - - [27/Aug/2026:01:10:46 +0330] "GET /_next/static/chunks/2972-d7980624b2014943.js HTTP/2.0" 200 8732 "https://charsooq.com/articles/wedding-dresses" "Mozilla/5.0 (iPhone; CPU iPhone OS 18_6_2 like Mac OS X) AppleWebKit/605.1.15 (KHTML, like Gecko) GSA/408.0.868297084 Mobile/15E148 Safari/604.1"
5.120.23.175 - - [27/Aug/2026:01:10:46 +0330] "GET /_next/static/chunks/2117-828e02dc1643a950.js HTTP/2.0" 200 32001 "https://charsooq.com/articles/wedding-dresses" "Mozilla/5.0 (iPhone; CPU iPhone OS 18_6_2 like Mac OS X) AppleWebKit/605.1.15 (KHTML, like Gecko) GSA/408.0.868297084 Mobile/15E148 Safari/604.1"
5.120.23.175 - - [27/Aug/2026:01:10:47 +0330] "GET /storage/uploads/gPNZN4kw0IDSG11wQhLP7SthOWAlJUpfpbN4Tnrw.webp HTTP/2.0" 200 20934 "https://charsooq.com/" "Mozilla/5.0 (iPhone; CPU iPhone OS 18_6_2 like Mac OS X) AppleWebKit/605.1.15 (KHTML, like Gecko) GSA/408.0.868297084 Mobile/15E148 Safari/604.1"
5.120.23.175 - - [27/Aug/2026:01:10:48 +0330] "GET /storage/uploads/je5nudj2BG8neCAcOHGjlUur7TWDJNXJ3SOWoDUe.webp HTTP/2.0" 200 65338 "https://charsooq.com/" "Mozilla/5.0 (iPhone; CPU iPhone OS 18_6_2 like Mac OS X) AppleWebKit/605.1.15 (KHTML, like Gecko) GSA/408.0.868297084 Mobile/15E148 Safari/604.1"
5.120.23.175 - - [27/Aug/2026:01:10:50 +0330] "GET /_next/static/chunks/1580-575957d688ae25ac.js HTTP/2.0" 200 12089 "https://charsooq.com/articles/wedding-dresses" "Mozilla/5.0 (iPhone; CPU iPhone OS 18_6_2 like Mac OS X) AppleWebKit/605.1.15 (KHTML, like Gecko) GSA/408.0.868297084 Mobile/15E148 Safari/604.1"
5.120.23.175 - - [27/Aug/2026:01:10:50 +0330] "GET /_next/static/chunks/4438-ac5ce0d4a5fd9e15.js HTTP/2.0" 200 8260 "https://charsooq.com/articles/wedding-dresses" "Mozilla/5.0 (iPhone; CPU iPhone OS 18_6_2 like Mac OS X) AppleWebKit/605.1.15 (KHTML, like Gecko) GSA/408.0.868297084 Mobile/15E148 Safari/604.1"
5.120.23.175 - - [27/Aug/2026:01:10:50 +0330] "GET /storage/uploads/ENbAUakmQ3Zq2fCcW7afpr3ePwc2ga22ZUYmuUna.webp HTTP/2.0" 200 12656 "https://charsooq.com/" "Mozilla/5.0 (iPhone; CPU iPhone OS 18_6_2 like Mac OS X) AppleWebKit/605.1.15 (KHTML, like Gecko) GSA/408.0.868297084 Mobile/15E148 Safari/604.1"
5.120.23.175 - - [27/Aug/2026:01:10:52 +0330] "GET /storage/uploads/bcxT3gXn1baX8FCTcm1hK7xsSgXVYa8rTDdb8oIU.webp HTTP/2.0" 200 27634 "https://charsooq.com/" "Mozilla/5.0 (iPhone; CPU iPhone OS 18_6_2 like Mac OS X) AppleWebKit/605.1.15 (KHTML, like Gecko) GSA/408.0.868297084 Mobile/15E148 Safari/604.1"
5.120.23.175 - - [27/Aug/2026:01:10:52 +0330] "GET /storage/uploads/svqGapaG6sL8yaoYtBdhcEudutGZbvTZoXL6zzCo.webp HTTP/2.0" 200 33296 "https://charsooq.com/" "Mozilla/5.0 (iPhone; CPU iPhone OS 18_6_2 like Mac OS X) AppleWebKit/605.1.15 (KHTML, like Gecko) GSA/408.0.868297084 Mobile/15E148 Safari/604.1"
5.120.23.175 - - [27/Aug/2026:01:10:53 +0330] "GET /_next/static/chunks/fd9d1056-9ff99acbd7fb9fe8.js HTTP/2.0" 200 53744 "https://charsooq.com/articles/wedding-dresses" "Mozilla/5.0 (iPhone; CPU iPhone OS 18_6_2 like Mac OS X) AppleWebKit/605.1.15 (KHTML, like Gecko) GSA/408.0.868297084 Mobile/15E148 Safari/604.1"
5.120.23.175 - - [27/Aug/2026:01:10:53 +0330] "GET /_next/static/chunks/3462-b3fd13ed1d4f90e2.js HTTP/2.0" 200 1833 "https://charsooq.com/articles/wedding-dresses" "Mozilla/5.0 (iPhone; CPU iPhone OS 18_6_2 like Mac OS X) AppleWebKit/605.1.15 (KHTML, like Gecko) GSA/408.0.868297084 Mobile/15E148 Safari/604.1"
5.120.23.175 - - [27/Aug/2026:01:10:53 +0330] "GET /_next/static/chunks/6137-97a90ba21cd4a885.js HTTP/2.0" 200 6706 "https://charsooq.com/articles/wedding-dresses" "Mozilla/5.0 (iPhone; CPU iPhone OS 18_6_2 like Mac OS X) AppleWebKit/605.1.15 (KHTML, like Gecko) GSA/408.0.868297084 Mobile/15E148 Safari/604.1"
5.120.23.175 - - [27/Aug/2026:01:10:53 +0330] "GET /_next/static/chunks/3013-a9939c72e4a38977.js HTTP/2.0" 200 6860 "https://charsooq.com/articles/wedding-dresses" "Mozilla/5.0 (iPhone; CPU iPhone OS 18_6_2 like Mac OS X) AppleWebKit/605.1.15 (KHTML, like Gecko) GSA/408.0.868297084 Mobile/15E148 Safari/604.1"
5.120.23.175 - - [27/Aug/2026:01:10:53 +0330] "GET /_next/static/chunks/5878-8c4517462d65e9a5.js HTTP/2.0" 200 5170 "https://charsooq.com/articles/wedding-dresses" "Mozilla/5.0 (iPhone; CPU iPhone OS 18_6_2 like Mac OS X) AppleWebKit/605.1.15 (KHTML, like Gecko) GSA/408.0.868297084 Mobile/15E148 Safari/604.1"
5.120.23.175 - - [27/Aug/2026:01:10:53 +0330] "GET /_next/static/chunks/6818-72710ec856a66515.js HTTP/2.0" 200 2700 "https://charsooq.com/articles/wedding-dresses" "Mozilla/5.0 (iPhone; CPU iPhone OS 18_6_2 like Mac OS X) AppleWebKit/605.1.15 (KHTML, like Gecko) GSA/408.0.868297084 Mobile/15E148 Safari/604.1"
5.120.23.175 - - [27/Aug/2026:01:10:53 +0330] "GET /_next/static/chunks/1493-5bf6477734a442f1.js HTTP/2.0" 200 3468 "https://charsooq.com/articles/wedding-dresses" "Mozilla/5.0 (iPhone; CPU iPhone OS 18_6_2 like Mac OS X) AppleWebKit/605.1.15 (KHTML, like Gecko) GSA/408.0.868297084 Mobile/15E148 Safari/604.1"
5.120.23.175 - - [27/Aug/2026:01:10:53 +0330] "GET /_next/static/chunks/8003-81602ee8b36ef204.js HTTP/2.0" 200 2418 "https://charsooq.com/articles/wedding-dresses" "Mozilla/5.0 (iPhone; CPU iPhone OS 18_6_2 like Mac OS X) AppleWebKit/605.1.15 (KHTML, like Gecko) GSA/408.0.868297084 Mobile/15E148 Safari/604.1"
5.120.23.175 - - [27/Aug/2026:01:10:53 +0330] "GET /_next/static/chunks/8230-1cded471f36e4c61.js HTTP/2.0" 200 5411 "https://charsooq.com/articles/wedding-dresses" "Mozilla/5.0 (iPhone; CPU iPhone OS 18_6_2 like Mac OS X) AppleWebKit/605.1.15 (KHTML, like Gecko) GSA/408.0.868297084 Mobile/15E148 Safari/604.1"
5.120.23.175 - - [27/Aug/2026:01:10:53 +0330] "GET /_next/static/chunks/9227-c2a8061d3143118a.js HTTP/2.0" 200 2320 "https://charsooq.com/articles/wedding-dresses" "Mozilla/5.0 (iPhone; CPU iPhone OS 18_6_2 like Mac OS X) AppleWebKit/605.1.15 (KHTML, like Gecko) GSA/408.0.868297084 Mobile/15E148 Safari/604.1"
5.120.23.175 - - [27/Aug/2026:01:10:53 +0330] "GET /_next/static/chunks/app/articles/%5Bslug%5D/page-eab29444fd759c7a.js HTTP/2.0" 200 6410 "https://charsooq.com/articles/wedding-dresses" "Mozilla/5.0 (iPhone; CPU iPhone OS 18_6_2 like Mac OS X) AppleWebKit/605.1.15 (KHTML, like Gecko) GSA/408.0.868297084 Mobile/15E148 Safari/604.1"
