127.0.0.1 - - [27/Aug/2026:00:33:52 +0330] "GET /api/v1/show-products-offers/Iketoiletconversion HTTP/1.1" 200 3557 "-" "node"
128.242.228.245 - - [27/Aug/2026:00:33:52 +0330] "GET /products/Iketoiletconversion/%D8%AA%D8%A8%D8%AF%DB%8C%D9%84-%D8%AA%D9%88%D8%A7%D9%84%D8%AA-%D9%81%D8%B1%D9%86%DA%AF%DB%8C-%D8%A7%DB%8C%DA%A9%DB%8C%D8%A7?_rsc=19zvn HTTP/2.0" 200 2255 "https://charsooq.com/" "Mozilla/5.0 (iPhone; CPU iPhone OS 13_2_3 like Mac OS X) AppleWebKit/605.1.15 (KHTML, like Gecko) Version/13.0.3 Mobile/15E148 Safari/604.1"
127.0.0.1 - - [27/Aug/2026:00:33:52 +0330] "GET /api/v1/categories-amazon HTTP/1.1" 200 34230 "-" "node"
5.126.91.211 - - [27/Aug/2026:00:33:52 +0330] "GET /articles/the-best-and-suitable-running-shoes-for-men HTTP/2.0" 200 104771 "https://www.google.com/" "Mozilla/5.0 (Linux; Android 11; M2101K7BNY) AppleWebKit/537.36 (KHTML, like Gecko) Chrome/92.0.4515.131 Mobile Safari/537.36"
5.126.91.211 - - [27/Aug/2026:00:33:52 +0330] "GET /_next/static/media/c7178acf770b8f1a-s.p.ttf HTTP/2.0" 200 35704 "https://charsooq.com/articles/the-best-and-suitable-running-shoes-for-men" "Mozilla/5.0 (Linux; Android 11; M2101K7BNY) AppleWebKit/537.36 (KHTML, like Gecko) Chrome/92.0.4515.131 Mobile Safari/537.36"
5.126.91.211 - - [27/Aug/2026:00:33:52 +0330] "GET /_next/static/chunks/webpack-f27042854bafc0d3.js HTTP/2.0" 200 2127 "https://charsooq.com/articles/the-best-and-suitable-running-shoes-for-men" "Mozilla/5.0 (Linux; Android 11; M2101K7BNY) AppleWebKit/537.36 (KHTML, like Gecko) Chrome/92.0.4515.131 Mobile Safari/537.36"
5.126.91.211 - - [27/Aug/2026:00:33:52 +0330] "GET /_next/static/css/302d83c05ad27d8b.css HTTP/2.0" 200 369 "https://charsooq.com/articles/the-best-and-suitable-running-shoes-for-men" "Mozilla/5.0 (Linux; Android 11; M2101K7BNY) AppleWebKit/537.36 (KHTML, like Gecko) Chrome/92.0.4515.131 Mobile Safari/537.36"
5.126.91.211 - - [27/Aug/2026:00:33:52 +0330] "GET /_next/static/css/2c9caab41af7e337.css HTTP/2.0" 200 3175 "https://charsooq.com/articles/the-best-and-suitable-running-shoes-for-men" "Mozilla/5.0 (Linux; Android 11; M2101K7BNY) AppleWebKit/537.36 (KHTML, like Gecko) Chrome/92.0.4515.131 Mobile Safari/537.36"
5.126.91.211 - - [27/Aug/2026:00:33:52 +0330] "GET /_next/static/media/d36c74da9a95e091-s.p.ttf HTTP/2.0" 200 35196 "https://charsooq.com/articles/the-best-and-suitable-running-shoes-for-men" "Mozilla/5.0 (Linux; Android 11; M2101K7BNY) AppleWebKit/537.36 (KHTML, like Gecko) Chrome/92.0.4515.131 Mobile Safari/537.36"
5.126.91.211 - - [27/Aug/2026:00:33:52 +0330] "GET /_next/static/css/1fd47d1e4f3a64a0.css HTTP/2.0" 200 5002 "https://charsooq.com/articles/the-best-and-suitable-running-shoes-for-men" "Mozilla/5.0 (Linux; Android 11; M2101K7BNY) AppleWebKit/537.36 (KHTML, like Gecko) Chrome/92.0.4515.131 Mobile Safari/537.36"
5.126.91.211 - - [27/Aug/2026:00:33:52 +0330] "GET /_next/static/css/91447b978d7716af.css HTTP/2.0" 200 20418 "https://charsooq.com/articles/the-best-and-suitable-running-shoes-for-men" "Mozilla/5.0 (Linux; Android 11; M2101K7BNY) AppleWebKit/537.36 (KHTML, like Gecko) Chrome/92.0.4515.131 Mobile Safari/537.36"
127.0.0.1 - - [27/Aug/2026:00:33:52 +0330] "GET /storage/01HMGCKNDJDT81EVBHM3839P4B.webp HTTP/1.1" 200 119200 "-" "node"
5.126.91.211 - - [27/Aug/2026:00:33:52 +0330] "GET /assets/images/icons/instagram1.png HTTP/2.0" 200 1556 "https://charsooq.com/articles/the-best-and-suitable-running-shoes-for-men" "Mozilla/5.0 (Linux; Android 11; M2101K7BNY) AppleWebKit/537.36 (KHTML, like Gecko) Chrome/92.0.4515.131 Mobile Safari/537.36"
5.126.91.211 - - [27/Aug/2026:00:33:52 +0330] "GET /_next/image?url=%2Fassets%2Fimages%2Ficons%2Ftelegram-icon.png&w=128&q=75 HTTP/2.0" 200 5724 "https://charsooq.com/articles/the-best-and-suitable-running-shoes-for-men" "Mozilla/5.0 (Linux; Android 11; M2101K7BNY) AppleWebKit/537.36 (KHTML, like Gecko) Chrome/92.0.4515.131 Mobile Safari/537.36"
5.126.91.211 - - [27/Aug/2026:00:33:52 +0330] "GET /assets/images/icons/whatsapp.png HTTP/2.0" 200 763 "https://charsooq.com/articles/the-best-and-suitable-running-shoes-for-men" "Mozilla/5.0 (Linux; Android 11; M2101K7BNY) AppleWebKit/537.36 (KHTML, like Gecko) Chrome/92.0.4515.131 Mobile Safari/537.36"
5.126.91.211 - - [27/Aug/2026:00:33:52 +0330] "GET /assets/images/icons/telegram.png HTTP/2.0" 200 1179 "https://charsooq.com/articles/the-best-and-suitable-running-shoes-for-men" "Mozilla/5.0 (Linux; Android 11; M2101K7BNY) AppleWebKit/537.36 (KHTML, like Gecko) Chrome/92.0.4515.131 Mobile Safari/537.36"
5.126.91.211 - - [27/Aug/2026:00:33:52 +0330] "GET /_next/static/chunks/fd9d1056-9ff99acbd7fb9fe8.js HTTP/2.0" 200 53744 "https://charsooq.com/articles/the-best-and-suitable-running-shoes-for-men" "Mozilla/5.0 (Linux; Android 11; M2101K7BNY) AppleWebKit/537.36 (KHTML, like Gecko) Chrome/92.0.4515.131 Mobile Safari/537.36"
5.126.91.211 - - [27/Aug/2026:00:33:52 +0330] "GET /_next/static/chunks/main-app-9964935a240c0d39.js HTTP/2.0" 200 471 "https://charsooq.com/articles/the-best-and-suitable-running-shoes-for-men" "Mozilla/5.0 (Linux; Android 11; M2101K7BNY) AppleWebKit/537.36 (KHTML, like Gecko) Chrome/92.0.4515.131 Mobile Safari/537.36"
5.126.91.211 - - [27/Aug/2026:00:33:52 +0330] "GET /_next/static/chunks/2117-828e02dc1643a950.js HTTP/2.0" 200 32001 "https://charsooq.com/articles/the-best-and-suitable-running-shoes-for-men" "Mozilla/5.0 (Linux; Android 11; M2101K7BNY) AppleWebKit/537.36 (KHTML, like Gecko) Chrome/92.0.4515.131 Mobile Safari/537.36"
5.126.91.211 - - [27/Aug/2026:00:33:52 +0330] "GET /_next/image?url=https%3A%2F%2Fpanel.charsooq.com%2Fstorage%2F01HMGCKNDJDT81EVBHM3839P4B.webp&w=3840&q=75 HTTP/2.0" 200 96358 "https://charsooq.com/articles/the-best-and-suitable-running-shoes-for-men" "Mozilla/5.0 (Linux; Android 11; M2101K7BNY) AppleWebKit/537.36 (KHTML, like Gecko) Chrome/92.0.4515.131 Mobile Safari/537.36"
5.126.91.211 - - [27/Aug/2026:00:33:53 +0330] "GET /_next/static/chunks/2972-d7980624b2014943.js HTTP/2.0" 200 8732 "https://charsooq.com/articles/the-best-and-suitable-running-shoes-for-men" "Mozilla/5.0 (Linux; Android 11; M2101K7BNY) AppleWebKit/537.36 (KHTML, like Gecko) Chrome/92.0.4515.131 Mobile Safari/537.36"
5.126.91.211 - - [27/Aug/2026:00:33:53 +0330] "GET /_next/static/chunks/app/articles/%5Bslug%5D/not-found-a2aec68dc87351df.js HTTP/2.0" 200 284 "https://charsooq.com/articles/the-best-and-suitable-running-shoes-for-men" "Mozilla/5.0 (Linux; Android 11; M2101K7BNY) AppleWebKit/537.36 (KHTML, like Gecko) Chrome/92.0.4515.131 Mobile Safari/537.36"
5.126.91.211 - - [27/Aug/2026:00:33:53 +0330] "GET /_next/static/chunks/1580-575957d688ae25ac.js HTTP/2.0" 200 12089 "https://charsooq.com/articles/the-best-and-suitable-running-shoes-for-men" "Mozilla/5.0 (Linux; Android 11; M2101K7BNY) AppleWebKit/537.36 (KHTML, like Gecko) Chrome/92.0.4515.131 Mobile Safari/537.36"
5.126.91.211 - - [27/Aug/2026:00:33:53 +0330] "GET /_next/static/chunks/4438-ac5ce0d4a5fd9e15.js HTTP/2.0" 200 8260 "https://charsooq.com/articles/the-best-and-suitable-running-shoes-for-men" "Mozilla/5.0 (Linux; Android 11; M2101K7BNY) AppleWebKit/537.36 (KHTML, like Gecko) Chrome/92.0.4515.131 Mobile Safari/537.36"
5.126.91.211 - - [27/Aug/2026:00:33:53 +0330] "GET /_next/static/chunks/6137-97a90ba21cd4a885.js HTTP/2.0" 200 6706 "https://charsooq.com/articles/the-best-and-suitable-running-shoes-for-men" "Mozilla/5.0 (Linux; Android 11; M2101K7BNY) AppleWebKit/537.36 (KHTML, like Gecko) Chrome/92.0.4515.131 Mobile Safari/537.36"
5.126.91.211 - - [27/Aug/2026:00:33:53 +0330] "GET /_next/static/chunks/3462-b3fd13ed1d4f90e2.js HTTP/2.0" 200 1833 "https://charsooq.com/articles/the-best-and-suitable-running-shoes-for-men" "Mozilla/5.0 (Linux; Android 11; M2101K7BNY) AppleWebKit/537.36 (KHTML, like Gecko) Chrome/92.0.4515.131 Mobile Safari/537.36"
5.126.91.211 - - [27/Aug/2026:00:33:53 +0330] "GET /_next/static/chunks/3013-a9939c72e4a38977.js HTTP/2.0" 200 6860 "https://charsooq.com/articles/the-best-and-suitable-running-shoes-for-men" "Mozilla/5.0 (Linux; Android 11; M2101K7BNY) AppleWebKit/537.36 (KHTML, like Gecko) Chrome/92.0.4515.131 Mobile Safari/537.36"
5.126.91.211 - - [27/Aug/2026:00:33:53 +0330] "GET /_next/static/chunks/5878-8c4517462d65e9a5.js HTTP/2.0" 200 5170 "https://charsooq.com/articles/the-best-and-suitable-running-shoes-for-men" "Mozilla/5.0 (Linux; Android 11; M2101K7BNY) AppleWebKit/537.36 (KHTML, like Gecko) Chrome/92.0.4515.131 Mobile Safari/537.36"
5.126.91.211 - - [27/Aug/2026:00:33:53 +0330] "GET /_next/static/chunks/6818-72710ec856a66515.js HTTP/2.0" 200 2700 "https://charsooq.com/articles/the-best-and-suitable-running-shoes-for-men" "Mozilla/5.0 (Linux; Android 11; M2101K7BNY) AppleWebKit/537.36 (KHTML, like Gecko) Chrome/92.0.4515.131 Mobile Safari/537.36"
5.126.91.211 - - [27/Aug/2026:00:33:53 +0330] "GET /_next/static/chunks/1493-5bf6477734a442f1.js HTTP/2.0" 200 3468 "https://charsooq.com/articles/the-best-and-suitable-running-shoes-for-men" "Mozilla/5.0 (Linux; Android 11; M2101K7BNY) AppleWebKit/537.36 (KHTML, like Gecko) Chrome/92.0.4515.131 Mobile Safari/537.36"
5.126.91.211 - - [27/Aug/2026:00:33:53 +0330] "GET /_next/static/chunks/8003-81602ee8b36ef204.js HTTP/2.0" 200 2418 "https://charsooq.com/articles/the-best-and-suitable-running-shoes-for-men" "Mozilla/5.0 (Linux; Android 11; M2101K7BNY) AppleWebKit/537.36 (KHTML, like Gecko) Chrome/92.0.4515.131 Mobile Safari/537.36"
5.126.91.211 - - [27/Aug/2026:00:33:53 +0330] "GET /_next/static/chunks/8230-1cded471f36e4c61.js HTTP/2.0" 200 5411 "https://charsooq.com/articles/the-best-and-suitable-running-shoes-for-men" "Mozilla/5.0 (Linux; Android 11; M2101K7BNY) AppleWebKit/537.36 (KHTML, like Gecko) Chrome/92.0.4515.131 Mobile Safari/537.36"
5.126.91.211 - - [27/Aug/2026:00:33:53 +0330] "GET /_next/static/chunks/9227-c2a8061d3143118a.js HTTP/2.0" 200 2320 "https://charsooq.com/articles/the-best-and-suitable-running-shoes-for-men" "Mozilla/5.0 (Linux; Android 11; M2101K7BNY) AppleWebKit/537.36 (KHTML, like Gecko) Chrome/92.0.4515.131 Mobile Safari/537.36"
5.126.91.211 - - [27/Aug/2026:00:33:53 +0330] "GET /_next/static/chunks/app/articles/%5Bslug%5D/page-eab29444fd759c7a.js HTTP/2.0" 200 6410 "https://charsooq.com/articles/the-best-and-suitable-running-shoes-for-men" "Mozilla/5.0 (Linux; Android 11; M2101K7BNY) AppleWebKit/537.36 (KHTML, like Gecko) Chrome/92.0.4515.131 Mobile Safari/537.36"
5.126.91.211 - - [27/Aug/2026:00:33:53 +0330] "GET /_next/static/chunks/9064-bc53da8ff6805f5a.js HTTP/2.0" 200 4703 "https://charsooq.com/articles/the-best-and-suitable-running-shoes-for-men" "Mozilla/5.0 (Linux; Android 11; M2101K7BNY) AppleWebKit/537.36 (KHTML, like Gecko) Chrome/92.0.4515.131 Mobile Safari/537.36"
5.126.91.211 - - [27/Aug/2026:00:33:53 +0330] "GET /_next/static/chunks/4216-78fe3424349836f6.js HTTP/2.0" 200 7011 "https://charsooq.com/articles/the-best-and-suitable-running-shoes-for-men" "Mozilla/5.0 (Linux; Android 11; M2101K7BNY) AppleWebKit/537.36 (KHTML, like Gecko) Chrome/92.0.4515.131 Mobile Safari/537.36"
5.126.91.211 - - [27/Aug/2026:00:33:53 +0330] "GET /_next/static/chunks/3134-367eb482f3be54c2.js HTTP/2.0" 200 2334 "https://charsooq.com/articles/the-best-and-suitable-running-shoes-for-men" "Mozilla/5.0 (Linux; Android 11; M2101K7BNY) AppleWebKit/537.36 (KHTML, like Gecko) Chrome/92.0.4515.131 Mobile Safari/537.36"
5.126.91.211 - - [27/Aug/2026:00:33:53 +0330] "GET /_next/static/chunks/9470-129db663fb54ce77.js HTTP/2.0" 200 3092 "https://charsooq.com/articles/the-best-and-suitable-running-shoes-for-men" "Mozilla/5.0 (Linux; Android 11; M2101K7BNY) AppleWebKit/537.36 (KHTML, like Gecko) Chrome/92.0.4515.131 Mobile Safari/537.36"
5.126.91.211 - - [27/Aug/2026:00:33:53 +0330] "GET /_next/static/chunks/8472-05374d6b6d91921f.js HTTP/2.0" 200 9473 "https://charsooq.com/articles/the-best-and-suitable-running-shoes-for-men" "Mozilla/5.0 (Linux; Android 11; M2101K7BNY) AppleWebKit/537.36 (KHTML, like Gecko) Chrome/92.0.4515.131 Mobile Safari/537.36"
5.126.91.211 - - [27/Aug/2026:00:33:53 +0330] "GET /_next/static/chunks/873-fa2a34145b7f655b.js HTTP/2.0" 200 64908 "https://charsooq.com/articles/the-best-and-suitable-running-shoes-for-men" "Mozilla/5.0 (Linux; Android 11; M2101K7BNY) AppleWebKit/537.36 (KHTML, like Gecko) Chrome/92.0.4515.131 Mobile Safari/537.36"
5.126.91.211 - - [27/Aug/2026:00:33:53 +0330] "GET /_next/static/chunks/84-b6c070b37c66d77f.js HTTP/2.0" 200 2597 "https://charsooq.com/articles/the-best-and-suitable-running-shoes-for-men" "Mozilla/5.0 (Linux; Android 11; M2101K7BNY) AppleWebKit/537.36 (KHTML, like Gecko) Chrome/92.0.4515.131 Mobile Safari/537.36"
5.126.91.211 - - [27/Aug/2026:00:33:53 +0330] "GET /_next/static/chunks/app/layout-cb550aa8118c7c2c.js HTTP/2.0" 200 11535 "https://charsooq.com/articles/the-best-and-suitable-running-shoes-for-men" "Mozilla/5.0 (Linux; Android 11; M2101K7BNY) AppleWebKit/537.36 (KHTML, like Gecko) Chrome/92.0.4515.131 Mobile Safari/537.36"
5.126.91.211 - - [27/Aug/2026:00:33:53 +0330] "GET /_next/static/chunks/app/error-094d5bcef522249f.js HTTP/2.0" 200 673 "https://charsooq.com/articles/the-best-and-suitable-running-shoes-for-men" "Mozilla/5.0 (Linux; Android 11; M2101K7BNY) AppleWebKit/537.36 (KHTML, like Gecko) Chrome/92.0.4515.131 Mobile Safari/537.36"
5.126.91.211 - - [27/Aug/2026:00:33:53 +0330] "GET /_next/static/chunks/4922.b90b86ef20984235.js HTTP/2.0" 200 425 "https://charsooq.com/articles/the-best-and-suitable-running-shoes-for-men" "Mozilla/5.0 (Linux; Android 11; M2101K7BNY) AppleWebKit/537.36 (KHTML, like Gecko) Chrome/92.0.4515.131 Mobile Safari/537.36"
5.126.91.211 - - [27/Aug/2026:00:33:53 +0330] "GET /_next/static/chunks/1495.b45bb862bd3e18ec.js HTTP/2.0" 200 779 "https://charsooq.com/articles/the-best-and-suitable-running-shoes-for-men" "Mozilla/5.0 (Linux; Android 11; M2101K7BNY) AppleWebKit/537.36 (KHTML, like Gecko) Chrome/92.0.4515.131 Mobile Safari/537.36"
5.126.91.211 - - [27/Aug/2026:00:33:53 +0330] "GET /_next/static/chunks/415.9bf722adfc74e289.js HTTP/2.0" 200 8742 "https://charsooq.com/articles/the-best-and-suitable-running-shoes-for-men" "Mozilla/5.0 (Linux; Android 11; M2101K7BNY) AppleWebKit/537.36 (KHTML, like Gecko) Chrome/92.0.4515.131 Mobile Safari/537.36"
5.126.91.211 - - [27/Aug/2026:00:33:53 +0330] "GET /checkout?_rsc=gho2a HTTP/2.0" 200 1690 "https://charsooq.com/articles/the-best-and-suitable-running-shoes-for-men" "Mozilla/5.0 (Linux; Android 11; M2101K7BNY) AppleWebKit/537.36 (KHTML, like Gecko) Chrome/92.0.4515.131 Mobile Safari/537.36"
5.126.91.211 - - [27/Aug/2026:00:33:53 +0330] "GET /?_rsc=gho2a HTTP/2.0" 200 13561 "https://charsooq.com/articles/the-best-and-suitable-running-shoes-for-men" "Mozilla/5.0 (Linux; Android 11; M2101K7BNY) AppleWebKit/537.36 (KHTML, like Gecko) Chrome/92.0.4515.131 Mobile Safari/537.36"
127.0.0.1 - - [27/Aug/2026:00:33:53 +0330] "GET /api/v1/article-most-view?count=3 HTTP/1.1" 301 169 "-" "node"
127.0.0.1 - - [27/Aug/2026:00:33:53 +0330] "GET /api/v1/article-future?count=4 HTTP/1.1" 301 169 "-" "node"
127.0.0.1 - - [27/Aug/2026:00:33:53 +0330] "GET /api/v1/articles?count=8&page=1 HTTP/1.1" 301 169 "-" "node"
5.126.91.211 - - [27/Aug/2026:00:33:53 +0330] "GET /_next/static/chunks/app/checkout/layout-d7cf06d0dc8d6df6.js HTTP/2.0" 200 39421 "https://charsooq.com/articles/the-best-and-suitable-running-shoes-for-men" "Mozilla/5.0 (Linux; Android 11; M2101K7BNY) AppleWebKit/537.36 (KHTML, like Gecko) Chrome/92.0.4515.131 Mobile Safari/537.36"
127.0.0.1 - - [27/Aug/2026:00:33:53 +0330] "GET /api/v1/article-most-view?count=3 HTTP/1.1" 200 806767 "-" "node"
127.0.0.1 - - [27/Aug/2026:00:33:53 +0330] "GET /api/v1/articles?count=8&page=1 HTTP/1.1" 200 22411 "-" "node"
5.126.91.211 - - [27/Aug/2026:00:33:53 +0330] "GET /_next/static/chunks/5763-e3689baff1695fd1.js HTTP/2.0" 200 4387 "https://charsooq.com/articles/the-best-and-suitable-running-shoes-for-men" "Mozilla/5.0 (Linux; Android 11; M2101K7BNY) AppleWebKit/537.36 (KHTML, like Gecko) Chrome/92.0.4515.131 Mobile Safari/537.36"
127.0.0.1 - - [27/Aug/2026:00:33:53 +0330] "GET /api/v1/article-future?count=4 HTTP/1.1" 200 932759 "-" "node"
5.126.91.211 - - [27/Aug/2026:00:33:53 +0330] "GET /_next/static/chunks/2034-b6ee9baf8082b7dc.js HTTP/2.0" 200 10926 "https://charsooq.com/articles/the-best-and-suitable-running-shoes-for-men" "Mozilla/5.0 (Linux; Android 11; M2101K7BNY) AppleWebKit/537.36 (KHTML, like Gecko) Chrome/92.0.4515.131 Mobile Safari/537.36"
5.126.91.211 - - [27/Aug/2026:00:33:53 +0330] "GET /_next/static/chunks/5605-342a49848bbf0c11.js HTTP/2.0" 200 6777 "https://charsooq.com/articles/the-best-and-suitable-running-shoes-for-men" "Mozilla/5.0 (Linux; Android 11; M2101K7BNY) AppleWebKit/537.36 (KHTML, like Gecko) Chrome/92.0.4515.131 Mobile Safari/537.36"
5.126.91.211 - - [27/Aug/2026:00:33:53 +0330] "GET /articles?_rsc=gho2a HTTP/2.0" 200 7120 "https://charsooq.com/articles/the-best-and-suitable-running-shoes-for-men" "Mozilla/5.0 (Linux; Android 11; M2101K7BNY) AppleWebKit/537.36 (KHTML, like Gecko) Chrome/92.0.4515.131 Mobile Safari/537.36"
5.126.91.211 - - [27/Aug/2026:00:33:53 +0330] "GET /_next/static/chunks/1592-00644b699e0ed4d8.js HTTP/2.0" 200 7980 "https://charsooq.com/articles/the-best-and-suitable-running-shoes-for-men" "Mozilla/5.0 (Linux; Android 11; M2101K7BNY) AppleWebKit/537.36 (KHTML, like Gecko) Chrome/92.0.4515.131 Mobile Safari/537.36"
5.126.91.211 - - [27/Aug/2026:00:33:53 +0330] "GET /_next/static/chunks/169-68dabecb1c163108.js HTTP/2.0" 200 6555 "https://charsooq.com/articles/the-best-and-suitable-running-shoes-for-men" "Mozilla/5.0 (Linux; Android 11; M2101K7BNY) AppleWebKit/537.36 (KHTML, like Gecko) Chrome/92.0.4515.131 Mobile Safari/537.36"
5.126.91.211 - - [27/Aug/2026:00:33:53 +0330] "GET /_next/static/chunks/1188-8347881a51d7e866.js HTTP/2.0" 200 3364 "https://charsooq.com/articles/the-best-and-suitable-running-shoes-for-men" "Mozilla/5.0 (Linux; Android 11; M2101K7BNY) AppleWebKit/537.36 (KHTML, like Gecko) Chrome/92.0.4515.131 Mobile Safari/537.36"
5.126.91.211 - - [27/Aug/2026:00:33:54 +0330] "GET /_next/static/chunks/7463-8c14f85f0b9a94fe.js HTTP/2.0" 200 3339 "https://charsooq.com/articles/the-best-and-suitable-running-shoes-for-men" "Mozilla/5.0 (Linux; Android 11; M2101K7BNY) AppleWebKit/537.36 (KHTML, like Gecko) Chrome/92.0.4515.131 Mobile Safari/537.36"
5.126.91.211 - - [27/Aug/2026:00:33:54 +0330] "GET /_next/static/chunks/2177-53f14356cddc2711.js HTTP/2.0" 200 3254 "https://charsooq.com/articles/the-best-and-suitable-running-shoes-for-men" "Mozilla/5.0 (Linux; Android 11; M2101K7BNY) AppleWebKit/537.36 (KHTML, like Gecko) Chrome/92.0.4515.131 Mobile Safari/537.36"
5.126.91.211 - - [27/Aug/2026:00:33:54 +0330] "GET /_next/static/chunks/app/page-759df78f59703adb.js HTTP/2.0" 200 1959 "https://charsooq.com/articles/the-best-and-suitable-running-shoes-for-men" "Mozilla/5.0 (Linux; Android 11; M2101K7BNY) AppleWebKit/537.36 (KHTML, like Gecko) Chrome/92.0.4515.131 Mobile Safari/537.36"
5.126.91.211 - - [27/Aug/2026:00:33:54 +0330] "GET /_next/static/chunks/app/articles/page-324f669561f38a6f.js HTTP/2.0" 200 5209 "https://charsooq.com/articles/the-best-and-suitable-running-shoes-for-men" "Mozilla/5.0 (Linux; Android 11; M2101K7BNY) AppleWebKit/537.36 (KHTML, like Gecko) Chrome/92.0.4515.131 Mobile Safari/537.36"
5.126.91.211 - - [27/Aug/2026:00:33:54 +0330] "GET /_next/static/chunks/300-72da8991edf2ed5a.js HTTP/2.0" 200 33594 "https://charsooq.com/articles/the-best-and-suitable-running-shoes-for-men" "Mozilla/5.0 (Linux; Android 11; M2101K7BNY) AppleWebKit/537.36 (KHTML, like Gecko) Chrome/92.0.4515.131 Mobile Safari/537.36"
5.126.91.211 - - [27/Aug/2026:00:33:54 +0330] "GET /storage/uploads/nu7kSQYlU1y3cbbMq3wwoZCgD7kJcbzMJdxVaFbQ.webp HTTP/2.0" 200 65358 "https://charsooq.com/" "Mozilla/5.0 (Linux; Android 11; M2101K7BNY) AppleWebKit/537.36 (KHTML, like Gecko) Chrome/92.0.4515.131 Mobile Safari/537.36"
5.126.91.211 - - [27/Aug/2026:00:33:54 +0330] "GET /storage/uploads/SCvq8KRNuZmpwy5sJn4vOJ6r7GlqtazZDUiSQONG.webp HTTP/2.0" 200 48974 "https://charsooq.com/" "Mozilla/5.0 (Linux; Android 11; M2101K7BNY) AppleWebKit/537.36 (KHTML, like Gecko) Chrome/92.0.4515.131 Mobile Safari/537.36"
5.126.91.211 - - [27/Aug/2026:00:33:54 +0330] "GET /storage/uploads/0s8HhWyBRHuMTRIuo0QGskEsgbRr5EKaXD2g9uau.webp HTTP/2.0" 200 61222 "https://charsooq.com/" "Mozilla/5.0 (Linux; Android 11; M2101K7BNY) AppleWebKit/537.36 (KHTML, like Gecko) Chrome/92.0.4515.131 Mobile Safari/537.36"
127.0.0.1 - - [27/Aug/2026:00:33:55 +0330] "GET /api/v1/show-products-offers/NORDKISA HTTP/1.1" 301 169 "-" "node"
127.0.0.1 - - [27/Aug/2026:00:33:55 +0330] "GET /api/v1/show-products-offers/NORDKISA HTTP/1.1" 200 1533 "-" "node"
128.242.228.245 - - [27/Aug/2026:00:33:55 +0330] "GET /products/NORDKISA/%DA%A9%D9%85%D8%AF-%D9%84%D8%A8%D8%A7%D8%B3%DB%8C-%D8%A7%DB%8C%DA%A9%DB%8C%D8%A7-%D9%85%D8%AF%D9%84-nordkisa?_rsc=19zvn HTTP/2.0" 200 2191 "https://charsooq.com/" "Mozilla/5.0 (iPhone; CPU iPhone OS 13_2_3 like Mac OS X) AppleWebKit/605.1.15 (KHTML, like Gecko) Version/13.0.3 Mobile/15E148 Safari/604.1"
23.109.177.158 - - [27/Aug/2026:00:33:56 +0330] "GET / HTTP/2.0" 308 20 "-" "Mozilla/5.0 (iPhone; CPU iPhone OS 13_2_3 like Mac OS X) AppleWebKit/605.1.15 (KHTML, like Gecko) Version/13.0.3 Mobile/15E148 Safari/604.1"
47.128.26.80 - - [27/Aug/2026:00:33:56 +0330] "GET / HTTP/2.0" 308 20 "-" "Mozilla/5.0 (Linux; Android 5.0) AppleWebKit/537.36 (KHTML, like Gecko) Mobile Safari/537.36 (compatible; Bytespider; spider-feedback@bytedance.com)"
47.128.23.33 - - [27/Aug/2026:00:33:56 +0330] "GET / HTTP/2.0" 308 20 "-" "Mozilla/5.0 (Linux; Android 5.0) AppleWebKit/537.36 (KHTML, like Gecko) Mobile Safari/537.36 (compatible; Bytespider; spider-feedback@bytedance.com)"
47.128.29.91 - - [27/Aug/2026:00:33:56 +0330] "GET / HTTP/2.0" 308 20 "-" "Mozilla/5.0 (Linux; Android 5.0) AppleWebKit/537.36 (KHTML, like Gecko) Mobile Safari/537.36 (compatible; Bytespider; spider-feedback@bytedance.com)"
47.128.26.184 - - [27/Aug/2026:00:33:56 +0330] "GET / HTTP/2.0" 308 20 "-" "Mozilla/5.0 (Linux; Android 5.0) AppleWebKit/537.36 (KHTML, like Gecko) Mobile Safari/537.36 (compatible; Bytespider; spider-feedback@bytedance.com)"
175.136.140.177 - - [27/Aug/2026:00:33:56 +0330] "GET / HTTP/2.0" 308 20 "-" "Mozilla/5.0 (iPhone; CPU iPhone OS 13_2_3 like Mac OS X) AppleWebKit/605.1.15 (KHTML, like Gecko) Version/13.0.3 Mobile/15E148 Safari/604.1"
155.254.42.76 - - [27/Aug/2026:00:33:56 +0330] "GET / HTTP/2.0" 308 20 "-" "Mozilla/5.0 (iPhone; CPU iPhone OS 13_2_3 like Mac OS X) AppleWebKit/605.1.15 (KHTML, like Gecko) Version/13.0.3 Mobile/15E148 Safari/604.1"
76.190.197.223 - - [27/Aug/2026:00:33:57 +0330] "GET / HTTP/2.0" 308 20 "-" "Mozilla/5.0 (iPhone; CPU iPhone OS 13_2_3 like Mac OS X) AppleWebKit/605.1.15 (KHTML, like Gecko) Version/13.0.3 Mobile/15E148 Safari/604.1"
170.81.3.32 - - [27/Aug/2026:00:33:57 +0330] "GET / HTTP/2.0" 308 20 "-" "Mozilla/5.0 (Windows NT 10.0; Win64; x64) AppleWebKit/537.36 (KHTML, like Gecko) Chrome/142.0.0.0 Safari/537.36"
85.85.28.248 - - [27/Aug/2026:00:33:57 +0330] "GET / HTTP/2.0" 308 20 "-" "Mozilla/5.0 (iPhone; CPU iPhone OS 13_2_3 like Mac OS X) AppleWebKit/605.1.15 (KHTML, like Gecko) Version/13.0.3 Mobile/15E148 Safari/604.1"
72.63.17.110 - - [27/Aug/2026:00:33:57 +0330] "GET / HTTP/2.0" 308 20 "-" "Mozilla/5.0 (iPhone; CPU iPhone OS 13_2_3 like Mac OS X) AppleWebKit/605.1.15 (KHTML, like Gecko) Version/13.0.3 Mobile/15E148 Safari/604.1"
186.84.89.20 - - [27/Aug/2026:00:33:58 +0330] "GET / HTTP/2.0" 308 20 "-" "Mozilla/5.0 (iPhone; CPU iPhone OS 13_2_3 like Mac OS X) AppleWebKit/605.1.15 (KHTML, like Gecko) Version/13.0.3 Mobile/15E148 Safari/604.1"
127.0.0.1 - - [27/Aug/2026:00:33:58 +0330] "GET /api/v1/categories-amazon HTTP/1.1" 200 34199 "-" "node"
43.239.90.26 - - [27/Aug/2026:00:33:58 +0330] "GET / HTTP/2.0" 200 106227 "-" "Mozilla/5.0 (iPhone; CPU iPhone OS 13_2_3 like Mac OS X) AppleWebKit/605.1.15 (KHTML, like Gecko) Version/13.0.3 Mobile/15E148 Safari/604.1"
127.0.0.1 - - [27/Aug/2026:00:33:59 +0330] "GET /api/v1/show-products-offers/OriginalCryBabySurpriseDoll HTTP/1.1" 301 169 "-" "node"
127.0.0.1 - - [27/Aug/2026:00:33:59 +0330] "GET /api/v1/categories-amazon HTTP/1.1" 200 34199 "-" "node"
177.184.217.141 - - [27/Aug/2026:00:33:59 +0330] "GET / HTTP/2.0" 308 20 "-" "Mozilla/5.0 (iPhone; CPU iPhone OS 13_2_3 like Mac OS X) AppleWebKit/605.1.15 (KHTML, like Gecko) Version/13.0.3 Mobile/15E148 Safari/604.1"
127.0.0.1 - - [27/Aug/2026:00:33:59 +0330] "GET /api/v1/show-products-offers/OriginalCryBabySurpriseDoll HTTP/1.1" 200 1768 "-" "node"
128.242.228.245 - - [27/Aug/2026:00:33:59 +0330] "GET /products/OriginalCryBabySurpriseDoll/%D8%B9%D8%B1%D9%88%D8%B3%DA%A9-%D8%B3%D9%88%D9%BE%D8%B1%D8%A7%DB%8C%D8%B2-%DA%A9%D8%B1%D8%A7%DB%8C-%D8%A8%DB%8C%D8%A8%DB%8C-%D8%A7%D9%88%D8%B1%D8%AC%DB%8C%D9%86%D8%A7%D9%84?_rsc=19zvn HTTP/2.0" 200 2276 "https://charsooq.com/" "Mozilla/5.0 (iPhone; CPU iPhone OS 13_2_3 like Mac OS X) AppleWebKit/605.1.15 (KHTML, like Gecko) Version/13.0.3 Mobile/15E148 Safari/604.1"
47.128.26.80 - - [27/Aug/2026:00:33:59 +0330] "GET / HTTP/2.0" 200 106227 "-" "Mozilla/5.0 (Linux; Android 5.0) AppleWebKit/537.36 (KHTML, like Gecko) Mobile Safari/537.36 (compatible; Bytespider; spider-feedback@bytedance.com)"
127.0.0.1 - - [27/Aug/2026:00:33:59 +0330] "GET /api/v1/categories-amazon HTTP/1.1" 200 34230 "-" "node"
127.0.0.1 - - [27/Aug/2026:00:33:59 +0330] "GET /api/v1/categories-amazon HTTP/1.1" 200 34199 "-" "node"
47.128.29.91 - - [27/Aug/2026:00:33:59 +0330] "GET / HTTP/2.0" 200 106227 "-" "Mozilla/5.0 (Linux; Android 5.0) AppleWebKit/537.36 (KHTML, like Gecko) Mobile Safari/537.36 (compatible; Bytespider; spider-feedback@bytedance.com)"
127.0.0.1 - - [27/Aug/2026:00:33:59 +0330] "GET /api/v1/categories-amazon HTTP/1.1" 200 34230 "-" "node"
47.128.23.33 - - [27/Aug/2026:00:33:59 +0330] "GET / HTTP/2.0" 200 106227 "-" "Mozilla/5.0 (Linux; Android 5.0) AppleWebKit/537.36 (KHTML, like Gecko) Mobile Safari/537.36 (compatible; Bytespider; spider-feedback@bytedance.com)"
47.128.26.184 - - [27/Aug/2026:00:34:00 +0330] "GET / HTTP/2.0" 200 106227 "-" "Mozilla/5.0 (Linux; Android 5.0) AppleWebKit/537.36 (KHTML, like Gecko) Mobile Safari/537.36 (compatible; Bytespider; spider-feedback@bytedance.com)"
127.0.0.1 - - [27/Aug/2026:00:34:00 +0330] "GET /api/v1/categories-amazon HTTP/1.1" 200 34230 "-" "node"
103.110.163.4 - - [27/Aug/2026:00:34:00 +0330] "GET / HTTP/2.0" 200 106227 "-" "Mozilla/5.0 (iPhone; CPU iPhone OS 13_2_3 like Mac OS X) AppleWebKit/605.1.15 (KHTML, like Gecko) Version/13.0.3 Mobile/15E148 Safari/604.1"
127.0.0.1 - - [27/Aug/2026:00:34:00 +0330] "GET /api/v1/categories-amazon HTTP/1.1" 200 34230 "-" "node"
127.0.0.1 - - [27/Aug/2026:00:34:00 +0330] "GET /api/v1/show-products-offers/Iketoiletconversion HTTP/1.1" 301 169 "-" "node"
47.128.26.80 - - [27/Aug/2026:00:34:00 +0330] "GET /products-offer?page=1&_rsc=19zvn HTTP/2.0" 200 1470 "https://charsooq.com/" "Mozilla/5.0 (Linux; Android 5.0) AppleWebKit/537.36 (KHTML, like Gecko) Mobile Safari/537.36 (compatible; Bytespider; spider-feedback@bytedance.com)"
43.239.90.26 - - [27/Aug/2026:00:34:00 +0330] "GET /products-offer?page=1&_rsc=19zvn HTTP/2.0" 200 1470 "https://charsooq.com/" "Mozilla/5.0 (iPhone; CPU iPhone OS 13_2_3 like Mac OS X) AppleWebKit/605.1.15 (KHTML, like Gecko) Version/13.0.3 Mobile/15E148 Safari/604.1"
127.0.0.1 - - [27/Aug/2026:00:34:00 +0330] "GET /api/v1/show-products-offers/Iketoiletconversion HTTP/1.1" 200 3557 "-" "node"
43.239.90.26 - - [27/Aug/2026:00:34:00 +0330] "GET /products/Iketoiletconversion/%D8%AA%D8%A8%D8%AF%DB%8C%D9%84-%D8%AA%D9%88%D8%A7%D9%84%D8%AA-%D9%81%D8%B1%D9%86%DA%AF%DB%8C-%D8%A7%DB%8C%DA%A9%DB%8C%D8%A7?_rsc=19zvn HTTP/2.0" 200 2255 "https://charsooq.com/" "Mozilla/5.0 (iPhone; CPU iPhone OS 13_2_3 like Mac OS X) AppleWebKit/605.1.15 (KHTML, like Gecko) Version/13.0.3 Mobile/15E148 Safari/604.1"
127.0.0.1 - - [27/Aug/2026:00:34:00 +0330] "GET /api/v1/categories-amazon HTTP/1.1" 200 34199 "-" "node"
103.110.163.4 - - [27/Aug/2026:00:34:00 +0330] "GET /_next/image?url=%2Fassets%2Fimages%2Fhome%2Fcategory%2Fshoes.jpg&w=828&q=75 HTTP/2.0" 200 13250 "https://charsooq.com/" "Mozilla/5.0 (iPhone; CPU iPhone OS 13_2_3 like Mac OS X) AppleWebKit/605.1.15 (KHTML, like Gecko) Version/13.0.3 Mobile/15E148 Safari/604.1"
103.110.163.4 - - [27/Aug/2026:00:34:00 +0330] "GET /_next/static/css/2c9caab41af7e337.css HTTP/2.0" 200 3175 "https://charsooq.com/" "Mozilla/5.0 (iPhone; CPU iPhone OS 13_2_3 like Mac OS X) AppleWebKit/605.1.15 (KHTML, like Gecko) Version/13.0.3 Mobile/15E148 Safari/604.1"
103.110.163.4 - - [27/Aug/2026:00:34:00 +0330] "GET /_next/image?url=%2Fassets%2Fimages%2Fhome%2Fhome-instagram2.webp&w=828&q=75 HTTP/2.0" 200 4836 "https://charsooq.com/" "Mozilla/5.0 (iPhone; CPU iPhone OS 13_2_3 like Mac OS X) AppleWebKit/605.1.15 (KHTML, like Gecko) Version/13.0.3 Mobile/15E148 Safari/604.1"
103.110.163.4 - - [27/Aug/2026:00:34:00 +0330] "GET /_next/static/css/1fd47d1e4f3a64a0.css HTTP/2.0" 200 5002 "https://charsooq.com/" "Mozilla/5.0 (iPhone; CPU iPhone OS 13_2_3 like Mac OS X) AppleWebKit/605.1.15 (KHTML, like Gecko) Version/13.0.3 Mobile/15E148 Safari/604.1"
103.110.163.4 - - [27/Aug/2026:00:34:00 +0330] "GET /_next/image?url=%2Fassets%2Fimages%2Fhome%2Fhome-telegram2.webp&w=828&q=75 HTTP/2.0" 200 8658 "https://charsooq.com/" "Mozilla/5.0 (iPhone; CPU iPhone OS 13_2_3 like Mac OS X) AppleWebKit/605.1.15 (KHTML, like Gecko) Version/13.0.3 Mobile/15E148 Safari/604.1"
103.110.163.4 - - [27/Aug/2026:00:34:00 +0330] "GET /_next/static/css/302d83c05ad27d8b.css HTTP/2.0" 200 369 "https://charsooq.com/" "Mozilla/5.0 (iPhone; CPU iPhone OS 13_2_3 like Mac OS X) AppleWebKit/605.1.15 (KHTML, like Gecko) Version/13.0.3 Mobile/15E148 Safari/604.1"
103.110.163.4 - - [27/Aug/2026:00:34:00 +0330] "GET /_next/image?url=%2Fassets%2Fimages%2Fhome%2Fcategory%2Fcosmetic.jpg&w=828&q=75 HTTP/2.0" 200 15462 "https://charsooq.com/" "Mozilla/5.0 (iPhone; CPU iPhone OS 13_2_3 like Mac OS X) AppleWebKit/605.1.15 (KHTML, like Gecko) Version/13.0.3 Mobile/15E148 Safari/604.1"
103.110.163.4 - - [27/Aug/2026:00:34:00 +0330] "GET /_next/image?url=%2Fassets%2Fimages%2Ficons%2Ftelegram-icon.png&w=64&q=75 HTTP/2.0" 200 2500 "https://charsooq.com/" "Mozilla/5.0 (iPhone; CPU iPhone OS 13_2_3 like Mac OS X) AppleWebKit/605.1.15 (KHTML, like Gecko) Version/13.0.3 Mobile/15E148 Safari/604.1"
127.0.0.1 - - [27/Aug/2026:00:34:00 +0330] "GET /api/v1/show-products-offers/Iketoiletconversion HTTP/1.1" 301 169 "-" "node"
103.110.163.4 - - [27/Aug/2026:00:34:00 +0330] "GET /_next/static/css/91447b978d7716af.css HTTP/2.0" 200 20418 "https://charsooq.com/" "Mozilla/5.0 (iPhone; CPU iPhone OS 13_2_3 like Mac OS X) AppleWebKit/605.1.15 (KHTML, like Gecko) Version/13.0.3 Mobile/15E148 Safari/604.1"
127.0.0.1 - - [27/Aug/2026:00:34:00 +0330] "GET /api/v1/show-products-offers/Iketoiletconversion HTTP/1.1" 200 3557 "-" "node"
47.128.26.80 - - [27/Aug/2026:00:34:00 +0330] "GET /products/Iketoiletconversion/%D8%AA%D8%A8%D8%AF%DB%8C%D9%84-%D8%AA%D9%88%D8%A7%D9%84%D8%AA-%D9%81%D8%B1%D9%86%DA%AF%DB%8C-%D8%A7%DB%8C%DA%A9%DB%8C%D8%A7?_rsc=19zvn HTTP/2.0" 200 2255 "https://charsooq.com/" "Mozilla/5.0 (Linux; Android 5.0) AppleWebKit/537.36 (KHTML, like Gecko) Mobile Safari/537.36 (compatible; Bytespider; spider-feedback@bytedance.com)"
45.80.164.32 - - [27/Aug/2026:00:34:00 +0330] "GET / HTTP/2.0" 200 106227 "-" "Mozilla/5.0 (iPhone; CPU iPhone OS 13_2_3 like Mac OS X) AppleWebKit/605.1.15 (KHTML, like Gecko) Version/13.0.3 Mobile/15E148 Safari/604.1"
47.128.29.91 - - [27/Aug/2026:00:34:00 +0330] "GET /products-offer?page=1&_rsc=19zvn HTTP/2.0" 200 1470 "https://charsooq.com/" "Mozilla/5.0 (Linux; Android 5.0) AppleWebKit/537.36 (KHTML, like Gecko) Mobile Safari/537.36 (compatible; Bytespider; spider-feedback@bytedance.com)"
218.172.11.191 - - [27/Aug/2026:00:34:01 +0330] "GET / HTTP/2.0" 200 106227 "-" "Mozilla/5.0 (iPhone; CPU iPhone OS 13_2_3 like Mac OS X) AppleWebKit/605.1.15 (KHTML, like Gecko) Version/13.0.3 Mobile/15E148 Safari/604.1"
127.0.0.1 - - [27/Aug/2026:00:34:01 +0330] "GET /api/v1/show-products-offers/Iketoiletconversion HTTP/1.1" 301 169 "-" "node"
127.0.0.1 - - [27/Aug/2026:00:34:01 +0330] "GET /api/v1/show-products-offers/Iketoiletconversion HTTP/1.1" 200 3557 "-" "node"
47.128.29.91 - - [27/Aug/2026:00:34:01 +0330] "GET /products/Iketoiletconversion/%D8%AA%D8%A8%D8%AF%DB%8C%D9%84-%D8%AA%D9%88%D8%A7%D9%84%D8%AA-%D9%81%D8%B1%D9%86%DA%AF%DB%8C-%D8%A7%DB%8C%DA%A9%DB%8C%D8%A7?_rsc=19zvn HTTP/2.0" 200 2255 "https://charsooq.com/" "Mozilla/5.0 (Linux; Android 5.0) AppleWebKit/537.36 (KHTML, like Gecko) Mobile Safari/537.36 (compatible; Bytespider; spider-feedback@bytedance.com)"
103.110.163.4 - - [27/Aug/2026:00:34:01 +0330] "GET /_next/image?url=https%3A%2F%2Fpanel.charsooq.com%2Fstorage%2F01K86CG1QRVXB0PMTKY5EERBNB.jpg&w=384&q=75 HTTP/2.0" 200 2660 "https://charsooq.com/" "Mozilla/5.0 (iPhone; CPU iPhone OS 13_2_3 like Mac OS X) AppleWebKit/605.1.15 (KHTML, like Gecko) Version/13.0.3 Mobile/15E148 Safari/604.1"
127.0.0.1 - - [27/Aug/2026:00:34:01 +0330] "GET /api/v1/categories-amazon HTTP/1.1" 200 34199 "-" "node"
103.110.163.4 - - [27/Aug/2026:00:34:01 +0330] "GET /_next/image?url=https%3A%2F%2Fpanel.charsooq.com%2Fstorage%2F01KFXB7VBNM3NRS4TMST0J77BY.jpg&w=384&q=75 HTTP/2.0" 200 21950 "https://charsooq.com/" "Mozilla/5.0 (iPhone; CPU iPhone OS 13_2_3 like Mac OS X) AppleWebKit/605.1.15 (KHTML, like Gecko) Version/13.0.3 Mobile/15E148 Safari/604.1"
103.110.163.4 - - [27/Aug/2026:00:34:01 +0330] "GET /_next/image?url=https%3A%2F%2Fpanel.charsooq.com%2Fstorage%2F01KE1FP01NABFH9KQRP45ECBQ5.webp&w=384&q=75 HTTP/2.0" 200 11758 "https://charsooq.com/" "Mozilla/5.0 (iPhone; CPU iPhone OS 13_2_3 like Mac OS X) AppleWebKit/605.1.15 (KHTML, like Gecko) Version/13.0.3 Mobile/15E148 Safari/604.1"
103.110.163.4 - - [27/Aug/2026:00:34:01 +0330] "GET /_next/static/chunks/fd9d1056-9ff99acbd7fb9fe8.js HTTP/2.0" 200 53744 "https://charsooq.com/" "Mozilla/5.0 (iPhone; CPU iPhone OS 13_2_3 like Mac OS X) AppleWebKit/605.1.15 (KHTML, like Gecko) Version/13.0.3 Mobile/15E148 Safari/604.1"
127.0.0.1 - - [27/Aug/2026:00:34:01 +0330] "GET /api/v1/categories-amazon HTTP/1.1" 200 34230 "-" "node"
103.110.163.4 - - [27/Aug/2026:00:34:01 +0330] "GET /assets/images/home/discount-background.webp HTTP/2.0" 206 500 "https://charsooq.com/_next/static/css/2c9caab41af7e337.css" "Mozilla/5.0 (iPhone; CPU iPhone OS 13_2_3 like Mac OS X) AppleWebKit/605.1.15 (KHTML, like Gecko) Version/13.0.3 Mobile/15E148 Safari/604.1"
179.37.86.72 - - [27/Aug/2026:00:34:01 +0330] "GET / HTTP/2.0" 200 106227 "-" "Mozilla/5.0 (iPhone; CPU iPhone OS 13_2_3 like Mac OS X) AppleWebKit/605.1.15 (KHTML, like Gecko) Version/13.0.3 Mobile/15E148 Safari/604.1"
127.0.0.1 - - [27/Aug/2026:00:34:01 +0330] "GET /api/v1/categories-amazon HTTP/1.1" 200 34230 "-" "node"
47.128.23.33 - - [27/Aug/2026:00:34:01 +0330] "GET /products-offer?page=1&_rsc=19zvn HTTP/2.0" 200 1470 "https://charsooq.com/" "Mozilla/5.0 (Linux; Android 5.0) AppleWebKit/537.36 (KHTML, like Gecko) Mobile Safari/537.36 (compatible; Bytespider; spider-feedback@bytedance.com)"
179.0.118.110 - - [27/Aug/2026:00:34:01 +0330] "GET / HTTP/2.0" 200 106227 "-" "Mozilla/5.0 (iPhone; CPU iPhone OS 13_2_3 like Mac OS X) AppleWebKit/605.1.15 (KHTML, like Gecko) Version/13.0.3 Mobile/15E148 Safari/604.1"
181.51.88.127 - - [27/Aug/2026:00:34:01 +0330] "GET / HTTP/2.0" 200 106227 "-" "Mozilla/5.0 (Windows NT 10.0; Win64; x64) AppleWebKit/537.36 (KHTML, like Gecko) Chrome/142.0.0.0 Safari/537.36"
103.110.163.4 - - [27/Aug/2026:00:34:02 +0330] "GET /_next/image?url=https%3A%2F%2Fpanel.charsooq.com%2Fstorage%2F01KD7W28R9M57F4MPBTPSH8CT1.webp&w=384&q=75 HTTP/2.0" 200 7618 "https://charsooq.com/" "Mozilla/5.0 (iPhone; CPU iPhone OS 13_2_3 like Mac OS X) AppleWebKit/605.1.15 (KHTML, like Gecko) Version/13.0.3 Mobile/15E148 Safari/604.1"
103.110.163.4 - - [27/Aug/2026:00:34:02 +0330] "GET /_next/static/chunks/webpack-f27042854bafc0d3.js HTTP/2.0" 200 2127 "https://charsooq.com/" "Mozilla/5.0 (iPhone; CPU iPhone OS 13_2_3 like Mac OS X) AppleWebKit/605.1.15 (KHTML, like Gecko) Version/13.0.3 Mobile/15E148 Safari/604.1"
127.0.0.1 - - [27/Aug/2026:00:34:02 +0330] "GET /api/v1/show-products-offers/Iketoiletconversion HTTP/1.1" 301 169 "-" "node"
127.0.0.1 - - [27/Aug/2026:00:34:02 +0330] "GET /api/v1/show-products-offers/Iketoiletconversion HTTP/1.1" 301 169 "-" "node"
45.80.164.32 - - [27/Aug/2026:00:34:02 +0330] "GET /products-offer?page=1&_rsc=19zvn HTTP/2.0" 200 1470 "https://charsooq.com/" "Mozilla/5.0 (iPhone; CPU iPhone OS 13_2_3 like Mac OS X) AppleWebKit/605.1.15 (KHTML, like Gecko) Version/13.0.3 Mobile/15E148 Safari/604.1"
127.0.0.1 - - [27/Aug/2026:00:34:02 +0330] "GET /api/v1/categories-amazon HTTP/1.1" 200 34199 "-" "node"
127.0.0.1 - - [27/Aug/2026:00:34:02 +0330] "GET /api/v1/show-products-offers/Iketoiletconversion HTTP/1.1" 200 3557 "-" "node"
127.0.0.1 - - [27/Aug/2026:00:34:02 +0330] "GET /api/v1/show-products-offers/Iketoiletconversion HTTP/1.1" 200 3557 "-" "node"
45.80.164.32 - - [27/Aug/2026:00:34:02 +0330] "GET /products/Iketoiletconversion/%D8%AA%D8%A8%D8%AF%DB%8C%D9%84-%D8%AA%D9%88%D8%A7%D9%84%D8%AA-%D9%81%D8%B1%D9%86%DA%AF%DB%8C-%D8%A7%DB%8C%DA%A9%DB%8C%D8%A7?_rsc=19zvn HTTP/2.0" 200 2255 "https://charsooq.com/" "Mozilla/5.0 (iPhone; CPU iPhone OS 13_2_3 like Mac OS X) AppleWebKit/605.1.15 (KHTML, like Gecko) Version/13.0.3 Mobile/15E148 Safari/604.1"
47.128.23.33 - - [27/Aug/2026:00:34:02 +0330] "GET /products/Iketoiletconversion/%D8%AA%D8%A8%D8%AF%DB%8C%D9%84-%D8%AA%D9%88%D8%A7%D9%84%D8%AA-%D9%81%D8%B1%D9%86%DA%AF%DB%8C-%D8%A7%DB%8C%DA%A9%DB%8C%D8%A7?_rsc=19zvn HTTP/2.0" 200 2255 "https://charsooq.com/" "Mozilla/5.0 (Linux; Android 5.0) AppleWebKit/537.36 (KHTML, like Gecko) Mobile Safari/537.36 (compatible; Bytespider; spider-feedback@bytedance.com)"
175.136.170.192 - - [27/Aug/2026:00:34:02 +0330] "GET / HTTP/2.0" 200 106227 "-" "Mozilla/5.0 (iPhone; CPU iPhone OS 13_2_3 like Mac OS X) AppleWebKit/605.1.15 (KHTML, like Gecko) Version/13.0.3 Mobile/15E148 Safari/604.1"
192.161.164.60 - - [27/Aug/2026:00:34:02 +0330] "GET /_next/image?url=%2Fassets%2Fimages%2Fhome%2Fcategory%2Fcosmetic.jpg&w=828&q=75 HTTP/2.0" 200 15462 "https://charsooq.com/" "Mozilla/5.0 (iPhone; CPU iPhone OS 13_2_3 like Mac OS X) AppleWebKit/605.1.15 (KHTML, like Gecko) Version/13.0.3 Mobile/15E148 Safari/604.1"
192.161.164.60 - - [27/Aug/2026:00:34:02 +0330] "GET /_next/image?url=%2Fassets%2Fimages%2Fhome%2Fcategory%2Fshoes.jpg&w=828&q=75 HTTP/2.0" 200 13250 "https://charsooq.com/" "Mozilla/5.0 (iPhone; CPU iPhone OS 13_2_3 like Mac OS X) AppleWebKit/605.1.15 (KHTML, like Gecko) Version/13.0.3 Mobile/15E148 Safari/604.1"
192.161.164.60 - - [27/Aug/2026:00:34:02 +0330] "GET /_next/image?url=%2Fassets%2Fimages%2Fhome%2Fhome-instagram2.webp&w=828&q=75 HTTP/2.0" 200 4836 "https://charsooq.com/" "Mozilla/5.0 (iPhone; CPU iPhone OS 13_2_3 like Mac OS X) AppleWebKit/605.1.15 (KHTML, like Gecko) Version/13.0.3 Mobile/15E148 Safari/604.1"
192.161.164.60 - - [27/Aug/2026:00:34:02 +0330] "GET /_next/image?url=%2Fassets%2Fimages%2Fhome%2Fhome-telegram2.webp&w=828&q=75 HTTP/2.0" 200 8658 "https://charsooq.com/" "Mozilla/5.0 (iPhone; CPU iPhone OS 13_2_3 like Mac OS X) AppleWebKit/605.1.15 (KHTML, like Gecko) Version/13.0.3 Mobile/15E148 Safari/604.1"
192.161.164.60 - - [27/Aug/2026:00:34:02 +0330] "GET /_next/static/css/302d83c05ad27d8b.css HTTP/2.0" 200 369 "https://charsooq.com/" "Mozilla/5.0 (iPhone; CPU iPhone OS 13_2_3 like Mac OS X) AppleWebKit/605.1.15 (KHTML, like Gecko) Version/13.0.3 Mobile/15E148 Safari/604.1"
192.161.164.60 - - [27/Aug/2026:00:34:02 +0330] "GET /_next/static/css/2c9caab41af7e337.css HTTP/2.0" 200 3175 "https://charsooq.com/" "Mozilla/5.0 (iPhone; CPU iPhone OS 13_2_3 like Mac OS X) AppleWebKit/605.1.15 (KHTML, like Gecko) Version/13.0.3 Mobile/15E148 Safari/604.1"
192.161.164.60 - - [27/Aug/2026:00:34:02 +0330] "GET /_next/static/css/1fd47d1e4f3a64a0.css HTTP/2.0" 200 5002 "https://charsooq.com/" "Mozilla/5.0 (iPhone; CPU iPhone OS 13_2_3 like Mac OS X) AppleWebKit/605.1.15 (KHTML, like Gecko) Version/13.0.3 Mobile/15E148 Safari/604.1"
103.110.163.4 - - [27/Aug/2026:00:34:02 +0330] "GET /_next/image?url=https%3A%2F%2Fpanel.charsooq.com%2Fstorage%2F01KCR92KVH2GAESBCCCE4TDAEF.webp&w=384&q=75 HTTP/2.0" 200 8654 "https://charsooq.com/" "Mozilla/5.0 (iPhone; CPU iPhone OS 13_2_3 like Mac OS X) AppleWebKit/605.1.15 (KHTML, like Gecko) Version/13.0.3 Mobile/15E148 Safari/604.1"
192.161.164.60 - - [27/Aug/2026:00:34:02 +0330] "GET /_next/static/css/91447b978d7716af.css HTTP/2.0" 200 20418 "https://charsooq.com/" "Mozilla/5.0 (iPhone; CPU iPhone OS 13_2_3 like Mac OS X) AppleWebKit/605.1.15 (KHTML, like Gecko) Version/13.0.3 Mobile/15E148 Safari/604.1"
103.110.163.4 - - [27/Aug/2026:00:34:02 +0330] "GET /_next/static/chunks/2117-828e02dc1643a950.js HTTP/2.0" 200 32001 "https://charsooq.com/" "Mozilla/5.0 (iPhone; CPU iPhone OS 13_2_3 like Mac OS X) AppleWebKit/605.1.15 (KHTML, like Gecko) Version/13.0.3 Mobile/15E148 Safari/604.1"
192.161.164.60 - - [27/Aug/2026:00:34:02 +0330] "GET /_next/image?url=%2Fassets%2Fimages%2Ficons%2Ftelegram-icon.png&w=64&q=75 HTTP/2.0" 200 2500 "https://charsooq.com/" "Mozilla/5.0 (iPhone; CPU iPhone OS 13_2_3 like Mac OS X) AppleWebKit/605.1.15 (KHTML, like Gecko) Version/13.0.3 Mobile/15E148 Safari/604.1"
103.110.163.4 - - [27/Aug/2026:00:34:02 +0330] "GET /_next/static/chunks/main-app-9964935a240c0d39.js HTTP/2.0" 200 471 "https://charsooq.com/" "Mozilla/5.0 (iPhone; CPU iPhone OS 13_2_3 like Mac OS X) AppleWebKit/605.1.15 (KHTML, like Gecko) Version/13.0.3 Mobile/15E148 Safari/604.1"
103.110.163.4 - - [27/Aug/2026:00:34:02 +0330] "GET /_next/static/chunks/2972-d7980624b2014943.js HTTP/2.0" 200 8732 "https://charsooq.com/" "Mozilla/5.0 (iPhone; CPU iPhone OS 13_2_3 like Mac OS X) AppleWebKit/605.1.15 (KHTML, like Gecko) Version/13.0.3 Mobile/15E148 Safari/604.1"
103.110.163.4 - - [27/Aug/2026:00:34:02 +0330] "GET /_next/static/chunks/1580-575957d688ae25ac.js HTTP/2.0" 200 12089 "https://charsooq.com/" "Mozilla/5.0 (iPhone; CPU iPhone OS 13_2_3 like Mac OS X) AppleWebKit/605.1.15 (KHTML, like Gecko) Version/13.0.3 Mobile/15E148 Safari/604.1"
209.242.198.193 - - [27/Aug/2026:00:34:02 +0330] "GET /storage/01K7BR402XKVFCR55W677WXMYY.jpg HTTP/2.0" 206 500 "https://charsooq.com/" "Mozilla/5.0 (iPhone; CPU iPhone OS 13_2_3 like Mac OS X) AppleWebKit/605.1.15 (KHTML, like Gecko) Version/13.0.3 Mobile/15E148 Safari/604.1"
103.110.163.4 - - [27/Aug/2026:00:34:02 +0330] "GET /_next/static/chunks/4438-ac5ce0d4a5fd9e15.js HTTP/2.0" 200 8260 "https://charsooq.com/" "Mozilla/5.0 (iPhone; CPU iPhone OS 13_2_3 like Mac OS X) AppleWebKit/605.1.15 (KHTML, like Gecko) Version/13.0.3 Mobile/15E148 Safari/604.1"
103.110.163.4 - - [27/Aug/2026:00:34:03 +0330] "GET /_next/static/chunks/6137-97a90ba21cd4a885.js HTTP/2.0" 200 6706 "https://charsooq.com/" "Mozilla/5.0 (iPhone; CPU iPhone OS 13_2_3 like Mac OS X) AppleWebKit/605.1.15 (KHTML, like Gecko) Version/13.0.3 Mobile/15E148 Safari/604.1"
103.110.163.4 - - [27/Aug/2026:00:34:03 +0330] "GET /_next/static/chunks/3462-b3fd13ed1d4f90e2.js HTTP/2.0" 200 1833 "https://charsooq.com/" "Mozilla/5.0 (iPhone; CPU iPhone OS 13_2_3 like Mac OS X) AppleWebKit/605.1.15 (KHTML, like Gecko) Version/13.0.3 Mobile/15E148 Safari/604.1"
209.242.198.193 - - [27/Aug/2026:00:34:03 +0330] "GET /storage/01K7BR402XKVFCR55W677WXMYY.jpg HTTP/2.0" 304 0 "https://charsooq.com/" "Mozilla/5.0 (iPhone; CPU iPhone OS 13_2_3 like Mac OS X) AppleWebKit/605.1.15 (KHTML, like Gecko) Version/13.0.3 Mobile/15E148 Safari/604.1"
103.110.163.4 - - [27/Aug/2026:00:34:03 +0330] "GET /_next/static/chunks/6818-72710ec856a66515.js HTTP/2.0" 200 2700 "https://charsooq.com/" "Mozilla/5.0 (iPhone; CPU iPhone OS 13_2_3 like Mac OS X) AppleWebKit/605.1.15 (KHTML, like Gecko) Version/13.0.3 Mobile/15E148 Safari/604.1"
103.110.163.4 - - [27/Aug/2026:00:34:03 +0330] "GET /_next/static/chunks/5878-8c4517462d65e9a5.js HTTP/2.0" 200 5170 "https://charsooq.com/" "Mozilla/5.0 (iPhone; CPU iPhone OS 13_2_3 like Mac OS X) AppleWebKit/605.1.15 (KHTML, like Gecko) Version/13.0.3 Mobile/15E148 Safari/604.1"
103.110.163.4 - - [27/Aug/2026:00:34:03 +0330] "GET /_next/static/chunks/3013-a9939c72e4a38977.js HTTP/2.0" 200 6860 "https://charsooq.com/" "Mozilla/5.0 (iPhone; CPU iPhone OS 13_2_3 like Mac OS X) AppleWebKit/605.1.15 (KHTML, like Gecko) Version/13.0.3 Mobile/15E148 Safari/604.1"
103.110.163.4 - - [27/Aug/2026:00:34:03 +0330] "GET /_next/static/chunks/5763-e3689baff1695fd1.js HTTP/2.0" 200 4387 "https://charsooq.com/" "Mozilla/5.0 (iPhone; CPU iPhone OS 13_2_3 like Mac OS X) AppleWebKit/605.1.15 (KHTML, like Gecko) Version/13.0.3 Mobile/15E148 Safari/604.1"
103.110.163.4 - - [27/Aug/2026:00:34:03 +0330] "GET /_next/static/chunks/9064-bc53da8ff6805f5a.js HTTP/2.0" 200 4703 "https://charsooq.com/" "Mozilla/5.0 (iPhone; CPU iPhone OS 13_2_3 like Mac OS X) AppleWebKit/605.1.15 (KHTML, like Gecko) Version/13.0.3 Mobile/15E148 Safari/604.1"
192.161.164.60 - - [27/Aug/2026:00:34:03 +0330] "GET /_next/static/chunks/main-app-9964935a240c0d39.js HTTP/2.0" 200 471 "https://charsooq.com/" "Mozilla/5.0 (iPhone; CPU iPhone OS 13_2_3 like Mac OS X) AppleWebKit/605.1.15 (KHTML, like Gecko) Version/13.0.3 Mobile/15E148 Safari/604.1"
192.161.164.60 - - [27/Aug/2026:00:34:03 +0330] "GET /_next/image?url=https%3A%2F%2Fpanel.charsooq.com%2Fstorage%2F01K86CG1QRVXB0PMTKY5EERBNB.jpg&w=384&q=75 HTTP/2.0" 200 2660 "https://charsooq.com/" "Mozilla/5.0 (iPhone; CPU iPhone OS 13_2_3 like Mac OS X) AppleWebKit/605.1.15 (KHTML, like Gecko) Version/13.0.3 Mobile/15E148 Safari/604.1"
192.161.164.60 - - [27/Aug/2026:00:34:03 +0330] "GET /_next/image?url=https%3A%2F%2Fpanel.charsooq.com%2Fstorage%2F01KD7W28R9M57F4MPBTPSH8CT1.webp&w=384&q=75 HTTP/2.0" 200 7618 "https://charsooq.com/" "Mozilla/5.0 (iPhone; CPU iPhone OS 13_2_3 like Mac OS X) AppleWebKit/605.1.15 (KHTML, like Gecko) Version/13.0.3 Mobile/15E148 Safari/604.1"
192.161.164.60 - - [27/Aug/2026:00:34:03 +0330] "GET /_next/static/chunks/1580-575957d688ae25ac.js HTTP/2.0" 200 12089 "https://charsooq.com/" "Mozilla/5.0 (iPhone; CPU iPhone OS 13_2_3 like Mac OS X) AppleWebKit/605.1.15 (KHTML, like Gecko) Version/13.0.3 Mobile/15E148 Safari/604.1"
192.161.164.60 - - [27/Aug/2026:00:34:03 +0330] "GET /_next/static/chunks/webpack-f27042854bafc0d3.js HTTP/2.0" 200 2127 "https://charsooq.com/" "Mozilla/5.0 (iPhone; CPU iPhone OS 13_2_3 like Mac OS X) AppleWebKit/605.1.15 (KHTML, like Gecko) Version/13.0.3 Mobile/15E148 Safari/604.1"
192.161.164.60 - - [27/Aug/2026:00:34:03 +0330] "GET /_next/image?url=https%3A%2F%2Fpanel.charsooq.com%2Fstorage%2F01KCR92KVH2GAESBCCCE4TDAEF.webp&w=384&q=75 HTTP/2.0" 200 8654 "https://charsooq.com/" "Mozilla/5.0 (iPhone; CPU iPhone OS 13_2_3 like Mac OS X) AppleWebKit/605.1.15 (KHTML, like Gecko) Version/13.0.3 Mobile/15E148 Safari/604.1"
192.161.164.60 - - [27/Aug/2026:00:34:03 +0330] "GET /_next/static/chunks/4438-ac5ce0d4a5fd9e15.js HTTP/2.0" 200 8260 "https://charsooq.com/" "Mozilla/5.0 (iPhone; CPU iPhone OS 13_2_3 like Mac OS X) AppleWebKit/605.1.15 (KHTML, like Gecko) Version/13.0.3 Mobile/15E148 Safari/604.1"
192.161.164.60 - - [27/Aug/2026:00:34:03 +0330] "GET /assets/images/home/discount-background.webp HTTP/2.0" 206 500 "https://charsooq.com/_next/static/css/2c9caab41af7e337.css" "Mozilla/5.0 (iPhone; CPU iPhone OS 13_2_3 like Mac OS X) AppleWebKit/605.1.15 (KHTML, like Gecko) Version/13.0.3 Mobile/15E148 Safari/604.1"
127.0.0.1 - - [27/Aug/2026:00:34:03 +0330] "GET /api/v1/show-products-offers/Iketoiletconversion HTTP/1.1" 301 169 "-" "node"
154.36.69.85 - - [27/Aug/2026:00:34:03 +0330] "GET /products-offer?page=1&_rsc=19zvn HTTP/2.0" 200 1470 "https://charsooq.com/" "Mozilla/5.0 (Windows NT 10.0; Win64; x64) AppleWebKit/537.36 (KHTML, like Gecko) Chrome/142.0.0.0 Safari/537.36"
154.36.69.85 - - [27/Aug/2026:00:34:03 +0330] "GET /_next/static/media/d36c74da9a95e091-s.p.ttf HTTP/2.0" 200 35196 "https://charsooq.com/" "Mozilla/5.0 (Windows NT 10.0; Win64; x64) AppleWebKit/537.36 (KHTML, like Gecko) Chrome/142.0.0.0 Safari/537.36"
154.36.69.85 - - [27/Aug/2026:00:34:03 +0330] "GET /_next/static/media/c7178acf770b8f1a-s.p.ttf HTTP/2.0" 200 35704 "https://charsooq.com/" "Mozilla/5.0 (Windows NT 10.0; Win64; x64) AppleWebKit/537.36 (KHTML, like Gecko) Chrome/142.0.0.0 Safari/537.36"
127.0.0.1 - - [27/Aug/2026:00:34:03 +0330] "GET /api/v1/show-products-offers/Iketoiletconversion HTTP/1.1" 200 3557 "-" "node"
103.110.163.4 - - [27/Aug/2026:00:34:03 +0330] "GET /_next/static/chunks/1493-5bf6477734a442f1.js HTTP/2.0" 200 3468 "https://charsooq.com/" "Mozilla/5.0 (iPhone; CPU iPhone OS 13_2_3 like Mac OS X) AppleWebKit/605.1.15 (KHTML, like Gecko) Version/13.0.3 Mobile/15E148 Safari/604.1"
154.36.69.85 - - [27/Aug/2026:00:34:03 +0330] "GET /products/Iketoiletconversion/%D8%AA%D8%A8%D8%AF%DB%8C%D9%84-%D8%AA%D9%88%D8%A7%D9%84%D8%AA-%D9%81%D8%B1%D9%86%DA%AF%DB%8C-%D8%A7%DB%8C%DA%A9%DB%8C%D8%A7?_rsc=19zvn HTTP/2.0" 200 2255 "https://charsooq.com/" "Mozilla/5.0 (Windows NT 10.0; Win64; x64) AppleWebKit/537.36 (KHTML, like Gecko) Chrome/142.0.0.0 Safari/537.36"
103.110.163.4 - - [27/Aug/2026:00:34:03 +0330] "GET /_next/static/chunks/2034-b6ee9baf8082b7dc.js HTTP/2.0" 200 10926 "https://charsooq.com/" "Mozilla/5.0 (iPhone; CPU iPhone OS 13_2_3 like Mac OS X) AppleWebKit/605.1.15 (KHTML, like Gecko) Version/13.0.3 Mobile/15E148 Safari/604.1"
103.110.163.4 - - [27/Aug/2026:00:34:03 +0330] "GET /_next/static/chunks/5605-342a49848bbf0c11.js HTTP/2.0" 200 6777 "https://charsooq.com/" "Mozilla/5.0 (iPhone; CPU iPhone OS 13_2_3 like Mac OS X) AppleWebKit/605.1.15 (KHTML, like Gecko) Version/13.0.3 Mobile/15E148 Safari/604.1"
