5.237.17.249 - - [27/Aug/2026:01:24:29 +0330] "GET /checkout?_rsc=1oa1z HTTP/2.0" 200 1690 "https://charsooq.com/china" "Mozilla/5.0 (Linux; Android 10; K) AppleWebKit/537.36 (KHTML, like Gecko) Chrome/151.0.0.0 Mobile Safari/537.36"
5.237.17.249 - - [27/Aug/2026:01:24:29 +0330] "GET /?_rsc=1oa1z HTTP/2.0" 200 13563 "https://charsooq.com/china" "Mozilla/5.0 (Linux; Android 10; K) AppleWebKit/537.36 (KHTML, like Gecko) Chrome/151.0.0.0 Mobile Safari/537.36"
5.237.17.249 - - [27/Aug/2026:01:24:29 +0330] "GET /amazon?_rsc=1oa1z HTTP/2.0" 200 1461 "https://charsooq.com/china" "Mozilla/5.0 (Linux; Android 10; K) AppleWebKit/537.36 (KHTML, like Gecko) Chrome/151.0.0.0 Mobile Safari/537.36"
5.237.17.249 - - [27/Aug/2026:01:24:29 +0330] "GET /ebay?_rsc=1oa1z HTTP/2.0" 200 1456 "https://charsooq.com/china" "Mozilla/5.0 (Linux; Android 10; K) AppleWebKit/537.36 (KHTML, like Gecko) Chrome/151.0.0.0 Mobile Safari/537.36"
5.237.17.249 - - [27/Aug/2026:01:24:29 +0330] "GET /turkey?_rsc=1oa1z HTTP/2.0" 200 1430 "https://charsooq.com/china" "Mozilla/5.0 (Linux; Android 10; K) AppleWebKit/537.36 (KHTML, like Gecko) Chrome/151.0.0.0 Mobile Safari/537.36"
5.237.17.249 - - [27/Aug/2026:01:24:29 +0330] "GET /products-offer?page=1&_rsc=1oa1z HTTP/2.0" 200 1470 "https://charsooq.com/china" "Mozilla/5.0 (Linux; Android 10; K) AppleWebKit/537.36 (KHTML, like Gecko) Chrome/151.0.0.0 Mobile Safari/537.36"
5.237.17.249 - - [27/Aug/2026:01:24:32 +0330] "GET /turkey?_rsc=1ujpq HTTP/2.0" 200 27178 "https://charsooq.com/china" "Mozilla/5.0 (Linux; Android 10; K) AppleWebKit/537.36 (KHTML, like Gecko) Chrome/151.0.0.0 Mobile Safari/537.36"
5.237.17.249 - - [27/Aug/2026:01:24:32 +0330] "GET /_next/image?url=%2Fassets%2Fimages%2Ficons%2Fenamad-icon.png&w=256&q=75 HTTP/2.0" 304 0 "https://charsooq.com/" "Mozilla/5.0 (Linux; Android 10; K) AppleWebKit/537.36 (KHTML, like Gecko) Chrome/151.0.0.0 Mobile Safari/537.36"
5.237.17.249 - - [27/Aug/2026:01:24:32 +0330] "GET /calculator?_rsc=qlw0h HTTP/2.0" 200 1408 "https://charsooq.com/turkey" "Mozilla/5.0 (Linux; Android 10; K) AppleWebKit/537.36 (KHTML, like Gecko) Chrome/151.0.0.0 Mobile Safari/537.36"
5.237.17.249 - - [27/Aug/2026:01:24:32 +0330] "GET /about-us?_rsc=qlw0h HTTP/2.0" 200 1364 "https://charsooq.com/turkey" "Mozilla/5.0 (Linux; Android 10; K) AppleWebKit/537.36 (KHTML, like Gecko) Chrome/151.0.0.0 Mobile Safari/537.36"
5.237.17.249 - - [27/Aug/2026:01:24:32 +0330] "GET /help?_rsc=qlw0h HTTP/2.0" 200 1528 "https://charsooq.com/turkey" "Mozilla/5.0 (Linux; Android 10; K) AppleWebKit/537.36 (KHTML, like Gecko) Chrome/151.0.0.0 Mobile Safari/537.36"
5.237.17.249 - - [27/Aug/2026:01:24:32 +0330] "GET /faq?_rsc=qlw0h HTTP/2.0" 200 1359 "https://charsooq.com/turkey" "Mozilla/5.0 (Linux; Android 10; K) AppleWebKit/537.36 (KHTML, like Gecko) Chrome/151.0.0.0 Mobile Safari/537.36"
5.237.17.249 - - [27/Aug/2026:01:24:32 +0330] "GET /articles?_rsc=qlw0h HTTP/2.0" 200 1795 "https://charsooq.com/turkey" "Mozilla/5.0 (Linux; Android 10; K) AppleWebKit/537.36 (KHTML, like Gecko) Chrome/151.0.0.0 Mobile Safari/537.36"
5.237.17.249 - - [27/Aug/2026:01:24:32 +0330] "GET /ghavanincharsooq?_rsc=qlw0h HTTP/2.0" 200 1371 "https://charsooq.com/turkey" "Mozilla/5.0 (Linux; Android 10; K) AppleWebKit/537.36 (KHTML, like Gecko) Chrome/151.0.0.0 Mobile Safari/537.36"
5.237.17.249 - - [27/Aug/2026:01:24:32 +0330] "GET /manifest.json HTTP/2.0" 304 0 "https://charsooq.com/turkey" "Mozilla/5.0 (Linux; Android 10; K) AppleWebKit/537.36 (KHTML, like Gecko) Chrome/151.0.0.0 Mobile Safari/537.36"
5.237.17.249 - - [27/Aug/2026:01:24:32 +0330] "GET /_next/static/chunks/app/turkey/page-b0b90c244501e4fb.js HTTP/2.0" 200 2649 "https://charsooq.com/turkey" "Mozilla/5.0 (Linux; Android 10; K) AppleWebKit/537.36 (KHTML, like Gecko) Chrome/151.0.0.0 Mobile Safari/537.36"
5.237.17.249 - - [27/Aug/2026:01:24:32 +0330] "GET /pwa-icon-180.png HTTP/2.0" 304 0 "https://charsooq.com/turkey" "Mozilla/5.0 (Linux; Android 10; K) AppleWebKit/537.36 (KHTML, like Gecko) Chrome/151.0.0.0 Mobile Safari/537.36"
5.237.17.249 - - [27/Aug/2026:01:24:32 +0330] "GET /_next/image?url=http%3A%2F%2Fpanel.charsooq.com%2Fstorage%2FzPpU7vXPBiddsdz8YUaldgSqfRSy7I-metadHJlbmR5b2wuanBlZw%3D%3D-.jpg&w=256&q=75 HTTP/2.0" 200 2410 "https://charsooq.com/turkey" "Mozilla/5.0 (Linux; Android 10; K) AppleWebKit/537.36 (KHTML, like Gecko) Chrome/151.0.0.0 Mobile Safari/537.36"
5.237.17.249 - - [27/Aug/2026:01:24:32 +0330] "GET /_next/image?url=http%3A%2F%2Fpanel.charsooq.com%2Fstorage%2FDg3LnC5TwOAE1SpNq2aIabr1ofFo2m-metaaGVwc2lidXJhZGEuanBlZw%3D%3D-.jpg&w=256&q=75 HTTP/2.0" 200 2246 "https://charsooq.com/turkey" "Mozilla/5.0 (Linux; Android 10; K) AppleWebKit/537.36 (KHTML, like Gecko) Chrome/151.0.0.0 Mobile Safari/537.36"
5.237.17.249 - - [27/Aug/2026:01:24:32 +0330] "GET /_next/image?url=%2Fassets%2Fimages%2Fhome%2Fcategory%2Fturkey-banner%2Ftrendyol.png&w=1920&q=100 HTTP/2.0" 200 77230 "https://charsooq.com/turkey" "Mozilla/5.0 (Linux; Android 10; K) AppleWebKit/537.36 (KHTML, like Gecko) Chrome/151.0.0.0 Mobile Safari/537.36"
5.237.17.249 - - [27/Aug/2026:01:24:32 +0330] "GET /_next/image?url=%2Fassets%2Fimages%2Fhome%2Fcategory%2Fturkey-banner%2Fzara.png&w=1920&q=100 HTTP/2.0" 200 41874 "https://charsooq.com/turkey" "Mozilla/5.0 (Linux; Android 10; K) AppleWebKit/537.36 (KHTML, like Gecko) Chrome/151.0.0.0 Mobile Safari/537.36"
5.237.17.249 - - [27/Aug/2026:01:24:32 +0330] "GET /_next/image?url=http%3A%2F%2Fpanel.charsooq.com%2Fstorage%2FADugvugGZNM8mJ2Ri8EJXokeWFTP2F-metabjExLmpwZWc%3D-.jpg&w=256&q=75 HTTP/2.0" 200 1970 "https://charsooq.com/turkey" "Mozilla/5.0 (Linux; Android 10; K) AppleWebKit/537.36 (KHTML, like Gecko) Chrome/151.0.0.0 Mobile Safari/537.36"
5.237.17.249 - - [27/Aug/2026:01:24:32 +0330] "GET /_next/image?url=http%3A%2F%2Fpanel.charsooq.com%2Fstorage%2FEBky3H2lrrhE94W5WADtF0zIy3xUSG-metaZ2l0dGlnaWRpeW9yLmpwZWc%3D-.jpg&w=256&q=75 HTTP/2.0" 200 2048 "https://charsooq.com/turkey" "Mozilla/5.0 (Linux; Android 10; K) AppleWebKit/537.36 (KHTML, like Gecko) Chrome/151.0.0.0 Mobile Safari/537.36"
5.237.17.249 - - [27/Aug/2026:01:24:32 +0330] "GET /_next/image?url=https%3A%2F%2Fpanel.charsooq.com%2Fstorage%2F01K9HD1MWNHS2C6PKVV8AKKVJ8.webp&w=640&q=75 HTTP/2.0" 200 20080 "https://charsooq.com/turkey" "Mozilla/5.0 (Linux; Android 10; K) AppleWebKit/537.36 (KHTML, like Gecko) Chrome/151.0.0.0 Mobile Safari/537.36"
5.237.17.249 - - [27/Aug/2026:01:24:32 +0330] "GET /_next/image?url=https%3A%2F%2Fpanel.charsooq.com%2Fstorage%2F01J71KZ8W8DXNR700M38JVYVMK.webp&w=640&q=75 HTTP/2.0" 200 18098 "https://charsooq.com/turkey" "Mozilla/5.0 (Linux; Android 10; K) AppleWebKit/537.36 (KHTML, like Gecko) Chrome/151.0.0.0 Mobile Safari/537.36"
5.237.17.249 - - [27/Aug/2026:01:24:32 +0330] "GET /_next/image?url=https%3A%2F%2Fpanel.charsooq.com%2Fstorage%2F01J67AS0F7KXJ40NQWMBD3T5RT.webp&w=640&q=75 HTTP/2.0" 200 6862 "https://charsooq.com/turkey" "Mozilla/5.0 (Linux; Android 10; K) AppleWebKit/537.36 (KHTML, like Gecko) Chrome/151.0.0.0 Mobile Safari/537.36"
5.237.17.249 - - [27/Aug/2026:01:24:32 +0330] "GET /_next/image?url=https%3A%2F%2Fpanel.charsooq.com%2Fstorage%2F01JF30S9DFCE6K3CWCCAA6REYV.webp&w=640&q=75 HTTP/2.0" 200 19948 "https://charsooq.com/turkey" "Mozilla/5.0 (Linux; Android 10; K) AppleWebKit/537.36 (KHTML, like Gecko) Chrome/151.0.0.0 Mobile Safari/537.36"
5.237.17.249 - - [27/Aug/2026:01:24:33 +0330] "GET /_next/image?url=http%3A%2F%2Fpanel.charsooq.com%2Fstorage%2FUTpgpl2Qd1JMNnhs2jo0r79XA8xjG4-metaYWRpZGFzLmpwZWc%3D-.jpg&w=256&q=75 HTTP/2.0" 200 2158 "https://charsooq.com/turkey" "Mozilla/5.0 (Linux; Android 10; K) AppleWebKit/537.36 (KHTML, like Gecko) Chrome/151.0.0.0 Mobile Safari/537.36"
5.237.17.249 - - [27/Aug/2026:01:24:33 +0330] "GET /_next/image?url=http%3A%2F%2Fpanel.charsooq.com%2Fstorage%2F7ewgI6BWJHnRaOexokkqQYANykHDco-metabmlrZS5qcGVn-.jpg&w=256&q=75 HTTP/2.0" 200 1262 "https://charsooq.com/turkey" "Mozilla/5.0 (Linux; Android 10; K) AppleWebKit/537.36 (KHTML, like Gecko) Chrome/151.0.0.0 Mobile Safari/537.36"
5.237.17.249 - - [27/Aug/2026:01:24:33 +0330] "GET /_next/image?url=http%3A%2F%2Fpanel.charsooq.com%2Fstorage%2F8DOf9au0ySqzh5MG0vmYrKysAaesA4-metaemFyYS5qcGVn-.jpg&w=256&q=75 HTTP/2.0" 200 2808 "https://charsooq.com/turkey" "Mozilla/5.0 (Linux; Android 10; K) AppleWebKit/537.36 (KHTML, like Gecko) Chrome/151.0.0.0 Mobile Safari/537.36"
5.237.17.249 - - [27/Aug/2026:01:24:33 +0330] "GET /_next/image?url=http%3A%2F%2Fpanel.charsooq.com%2Fstorage%2Fev1z7ilg3VkP9imPfBNDLCF6S55afU-metabWFuZ28uanBlZw%3D%3D-.jpg&w=256&q=75 HTTP/2.0" 200 2072 "https://charsooq.com/turkey" "Mozilla/5.0 (Linux; Android 10; K) AppleWebKit/537.36 (KHTML, like Gecko) Chrome/151.0.0.0 Mobile Safari/537.36"
5.237.17.249 - - [27/Aug/2026:01:24:33 +0330] "GET /_next/image?url=http%3A%2F%2Fpanel.charsooq.com%2Fstorage%2FICgnXGEPZuwPnyi3XdnDDDn5WAvHF8-metaYmVyc2hrYS5qcGVn-.jpg&w=256&q=75 HTTP/2.0" 200 2226 "https://charsooq.com/turkey" "Mozilla/5.0 (Linux; Android 10; K) AppleWebKit/537.36 (KHTML, like Gecko) Chrome/151.0.0.0 Mobile Safari/537.36"
5.237.17.249 - - [27/Aug/2026:01:24:33 +0330] "GET /_next/image?url=http%3A%2F%2Fpanel.charsooq.com%2Fstorage%2FD7QONJwbbZh089q0QRkMEcxOIJfCQ1-metaS290b24uanBlZw%3D%3D-.jpg&w=256&q=75 HTTP/2.0" 200 1586 "https://charsooq.com/turkey" "Mozilla/5.0 (Linux; Android 10; K) AppleWebKit/537.36 (KHTML, like Gecko) Chrome/151.0.0.0 Mobile Safari/537.36"
127.0.0.1 - - [27/Aug/2026:01:24:33 +0330] "GET /storage/ICgnXGEPZuwPnyi3XdnDDDn5WAvHF8-metaYmVyc2hrYS5qcGVn-.jpg HTTP/1.1" 301 169 "-" "node"
5.237.17.249 - - [27/Aug/2026:01:24:33 +0330] "GET /_next/image?url=http%3A%2F%2Fpanel.charsooq.com%2Fstorage%2FIJuEzimJANhJPWuleNGZEYpBCB9OFg-metaUHVsbGFuZEJlYXIuanBlZw%3D%3D-.jpg&w=256&q=75 HTTP/2.0" 200 2058 "https://charsooq.com/turkey" "Mozilla/5.0 (Linux; Android 10; K) AppleWebKit/537.36 (KHTML, like Gecko) Chrome/151.0.0.0 Mobile Safari/537.36"
5.237.17.249 - - [27/Aug/2026:01:24:33 +0330] "GET /_next/image?url=http%3A%2F%2Fpanel.charsooq.com%2Fstorage%2FYxO5E2kgU30HDB9nJcQ6IlmLFbLs61-metaa2l0YXBzZWMuanBlZw%3D%3D-.jpg&w=256&q=75 HTTP/2.0" 200 2250 "https://charsooq.com/turkey" "Mozilla/5.0 (Linux; Android 10; K) AppleWebKit/537.36 (KHTML, like Gecko) Chrome/151.0.0.0 Mobile Safari/537.36"
127.0.0.1 - - [27/Aug/2026:01:24:33 +0330] "GET /storage/ICgnXGEPZuwPnyi3XdnDDDn5WAvHF8-metaYmVyc2hrYS5qcGVn-.jpg HTTP/1.1" 200 7406 "-" "node"
127.0.0.1 - - [27/Aug/2026:01:24:33 +0330] "GET /storage/D7QONJwbbZh089q0QRkMEcxOIJfCQ1-metaS290b24uanBlZw==-.jpg HTTP/1.1" 301 169 "-" "node"
127.0.0.1 - - [27/Aug/2026:01:24:33 +0330] "GET /storage/D4k4TiVokC9RdX0NtR0kvF3tyypoxp-metabWVkaWFtYXJrdC5qcGVn-.jpg HTTP/1.1" 301 169 "-" "node"
5.237.17.249 - - [27/Aug/2026:01:24:33 +0330] "GET /_next/image?url=http%3A%2F%2Fpanel.charsooq.com%2Fstorage%2FD4k4TiVokC9RdX0NtR0kvF3tyypoxp-metabWVkaWFtYXJrdC5qcGVn-.jpg&w=256&q=75 HTTP/2.0" 200 2586 "https://charsooq.com/turkey" "Mozilla/5.0 (Linux; Android 10; K) AppleWebKit/537.36 (KHTML, like Gecko) Chrome/151.0.0.0 Mobile Safari/537.36"
127.0.0.1 - - [27/Aug/2026:01:24:33 +0330] "GET /storage/aMA7HDrKcd2XFMIyCGEebNRqgEz9wZ-metaa2l0YXB5dXJkdS5qcGVn-.jpg HTTP/1.1" 301 169 "-" "node"
5.237.17.249 - - [27/Aug/2026:01:24:33 +0330] "GET /_next/image?url=http%3A%2F%2Fpanel.charsooq.com%2Fstorage%2FaMA7HDrKcd2XFMIyCGEebNRqgEz9wZ-metaa2l0YXB5dXJkdS5qcGVn-.jpg&w=256&q=75 HTTP/2.0" 200 1758 "https://charsooq.com/turkey" "Mozilla/5.0 (Linux; Android 10; K) AppleWebKit/537.36 (KHTML, like Gecko) Chrome/151.0.0.0 Mobile Safari/537.36"
127.0.0.1 - - [27/Aug/2026:01:24:33 +0330] "GET /storage/IJuEzimJANhJPWuleNGZEYpBCB9OFg-metaUHVsbGFuZEJlYXIuanBlZw==-.jpg HTTP/1.1" 301 169 "-" "node"
127.0.0.1 - - [27/Aug/2026:01:24:33 +0330] "GET /storage/YxO5E2kgU30HDB9nJcQ6IlmLFbLs61-metaa2l0YXBzZWMuanBlZw==-.jpg HTTP/1.1" 301 169 "-" "node"
127.0.0.1 - - [27/Aug/2026:01:24:33 +0330] "GET /storage/IJuEzimJANhJPWuleNGZEYpBCB9OFg-metaUHVsbGFuZEJlYXIuanBlZw==-.jpg HTTP/1.1" 200 9440 "-" "node"
127.0.0.1 - - [27/Aug/2026:01:24:33 +0330] "GET /storage/D7QONJwbbZh089q0QRkMEcxOIJfCQ1-metaS290b24uanBlZw==-.jpg HTTP/1.1" 200 6227 "-" "node"
127.0.0.1 - - [27/Aug/2026:01:24:33 +0330] "GET /storage/YxO5E2kgU30HDB9nJcQ6IlmLFbLs61-metaa2l0YXBzZWMuanBlZw==-.jpg HTTP/1.1" 200 6611 "-" "node"
127.0.0.1 - - [27/Aug/2026:01:24:33 +0330] "GET /storage/D4k4TiVokC9RdX0NtR0kvF3tyypoxp-metabWVkaWFtYXJrdC5qcGVn-.jpg HTTP/1.1" 200 6713 "-" "node"
127.0.0.1 - - [27/Aug/2026:01:24:33 +0330] "GET /storage/aMA7HDrKcd2XFMIyCGEebNRqgEz9wZ-metaa2l0YXB5dXJkdS5qcGVn-.jpg HTTP/1.1" 200 5708 "-" "node"
127.0.0.1 - - [27/Aug/2026:01:24:35 +0330] "GET /api/v1/categories-amazon HTTP/1.1" 200 34199 "-" "node"
172.16.20.25 - - [27/Aug/2026:01:24:35 +0330] "GET / HTTP/1.1" 200 338478 "-" "Mozilla/5.0 (compatible; PRTG Network Monitor (www.paessler.com); Windows)"
66.249.77.100 - - [27/Aug/2026:01:24:35 +0330] "GET /?u=13416166824001 HTTP/1.1" 200 34189 "-" "Mozilla/5.0 (Linux; Android 6.0.1; Nexus 5X Build/MMB29P) AppleWebKit/537.36 (KHTML, like Gecko) Chrome/151.0.7922.173 Mobile Safari/537.36 (compatible; Googlebot/2.1; +http://www.google.com/bot.html)"
5.121.29.205 - - [27/Aug/2026:01:24:36 +0330] "GET /_next/image?url=https%3A%2F%2Fpanel.charsooq.com%2Fstorage%2F01K86AXVR1CPDP7XRQP0YNRWQ9.jpg&w=640&q=75 HTTP/2.0" 200 40524 "https://charsooq.com/ebay" "Mozilla/5.0 (Linux; Android 10; K) AppleWebKit/537.36 (KHTML, like Gecko) Chrome/151.0.0.0 Mobile Safari/537.36"
5.237.17.249 - - [27/Aug/2026:01:24:37 +0330] "GET /_next/image?url=https%3A%2F%2Fpanel.charsooq.com%2Fstorage%2F01K86AE67CD768YVCX06C4MFGY.jpg&w=640&q=75 HTTP/2.0" 304 0 "https://charsooq.com/china" "Mozilla/5.0 (Linux; Android 10; K) AppleWebKit/537.36 (KHTML, like Gecko) Chrome/151.0.0.0 Mobile Safari/537.36"
127.0.0.1 - - [27/Aug/2026:01:24:37 +0330] "GET /storage/01K86AE67CD768YVCX06C4MFGY.jpg HTTP/1.1" 200 102485 "-" "node"
5.121.29.205 - - [27/Aug/2026:01:24:39 +0330] "GET /assets/images/home/ebay/pierre-omidyar.webp HTTP/2.0" 200 61196 "https://charsooq.com/ebay" "Mozilla/5.0 (Linux; Android 10; K) AppleWebKit/537.36 (KHTML, like Gecko) Chrome/151.0.0.0 Mobile Safari/537.36"
5.121.29.205 - - [27/Aug/2026:01:24:40 +0330] "GET /assets/images/home/ebay/laser-pen.webp HTTP/2.0" 200 65674 "https://charsooq.com/ebay" "Mozilla/5.0 (Linux; Android 10; K) AppleWebKit/537.36 (KHTML, like Gecko) Chrome/151.0.0.0 Mobile Safari/537.36"
5.121.29.205 - - [27/Aug/2026:01:24:40 +0330] "GET /assets/images/home/ebay/create-account-ebay.webp HTTP/2.0" 200 14578 "https://charsooq.com/ebay" "Mozilla/5.0 (Linux; Android 10; K) AppleWebKit/537.36 (KHTML, like Gecko) Chrome/151.0.0.0 Mobile Safari/537.36"
5.121.29.205 - - [27/Aug/2026:01:24:40 +0330] "GET /assets/images/home/ebay/ebay-gift-card.webp HTTP/2.0" 200 34298 "https://charsooq.com/ebay" "Mozilla/5.0 (Linux; Android 10; K) AppleWebKit/537.36 (KHTML, like Gecko) Chrome/151.0.0.0 Mobile Safari/537.36"
5.121.29.205 - - [27/Aug/2026:01:24:40 +0330] "GET /manifest.json HTTP/2.0" 304 0 "https://charsooq.com/ebay" "Mozilla/5.0 (Linux; Android 10; K) AppleWebKit/537.36 (KHTML, like Gecko) Chrome/151.0.0.0 Mobile Safari/537.36"
5.121.29.205 - - [27/Aug/2026:01:24:40 +0330] "GET /16px.png HTTP/2.0" 304 0 "https://charsooq.com/ebay" "Mozilla/5.0 (Linux; Android 10; K) AppleWebKit/537.36 (KHTML, like Gecko) Chrome/151.0.0.0 Mobile Safari/537.36"
5.121.29.205 - - [27/Aug/2026:01:24:40 +0330] "GET /pwa-icon-180.png HTTP/2.0" 304 0 "https://charsooq.com/ebay" "Mozilla/5.0 (Linux; Android 10; K) AppleWebKit/537.36 (KHTML, like Gecko) Chrome/151.0.0.0 Mobile Safari/537.36"
127.0.0.1 - - [27/Aug/2026:01:24:41 +0330] "GET /storage/01K860JJCR4291H7T8S2ABV9ZA.jpg HTTP/1.1" 200 278614 "-" "node"
5.237.17.249 - - [27/Aug/2026:01:24:41 +0330] "GET /_next/image?url=https%3A%2F%2Fpanel.charsooq.com%2Fstorage%2F01K860JJCR4291H7T8S2ABV9ZA.jpg&w=640&q=75 HTTP/2.0" 304 0 "https://charsooq.com/china" "Mozilla/5.0 (Linux; Android 10; K) AppleWebKit/537.36 (KHTML, like Gecko) Chrome/151.0.0.0 Mobile Safari/537.36"
5.121.29.205 - - [27/Aug/2026:01:24:42 +0330] "GET /amazon?_rsc=1jezg HTTP/2.0" 200 20158 "https://charsooq.com/ebay" "Mozilla/5.0 (Linux; Android 10; K) AppleWebKit/537.36 (KHTML, like Gecko) Chrome/151.0.0.0 Mobile Safari/537.36"
5.121.29.205 - - [27/Aug/2026:01:24:42 +0330] "GET /manifest.json HTTP/2.0" 304 0 "https://charsooq.com/amazon" "Mozilla/5.0 (Linux; Android 10; K) AppleWebKit/537.36 (KHTML, like Gecko) Chrome/151.0.0.0 Mobile Safari/537.36"
5.121.29.205 - - [27/Aug/2026:01:24:42 +0330] "GET /_next/static/chunks/app/amazon/page-31e7e225043b5dc1.js HTTP/2.0" 200 3250 "https://charsooq.com/amazon" "Mozilla/5.0 (Linux; Android 10; K) AppleWebKit/537.36 (KHTML, like Gecko) Chrome/151.0.0.0 Mobile Safari/537.36"
5.121.29.205 - - [27/Aug/2026:01:24:42 +0330] "GET /pwa-icon-180.png HTTP/2.0" 304 0 "https://charsooq.com/amazon" "Mozilla/5.0 (Linux; Android 10; K) AppleWebKit/537.36 (KHTML, like Gecko) Chrome/151.0.0.0 Mobile Safari/537.36"
5.121.29.205 - - [27/Aug/2026:01:24:42 +0330] "GET /_next/image?url=%2Fassets%2Fimages%2Fhome%2Fcategory%2Fshoes.jpg&w=1920&q=75 HTTP/2.0" 200 13250 "https://charsooq.com/amazon" "Mozilla/5.0 (Linux; Android 10; K) AppleWebKit/537.36 (KHTML, like Gecko) Chrome/151.0.0.0 Mobile Safari/537.36"
5.121.29.205 - - [27/Aug/2026:01:24:42 +0330] "GET /_next/image?url=%2Fassets%2Fimages%2Fhome%2Fcategory%2Fcosmetic.jpg&w=1920&q=75 HTTP/2.0" 200 15462 "https://charsooq.com/amazon" "Mozilla/5.0 (Linux; Android 10; K) AppleWebKit/537.36 (KHTML, like Gecko) Chrome/151.0.0.0 Mobile Safari/537.36"
5.121.29.205 - - [27/Aug/2026:01:24:42 +0330] "GET /_next/image?url=%2Fassets%2Fimages%2Ficons%2Fcheap-products.png&w=640&q=75 HTTP/2.0" 200 11870 "https://charsooq.com/amazon" "Mozilla/5.0 (Linux; Android 10; K) AppleWebKit/537.36 (KHTML, like Gecko) Chrome/151.0.0.0 Mobile Safari/537.36"
5.121.29.205 - - [27/Aug/2026:01:24:42 +0330] "GET /_next/image?url=%2Fassets%2Fimages%2Fhome%2Fhome-instagram2.webp&w=1920&q=75 HTTP/2.0" 200 10150 "https://charsooq.com/amazon" "Mozilla/5.0 (Linux; Android 10; K) AppleWebKit/537.36 (KHTML, like Gecko) Chrome/151.0.0.0 Mobile Safari/537.36"
5.121.29.205 - - [27/Aug/2026:01:24:42 +0330] "GET /_next/image?url=%2Fassets%2Fimages%2Fhome%2Fhome-telegram2.webp&w=1920&q=75 HTTP/2.0" 200 16878 "https://charsooq.com/amazon" "Mozilla/5.0 (Linux; Android 10; K) AppleWebKit/537.36 (KHTML, like Gecko) Chrome/151.0.0.0 Mobile Safari/537.36"
127.0.0.1 - - [27/Aug/2026:01:24:42 +0330] "GET /storage/01K8JWK79NWENGHWPE48PZTYED.webp HTTP/1.1" 200 102920 "-" "node"
5.121.29.205 - - [27/Aug/2026:01:24:42 +0330] "GET /_next/image?url=https%3A%2F%2Fpanel.charsooq.com%2Fstorage%2F01K8JWK79NWENGHWPE48PZTYED.webp&w=640&q=75 HTTP/2.0" 200 10564 "https://charsooq.com/amazon" "Mozilla/5.0 (Linux; Android 10; K) AppleWebKit/537.36 (KHTML, like Gecko) Chrome/151.0.0.0 Mobile Safari/537.36"
127.0.0.1 - - [27/Aug/2026:01:24:42 +0330] "GET /storage/01K30WJ5CRG6P23ET9E20V8BCA.webp HTTP/1.1" 200 89406 "-" "node"
5.121.29.205 - - [27/Aug/2026:01:24:42 +0330] "GET /_next/image?url=https%3A%2F%2Fpanel.charsooq.com%2Fstorage%2F01K30WJ5CRG6P23ET9E20V8BCA.webp&w=640&q=75 HTTP/2.0" 200 13986 "https://charsooq.com/amazon" "Mozilla/5.0 (Linux; Android 10; K) AppleWebKit/537.36 (KHTML, like Gecko) Chrome/151.0.0.0 Mobile Safari/537.36"
5.121.29.205 - - [27/Aug/2026:01:24:42 +0330] "GET /_next/image?url=https%3A%2F%2Fpanel.charsooq.com%2Fstorage%2F01K2C81GNQQKAWA7JJQDJ3A7Q4.webp&w=640&q=75 HTTP/2.0" 200 13158 "https://charsooq.com/amazon" "Mozilla/5.0 (Linux; Android 10; K) AppleWebKit/537.36 (KHTML, like Gecko) Chrome/151.0.0.0 Mobile Safari/537.36"
127.0.0.1 - - [27/Aug/2026:01:24:42 +0330] "GET /api/v1/article-page?region=amazon HTTP/1.1" 200 6910 "-" "node"
127.0.0.1 - - [27/Aug/2026:01:24:42 +0330] "GET /storage/01JV4XCZH321NWQS7SA1Y2EA33.webp HTTP/1.1" 200 103370 "-" "node"
5.121.29.205 - - [27/Aug/2026:01:24:42 +0330] "GET /_next/image?url=https%3A%2F%2Fpanel.charsooq.com%2Fstorage%2F01JV4XCZH321NWQS7SA1Y2EA33.webp&w=640&q=75 HTTP/2.0" 200 14554 "https://charsooq.com/amazon" "Mozilla/5.0 (Linux; Android 10; K) AppleWebKit/537.36 (KHTML, like Gecko) Chrome/151.0.0.0 Mobile Safari/537.36"
127.0.0.1 - - [27/Aug/2026:01:24:42 +0330] "GET /storage/01K2C81GNQQKAWA7JJQDJ3A7Q4.webp HTTP/1.1" 200 96404 "-" "node"
5.121.29.205 - - [27/Aug/2026:01:24:44 +0330] "GET /manifest.json HTTP/2.0" 304 0 "https://charsooq.com/ebay" "Mozilla/5.0 (Linux; Android 10; K) AppleWebKit/537.36 (KHTML, like Gecko) Chrome/151.0.0.0 Mobile Safari/537.36"
5.121.29.205 - - [27/Aug/2026:01:24:44 +0330] "GET /16px.png HTTP/2.0" 304 0 "https://charsooq.com/ebay" "Mozilla/5.0 (Linux; Android 10; K) AppleWebKit/537.36 (KHTML, like Gecko) Chrome/151.0.0.0 Mobile Safari/537.36"
5.121.29.205 - - [27/Aug/2026:01:24:44 +0330] "GET /pwa-icon-180.png HTTP/2.0" 304 0 "https://charsooq.com/ebay" "Mozilla/5.0 (Linux; Android 10; K) AppleWebKit/537.36 (KHTML, like Gecko) Chrome/151.0.0.0 Mobile Safari/537.36"
127.0.0.1 - - [27/Aug/2026:01:24:45 +0330] "GET /storage/01K8605BVQ82WBMSTTG6G68DC1.webp HTTP/1.1" 200 12048 "-" "node"
5.237.17.249 - - [27/Aug/2026:01:24:45 +0330] "GET /_next/image?url=https%3A%2F%2Fpanel.charsooq.com%2Fstorage%2F01K8605BVQ82WBMSTTG6G68DC1.webp&w=640&q=75 HTTP/2.0" 304 0 "https://charsooq.com/china" "Mozilla/5.0 (Linux; Android 10; K) AppleWebKit/537.36 (KHTML, like Gecko) Chrome/151.0.0.0 Mobile Safari/537.36"
127.0.0.1 - - [27/Aug/2026:01:24:49 +0330] "GET /storage/01K85ZWV0VHD9K1G8EP3NEVTBD.webp HTTP/1.1" 200 50168 "-" "node"
5.237.17.249 - - [27/Aug/2026:01:24:49 +0330] "GET /_next/image?url=https%3A%2F%2Fpanel.charsooq.com%2Fstorage%2F01K85ZWV0VHD9K1G8EP3NEVTBD.webp&w=640&q=75 HTTP/2.0" 304 0 "https://charsooq.com/china" "Mozilla/5.0 (Linux; Android 10; K) AppleWebKit/537.36 (KHTML, like Gecko) Chrome/151.0.0.0 Mobile Safari/537.36"
5.237.17.249 - - [27/Aug/2026:01:24:49 +0330] "POST /api/v1/calculator-show HTTP/2.0" 200 356 "https://charsooq.com/" "Mozilla/5.0 (Linux; Android 10; K) AppleWebKit/537.36 (KHTML, like Gecko) Chrome/151.0.0.0 Mobile Safari/537.36"
5.237.17.249 - - [27/Aug/2026:01:24:53 +0330] "GET /_next/image?url=https%3A%2F%2Fpanel.charsooq.com%2Fstorage%2F01K85XJ14R02M5WX4G3RCTM11E.webp&w=640&q=75 HTTP/2.0" 304 0 "https://charsooq.com/china" "Mozilla/5.0 (Linux; Android 10; K) AppleWebKit/537.36 (KHTML, like Gecko) Chrome/151.0.0.0 Mobile Safari/537.36"
127.0.0.1 - - [27/Aug/2026:01:24:53 +0330] "GET /storage/01K85XJ14R02M5WX4G3RCTM11E.webp HTTP/1.1" 200 39572 "-" "node"
127.0.0.1 - - [27/Aug/2026:01:25:28 +0330] "GET /api/v2/sliders HTTP/1.1" 200 7479 "-" "node"
127.0.0.1 - - [27/Aug/2026:01:25:29 +0330] "GET /api/v1/categories-amazon HTTP/1.1" 200 34230 "-" "node"
127.0.0.1 - - [27/Aug/2026:01:25:30 +0330] "GET /api/v2/page-data HTTP/1.1" 200 36854 "-" "node"
179.216.240.251 - - [27/Aug/2026:01:25:30 +0330] "GET / HTTP/1.1" 200 106600 "https://easydirectory.in/domain-list-101" "Mozilla/5.0 (Macintosh; Intel Mac OS X 10_15_7) AppleWebKit/605.1.15 (KHTML, like Gecko) Version/17.2 Safari/605.1.15"
5.121.29.205 - - [27/Aug/2026:01:25:31 +0330] "GET /_next/image?url=https%3A%2F%2Fpanel.charsooq.com%2Fstorage%2F01KFXB7VBNM3NRS4TMST0J77BY.jpg&w=640&q=75 HTTP/2.0" 200 46206 "https://charsooq.com/ebay" "Mozilla/5.0 (Linux; Android 10; K) AppleWebKit/537.36 (KHTML, like Gecko) Chrome/151.0.0.0 Mobile Safari/537.36"
127.0.0.1 - - [27/Aug/2026:01:25:31 +0330] "GET /storage/01KFXB7VBNM3NRS4TMST0J77BY.jpg HTTP/1.1" 200 245196 "-" "node"
5.121.29.205 - - [27/Aug/2026:01:25:31 +0330] "GET /_next/image?url=https%3A%2F%2Fpanel.charsooq.com%2Fstorage%2F01KE1FP01NABFH9KQRP45ECBQ5.webp&w=640&q=75 HTTP/2.0" 200 20988 "https://charsooq.com/ebay" "Mozilla/5.0 (Linux; Android 10; K) AppleWebKit/537.36 (KHTML, like Gecko) Chrome/151.0.0.0 Mobile Safari/537.36"
127.0.0.1 - - [27/Aug/2026:01:25:31 +0330] "GET /storage/01KE1FP01NABFH9KQRP45ECBQ5.webp HTTP/1.1" 200 101104 "-" "node"
5.121.29.205 - - [27/Aug/2026:01:25:31 +0330] "GET /_next/image?url=https%3A%2F%2Fpanel.charsooq.com%2Fstorage%2F01KD7W28R9M57F4MPBTPSH8CT1.webp&w=640&q=75 HTTP/2.0" 200 14936 "https://charsooq.com/ebay" "Mozilla/5.0 (Linux; Android 10; K) AppleWebKit/537.36 (KHTML, like Gecko) Chrome/151.0.0.0 Mobile Safari/537.36"
127.0.0.1 - - [27/Aug/2026:01:25:31 +0330] "GET /storage/01KD7W28R9M57F4MPBTPSH8CT1.webp HTTP/1.1" 200 114466 "-" "node"
5.121.29.205 - - [27/Aug/2026:01:25:31 +0330] "GET /_next/image?url=https%3A%2F%2Fpanel.charsooq.com%2Fstorage%2F01KCR92KVH2GAESBCCCE4TDAEF.webp&w=640&q=75 HTTP/2.0" 200 16696 "https://charsooq.com/ebay" "Mozilla/5.0 (Linux; Android 10; K) AppleWebKit/537.36 (KHTML, like Gecko) Chrome/151.0.0.0 Mobile Safari/537.36"
127.0.0.1 - - [27/Aug/2026:01:25:31 +0330] "GET /storage/01KCR92KVH2GAESBCCCE4TDAEF.webp HTTP/1.1" 200 118204 "-" "node"
5.121.29.205 - - [27/Aug/2026:01:25:31 +0330] "GET /manifest.json HTTP/2.0" 304 0 "https://charsooq.com/" "Mozilla/5.0 (Linux; Android 10; K) AppleWebKit/537.36 (KHTML, like Gecko) Chrome/151.0.0.0 Mobile Safari/537.36"
5.121.29.205 - - [27/Aug/2026:01:25:31 +0330] "GET /assets/images/home/charsooq-sug.webp HTTP/2.0" 200 28832 "https://charsooq.com/_next/static/css/91447b978d7716af.css" "Mozilla/5.0 (Linux; Android 10; K) AppleWebKit/537.36 (KHTML, like Gecko) Chrome/151.0.0.0 Mobile Safari/537.36"
127.0.0.1 - - [27/Aug/2026:01:25:31 +0330] "GET /storage/01K3G78KBK02639K593VK9RFHM.jpg HTTP/1.1" 200 80312 "-" "node"
5.121.29.205 - - [27/Aug/2026:01:25:31 +0330] "GET /_next/image?url=https%3A%2F%2Fpanel.charsooq.com%2Fstorage%2F01K3G78KBK02639K593VK9RFHM.jpg&w=1920&q=75 HTTP/2.0" 200 24548 "https://charsooq.com/ebay" "Mozilla/5.0 (Linux; Android 10; K) AppleWebKit/537.36 (KHTML, like Gecko) Chrome/151.0.0.0 Mobile Safari/537.36"
5.121.29.205 - - [27/Aug/2026:01:25:31 +0330] "GET /_next/image?url=https%3A%2F%2Fpanel.charsooq.com%2Fstorage%2F01K3G6XJMEKTWF2PNNZ84GEQG1.jpg&w=1920&q=75 HTTP/2.0" 200 23490 "https://charsooq.com/ebay" "Mozilla/5.0 (Linux; Android 10; K) AppleWebKit/537.36 (KHTML, like Gecko) Chrome/151.0.0.0 Mobile Safari/537.36"
5.121.29.205 - - [27/Aug/2026:01:25:31 +0330] "GET /_next/image?url=https%3A%2F%2Fpanel.charsooq.com%2Fstorage%2F01K3G79AZZEVWC6WZRKBQWMB0V.jpg&w=1920&q=75 HTTP/2.0" 200 13968 "https://charsooq.com/ebay" "Mozilla/5.0 (Linux; Android 10; K) AppleWebKit/537.36 (KHTML, like Gecko) Chrome/151.0.0.0 Mobile Safari/537.36"
127.0.0.1 - - [27/Aug/2026:01:25:31 +0330] "GET /storage/01K3G6XJMEKTWF2PNNZ84GEQG1.jpg HTTP/1.1" 200 79260 "-" "node"
127.0.0.1 - - [27/Aug/2026:01:25:31 +0330] "GET /storage/01K3G79AZZEVWC6WZRKBQWMB0V.jpg HTTP/1.1" 200 59062 "-" "node"
5.121.29.205 - - [27/Aug/2026:01:25:31 +0330] "GET /16px.png HTTP/2.0" 304 0 "https://charsooq.com/" "Mozilla/5.0 (Linux; Android 10; K) AppleWebKit/537.36 (KHTML, like Gecko) Chrome/151.0.0.0 Mobile Safari/537.36"
5.121.29.205 - - [27/Aug/2026:01:25:31 +0330] "GET /pwa-icon-180.png HTTP/2.0" 304 0 "https://charsooq.com/" "Mozilla/5.0 (Linux; Android 10; K) AppleWebKit/537.36 (KHTML, like Gecko) Chrome/151.0.0.0 Mobile Safari/537.36"
127.0.0.1 - - [27/Aug/2026:01:25:33 +0330] "GET /storage/01K3G6RKSR5MV2X4JVT9P6DWQJ.jpg HTTP/1.1" 200 79010 "-" "node"
5.121.29.205 - - [27/Aug/2026:01:25:33 +0330] "GET /_next/image?url=https%3A%2F%2Fpanel.charsooq.com%2Fstorage%2F01K3G6RKSR5MV2X4JVT9P6DWQJ.jpg&w=1920&q=75 HTTP/2.0" 200 23744 "https://charsooq.com/ebay" "Mozilla/5.0 (Linux; Android 10; K) AppleWebKit/537.36 (KHTML, like Gecko) Chrome/151.0.0.0 Mobile Safari/537.36"
5.121.29.205 - - [27/Aug/2026:01:25:33 +0330] "GET /amazon/products?page=1&category=clothing-shoes-jewelry&_rsc=19zvn HTTP/2.0" 200 1533 "https://charsooq.com/" "Mozilla/5.0 (Linux; Android 10; K) AppleWebKit/537.36 (KHTML, like Gecko) Chrome/151.0.0.0 Mobile Safari/537.36"
127.0.0.1 - - [27/Aug/2026:01:25:34 +0330] "GET /api/v2/article-show/gardasil-vaccine HTTP/1.1" 200 289113 "-" "node"
5.121.29.205 - - [27/Aug/2026:01:25:34 +0330] "GET /manifest.json HTTP/2.0" 304 0 "https://charsooq.com/ebay" "Mozilla/5.0 (Linux; Android 10; K) AppleWebKit/537.36 (KHTML, like Gecko) Chrome/151.0.0.0 Mobile Safari/537.36"
5.121.29.205 - - [27/Aug/2026:01:25:34 +0330] "GET /pwa-icon-180.png HTTP/2.0" 304 0 "https://charsooq.com/ebay" "Mozilla/5.0 (Linux; Android 10; K) AppleWebKit/537.36 (KHTML, like Gecko) Chrome/151.0.0.0 Mobile Safari/537.36"
127.0.0.1 - - [27/Aug/2026:01:25:35 +0330] "GET /api/v1/categories-amazon HTTP/1.1" 200 34230 "-" "node"
127.0.0.1 - - [27/Aug/2026:01:25:35 +0330] "GET /api/v1/categories-amazon HTTP/1.1" 200 34230 "-" "node"
172.16.20.25 - - [27/Aug/2026:01:25:35 +0330] "GET / HTTP/1.1" 200 338470 "-" "Mozilla/5.0 (compatible; PRTG Network Monitor (www.paessler.com); Windows)"
47.128.97.247 - - [27/Aug/2026:01:25:35 +0330] "GET /articles/gardasil-vaccine HTTP/2.0" 200 123731 "-" "Mozilla/5.0 (Linux; Android 5.0) AppleWebKit/537.36 (KHTML, like Gecko) Mobile Safari/537.36 (compatible; Bytespider; spider-feedback@bytedance.com)"
47.128.97.247 - - [27/Aug/2026:01:25:37 +0330] "GET /storage/uploads/oXIIAjyYlLuYAqC5VDoIVE7Of35V1jOIMbXDiyuv.webp HTTP/2.0" 206 500 "https://charsooq.com/" "Mozilla/5.0 (Linux; Android 5.0) AppleWebKit/537.36 (KHTML, like Gecko) Mobile Safari/537.36 (compatible; Bytespider; spider-feedback@bytedance.com)"
47.128.97.247 - - [27/Aug/2026:01:25:37 +0330] "GET /storage/uploads/OuXKS158msi7Hwhc7rDJV6Arbgpv88oPkDuxseeF.webp HTTP/2.0" 206 500 "https://charsooq.com/" "Mozilla/5.0 (Linux; Android 5.0) AppleWebKit/537.36 (KHTML, like Gecko) Mobile Safari/537.36 (compatible; Bytespider; spider-feedback@bytedance.com)"
47.128.97.247 - - [27/Aug/2026:01:25:37 +0330] "GET /storage/uploads/1SvBmP5kTqcTykAL4tWcHuZ2i83QmH8ezT83h1FX.webp HTTP/2.0" 206 500 "https://charsooq.com/" "Mozilla/5.0 (Linux; Android 5.0) AppleWebKit/537.36 (KHTML, like Gecko) Mobile Safari/537.36 (compatible; Bytespider; spider-feedback@bytedance.com)"
47.128.97.247 - - [27/Aug/2026:01:25:37 +0330] "GET /storage/uploads/xy99T38gno8IxdkEgcR3xSrQT8TR14xZTQikXgzG.webp HTTP/2.0" 206 500 "https://charsooq.com/" "Mozilla/5.0 (Linux; Android 5.0) AppleWebKit/537.36 (KHTML, like Gecko) Mobile Safari/537.36 (compatible; Bytespider; spider-feedback@bytedance.com)"
47.128.97.247 - - [27/Aug/2026:01:25:37 +0330] "GET /storage/uploads/UjUgbYuwPzkrH6G2E1loOFzWaOMHLdxakSmMB1Fx.webp HTTP/2.0" 206 500 "https://charsooq.com/" "Mozilla/5.0 (Linux; Android 5.0) AppleWebKit/537.36 (KHTML, like Gecko) Mobile Safari/537.36 (compatible; Bytespider; spider-feedback@bytedance.com)"
5.121.29.205 - - [27/Aug/2026:01:25:46 +0330] "GET /_next/image?url=https%3A%2F%2Fpanel.charsooq.com%2Fstorage%2F01K86AE67CD768YVCX06C4MFGY.jpg&w=640&q=75 HTTP/2.0" 200 40654 "https://charsooq.com/ebay" "Mozilla/5.0 (Linux; Android 10; K) AppleWebKit/537.36 (KHTML, like Gecko) Chrome/151.0.0.0 Mobile Safari/537.36"
127.0.0.1 - - [27/Aug/2026:01:25:46 +0330] "GET /storage/01K86AE67CD768YVCX06C4MFGY.jpg HTTP/1.1" 200 102485 "-" "node"
127.0.0.1 - - [27/Aug/2026:01:25:50 +0330] "GET /storage/01K860JJCR4291H7T8S2ABV9ZA.jpg HTTP/1.1" 200 278614 "-" "node"
5.121.29.205 - - [27/Aug/2026:01:25:50 +0330] "GET /_next/image?url=https%3A%2F%2Fpanel.charsooq.com%2Fstorage%2F01K860JJCR4291H7T8S2ABV9ZA.jpg&w=640&q=75 HTTP/2.0" 200 30022 "https://charsooq.com/ebay" "Mozilla/5.0 (Linux; Android 10; K) AppleWebKit/537.36 (KHTML, like Gecko) Chrome/151.0.0.0 Mobile Safari/537.36"
127.0.0.1 - - [27/Aug/2026:01:25:54 +0330] "GET /storage/01K8605BVQ82WBMSTTG6G68DC1.webp HTTP/1.1" 200 12048 "-" "node"
5.121.29.205 - - [27/Aug/2026:01:25:54 +0330] "GET /_next/image?url=https%3A%2F%2Fpanel.charsooq.com%2Fstorage%2F01K8605BVQ82WBMSTTG6G68DC1.webp&w=640&q=75 HTTP/2.0" 200 12790 "https://charsooq.com/ebay" "Mozilla/5.0 (Linux; Android 10; K) AppleWebKit/537.36 (KHTML, like Gecko) Chrome/151.0.0.0 Mobile Safari/537.36"
127.0.0.1 - - [27/Aug/2026:01:25:54 +0330] "GET /api/v1/show-products-offers/3DMagicPen HTTP/1.1" 301 169 "-" "node"
127.0.0.1 - - [27/Aug/2026:01:25:54 +0330] "GET /api/v1/show-products-offers/PopMartSkullPanda HTTP/1.1" 301 169 "-" "node"
127.0.0.1 - - [27/Aug/2026:01:25:54 +0330] "GET /api/v1/show-products-offers/3DMagicPen HTTP/1.1" 200 1303 "-" "node"
127.0.0.1 - - [27/Aug/2026:01:25:54 +0330] "GET /api/v1/show-products-offers/PopMartSkullPanda HTTP/1.1" 200 1821 "-" "node"
5.121.29.205 - - [27/Aug/2026:01:25:54 +0330] "GET /products/3DMagicPen/%D9%82%D9%84%D9%85-%D8%AC%D8%A7%D8%AF%D9%88%DB%8C%DB%8C-%D8%B3%D9%87-%D8%A8%D8%B9%D8%AF%DB%8C?_rsc=1mshn HTTP/2.0" 200 2159 "https://charsooq.com/ebay" "Mozilla/5.0 (Linux; Android 10; K) AppleWebKit/537.36 (KHTML, like Gecko) Chrome/151.0.0.0 Mobile Safari/537.36"
5.121.29.205 - - [27/Aug/2026:01:25:54 +0330] "GET /products/PopMartSkullPanda/%D8%B9%D8%B1%D9%88%D8%B3%DA%A9-%D8%B3%D9%88%D9%BE%D8%B1%D8%A7%DB%8C%D8%B2-%D8%A7%D8%B3%DA%A9%D9%88%D9%84-%D9%BE%D8%A7%D9%86%D8%AF%D8%A7-%D8%A7%D9%88%D8%B1%D8%AC%DB%8C%D9%86%D8%A7%D9%84?_rsc=1mshn HTTP/2.0" 200 2286 "https://charsooq.com/ebay" "Mozilla/5.0 (Linux; Android 10; K) AppleWebKit/537.36 (KHTML, like Gecko) Chrome/151.0.0.0 Mobile Safari/537.36"
127.0.0.1 - - [27/Aug/2026:01:25:58 +0330] "GET /api/v1/show-products-offers/StPetersburgWatercolor48ColorsWoodenBox HTTP/1.1" 301 169 "-" "node"
5.121.29.205 - - [27/Aug/2026:01:25:58 +0330] "GET /_next/image?url=https%3A%2F%2Fpanel.charsooq.com%2Fstorage%2F01K85ZWV0VHD9K1G8EP3NEVTBD.webp&w=640&q=75 HTTP/2.0" 200 15514 "https://charsooq.com/ebay" "Mozilla/5.0 (Linux; Android 10; K) AppleWebKit/537.36 (KHTML, like Gecko) Chrome/151.0.0.0 Mobile Safari/537.36"
127.0.0.1 - - [27/Aug/2026:01:25:59 +0330] "GET /storage/01K85ZWV0VHD9K1G8EP3NEVTBD.webp HTTP/1.1" 200 50168 "-" "node"
127.0.0.1 - - [27/Aug/2026:01:25:59 +0330] "GET /api/v1/show-products-offers/StPetersburgWatercolor48ColorsWoodenBox HTTP/1.1" 200 4458 "-" "node"
5.121.29.205 - - [27/Aug/2026:01:25:59 +0330] "GET /products/StPetersburgWatercolor48ColorsWoodenBox/%D8%A2%D8%A8%D8%B1%D9%86%DA%AF-%D8%B3%D9%86-%D9%BE%D8%AA%D8%B1%D8%B2%D8%A8%D9%88%D8%B1%DA%AF-%DB%B4%DB%B8-%D8%B1%D9%86%DA%AF-%D8%AC%D8%B9%D8%A8%D9%87-%DA%86%D9%88%D8%A8%DB%8C?_rsc=1mshn HTTP/2.0" 200 2332 "https://charsooq.com/ebay" "Mozilla/5.0 (Linux; Android 10; K) AppleWebKit/537.36 (KHTML, like Gecko) Chrome/151.0.0.0 Mobile Safari/537.36"
66.249.77.101 - - [27/Aug/2026:01:26:01 +0330] "GET /?u=81895285563404 HTTP/1.1" 200 33116 "-" "Mozilla/5.0 (Linux; Android 6.0.1; Nexus 5X Build/MMB29P) AppleWebKit/537.36 (KHTML, like Gecko) Chrome/151.0.7922.173 Mobile Safari/537.36 (compatible; Googlebot/2.1; +http://www.google.com/bot.html)"
66.249.77.99 - - [27/Aug/2026:01:26:02 +0330] "GET /?u=4531288137907 HTTP/1.1" 200 33106 "-" "Mozilla/5.0 (Linux; Android 6.0.1; Nexus 5X Build/MMB29P) AppleWebKit/537.36 (KHTML, like Gecko) Chrome/151.0.7922.173 Mobile Safari/537.36 (compatible; Googlebot/2.1; +http://www.google.com/bot.html)"
5.121.29.205 - - [27/Aug/2026:01:26:07 +0330] "GET /ebay?_rsc=16649 HTTP/2.0" 200 19766 "https://charsooq.com/ebay" "Mozilla/5.0 (Linux; Android 10; K) AppleWebKit/537.36 (KHTML, like Gecko) Chrome/151.0.0.0 Mobile Safari/537.36"
127.0.0.1 - - [27/Aug/2026:01:26:07 +0330] "GET /api/v1/article-page?region=ebay HTTP/1.1" 200 8512 "-" "node"
5.121.29.205 - - [27/Aug/2026:01:26:07 +0330] "GET /manifest.json HTTP/2.0" 304 0 "https://charsooq.com/ebay" "Mozilla/5.0 (Linux; Android 10; K) AppleWebKit/537.36 (KHTML, like Gecko) Chrome/151.0.0.0 Mobile Safari/537.36"
5.121.29.205 - - [27/Aug/2026:01:26:07 +0330] "GET /pwa-icon-180.png HTTP/2.0" 304 0 "https://charsooq.com/ebay" "Mozilla/5.0 (Linux; Android 10; K) AppleWebKit/537.36 (KHTML, like Gecko) Chrome/151.0.0.0 Mobile Safari/537.36"
5.121.29.205 - - [27/Aug/2026:01:26:09 +0330] "GET /amazon?_rsc=1jezg HTTP/2.0" 200 20157 "https://charsooq.com/ebay" "Mozilla/5.0 (Linux; Android 10; K) AppleWebKit/537.36 (KHTML, like Gecko) Chrome/151.0.0.0 Mobile Safari/537.36"
5.121.29.205 - - [27/Aug/2026:01:26:09 +0330] "GET /manifest.json HTTP/2.0" 304 0 "https://charsooq.com/amazon" "Mozilla/5.0 (Linux; Android 10; K) AppleWebKit/537.36 (KHTML, like Gecko) Chrome/151.0.0.0 Mobile Safari/537.36"
127.0.0.1 - - [27/Aug/2026:01:26:09 +0330] "GET /api/v1/article-page?region=amazon HTTP/1.1" 200 6910 "-" "node"
5.121.29.205 - - [27/Aug/2026:01:26:10 +0330] "GET /pwa-icon-180.png HTTP/2.0" 304 0 "https://charsooq.com/amazon" "Mozilla/5.0 (Linux; Android 10; K) AppleWebKit/537.36 (KHTML, like Gecko) Chrome/151.0.0.0 Mobile Safari/537.36"
5.121.29.205 - - [27/Aug/2026:01:26:11 +0330] "GET /manifest.json HTTP/2.0" 304 0 "https://charsooq.com/ebay" "Mozilla/5.0 (Linux; Android 10; K) AppleWebKit/537.36 (KHTML, like Gecko) Chrome/151.0.0.0 Mobile Safari/537.36"
5.121.29.205 - - [27/Aug/2026:01:26:11 +0330] "GET /pwa-icon-180.png HTTP/2.0" 304 0 "https://charsooq.com/ebay" "Mozilla/5.0 (Linux; Android 10; K) AppleWebKit/537.36 (KHTML, like Gecko) Chrome/151.0.0.0 Mobile Safari/537.36"
5.121.29.205 - - [27/Aug/2026:01:26:11 +0330] "GET /assets/images/home/turkey/demet-multu.webp HTTP/2.0" 200 64836 "https://charsooq.com/turkey" "Mozilla/5.0 (Linux; Android 10; K) AppleWebKit/537.36 (KHTML, like Gecko) Chrome/151.0.0.0 Mobile Safari/537.36"
5.121.29.205 - - [27/Aug/2026:01:26:12 +0330] "GET /pwa-icon-180.png HTTP/2.0" 304 0 "https://charsooq.com/turkey" "Mozilla/5.0 (Linux; Android 10; K) AppleWebKit/537.36 (KHTML, like Gecko) Chrome/151.0.0.0 Mobile Safari/537.36"
5.121.29.205 - - [27/Aug/2026:01:26:12 +0330] "GET /manifest.json HTTP/2.0" 304 0 "https://charsooq.com/turkey" "Mozilla/5.0 (Linux; Android 10; K) AppleWebKit/537.36 (KHTML, like Gecko) Chrome/151.0.0.0 Mobile Safari/537.36"
5.121.29.205 - - [27/Aug/2026:01:26:12 +0330] "GET /assets/images/home/turkey/amazon.com.tr.webp HTTP/2.0" 200 113660 "https://charsooq.com/turkey" "Mozilla/5.0 (Linux; Android 10; K) AppleWebKit/537.36 (KHTML, like Gecko) Chrome/151.0.0.0 Mobile Safari/537.36"
5.121.29.205 - - [27/Aug/2026:01:26:12 +0330] "GET /assets/images/home/turkey/tukey-banner.webp HTTP/2.0" 200 107780 "https://charsooq.com/turkey" "Mozilla/5.0 (Linux; Android 10; K) AppleWebKit/537.36 (KHTML, like Gecko) Chrome/151.0.0.0 Mobile Safari/537.36"
5.121.29.205 - - [27/Aug/2026:01:26:13 +0330] "GET /pwa-icon-180.png HTTP/2.0" 304 0 "https://charsooq.com/ebay" "Mozilla/5.0 (Linux; Android 10; K) AppleWebKit/537.36 (KHTML, like Gecko) Chrome/151.0.0.0 Mobile Safari/537.36"
5.121.29.205 - - [27/Aug/2026:01:26:13 +0330] "GET /pwa-icon-180.png HTTP/2.0" 304 0 "https://charsooq.com/ebay" "Mozilla/5.0 (Linux; Android 10; K) AppleWebKit/537.36 (KHTML, like Gecko) Chrome/151.0.0.0 Mobile Safari/537.36"
5.121.29.205 - - [27/Aug/2026:01:26:13 +0330] "GET /pwa-icon-180.png HTTP/2.0" 304 0 "https://charsooq.com/ebay" "Mozilla/5.0 (Linux; Android 10; K) AppleWebKit/537.36 (KHTML, like Gecko) Chrome/151.0.0.0 Mobile Safari/537.36"
66.249.77.100 - - [27/Aug/2026:01:26:31 +0330] "GET /?u=51897210670606 HTTP/1.1" 200 32215 "-" "Mozilla/5.0 (Linux; Android 6.0.1; Nexus 5X Build/MMB29P) AppleWebKit/537.36 (KHTML, like Gecko) Chrome/151.0.7922.173 Mobile Safari/537.36 (compatible; Googlebot/2.1; +http://www.google.com/bot.html)"
66.249.77.100 - - [27/Aug/2026:01:26:32 +0330] "GET /?u=1180894551906 HTTP/1.1" 200 33263 "-" "Mozilla/5.0 (Linux; Android 6.0.1; Nexus 5X Build/MMB29P) AppleWebKit/537.36 (KHTML, like Gecko) Chrome/151.0.7922.173 Mobile Safari/537.36 (compatible; Googlebot/2.1; +http://www.google.com/bot.html)"
127.0.0.1 - - [27/Aug/2026:01:26:34 +0330] "GET /api/v2/sliders HTTP/1.1" 200 7479 "-" "node"
127.0.0.1 - - [27/Aug/2026:01:26:34 +0330] "GET /api/v1/categories-amazon HTTP/1.1" 200 34230 "-" "node"
127.0.0.1 - - [27/Aug/2026:01:26:35 +0330] "GET /api/v2/page-data HTTP/1.1" 200 36854 "-" "node"
172.16.20.25 - - [27/Aug/2026:01:26:35 +0330] "GET / HTTP/1.1" 200 338501 "-" "Mozilla/5.0 (compatible; PRTG Network Monitor (www.paessler.com); Windows)"
207.46.13.127 - - [27/Aug/2026:01:26:37 +0330] "GET /?u=93092110779403 HTTP/2.0" 200 33393 "-" "Mozilla/5.0 AppleWebKit/537.36 (KHTML, like Gecko; compatible; bingbot/2.0; +http://www.bing.com/bingbot.htm) Chrome/116.0.1938.76 Safari/537.36"
207.46.13.127 - - [27/Aug/2026:01:26:39 +0330] "GET /?u=98392149640100 HTTP/2.0" 200 34402 "-" "Mozilla/5.0 AppleWebKit/537.36 (KHTML, like Gecko; compatible; bingbot/2.0; +http://www.bing.com/bingbot.htm) Chrome/116.0.1938.76 Safari/537.36"
207.46.13.127 - - [27/Aug/2026:01:26:41 +0330] "GET /?u=7028676408000 HTTP/2.0" 200 33836 "-" "Mozilla/5.0 AppleWebKit/537.36 (KHTML, like Gecko; compatible; bingbot/2.0; +http://www.bing.com/bingbot.htm) Chrome/116.0.1938.76 Safari/537.36"
40.77.167.42 - - [27/Aug/2026:01:26:41 +0330] "GET /?u=9587741761711 HTTP/2.0" 200 32345 "-" "Mozilla/5.0 AppleWebKit/537.36 (KHTML, like Gecko; compatible; bingbot/2.0; +http://www.bing.com/bingbot.htm) Chrome/116.0.1938.76 Safari/537.36"
40.77.167.42 - - [27/Aug/2026:01:26:43 +0330] "GET /?u=2550680048804 HTTP/2.0" 200 32838 "-" "Mozilla/5.0 AppleWebKit/537.36 (KHTML, like Gecko; compatible; bingbot/2.0; +http://www.bing.com/bingbot.htm) Chrome/116.0.1938.76 Safari/537.36"
40.77.167.42 - - [27/Aug/2026:01:26:45 +0330] "GET /?u=2647230950304 HTTP/2.0" 200 33036 "-" "Mozilla/5.0 AppleWebKit/537.36 (KHTML, like Gecko; compatible; bingbot/2.0; +http://www.bing.com/bingbot.htm) Chrome/116.0.1938.76 Safari/537.36"
207.46.13.127 - - [27/Aug/2026:01:26:47 +0330] "GET /?u=48217115779000 HTTP/2.0" 200 33602 "-" "Mozilla/5.0 AppleWebKit/537.36 (KHTML, like Gecko; compatible; bingbot/2.0; +http://www.bing.com/bingbot.htm) Chrome/116.0.1938.76 Safari/537.36"
207.46.13.127 - - [27/Aug/2026:01:26:48 +0330] "GET /?u=820642933504 HTTP/2.0" 200 34117 "-" "Mozilla/5.0 AppleWebKit/537.36 (KHTML, like Gecko; compatible; bingbot/2.0; +http://www.bing.com/bingbot.htm) Chrome/116.0.1938.76 Safari/537.36"
207.46.13.127 - - [27/Aug/2026:01:26:50 +0330] "GET /?u=21837205631206 HTTP/2.0" 200 32728 "-" "Mozilla/5.0 AppleWebKit/537.36 (KHTML, like Gecko; compatible; bingbot/2.0; +http://www.bing.com/bingbot.htm) Chrome/116.0.1938.76 Safari/537.36"
207.46.13.127 - - [27/Aug/2026:01:26:52 +0330] "GET /?u=0801849346500 HTTP/2.0" 200 35105 "-" "Mozilla/5.0 AppleWebKit/537.36 (KHTML, like Gecko; compatible; bingbot/2.0; +http://www.bing.com/bingbot.htm) Chrome/116.0.1938.76 Safari/537.36"
207.46.13.127 - - [27/Aug/2026:01:26:54 +0330] "GET /?u=60631292293600 HTTP/2.0" 200 35648 "-" "Mozilla/5.0 AppleWebKit/537.36 (KHTML, like Gecko; compatible; bingbot/2.0; +http://www.bing.com/bingbot.htm) Chrome/116.0.1938.76 Safari/537.36"
207.46.13.127 - - [27/Aug/2026:01:26:56 +0330] "GET /?u=9767028843300 HTTP/2.0" 200 34857 "-" "Mozilla/5.0 AppleWebKit/537.36 (KHTML, like Gecko; compatible; bingbot/2.0; +http://www.bing.com/bingbot.htm) Chrome/116.0.1938.76 Safari/537.36"
207.46.13.127 - - [27/Aug/2026:01:26:57 +0330] "GET /?u=4080115468203 HTTP/2.0" 200 32774 "-" "Mozilla/5.0 AppleWebKit/537.36 (KHTML, like Gecko; compatible; bingbot/2.0; +http://www.bing.com/bingbot.htm) Chrome/116.0.1938.76 Safari/537.36"
127.0.0.1 - - [27/Aug/2026:01:26:57 +0330] "GET /api/v1/categories-amazon HTTP/1.1" 200 34199 "-" "node"
5.121.29.205 - - [27/Aug/2026:01:26:57 +0330] "GET /ebay HTTP/2.0" 200 123887 "https://www.google.com/" "Mozilla/5.0 (Linux; Android 10; K) AppleWebKit/537.36 (KHTML, like Gecko) Chrome/151.0.0.0 Mobile Safari/537.36"
5.121.29.205 - - [27/Aug/2026:01:26:58 +0330] "GET /_next/image?url=%2Fassets%2Fimages%2Ficons%2Ftelegram-icon.png&w=128&q=75 HTTP/2.0" 304 0 "https://charsooq.com/ebay" "Mozilla/5.0 (Linux; Android 10; K) AppleWebKit/537.36 (KHTML, like Gecko) Chrome/151.0.0.0 Mobile Safari/537.36"
5.121.29.205 - - [27/Aug/2026:01:26:58 +0330] "GET /assets/images/home/comment-vector-up.svg HTTP/2.0" 304 0 "https://charsooq.com/ebay" "Mozilla/5.0 (Linux; Android 10; K) AppleWebKit/537.36 (KHTML, like Gecko) Chrome/151.0.0.0 Mobile Safari/537.36"
5.121.29.205 - - [27/Aug/2026:01:26:58 +0330] "GET /assets/images/home/comment-vector-down.svg HTTP/2.0" 304 0 "https://charsooq.com/ebay" "Mozilla/5.0 (Linux; Android 10; K) AppleWebKit/537.36 (KHTML, like Gecko) Chrome/151.0.0.0 Mobile Safari/537.36"
5.121.29.205 - - [27/Aug/2026:01:26:58 +0330] "GET /assets/images/home/sell-buy.svg HTTP/2.0" 304 0 "https://charsooq.com/ebay" "Mozilla/5.0 (Linux; Android 10; K) AppleWebKit/537.36 (KHTML, like Gecko) Chrome/151.0.0.0 Mobile Safari/537.36"
5.121.29.205 - - [27/Aug/2026:01:26:58 +0330] "GET /_next/image?url=https%3A%2F%2Fpanel.charsooq.com%2Fstorage%2F01K86CG1QRVXB0PMTKY5EERBNB.jpg&w=640&q=75 HTTP/2.0" 304 0 "https://charsooq.com/ebay" "Mozilla/5.0 (Linux; Android 10; K) AppleWebKit/537.36 (KHTML, like Gecko) Chrome/151.0.0.0 Mobile Safari/537.36"
5.121.29.205 - - [27/Aug/2026:01:26:58 +0330] "GET /assets/images/icons/instagram1.png HTTP/2.0" 304 0 "https://charsooq.com/ebay" "Mozilla/5.0 (Linux; Android 10; K) AppleWebKit/537.36 (KHTML, like Gecko) Chrome/151.0.0.0 Mobile Safari/537.36"
5.121.29.205 - - [27/Aug/2026:01:26:58 +0330] "GET /_next/image?url=https%3A%2F%2Fpanel.charsooq.com%2Fstorage%2F01J17AT67HP01J86ZQ6ZYG2XQY.webp&w=640&q=75 HTTP/2.0" 304 0 "https://charsooq.com/ebay" "Mozilla/5.0 (Linux; Android 10; K) AppleWebKit/537.36 (KHTML, like Gecko) Chrome/151.0.0.0 Mobile Safari/537.36"
127.0.0.1 - - [27/Aug/2026:01:26:58 +0330] "GET /storage/01K86CG1QRVXB0PMTKY5EERBNB.jpg HTTP/1.1" 200 25489 "-" "node"
5.121.29.205 - - [27/Aug/2026:01:26:58 +0330] "GET /assets/images/icons/whatsapp.png HTTP/2.0" 304 0 "https://charsooq.com/ebay" "Mozilla/5.0 (Linux; Android 10; K) AppleWebKit/537.36 (KHTML, like Gecko) Chrome/151.0.0.0 Mobile Safari/537.36"
5.121.29.205 - - [27/Aug/2026:01:26:58 +0330] "GET /_next/image?url=https%3A%2F%2Fpanel.charsooq.com%2Fstorage%2F01HZ4RJQKGGAYHKTF1CKHWRAVX.webp&w=640&q=75 HTTP/2.0" 304 0 "https://charsooq.com/ebay" "Mozilla/5.0 (Linux; Android 10; K) AppleWebKit/537.36 (KHTML, like Gecko) Chrome/151.0.0.0 Mobile Safari/537.36"
5.121.29.205 - - [27/Aug/2026:01:26:58 +0330] "GET /_next/image?url=https%3A%2F%2Fpanel.charsooq.com%2Fstorage%2F01HKJBX54BT2Z9E6SFJQS5WX8F.webp&w=640&q=75 HTTP/2.0" 304 0 "https://charsooq.com/ebay" "Mozilla/5.0 (Linux; Android 10; K) AppleWebKit/537.36 (KHTML, like Gecko) Chrome/151.0.0.0 Mobile Safari/537.36"
127.0.0.1 - - [27/Aug/2026:01:26:58 +0330] "GET /storage/01J17AT67HP01J86ZQ6ZYG2XQY.webp HTTP/1.1" 200 199696 "-" "node"
127.0.0.1 - - [27/Aug/2026:01:26:58 +0330] "GET /storage/01HZ4RJQKGGAYHKTF1CKHWRAVX.webp HTTP/1.1" 200 24000 "-" "node"
5.121.29.205 - - [27/Aug/2026:01:26:58 +0330] "GET /assets/images/icons/telegram.png HTTP/2.0" 304 0 "https://charsooq.com/ebay" "Mozilla/5.0 (Linux; Android 10; K) AppleWebKit/537.36 (KHTML, like Gecko) Chrome/151.0.0.0 Mobile Safari/537.36"
127.0.0.1 - - [27/Aug/2026:01:26:58 +0330] "GET /storage/01HKJBX54BT2Z9E6SFJQS5WX8F.webp HTTP/1.1" 200 108680 "-" "node"
5.121.29.205 - - [27/Aug/2026:01:26:58 +0330] "GET /assets/images/home/discount-background.webp HTTP/2.0" 304 0 "https://charsooq.com/_next/static/css/2c9caab41af7e337.css" "Mozilla/5.0 (Linux; Android 10; K) AppleWebKit/537.36 (KHTML, like Gecko) Chrome/151.0.0.0 Mobile Safari/537.36"
52.167.144.189 - - [27/Aug/2026:01:26:58 +0330] "GET /?u=72749152083901 HTTP/2.0" 200 33184 "-" "Mozilla/5.0 AppleWebKit/537.36 (KHTML, like Gecko; compatible; bingbot/2.0; +http://www.bing.com/bingbot.htm) Chrome/116.0.1938.76 Safari/537.36"
5.121.29.205 - - [27/Aug/2026:01:26:59 +0330] "GET /manifest.json HTTP/2.0" 304 0 "https://charsooq.com/ebay" "Mozilla/5.0 (Linux; Android 10; K) AppleWebKit/537.36 (KHTML, like Gecko) Chrome/151.0.0.0 Mobile Safari/537.36"
5.121.29.205 - - [27/Aug/2026:01:26:59 +0330] "GET /pwa-icon-180.png HTTP/2.0" 304 0 "https://charsooq.com/ebay" "Mozilla/5.0 (Linux; Android 10; K) AppleWebKit/537.36 (KHTML, like Gecko) Chrome/151.0.0.0 Mobile Safari/537.36"
127.0.0.1 - - [27/Aug/2026:01:26:59 +0330] "GET /storage/01K86C2WJ5BTW35M4WQY1ARM0W.jpg HTTP/1.1" 200 257693 "-" "node"
5.121.29.205 - - [27/Aug/2026:01:26:59 +0330] "GET /_next/image?url=https%3A%2F%2Fpanel.charsooq.com%2Fstorage%2F01K86C2WJ5BTW35M4WQY1ARM0W.jpg&w=640&q=75 HTTP/2.0" 304 0 "https://charsooq.com/ebay" "Mozilla/5.0 (Linux; Android 10; K) AppleWebKit/537.36 (KHTML, like Gecko) Chrome/151.0.0.0 Mobile Safari/537.36"
127.0.0.1 - - [27/Aug/2026:01:26:59 +0330] "GET /storage/01K86BG0D1WEMNCNNJKE10YXQ3.jpg HTTP/1.1" 200 121544 "-" "node"
5.121.29.205 - - [27/Aug/2026:01:26:59 +0330] "GET /_next/image?url=https%3A%2F%2Fpanel.charsooq.com%2Fstorage%2F01K86BG0D1WEMNCNNJKE10YXQ3.jpg&w=640&q=75 HTTP/2.0" 304 0 "https://charsooq.com/ebay" "Mozilla/5.0 (Linux; Android 10; K) AppleWebKit/537.36 (KHTML, like Gecko) Chrome/151.0.0.0 Mobile Safari/537.36"
5.121.29.205 - - [27/Aug/2026:01:26:59 +0330] "GET /checkout?_rsc=1mshn HTTP/2.0" 200 1690 "https://charsooq.com/ebay" "Mozilla/5.0 (Linux; Android 10; K) AppleWebKit/537.36 (KHTML, like Gecko) Chrome/151.0.0.0 Mobile Safari/537.36"
5.121.29.205 - - [27/Aug/2026:01:26:59 +0330] "GET /amazon?_rsc=1mshn HTTP/2.0" 200 1461 "https://charsooq.com/ebay" "Mozilla/5.0 (Linux; Android 10; K) AppleWebKit/537.36 (KHTML, like Gecko) Chrome/151.0.0.0 Mobile Safari/537.36"
5.121.29.205 - - [27/Aug/2026:01:26:59 +0330] "GET /turkey?_rsc=1mshn HTTP/2.0" 200 1430 "https://charsooq.com/ebay" "Mozilla/5.0 (Linux; Android 10; K) AppleWebKit/537.36 (KHTML, like Gecko) Chrome/151.0.0.0 Mobile Safari/537.36"
5.121.29.205 - - [27/Aug/2026:01:26:59 +0330] "GET /products-offer?page=1&_rsc=1mshn HTTP/2.0" 200 1470 "https://charsooq.com/ebay" "Mozilla/5.0 (Linux; Android 10; K) AppleWebKit/537.36 (KHTML, like Gecko) Chrome/151.0.0.0 Mobile Safari/537.36"
5.121.29.205 - - [27/Aug/2026:01:26:59 +0330] "GET /?_rsc=1mshn HTTP/2.0" 200 13561 "https://charsooq.com/ebay" "Mozilla/5.0 (Linux; Android 10; K) AppleWebKit/537.36 (KHTML, like Gecko) Chrome/151.0.0.0 Mobile Safari/537.36"
