89.47.148.103 - - [27/Aug/2026:02:04:21 +0330] "GET /assets/images/icons/icons8-united-arab-emirates-48.svg HTTP/2.0" 200 747 "https://charsooq.com/product/amz-B00IUHNCIW/creatine-monohydrate-powder-muscletech-platinum-pure-micronized-muscle-recovery-builder-for-men-women-workout-supplements-unflavored-80-servings?amazon-region=usa-amazon" "Mozilla/5.0 (Windows NT 10.0; Win64; x64) AppleWebKit/537.36 (KHTML, like Gecko) Chrome/151.0.0.0 Safari/537.36"
89.47.148.103 - - [27/Aug/2026:02:04:21 +0330] "GET /assets/images/icons/svgs/us.svg HTTP/2.0" 200 882 "https://charsooq.com/product/amz-B00IUHNCIW/creatine-monohydrate-powder-muscletech-platinum-pure-micronized-muscle-recovery-builder-for-men-women-workout-supplements-unflavored-80-servings?amazon-region=usa-amazon" "Mozilla/5.0 (Windows NT 10.0; Win64; x64) AppleWebKit/537.36 (KHTML, like Gecko) Chrome/151.0.0.0 Safari/537.36"
127.0.0.1 - - [27/Aug/2026:02:04:23 +0330] "GET /api/v3/product-show/amz-B000C1W6UY?amazon_region= HTTP/1.1" 301 169 "-" "node"
37.202.131.82 - - [27/Aug/2026:02:04:23 +0330] "GET /amazon/products?page=1&category=clothing-shoes-jewelry&_rsc=15hze HTTP/2.0" 200 1519 "https://charsooq.com/amazon" "Mozilla/5.0 (Windows NT 10.0; Win64; x64; rv:154.0) Gecko/20100101 Firefox/154.0"
37.202.131.82 - - [27/Aug/2026:02:04:23 +0330] "GET /amazon/products?page=1&category=beauty-personal-care-fragrance&_rsc=15hze HTTP/2.0" 200 1530 "https://charsooq.com/amazon" "Mozilla/5.0 (Windows NT 10.0; Win64; x64; rv:154.0) Gecko/20100101 Firefox/154.0"
127.0.0.1 - - [27/Aug/2026:02:04:23 +0330] "GET /api/v3/product-show/amz-B000C1W6UY?amazon_region= HTTP/1.1" 200 10362 "-" "node"
37.202.131.82 - - [27/Aug/2026:02:04:23 +0330] "GET /product/amz-B000C1W6UY/versace-crystal-noir-by-versace-for-women-eau-de-parfum-spray-17-ounces?_rsc=15hze HTTP/2.0" 200 2796 "https://charsooq.com/amazon" "Mozilla/5.0 (Windows NT 10.0; Win64; x64; rv:154.0) Gecko/20100101 Firefox/154.0"
89.47.148.103 - - [27/Aug/2026:02:04:31 +0330] "POST /api/v3/other-amazon-url HTTP/2.0" 200 225 "https://charsooq.com/" "Mozilla/5.0 (Windows NT 10.0; Win64; x64) AppleWebKit/537.36 (KHTML, like Gecko) Chrome/151.0.0.0 Safari/537.36"
127.0.0.1 - - [27/Aug/2026:02:04:34 +0330] "GET /api/v1/categories-amazon HTTP/1.1" 200 34199 "-" "node"
172.16.20.25 - - [27/Aug/2026:02:04:35 +0330] "GET / HTTP/1.1" 200 338446 "-" "Mozilla/5.0 (compatible; PRTG Network Monitor (www.paessler.com); Windows)"
40.77.167.73 - - [27/Aug/2026:02:04:51 +0330] "GET /shop/e/e009001036001/ HTTP/2.0" 200 32437 "-" "Mozilla/5.0 AppleWebKit/537.36 (KHTML, like Gecko; compatible; bingbot/2.0; +http://www.bing.com/bingbot.htm) Chrome/116.0.1938.76 Safari/537.36"
66.249.77.99 - - [27/Aug/2026:02:05:07 +0330] "GET /special/294002653.html HTTP/1.1" 200 33469 "-" "Mozilla/5.0 (Linux; Android 6.0.1; Nexus 5X Build/MMB29P) AppleWebKit/537.36 (KHTML, like Gecko) Chrome/151.0.7922.173 Mobile Safari/537.36 (compatible; Googlebot/2.1; +http://www.google.com/bot.html)"
127.0.0.1 - - [27/Aug/2026:02:05:08 +0330] "GET /api/v1/categories-amazon HTTP/1.1" 200 34230 "-" "node"
66.249.69.229 - - [27/Aug/2026:02:05:08 +0330] "GET /articles/The-best-hair-color-brands HTTP/1.1" 308 67 "-" "Mozilla/5.0 (Linux; Android 6.0.1; Nexus 5X Build/MMB29P) AppleWebKit/537.36 (KHTML, like Gecko) Chrome/151.0.7922.173 Mobile Safari/537.36 (compatible; Googlebot/2.1; +http://www.google.com/bot.html)"
185.231.154.128 - - [27/Aug/2026:02:05:09 +0330] "GET / HTTP/1.0" 200 338138 "https://charsooq.com/" "Mozilla/5.0 (Windows NT 10.0; Win64; x64) AppleWebKit/537.36 (KHTML, like Gecko) Chrome/131.0.0.0 Safari/537.36 Avast/131.0.0.0"
127.0.0.1 - - [27/Aug/2026:02:05:09 +0330] "GET /api/v2/article-show/The-best-hair-color-brands HTTP/1.1" 200 69204 "-" "node"
127.0.0.1 - - [27/Aug/2026:02:05:10 +0330] "GET /api/v1/categories-amazon HTTP/1.1" 200 34199 "-" "node"
192.178.7.97 - - [27/Aug/2026:02:05:10 +0330] "GET /articles/The-best-hair-color-brands HTTP/1.1" 200 98235 "-" "Mozilla/5.0 (Linux; Android 6.0.1; Nexus 5X Build/MMB29P) AppleWebKit/537.36 (KHTML, like Gecko) Chrome/151.0.7922.173 Mobile Safari/537.36 (compatible; Googlebot/2.1; +http://www.google.com/bot.html)"
127.0.0.1 - - [27/Aug/2026:02:05:11 +0330] "GET /api/v1/categories-amazon HTTP/1.1" 200 34230 "-" "node"
185.231.154.128 - - [27/Aug/2026:02:05:11 +0330] "GET /contact-us HTTP/1.0" 200 249446 "https://charsooq.com/contact-us" "Mozilla/5.0 (Windows NT 10.0; Win64; x64) AppleWebKit/537.36 (KHTML, like Gecko) Chrome/131.0.0.0 Safari/537.36 Avast/131.0.0.0"
66.249.77.100 - - [27/Aug/2026:02:05:12 +0330] "GET /?u=9072626820901 HTTP/1.1" 200 33921 "-" "Mozilla/5.0 (Linux; Android 6.0.1; Nexus 5X Build/MMB29P) AppleWebKit/537.36 (KHTML, like Gecko) Chrome/151.0.7922.173 Mobile Safari/537.36 (compatible; Googlebot/2.1; +http://www.google.com/bot.html)"
66.249.77.100 - - [27/Aug/2026:02:05:14 +0330] "GET /?u=2434021421006 HTTP/1.1" 200 32654 "-" "Mozilla/5.0 (Linux; Android 6.0.1; Nexus 5X Build/MMB29P) AppleWebKit/537.36 (KHTML, like Gecko) Chrome/151.0.7922.173 Mobile Safari/537.36 (compatible; Googlebot/2.1; +http://www.google.com/bot.html)"
66.249.77.100 - - [27/Aug/2026:02:05:15 +0330] "GET /?u=74410175169403 HTTP/1.1" 200 33221 "-" "Mozilla/5.0 (Linux; Android 6.0.1; Nexus 5X Build/MMB29P) AppleWebKit/537.36 (KHTML, like Gecko) Chrome/151.0.7922.173 Mobile Safari/537.36 (compatible; Googlebot/2.1; +http://www.google.com/bot.html)"
66.249.69.230 - - [27/Aug/2026:02:05:27 +0330] "GET /articles/Fresh-Juice HTTP/1.1" 308 52 "-" "Mozilla/5.0 (Linux; Android 6.0.1; Nexus 5X Build/MMB29P) AppleWebKit/537.36 (KHTML, like Gecko) Chrome/151.0.7922.173 Mobile Safari/537.36 (compatible; Googlebot/2.1; +http://www.google.com/bot.html)"
127.0.0.1 - - [27/Aug/2026:02:05:34 +0330] "GET /api/v2/sliders HTTP/1.1" 200 7479 "-" "node"
127.0.0.1 - - [27/Aug/2026:02:05:34 +0330] "GET /api/v1/categories-amazon HTTP/1.1" 200 34199 "-" "node"
127.0.0.1 - - [27/Aug/2026:02:05:35 +0330] "GET /api/v2/page-data HTTP/1.1" 200 36854 "-" "node"
172.16.20.25 - - [27/Aug/2026:02:05:35 +0330] "GET / HTTP/1.1" 200 338509 "-" "Mozilla/5.0 (compatible; PRTG Network Monitor (www.paessler.com); Windows)"
127.0.0.1 - - [27/Aug/2026:02:05:46 +0330] "GET /api/v1/categories-amazon HTTP/1.1" 200 34199 "-" "node"
149.74.176.198 - - [27/Aug/2026:02:05:46 +0330] "GET /help?tab=amazon HTTP/2.0" 200 89905 "https://charsooq.com" "Mozilla/5.0 (Windows NT 10.0; Win64; x64) AppleWebKit/537.36 (KHTML, like Gecko) Chrome/142.0.0.0 Safari/537.36"
89.47.148.103 - - [27/Aug/2026:02:06:28 +0330] "POST /api/v3/check-url HTTP/2.0" 200 234 "https://charsooq.com/" "Mozilla/5.0 (Windows NT 10.0; Win64; x64) AppleWebKit/537.36 (KHTML, like Gecko) Chrome/151.0.0.0 Safari/537.36"
66.249.69.230 - - [27/Aug/2026:02:06:29 +0330] "GET /amazon/products?page=1&category=automotive HTTP/1.1" 308 74 "-" "Mozilla/5.0 (Linux; Android 6.0.1; Nexus 5X Build/MMB29P) AppleWebKit/537.36 (KHTML, like Gecko) Chrome/151.0.7922.173 Mobile Safari/537.36 (compatible; Googlebot/2.1; +http://www.google.com/bot.html)"
52.167.144.194 - - [27/Aug/2026:02:06:29 +0330] "GET /?u=78197257152611 HTTP/2.0" 200 32704 "-" "Mozilla/5.0 AppleWebKit/537.36 (KHTML, like Gecko; compatible; bingbot/2.0; +http://www.bing.com/bingbot.htm) Chrome/116.0.1938.76 Safari/537.36"
127.0.0.1 - - [27/Aug/2026:02:06:29 +0330] "GET /api/v1/categories-product?store=amazon&category=automotive&count=24&page=1&minprice=0&maxprice=10000&ratings=&sortby= HTTP/1.1" 301 169 "-" "node"
89.47.148.103 - - [27/Aug/2026:02:06:30 +0330] "GET /emirates?url=https%3A%2F%2Fwww.amazon.ae%2FMuscleTech-Platinum-Creatine-Monohydrate-Unflavored%2Fdp%2FB0GX179S95%3Fth%3D1&_rsc=8rdv7 HTTP/2.0" 200 20605 "https://charsooq.com/product/amz-B00IUHNCIW/creatine-monohydrate-powder-muscletech-platinum-pure-micronized-muscle-recovery-builder-for-men-women-workout-supplements-unflavored-80-servings?amazon-region=usa-amazon" "Mozilla/5.0 (Windows NT 10.0; Win64; x64) AppleWebKit/537.36 (KHTML, like Gecko) Chrome/151.0.0.0 Safari/537.36"
127.0.0.1 - - [27/Aug/2026:02:06:30 +0330] "GET /api/v1/cart-index HTTP/1.1" 200 17477 "-" "node"
89.47.148.103 - - [27/Aug/2026:02:06:30 +0330] "GET /32px.png HTTP/2.0" 304 0 "https://charsooq.com/emirates?url=https://www.amazon.ae/MuscleTech-Platinum-Creatine-Monohydrate-Unflavored/dp/B0GX179S95?th=1" "Mozilla/5.0 (Windows NT 10.0; Win64; x64) AppleWebKit/537.36 (KHTML, like Gecko) Chrome/151.0.0.0 Safari/537.36"
89.47.148.103 - - [27/Aug/2026:02:06:30 +0330] "GET /manifest.json HTTP/2.0" 304 0 "https://charsooq.com/emirates?url=https://www.amazon.ae/MuscleTech-Platinum-Creatine-Monohydrate-Unflavored/dp/B0GX179S95?th=1" "Mozilla/5.0 (Windows NT 10.0; Win64; x64) AppleWebKit/537.36 (KHTML, like Gecko) Chrome/151.0.0.0 Safari/537.36"
127.0.0.1 - - [27/Aug/2026:02:06:30 +0330] "GET /api/v1/categories-amazon HTTP/1.1" 200 34230 "-" "node"
89.47.148.103 - - [27/Aug/2026:02:06:30 +0330] "GET /16px.png HTTP/2.0" 304 0 "https://charsooq.com/emirates?url=https://www.amazon.ae/MuscleTech-Platinum-Creatine-Monohydrate-Unflavored/dp/B0GX179S95?th=1" "Mozilla/5.0 (Windows NT 10.0; Win64; x64) AppleWebKit/537.36 (KHTML, like Gecko) Chrome/151.0.0.0 Safari/537.36"
127.0.0.1 - - [27/Aug/2026:02:06:30 +0330] "GET /api/v1/article-page?region=emirates HTTP/1.1" 200 6704 "-" "node"
127.0.0.1 - - [27/Aug/2026:02:06:30 +0330] "GET /api/v1/categories-product?store=amazon&category=automotive&count=24&page=1&minprice=0&maxprice=10000&ratings=&sortby= HTTP/1.1" 200 36635 "-" "node"
127.0.0.1 - - [27/Aug/2026:02:06:31 +0330] "GET /storage/ HTTP/1.1" 301 169 "-" "node"
127.0.0.1 - - [27/Aug/2026:02:06:31 +0330] "GET /storage/ HTTP/1.1" 403 125 "-" "node"
89.47.148.103 - - [27/Aug/2026:02:06:31 +0330] "GET /_next/image?url=http%3A%2F%2Fpanel.charsooq.com%2Fstorage%2F&w=256&q=75 HTTP/2.0" 403 57 "https://charsooq.com/emirates?url=https://www.amazon.ae/MuscleTech-Platinum-Creatine-Monohydrate-Unflavored/dp/B0GX179S95?th=1" "Mozilla/5.0 (Windows NT 10.0; Win64; x64) AppleWebKit/537.36 (KHTML, like Gecko) Chrome/151.0.0.0 Safari/537.36"
192.178.7.96 - - [27/Aug/2026:02:06:31 +0330] "GET /amazon/products?page=1&category=automotive HTTP/1.1" 200 160451 "-" "Mozilla/5.0 (Linux; Android 6.0.1; Nexus 5X Build/MMB29P) AppleWebKit/537.36 (KHTML, like Gecko) Chrome/151.0.7922.173 Mobile Safari/537.36 (compatible; Googlebot/2.1; +http://www.google.com/bot.html)"
127.0.0.1 - - [27/Aug/2026:02:06:33 +0330] "GET /api/v1/robot HTTP/1.1" 200 666 "-" "node"
51.81.110.22 - - [27/Aug/2026:02:06:33 +0330] "GET /robots.txt HTTP/2.0" 200 696 "-" "Mozilla/5.0 (compatible; AhrefsBot/7.0; +http://ahrefs.com/robot/)"
127.0.0.1 - - [27/Aug/2026:02:06:34 +0330] "GET /api/v1/sitemap.xml HTTP/1.1" 200 1051066 "-" "node"
127.0.0.1 - - [27/Aug/2026:02:06:35 +0330] "GET /api/v1/categories-amazon HTTP/1.1" 200 34199 "-" "node"
172.16.20.25 - - [27/Aug/2026:02:06:35 +0330] "GET / HTTP/1.1" 200 338478 "-" "Mozilla/5.0 (compatible; PRTG Network Monitor (www.paessler.com); Windows)"
92.222.108.106 - - [27/Aug/2026:02:06:35 +0330] "GET /sitemap.xml HTTP/2.0" 200 1151591 "-" "Mozilla/5.0 (compatible; AhrefsBot/7.0; +http://ahrefs.com/robot/)"
66.249.77.99 - - [27/Aug/2026:02:06:40 +0330] "GET /?u=91231291850404 HTTP/1.1" 200 31934 "-" "Mozilla/5.0 (Linux; Android 6.0.1; Nexus 5X Build/MMB29P) AppleWebKit/537.36 (KHTML, like Gecko) Chrome/152.0.7977.64 Mobile Safari/537.36 (compatible; Googlebot/2.1; +http://www.google.com/bot.html)"
66.249.77.99 - - [27/Aug/2026:02:06:40 +0330] "GET /?u=1993483803703 HTTP/1.1" 200 34408 "-" "Mozilla/5.0 (Linux; Android 6.0.1; Nexus 5X Build/MMB29P) AppleWebKit/537.36 (KHTML, like Gecko) Chrome/152.0.7977.64 Mobile Safari/537.36 (compatible; Googlebot/2.1; +http://www.google.com/bot.html)"
66.249.77.99 - - [27/Aug/2026:02:06:41 +0330] "GET /?u=97755290761603 HTTP/1.1" 200 33376 "-" "Mozilla/5.0 (Linux; Android 6.0.1; Nexus 5X Build/MMB29P) AppleWebKit/537.36 (KHTML, like Gecko) Chrome/152.0.7977.64 Mobile Safari/537.36 (compatible; Googlebot/2.1; +http://www.google.com/bot.html)"
66.249.77.99 - - [27/Aug/2026:02:06:42 +0330] "GET /?u=0636550933204 HTTP/1.1" 200 33465 "-" "Mozilla/5.0 (Linux; Android 6.0.1; Nexus 5X Build/MMB29P) AppleWebKit/537.36 (KHTML, like Gecko) Chrome/152.0.7977.64 Mobile Safari/537.36 (compatible; Googlebot/2.1; +http://www.google.com/bot.html)"
66.249.77.99 - - [27/Aug/2026:02:06:43 +0330] "GET /?u=12116106201700 HTTP/1.1" 200 33439 "-" "Mozilla/5.0 (Linux; Android 6.0.1; Nexus 5X Build/MMB29P) AppleWebKit/537.36 (KHTML, like Gecko) Chrome/152.0.7977.64 Mobile Safari/537.36 (compatible; Googlebot/2.1; +http://www.google.com/bot.html)"
66.249.77.99 - - [27/Aug/2026:02:06:43 +0330] "GET /?u=8793995975804 HTTP/1.1" 200 32799 "-" "Mozilla/5.0 (Linux; Android 6.0.1; Nexus 5X Build/MMB29P) AppleWebKit/537.36 (KHTML, like Gecko) Chrome/152.0.7977.64 Mobile Safari/537.36 (compatible; Googlebot/2.1; +http://www.google.com/bot.html)"
66.249.77.99 - - [27/Aug/2026:02:06:45 +0330] "GET /?u=70216200899600 HTTP/1.1" 200 33721 "-" "Mozilla/5.0 (Linux; Android 6.0.1; Nexus 5X Build/MMB29P) AppleWebKit/537.36 (KHTML, like Gecko) Chrome/152.0.7977.64 Mobile Safari/537.36 (compatible; Googlebot/2.1; +http://www.google.com/bot.html)"
202.226.39.161 - - [27/Aug/2026:02:07:03 +0330] "POST /xmlrpc.php HTTP/1.1" 301 169 "-" "Mozilla/5.0 (Windows NT 10.0; Win64; x64; rv:140.0) Gecko/20100101 Firefox/140.0"
127.0.0.1 - - [27/Aug/2026:02:07:04 +0330] "GET /api/v1/article-old-show/xmlrpc HTTP/1.1" 404 170 "-" "node"
127.0.0.1 - - [27/Aug/2026:02:07:05 +0330] "GET /api/v1/categories-amazon HTTP/1.1" 200 34230 "-" "node"
202.226.39.161 - - [27/Aug/2026:02:07:06 +0330] "GET /xmlrpc.php HTTP/1.1" 200 288488 "http://charsooq.com/xmlrpc.php" "Mozilla/5.0 (Windows NT 10.0; Win64; x64; rv:140.0) Gecko/20100101 Firefox/140.0"
202.226.39.161 - - [27/Aug/2026:02:07:07 +0330] "POST /xmlrpc.php HTTP/1.1" 301 169 "-" "Mozilla/5.0 (X11; Linux x86_64) AppleWebKit/537.36 (KHTML, like Gecko) Chrome/138.0.0.0 Safari/537.36"
127.0.0.1 - - [27/Aug/2026:02:07:08 +0330] "GET /api/v1/article-old-show/xmlrpc HTTP/1.1" 404 170 "-" "node"
127.0.0.1 - - [27/Aug/2026:02:07:08 +0330] "GET /api/v1/categories-amazon HTTP/1.1" 200 34230 "-" "node"
202.226.39.161 - - [27/Aug/2026:02:07:09 +0330] "GET / HTTP/1.1" 301 169 "-" "Mozilla/5.0 (Windows NT 10.0; Win64; x64; rv:140.0) Gecko/20100101 Firefox/140.0"
202.226.39.161 - - [27/Aug/2026:02:07:09 +0330] "GET /xmlrpc.php HTTP/1.1" 200 163285 "http://charsooq.com/xmlrpc.php" "Mozilla/5.0 (X11; Linux x86_64) AppleWebKit/537.36 (KHTML, like Gecko) Chrome/138.0.0.0 Safari/537.36"
127.0.0.1 - - [27/Aug/2026:02:07:10 +0330] "GET /api/v2/sliders HTTP/1.1" 200 7479 "-" "node"
127.0.0.1 - - [27/Aug/2026:02:07:11 +0330] "GET /api/v1/categories-amazon HTTP/1.1" 200 34230 "-" "node"
127.0.0.1 - - [27/Aug/2026:02:07:12 +0330] "GET /api/v2/page-data HTTP/1.1" 200 36854 "-" "node"
202.226.39.161 - - [27/Aug/2026:02:07:12 +0330] "GET / HTTP/1.1" 200 338319 "http://charsooq.com/" "Mozilla/5.0 (Windows NT 10.0; Win64; x64; rv:140.0) Gecko/20100101 Firefox/140.0"
202.226.39.161 - - [27/Aug/2026:02:07:12 +0330] "POST /blog/xmlrpc.php HTTP/1.1" 301 169 "-" "Mozilla/5.0 (Windows NT 10.0; Win64; x64) AppleWebKit/537.36 (KHTML, like Gecko) Chrome/138.0.0.0 Safari/537.36"
127.0.0.1 - - [27/Aug/2026:02:07:14 +0330] "GET /api/v1/categories-amazon HTTP/1.1" 200 34199 "-" "node"
202.226.39.161 - - [27/Aug/2026:02:07:15 +0330] "POST /wp/xmlrpc.php HTTP/1.1" 301 169 "-" "Mozilla/5.0 (Macintosh; Intel Mac OS X 10_15_7) AppleWebKit/605.1.15 (KHTML, like Gecko) Version/17.5 Safari/605.1.15"
202.226.39.161 - - [27/Aug/2026:02:07:15 +0330] "GET /blog/xmlrpc.php HTTP/1.1" 404 229601 "http://charsooq.com/blog/xmlrpc.php" "Mozilla/5.0 (Windows NT 10.0; Win64; x64) AppleWebKit/537.36 (KHTML, like Gecko) Chrome/138.0.0.0 Safari/537.36"
66.249.77.99 - - [27/Aug/2026:02:07:17 +0330] "GET /?u=72213142955804 HTTP/1.1" 200 32490 "-" "Mozilla/5.0 (Linux; Android 6.0.1; Nexus 5X Build/MMB29P) AppleWebKit/537.36 (KHTML, like Gecko) Chrome/151.0.7922.173 Mobile Safari/537.36 (compatible; Googlebot/2.1; +http://www.google.com/bot.html)"
127.0.0.1 - - [27/Aug/2026:02:07:17 +0330] "GET /api/v1/categories-amazon HTTP/1.1" 200 34230 "-" "node"
202.226.39.161 - - [27/Aug/2026:02:07:17 +0330] "GET /wp/xmlrpc.php HTTP/1.1" 404 229599 "http://charsooq.com/wp/xmlrpc.php" "Mozilla/5.0 (Macintosh; Intel Mac OS X 10_15_7) AppleWebKit/605.1.15 (KHTML, like Gecko) Version/17.5 Safari/605.1.15"
202.226.39.161 - - [27/Aug/2026:02:07:17 +0330] "POST /wordpress/xmlrpc.php HTTP/1.1" 301 169 "-" "Mozilla/5.0 (Windows NT 10.0; Win64; x64) AppleWebKit/537.36 (KHTML, like Gecko) Chrome/138.0.0.0 Safari/537.36"
127.0.0.1 - - [27/Aug/2026:02:07:19 +0330] "GET /api/v1/categories-amazon HTTP/1.1" 200 34199 "-" "node"
202.226.39.161 - - [27/Aug/2026:02:07:20 +0330] "GET /wordpress/xmlrpc.php HTTP/1.1" 404 229606 "http://charsooq.com/wordpress/xmlrpc.php" "Mozilla/5.0 (Windows NT 10.0; Win64; x64) AppleWebKit/537.36 (KHTML, like Gecko) Chrome/138.0.0.0 Safari/537.36"
202.226.39.161 - - [27/Aug/2026:02:07:20 +0330] "POST /site/xmlrpc.php HTTP/1.1" 301 169 "-" "Mozilla/5.0 (Macintosh; Intel Mac OS X 10_15_7) AppleWebKit/605.1.15 (KHTML, like Gecko) Version/17.5 Safari/605.1.15"
127.0.0.1 - - [27/Aug/2026:02:07:22 +0330] "GET /api/v1/categories-amazon HTTP/1.1" 200 34230 "-" "node"
202.226.39.161 - - [27/Aug/2026:02:07:22 +0330] "POST /news/xmlrpc.php HTTP/1.1" 301 169 "-" "Mozilla/5.0 (Windows NT 10.0; Win64; x64) AppleWebKit/537.36 (KHTML, like Gecko) Chrome/138.0.0.0 Safari/537.36"
202.226.39.161 - - [27/Aug/2026:02:07:22 +0330] "GET /site/xmlrpc.php HTTP/1.1" 404 229601 "http://charsooq.com/site/xmlrpc.php" "Mozilla/5.0 (Macintosh; Intel Mac OS X 10_15_7) AppleWebKit/605.1.15 (KHTML, like Gecko) Version/17.5 Safari/605.1.15"
127.0.0.1 - - [27/Aug/2026:02:07:24 +0330] "GET /api/v1/categories-amazon HTTP/1.1" 200 34199 "-" "node"
202.226.39.161 - - [27/Aug/2026:02:07:25 +0330] "POST /web/xmlrpc.php HTTP/1.1" 301 169 "-" "Mozilla/5.0 (Windows NT 10.0; Win64; x64) AppleWebKit/537.36 (KHTML, like Gecko) Chrome/138.0.0.0 Safari/537.36 Edg/138.0.0.0"
202.226.39.161 - - [27/Aug/2026:02:07:25 +0330] "GET /news/xmlrpc.php HTTP/1.1" 404 196046 "http://charsooq.com/news/xmlrpc.php" "Mozilla/5.0 (Windows NT 10.0; Win64; x64) AppleWebKit/537.36 (KHTML, like Gecko) Chrome/138.0.0.0 Safari/537.36"
127.0.0.1 - - [27/Aug/2026:02:07:26 +0330] "GET /api/v1/categories-amazon HTTP/1.1" 200 34230 "-" "node"
202.226.39.161 - - [27/Aug/2026:02:07:27 +0330] "GET /web/xmlrpc.php HTTP/1.1" 404 229600 "http://charsooq.com/web/xmlrpc.php" "Mozilla/5.0 (Windows NT 10.0; Win64; x64) AppleWebKit/537.36 (KHTML, like Gecko) Chrome/138.0.0.0 Safari/537.36 Edg/138.0.0.0"
202.226.39.161 - - [27/Aug/2026:02:07:27 +0330] "POST /main/xmlrpc.php HTTP/1.1" 301 169 "-" "Mozilla/5.0 (X11; Linux x86_64) AppleWebKit/537.36 (KHTML, like Gecko) Chrome/138.0.0.0 Safari/537.36"
127.0.0.1 - - [27/Aug/2026:02:07:29 +0330] "GET /api/v1/categories-amazon HTTP/1.1" 200 34230 "-" "node"
202.226.39.161 - - [27/Aug/2026:02:07:30 +0330] "GET /main/xmlrpc.php HTTP/1.1" 404 229601 "http://charsooq.com/main/xmlrpc.php" "Mozilla/5.0 (X11; Linux x86_64) AppleWebKit/537.36 (KHTML, like Gecko) Chrome/138.0.0.0 Safari/537.36"
202.226.39.161 - - [27/Aug/2026:02:07:30 +0330] "POST /cms/xmlrpc.php HTTP/1.1" 301 169 "-" "Mozilla/5.0 (Windows NT 10.0; Win64; x64; rv:140.0) Gecko/20100101 Firefox/140.0"
127.0.0.1 - - [27/Aug/2026:02:07:32 +0330] "GET /api/v1/categories-amazon HTTP/1.1" 200 34230 "-" "node"
202.226.39.161 - - [27/Aug/2026:02:07:32 +0330] "POST /wp-site/xmlrpc.php HTTP/1.1" 301 169 "-" "Mozilla/5.0 (Windows NT 10.0; Win64; x64) AppleWebKit/537.36 (KHTML, like Gecko) Chrome/138.0.0.0 Safari/537.36"
202.226.39.161 - - [27/Aug/2026:02:07:32 +0330] "GET /cms/xmlrpc.php HTTP/1.1" 404 163278 "http://charsooq.com/cms/xmlrpc.php" "Mozilla/5.0 (Windows NT 10.0; Win64; x64; rv:140.0) Gecko/20100101 Firefox/140.0"
127.0.0.1 - - [27/Aug/2026:02:07:34 +0330] "GET /api/v1/categories-amazon HTTP/1.1" 200 34199 "-" "node"
127.0.0.1 - - [27/Aug/2026:02:07:34 +0330] "GET /api/v1/categories-amazon HTTP/1.1" 200 34230 "-" "node"
172.16.20.25 - - [27/Aug/2026:02:07:34 +0330] "GET / HTTP/1.1" 200 338478 "-" "Mozilla/5.0 (compatible; PRTG Network Monitor (www.paessler.com); Windows)"
202.226.39.161 - - [27/Aug/2026:02:07:35 +0330] "POST /wpsite/xmlrpc.php HTTP/1.1" 301 169 "-" "Mozilla/5.0 (Windows NT 10.0; Win64; x64; rv:140.0) Gecko/20100101 Firefox/140.0"
202.226.39.161 - - [27/Aug/2026:02:07:35 +0330] "GET /wp-site/xmlrpc.php HTTP/1.1" 404 163278 "http://charsooq.com/wp-site/xmlrpc.php" "Mozilla/5.0 (Windows NT 10.0; Win64; x64) AppleWebKit/537.36 (KHTML, like Gecko) Chrome/138.0.0.0 Safari/537.36"
127.0.0.1 - - [27/Aug/2026:02:07:37 +0330] "GET /api/v1/categories-amazon HTTP/1.1" 200 34230 "-" "node"
202.226.39.161 - - [27/Aug/2026:02:07:37 +0330] "POST /old/xmlrpc.php HTTP/1.1" 301 169 "-" "Mozilla/5.0 (Windows NT 10.0; Win64; x64; rv:140.0) Gecko/20100101 Firefox/140.0"
202.226.39.161 - - [27/Aug/2026:02:07:37 +0330] "GET /wpsite/xmlrpc.php HTTP/1.1" 404 229603 "http://charsooq.com/wpsite/xmlrpc.php" "Mozilla/5.0 (Windows NT 10.0; Win64; x64; rv:140.0) Gecko/20100101 Firefox/140.0"
127.0.0.1 - - [27/Aug/2026:02:07:39 +0330] "GET /api/v1/categories-amazon HTTP/1.1" 200 34199 "-" "node"
202.226.39.161 - - [27/Aug/2026:02:07:40 +0330] "POST /new/xmlrpc.php HTTP/1.1" 301 169 "-" "Mozilla/5.0 (Windows NT 10.0; Win64; x64) AppleWebKit/537.36 (KHTML, like Gecko) Chrome/138.0.0.0 Safari/537.36"
202.226.39.161 - - [27/Aug/2026:02:07:40 +0330] "GET /old/xmlrpc.php HTTP/1.1" 404 229600 "http://charsooq.com/old/xmlrpc.php" "Mozilla/5.0 (Windows NT 10.0; Win64; x64; rv:140.0) Gecko/20100101 Firefox/140.0"
66.249.77.99 - - [27/Aug/2026:02:07:41 +0330] "GET /?u=0677271443006 HTTP/1.1" 200 33056 "-" "Mozilla/5.0 (Linux; Android 6.0.1; Nexus 5X Build/MMB29P) AppleWebKit/537.36 (KHTML, like Gecko) Chrome/151.0.7922.173 Mobile Safari/537.36 (compatible; Googlebot/2.1; +http://www.google.com/bot.html)"
127.0.0.1 - - [27/Aug/2026:02:07:42 +0330] "GET /api/v1/categories-amazon HTTP/1.1" 200 34230 "-" "node"
202.226.39.161 - - [27/Aug/2026:02:07:42 +0330] "GET /wp-admin/ HTTP/1.1" 301 169 "-" "Mozilla/5.0 (Windows NT 10.0; Win64; x64) AppleWebKit/537.36 (KHTML, like Gecko) Chrome/138.0.0.0 Safari/537.36"
202.226.39.161 - - [27/Aug/2026:02:07:42 +0330] "GET /new/xmlrpc.php HTTP/1.1" 404 229600 "http://charsooq.com/new/xmlrpc.php" "Mozilla/5.0 (Windows NT 10.0; Win64; x64) AppleWebKit/537.36 (KHTML, like Gecko) Chrome/138.0.0.0 Safari/537.36"
202.226.39.161 - - [27/Aug/2026:02:07:43 +0330] "GET /wp-admin/ HTTP/1.1" 308 19 "http://charsooq.com/wp-admin/" "Mozilla/5.0 (Windows NT 10.0; Win64; x64) AppleWebKit/537.36 (KHTML, like Gecko) Chrome/138.0.0.0 Safari/537.36"
127.0.0.1 - - [27/Aug/2026:02:07:44 +0330] "GET /api/v1/article-old-show/wp-admin HTTP/1.1" 404 170 "-" "node"
127.0.0.1 - - [27/Aug/2026:02:07:44 +0330] "GET /api/v1/categories-amazon HTTP/1.1" 200 34199 "-" "node"
202.226.39.161 - - [27/Aug/2026:02:07:45 +0330] "GET /wp-admin HTTP/1.1" 200 163285 "https://charsooq.com/wp-admin/" "Mozilla/5.0 (Windows NT 10.0; Win64; x64) AppleWebKit/537.36 (KHTML, like Gecko) Chrome/138.0.0.0 Safari/537.36"
127.0.0.1 - - [27/Aug/2026:02:07:46 +0330] "GET /api/v1/article-old-show/xmlrpc HTTP/1.1" 404 170 "-" "node"
127.0.0.1 - - [27/Aug/2026:02:07:46 +0330] "GET /api/v1/categories-amazon HTTP/1.1" 200 34199 "-" "node"
202.226.39.161 - - [27/Aug/2026:02:07:47 +0330] "GET /wp-login.php HTTP/1.1" 301 169 "-" "Mozilla/5.0 (Macintosh; Intel Mac OS X 10_15_7) AppleWebKit/605.1.15 (KHTML, like Gecko) Version/17.5 Safari/605.1.15"
202.226.39.161 - - [27/Aug/2026:02:07:47 +0330] "POST /xmlrpc.php HTTP/1.1" 200 163285 "-" "Mozilla/5.0 (X11; Linux x86_64) AppleWebKit/537.36 (KHTML, like Gecko) Chrome/138.0.0.0 Safari/537.36"
127.0.0.1 - - [27/Aug/2026:02:07:48 +0330] "GET /api/v1/article-old-show/wp-login HTTP/1.1" 404 170 "-" "node"
127.0.0.1 - - [27/Aug/2026:02:07:49 +0330] "GET /api/v1/categories-amazon HTTP/1.1" 200 34199 "-" "node"
202.226.39.161 - - [27/Aug/2026:02:07:50 +0330] "GET /wp-login.php HTTP/1.1" 200 163285 "http://charsooq.com/wp-login.php" "Mozilla/5.0 (Macintosh; Intel Mac OS X 10_15_7) AppleWebKit/605.1.15 (KHTML, like Gecko) Version/17.5 Safari/605.1.15"
40.77.167.73 - - [27/Aug/2026:02:08:00 +0330] "GET /?u=89927223231400 HTTP/2.0" 200 43066 "-" "Mozilla/5.0 AppleWebKit/537.36 (KHTML, like Gecko; compatible; bingbot/2.0; +http://www.bing.com/bingbot.htm) Chrome/116.0.1938.76 Safari/537.36"
66.249.77.99 - - [27/Aug/2026:02:08:07 +0330] "GET /?u=8296226799603 HTTP/1.1" 200 35630 "-" "Mozilla/5.0 (Linux; Android 6.0.1; Nexus 5X Build/MMB29P) AppleWebKit/537.36 (KHTML, like Gecko) Chrome/151.0.7922.173 Mobile Safari/537.36 (compatible; Googlebot/2.1; +http://www.google.com/bot.html)"
66.249.77.100 - - [27/Aug/2026:02:08:17 +0330] "GET /?u=1881732887801 HTTP/1.1" 200 33414 "-" "Mozilla/5.0 (Linux; Android 6.0.1; Nexus 5X Build/MMB29P) AppleWebKit/537.36 (KHTML, like Gecko) Chrome/151.0.7922.173 Mobile Safari/537.36 (compatible; Googlebot/2.1; +http://www.google.com/bot.html)"
127.0.0.1 - - [27/Aug/2026:02:08:34 +0330] "GET /api/v2/sliders HTTP/1.1" 200 7479 "-" "node"
127.0.0.1 - - [27/Aug/2026:02:08:35 +0330] "GET /api/v1/categories-amazon HTTP/1.1" 200 34230 "-" "node"
127.0.0.1 - - [27/Aug/2026:02:08:36 +0330] "GET /api/v2/page-data HTTP/1.1" 200 36854 "-" "node"
172.16.20.25 - - [27/Aug/2026:02:08:36 +0330] "GET / HTTP/1.1" 200 338509 "-" "Mozilla/5.0 (compatible; PRTG Network Monitor (www.paessler.com); Windows)"
66.249.77.99 - - [27/Aug/2026:02:08:48 +0330] "GET /?u=27112176698311 HTTP/1.1" 200 33038 "-" "Mozilla/5.0 (Linux; Android 6.0.1; Nexus 5X Build/MMB29P) AppleWebKit/537.36 (KHTML, like Gecko) Chrome/151.0.7922.173 Mobile Safari/537.36 (compatible; Googlebot/2.1; +http://www.google.com/bot.html)"
66.249.77.99 - - [27/Aug/2026:02:08:50 +0330] "GET /?u=8288245968309 HTTP/1.1" 200 33441 "-" "Mozilla/5.0 (Linux; Android 6.0.1; Nexus 5X Build/MMB29P) AppleWebKit/537.36 (KHTML, like Gecko) Chrome/151.0.7922.173 Mobile Safari/537.36 (compatible; Googlebot/2.1; +http://www.google.com/bot.html)"
66.249.77.99 - - [27/Aug/2026:02:08:51 +0330] "GET /?u=07673110409600 HTTP/1.1" 200 35177 "-" "Mozilla/5.0 (Linux; Android 6.0.1; Nexus 5X Build/MMB29P) AppleWebKit/537.36 (KHTML, like Gecko) Chrome/151.0.7922.173 Mobile Safari/537.36 (compatible; Googlebot/2.1; +http://www.google.com/bot.html)"
45.154.98.101 - - [27/Aug/2026:02:09:00 +0330] "GET / HTTP/1.1" 301 169 "-" "Mozilla/5.0 (Windows NT 10.0; Win64; x64) AppleWebKit/537.36 (KHTML, like Gecko) Chrome/78.0.3904.108 Safari/537.36"
45.154.98.101 - - [27/Aug/2026:02:09:00 +0330] "" 400 0 "-" "-"
45.154.98.101 - - [27/Aug/2026:02:09:01 +0330] "GET / HTTP/1.1" 302 387 "-" "Mozilla/5.0 (Windows NT 10.0; Win64; x64) AppleWebKit/537.36 (KHTML, like Gecko) Chrome/78.0.3904.108 Safari/537.36"
45.154.98.101 - - [27/Aug/2026:02:09:03 +0330] "GET /admin/wp-includes/wlwmanifest.xml HTTP/1.1" 404 6617 "-" "Mozilla/5.0 (Windows NT 10.0; Win64; x64) AppleWebKit/537.36 (KHTML, like Gecko) Chrome/78.0.3904.108 Safari/537.36"
45.154.98.101 - - [27/Aug/2026:02:09:03 +0330] "GET /admin/xmlrpc.php?rsd HTTP/1.1" 404 27 "-" "Mozilla/5.0 (Windows NT 10.0; Win64; x64) AppleWebKit/537.36 (KHTML, like Gecko) Chrome/78.0.3904.108 Safari/537.36"
45.154.98.101 - - [27/Aug/2026:02:09:05 +0330] "GET /admin HTTP/1.1" 302 411 "-" "Mozilla/5.0 (Windows NT 10.0; Win64; x64) AppleWebKit/537.36 (KHTML, like Gecko) Chrome/78.0.3904.108 Safari/537.36"
45.154.98.101 - - [27/Aug/2026:02:09:06 +0330] "GET /admin/blog/wp-includes/wlwmanifest.xml HTTP/1.1" 404 6617 "-" "Mozilla/5.0 (Windows NT 10.0; Win64; x64) AppleWebKit/537.36 (KHTML, like Gecko) Chrome/78.0.3904.108 Safari/537.36"
45.154.98.101 - - [27/Aug/2026:02:09:08 +0330] "GET /admin/web/wp-includes/wlwmanifest.xml HTTP/1.1" 404 6617 "-" "Mozilla/5.0 (Windows NT 10.0; Win64; x64) AppleWebKit/537.36 (KHTML, like Gecko) Chrome/78.0.3904.108 Safari/537.36"
45.154.98.101 - - [27/Aug/2026:02:09:09 +0330] "GET /admin/wordpress/wp-includes/wlwmanifest.xml HTTP/1.1" 404 6617 "-" "Mozilla/5.0 (Windows NT 10.0; Win64; x64) AppleWebKit/537.36 (KHTML, like Gecko) Chrome/78.0.3904.108 Safari/537.36"
45.154.98.101 - - [27/Aug/2026:02:09:11 +0330] "GET /admin/website/wp-includes/wlwmanifest.xml HTTP/1.1" 404 6617 "-" "Mozilla/5.0 (Windows NT 10.0; Win64; x64) AppleWebKit/537.36 (KHTML, like Gecko) Chrome/78.0.3904.108 Safari/537.36"
45.154.98.101 - - [27/Aug/2026:02:09:12 +0330] "GET /admin/wp/wp-includes/wlwmanifest.xml HTTP/1.1" 404 6617 "-" "Mozilla/5.0 (Windows NT 10.0; Win64; x64) AppleWebKit/537.36 (KHTML, like Gecko) Chrome/78.0.3904.108 Safari/537.36"
45.154.98.101 - - [27/Aug/2026:02:09:14 +0330] "GET /admin/news/wp-includes/wlwmanifest.xml HTTP/1.1" 404 6617 "-" "Mozilla/5.0 (Windows NT 10.0; Win64; x64) AppleWebKit/537.36 (KHTML, like Gecko) Chrome/78.0.3904.108 Safari/537.36"
127.0.0.1 - - [27/Aug/2026:02:09:15 +0330] "GET /api/v1/show-products-offers/Mi-PB3018ZM HTTP/1.1" 301 169 "-" "node"
127.0.0.1 - - [27/Aug/2026:02:09:15 +0330] "GET /api/v1/show-products-offers/Mi-PB3018ZM HTTP/1.1" 200 4633 "-" "node"
45.154.98.101 - - [27/Aug/2026:02:09:15 +0330] "GET /admin/2018/wp-includes/wlwmanifest.xml HTTP/1.1" 404 6617 "-" "Mozilla/5.0 (Windows NT 10.0; Win64; x64) AppleWebKit/537.36 (KHTML, like Gecko) Chrome/78.0.3904.108 Safari/537.36"
127.0.0.1 - - [27/Aug/2026:02:09:16 +0330] "GET /api/v1/categories-amazon HTTP/1.1" 200 34230 "-" "node"
116.179.32.235 - - [27/Aug/2026:02:09:17 +0330] "GET /products/Mi-PB3018ZM/%D9%BE%D8%A7%D9%88%D8%B1%D8%A8%D8%A7%D9%86%DA%A9-%D8%B4%DB%8C%D8%A7%D8%A6%D9%88%D9%85%DB%8C-%D9%85%D8%AF%D9%84-mi-pb3018zm-%D8%B8%D8%B1%D9%81%DB%8C%D8%AA-30000-%D9%85%DB%8C%D9%84%DB%8C-%D8%A2%D9%85%D9%BE%D8%B1-%D8%B3%D8%A7%D8%B9%D8%AA HTTP/2.0" 200 101505 "-" "Mozilla/5.0 (compatible; Baiduspider/2.0; +http://www.baidu.com/search/spider.html)"
45.154.98.101 - - [27/Aug/2026:02:09:17 +0330] "GET /admin/2019/wp-includes/wlwmanifest.xml HTTP/1.1" 404 6617 "-" "Mozilla/5.0 (Windows NT 10.0; Win64; x64) AppleWebKit/537.36 (KHTML, like Gecko) Chrome/78.0.3904.108 Safari/537.36"
45.154.98.101 - - [27/Aug/2026:02:09:18 +0330] "GET /admin/shop/wp-includes/wlwmanifest.xml HTTP/1.1" 404 6617 "-" "Mozilla/5.0 (Windows NT 10.0; Win64; x64) AppleWebKit/537.36 (KHTML, like Gecko) Chrome/78.0.3904.108 Safari/537.36"
45.154.98.101 - - [27/Aug/2026:02:09:20 +0330] "GET /admin/wp1/wp-includes/wlwmanifest.xml HTTP/1.1" 404 6617 "-" "Mozilla/5.0 (Windows NT 10.0; Win64; x64) AppleWebKit/537.36 (KHTML, like Gecko) Chrome/78.0.3904.108 Safari/537.36"
116.179.37.73 - - [27/Aug/2026:02:09:21 +0330] "GET /_next/static/chunks/3462-b3fd13ed1d4f90e2.js HTTP/1.1" 200 1850 "https://charsooq.com/products/Mi-PB3018ZM/%D9%BE%D8%A7%D9%88%D8%B1%D8%A8%D8%A7%D9%86%DA%A9-%D8%B4%DB%8C%D8%A7%D8%A6%D9%88%D9%85%DB%8C-%D9%85%D8%AF%D9%84-mi-pb3018zm-%D8%B8%D8%B1%D9%81%DB%8C%D8%AA-30000-%D9%85%DB%8C%D9%84%DB%8C-%D8%A2%D9%85%D9%BE%D8%B1-%D8%B3%D8%A7%D8%B9%D8%AA" "Mozilla/5.0 (compatible; Baiduspider-render/2.0; +http://www.baidu.com/search/spider.html)"
45.154.98.101 - - [27/Aug/2026:02:09:21 +0330] "GET /admin/test/wp-includes/wlwmanifest.xml HTTP/1.1" 404 6617 "-" "Mozilla/5.0 (Windows NT 10.0; Win64; x64) AppleWebKit/537.36 (KHTML, like Gecko) Chrome/78.0.3904.108 Safari/537.36"
45.154.98.101 - - [27/Aug/2026:02:09:23 +0330] "GET /admin/media/wp-includes/wlwmanifest.xml HTTP/1.1" 404 6617 "-" "Mozilla/5.0 (Windows NT 10.0; Win64; x64) AppleWebKit/537.36 (KHTML, like Gecko) Chrome/78.0.3904.108 Safari/537.36"
116.179.37.167 - - [27/Aug/2026:02:09:24 +0330] "GET /storage/01JZQFT7AKSEYRGKT16X6Q3381.webp HTTP/1.1" 200 7466 "https://charsooq.com/" "Mozilla/5.0 (compatible; Baiduspider-render/2.0; +http://www.baidu.com/search/spider.html)"
45.154.98.101 - - [27/Aug/2026:02:09:24 +0330] "GET /admin/wp2/wp-includes/wlwmanifest.xml HTTP/1.1" 404 6617 "-" "Mozilla/5.0 (Windows NT 10.0; Win64; x64) AppleWebKit/537.36 (KHTML, like Gecko) Chrome/78.0.3904.108 Safari/537.36"
45.154.98.101 - - [27/Aug/2026:02:09:26 +0330] "GET /admin/site/wp-includes/wlwmanifest.xml HTTP/1.1" 404 6617 "-" "Mozilla/5.0 (Windows NT 10.0; Win64; x64) AppleWebKit/537.36 (KHTML, like Gecko) Chrome/78.0.3904.108 Safari/537.36"
45.154.98.101 - - [27/Aug/2026:02:09:27 +0330] "GET /admin/cms/wp-includes/wlwmanifest.xml HTTP/1.1" 404 6617 "-" "Mozilla/5.0 (Windows NT 10.0; Win64; x64) AppleWebKit/537.36 (KHTML, like Gecko) Chrome/78.0.3904.108 Safari/537.36"
45.154.98.101 - - [27/Aug/2026:02:09:29 +0330] "GET /admin/sito/wp-includes/wlwmanifest.xml HTTP/1.1" 404 6617 "-" "Mozilla/5.0 (Windows NT 10.0; Win64; x64) AppleWebKit/537.36 (KHTML, like Gecko) Chrome/78.0.3904.108 Safari/537.36"
45.154.98.101 - - [27/Aug/2026:02:09:29 +0330] "" 400 0 "-" "-"
127.0.0.1 - - [27/Aug/2026:02:09:34 +0330] "GET /api/v1/categories-amazon HTTP/1.1" 200 34230 "-" "node"
172.16.20.25 - - [27/Aug/2026:02:09:34 +0330] "GET / HTTP/1.1" 200 338478 "-" "Mozilla/5.0 (compatible; PRTG Network Monitor (www.paessler.com); Windows)"
127.0.0.1 - - [27/Aug/2026:02:09:39 +0330] "GET /api/v2/article-show/iherb HTTP/1.1" 404 170 "-" "node"
127.0.0.1 - - [27/Aug/2026:02:09:40 +0330] "GET /api/v1/categories-amazon HTTP/1.1" 200 34199 "-" "node"
16.146.248.51 - - [27/Aug/2026:02:09:40 +0330] "GET /articles/iherb HTTP/2.0" 200 83499 "-" "Mozilla/5.0 (Linux; Android 16; SM-S931B) AppleWebKit/537.36 (KHTML, like Gecko) Chrome/151.0.7922.173 Mobile Safari/537.36"
16.146.248.51 - - [27/Aug/2026:02:09:40 +0330] "GET /_next/static/media/c7178acf770b8f1a-s.p.ttf HTTP/2.0" 200 35704 "https://charsooq.com/articles/iherb" "Mozilla/5.0 (Linux; Android 16; SM-S931B) AppleWebKit/537.36 (KHTML, like Gecko) Chrome/151.0.7922.173 Mobile Safari/537.36"
16.146.248.51 - - [27/Aug/2026:02:09:40 +0330] "GET /_next/image?url=%2Fassets%2Fimages%2Ficons%2Ftelegram-icon.png&w=128&q=75 HTTP/2.0" 200 5724 "https://charsooq.com/articles/iherb" "Mozilla/5.0 (Linux; Android 16; SM-S931B) AppleWebKit/537.36 (KHTML, like Gecko) Chrome/151.0.7922.173 Mobile Safari/537.36"
16.146.248.51 - - [27/Aug/2026:02:09:40 +0330] "GET /_next/static/css/302d83c05ad27d8b.css HTTP/2.0" 200 369 "https://charsooq.com/articles/iherb" "Mozilla/5.0 (Linux; Android 16; SM-S931B) AppleWebKit/537.36 (KHTML, like Gecko) Chrome/151.0.7922.173 Mobile Safari/537.36"
16.146.248.51 - - [27/Aug/2026:02:09:40 +0330] "GET /_next/static/css/2c9caab41af7e337.css HTTP/2.0" 200 3175 "https://charsooq.com/articles/iherb" "Mozilla/5.0 (Linux; Android 16; SM-S931B) AppleWebKit/537.36 (KHTML, like Gecko) Chrome/151.0.7922.173 Mobile Safari/537.36"
16.146.248.51 - - [27/Aug/2026:02:09:40 +0330] "GET /_next/static/css/91447b978d7716af.css HTTP/2.0" 200 20418 "https://charsooq.com/articles/iherb" "Mozilla/5.0 (Linux; Android 16; SM-S931B) AppleWebKit/537.36 (KHTML, like Gecko) Chrome/151.0.7922.173 Mobile Safari/537.36"
16.146.248.51 - - [27/Aug/2026:02:09:40 +0330] "GET /assets/images/icons/instagram1.png HTTP/2.0" 200 1556 "https://charsooq.com/articles/iherb" "Mozilla/5.0 (Linux; Android 16; SM-S931B) AppleWebKit/537.36 (KHTML, like Gecko) Chrome/151.0.7922.173 Mobile Safari/537.36"
16.146.248.51 - - [27/Aug/2026:02:09:40 +0330] "GET /_next/static/css/1fd47d1e4f3a64a0.css HTTP/2.0" 200 5002 "https://charsooq.com/articles/iherb" "Mozilla/5.0 (Linux; Android 16; SM-S931B) AppleWebKit/537.36 (KHTML, like Gecko) Chrome/151.0.7922.173 Mobile Safari/537.36"
16.146.248.51 - - [27/Aug/2026:02:09:40 +0330] "GET /assets/images/icons/whatsapp.png HTTP/2.0" 200 763 "https://charsooq.com/articles/iherb" "Mozilla/5.0 (Linux; Android 16; SM-S931B) AppleWebKit/537.36 (KHTML, like Gecko) Chrome/151.0.7922.173 Mobile Safari/537.36"
16.146.248.51 - - [27/Aug/2026:02:09:40 +0330] "GET /manifest.json HTTP/2.0" 200 334 "https://charsooq.com/articles/iherb" "Mozilla/5.0 (Linux; Android 16; SM-S931B) AppleWebKit/537.36 (KHTML, like Gecko) Chrome/151.0.7922.173 Mobile Safari/537.36"
16.146.248.51 - - [27/Aug/2026:02:09:40 +0330] "GET /_next/static/media/d36c74da9a95e091-s.p.ttf HTTP/2.0" 200 35196 "https://charsooq.com/articles/iherb" "Mozilla/5.0 (Linux; Android 16; SM-S931B) AppleWebKit/537.36 (KHTML, like Gecko) Chrome/151.0.7922.173 Mobile Safari/537.36"
16.146.248.51 - - [27/Aug/2026:02:09:41 +0330] "GET /assets/images/icons/telegram.png HTTP/2.0" 200 1179 "https://charsooq.com/articles/iherb" "Mozilla/5.0 (Linux; Android 16; SM-S931B) AppleWebKit/537.36 (KHTML, like Gecko) Chrome/151.0.7922.173 Mobile Safari/537.36"
16.146.248.51 - - [27/Aug/2026:02:09:41 +0330] "GET /_next/static/chunks/main-app-9964935a240c0d39.js HTTP/2.0" 200 471 "https://charsooq.com/articles/iherb" "Mozilla/5.0 (Linux; Android 16; SM-S931B) AppleWebKit/537.36 (KHTML, like Gecko) Chrome/151.0.7922.173 Mobile Safari/537.36"
16.146.248.51 - - [27/Aug/2026:02:09:41 +0330] "GET /_next/static/chunks/app/articles/%5Bslug%5D/not-found-a2aec68dc87351df.js HTTP/2.0" 200 284 "https://charsooq.com/articles/iherb" "Mozilla/5.0 (Linux; Android 16; SM-S931B) AppleWebKit/537.36 (KHTML, like Gecko) Chrome/151.0.7922.173 Mobile Safari/537.36"
16.146.248.51 - - [27/Aug/2026:02:09:41 +0330] "GET /_next/static/chunks/webpack-f27042854bafc0d3.js HTTP/2.0" 200 2127 "https://charsooq.com/articles/iherb" "Mozilla/5.0 (Linux; Android 16; SM-S931B) AppleWebKit/537.36 (KHTML, like Gecko) Chrome/151.0.7922.173 Mobile Safari/537.36"
16.146.248.51 - - [27/Aug/2026:02:09:41 +0330] "GET /_next/static/chunks/2972-d7980624b2014943.js HTTP/2.0" 200 8732 "https://charsooq.com/articles/iherb" "Mozilla/5.0 (Linux; Android 16; SM-S931B) AppleWebKit/537.36 (KHTML, like Gecko) Chrome/151.0.7922.173 Mobile Safari/537.36"
16.146.248.51 - - [27/Aug/2026:02:09:41 +0330] "GET /_next/static/chunks/1580-575957d688ae25ac.js HTTP/2.0" 200 12089 "https://charsooq.com/articles/iherb" "Mozilla/5.0 (Linux; Android 16; SM-S931B) AppleWebKit/537.36 (KHTML, like Gecko) Chrome/151.0.7922.173 Mobile Safari/537.36"
16.146.248.51 - - [27/Aug/2026:02:09:41 +0330] "GET /_next/static/chunks/4438-ac5ce0d4a5fd9e15.js HTTP/2.0" 200 8260 "https://charsooq.com/articles/iherb" "Mozilla/5.0 (Linux; Android 16; SM-S931B) AppleWebKit/537.36 (KHTML, like Gecko) Chrome/151.0.7922.173 Mobile Safari/537.36"
16.146.248.51 - - [27/Aug/2026:02:09:41 +0330] "GET /_next/static/chunks/6137-97a90ba21cd4a885.js HTTP/2.0" 200 6706 "https://charsooq.com/articles/iherb" "Mozilla/5.0 (Linux; Android 16; SM-S931B) AppleWebKit/537.36 (KHTML, like Gecko) Chrome/151.0.7922.173 Mobile Safari/537.36"
16.146.248.51 - - [27/Aug/2026:02:09:41 +0330] "GET /_next/static/chunks/3462-b3fd13ed1d4f90e2.js HTTP/2.0" 200 1833 "https://charsooq.com/articles/iherb" "Mozilla/5.0 (Linux; Android 16; SM-S931B) AppleWebKit/537.36 (KHTML, like Gecko) Chrome/151.0.7922.173 Mobile Safari/537.36"
16.146.248.51 - - [27/Aug/2026:02:09:41 +0330] "GET /_next/static/chunks/3013-a9939c72e4a38977.js HTTP/2.0" 200 6860 "https://charsooq.com/articles/iherb" "Mozilla/5.0 (Linux; Android 16; SM-S931B) AppleWebKit/537.36 (KHTML, like Gecko) Chrome/151.0.7922.173 Mobile Safari/537.36"
16.146.248.51 - - [27/Aug/2026:02:09:41 +0330] "GET /_next/static/chunks/5878-8c4517462d65e9a5.js HTTP/2.0" 200 5170 "https://charsooq.com/articles/iherb" "Mozilla/5.0 (Linux; Android 16; SM-S931B) AppleWebKit/537.36 (KHTML, like Gecko) Chrome/151.0.7922.173 Mobile Safari/537.36"
16.146.248.51 - - [27/Aug/2026:02:09:41 +0330] "GET /_next/static/chunks/6818-72710ec856a66515.js HTTP/2.0" 200 2700 "https://charsooq.com/articles/iherb" "Mozilla/5.0 (Linux; Android 16; SM-S931B) AppleWebKit/537.36 (KHTML, like Gecko) Chrome/151.0.7922.173 Mobile Safari/537.36"
16.146.248.51 - - [27/Aug/2026:02:09:41 +0330] "GET /_next/static/chunks/1493-5bf6477734a442f1.js HTTP/2.0" 200 3468 "https://charsooq.com/articles/iherb" "Mozilla/5.0 (Linux; Android 16; SM-S931B) AppleWebKit/537.36 (KHTML, like Gecko) Chrome/151.0.7922.173 Mobile Safari/537.36"
16.146.248.51 - - [27/Aug/2026:02:09:41 +0330] "GET /_next/static/chunks/8003-81602ee8b36ef204.js HTTP/2.0" 200 2418 "https://charsooq.com/articles/iherb" "Mozilla/5.0 (Linux; Android 16; SM-S931B) AppleWebKit/537.36 (KHTML, like Gecko) Chrome/151.0.7922.173 Mobile Safari/537.36"
16.146.248.51 - - [27/Aug/2026:02:09:41 +0330] "GET /_next/static/chunks/8230-1cded471f36e4c61.js HTTP/2.0" 200 5411 "https://charsooq.com/articles/iherb" "Mozilla/5.0 (Linux; Android 16; SM-S931B) AppleWebKit/537.36 (KHTML, like Gecko) Chrome/151.0.7922.173 Mobile Safari/537.36"
16.146.248.51 - - [27/Aug/2026:02:09:41 +0330] "GET /_next/static/chunks/9227-c2a8061d3143118a.js HTTP/2.0" 200 2320 "https://charsooq.com/articles/iherb" "Mozilla/5.0 (Linux; Android 16; SM-S931B) AppleWebKit/537.36 (KHTML, like Gecko) Chrome/151.0.7922.173 Mobile Safari/537.36"
16.146.248.51 - - [27/Aug/2026:02:09:41 +0330] "GET /_next/static/chunks/app/articles/%5Bslug%5D/page-eab29444fd759c7a.js HTTP/2.0" 200 6410 "https://charsooq.com/articles/iherb" "Mozilla/5.0 (Linux; Android 16; SM-S931B) AppleWebKit/537.36 (KHTML, like Gecko) Chrome/151.0.7922.173 Mobile Safari/537.36"
16.146.248.51 - - [27/Aug/2026:02:09:41 +0330] "GET /_next/static/chunks/9064-bc53da8ff6805f5a.js HTTP/2.0" 200 4703 "https://charsooq.com/articles/iherb" "Mozilla/5.0 (Linux; Android 16; SM-S931B) AppleWebKit/537.36 (KHTML, like Gecko) Chrome/151.0.7922.173 Mobile Safari/537.36"
16.146.248.51 - - [27/Aug/2026:02:09:41 +0330] "GET /_next/static/chunks/4216-78fe3424349836f6.js HTTP/2.0" 200 7011 "https://charsooq.com/articles/iherb" "Mozilla/5.0 (Linux; Android 16; SM-S931B) AppleWebKit/537.36 (KHTML, like Gecko) Chrome/151.0.7922.173 Mobile Safari/537.36"
16.146.248.51 - - [27/Aug/2026:02:09:41 +0330] "GET /_next/static/chunks/3134-367eb482f3be54c2.js HTTP/2.0" 200 2334 "https://charsooq.com/articles/iherb" "Mozilla/5.0 (Linux; Android 16; SM-S931B) AppleWebKit/537.36 (KHTML, like Gecko) Chrome/151.0.7922.173 Mobile Safari/537.36"
16.146.248.51 - - [27/Aug/2026:02:09:41 +0330] "GET /_next/static/chunks/9470-129db663fb54ce77.js HTTP/2.0" 200 3092 "https://charsooq.com/articles/iherb" "Mozilla/5.0 (Linux; Android 16; SM-S931B) AppleWebKit/537.36 (KHTML, like Gecko) Chrome/151.0.7922.173 Mobile Safari/537.36"
16.146.248.51 - - [27/Aug/2026:02:09:41 +0330] "GET /_next/static/chunks/8472-05374d6b6d91921f.js HTTP/2.0" 200 9473 "https://charsooq.com/articles/iherb" "Mozilla/5.0 (Linux; Android 16; SM-S931B) AppleWebKit/537.36 (KHTML, like Gecko) Chrome/151.0.7922.173 Mobile Safari/537.36"
16.146.248.51 - - [27/Aug/2026:02:09:41 +0330] "GET /_next/static/chunks/fd9d1056-9ff99acbd7fb9fe8.js HTTP/2.0" 200 53744 "https://charsooq.com/articles/iherb" "Mozilla/5.0 (Linux; Android 16; SM-S931B) AppleWebKit/537.36 (KHTML, like Gecko) Chrome/151.0.7922.173 Mobile Safari/537.36"
16.146.248.51 - - [27/Aug/2026:02:09:41 +0330] "GET /_next/static/chunks/2117-828e02dc1643a950.js HTTP/2.0" 200 32001 "https://charsooq.com/articles/iherb" "Mozilla/5.0 (Linux; Android 16; SM-S931B) AppleWebKit/537.36 (KHTML, like Gecko) Chrome/151.0.7922.173 Mobile Safari/537.36"
16.146.248.51 - - [27/Aug/2026:02:09:41 +0330] "GET /_next/static/chunks/873-fa2a34145b7f655b.js HTTP/2.0" 200 64908 "https://charsooq.com/articles/iherb" "Mozilla/5.0 (Linux; Android 16; SM-S931B) AppleWebKit/537.36 (KHTML, like Gecko) Chrome/151.0.7922.173 Mobile Safari/537.36"
16.146.248.51 - - [27/Aug/2026:02:09:41 +0330] "GET /_next/static/chunks/84-b6c070b37c66d77f.js HTTP/2.0" 200 2597 "https://charsooq.com/articles/iherb" "Mozilla/5.0 (Linux; Android 16; SM-S931B) AppleWebKit/537.36 (KHTML, like Gecko) Chrome/151.0.7922.173 Mobile Safari/537.36"
16.146.248.51 - - [27/Aug/2026:02:09:41 +0330] "GET /_next/static/chunks/app/layout-cb550aa8118c7c2c.js HTTP/2.0" 200 11535 "https://charsooq.com/articles/iherb" "Mozilla/5.0 (Linux; Android 16; SM-S931B) AppleWebKit/537.36 (KHTML, like Gecko) Chrome/151.0.7922.173 Mobile Safari/537.36"
16.146.248.51 - - [27/Aug/2026:02:09:41 +0330] "GET /_next/static/chunks/app/error-094d5bcef522249f.js HTTP/2.0" 200 673 "https://charsooq.com/articles/iherb" "Mozilla/5.0 (Linux; Android 16; SM-S931B) AppleWebKit/537.36 (KHTML, like Gecko) Chrome/151.0.7922.173 Mobile Safari/537.36"
16.146.248.51 - - [27/Aug/2026:02:09:41 +0330] "GET /_next/image?url=%2Fassets%2Fimages%2Ficons%2Fenamad-icon.png&w=256&q=75 HTTP/2.0" 200 2578 "https://charsooq.com/" "Mozilla/5.0 (Linux; Android 16; SM-S931B) AppleWebKit/537.36 (KHTML, like Gecko) Chrome/151.0.7922.173 Mobile Safari/537.36"
16.146.248.51 - - [27/Aug/2026:02:09:42 +0330] "GET /32px.png HTTP/2.0" 200 11202 "https://charsooq.com/articles/iherb" "Mozilla/5.0 (Linux; Android 16; SM-S931B) AppleWebKit/537.36 (KHTML, like Gecko) Chrome/151.0.7922.173 Mobile Safari/537.36"
16.146.248.51 - - [27/Aug/2026:02:09:42 +0330] "GET /16px.png HTTP/2.0" 200 9783 "https://charsooq.com/articles/iherb" "Mozilla/5.0 (Linux; Android 16; SM-S931B) AppleWebKit/537.36 (KHTML, like Gecko) Chrome/151.0.7922.173 Mobile Safari/537.36"
16.146.248.51 - - [27/Aug/2026:02:09:42 +0330] "GET /_next/static/chunks/1495.b45bb862bd3e18ec.js HTTP/2.0" 200 779 "https://charsooq.com/articles/iherb" "Mozilla/5.0 (Linux; Android 16; SM-S931B) AppleWebKit/537.36 (KHTML, like Gecko) Chrome/151.0.7922.173 Mobile Safari/537.36"
16.146.248.51 - - [27/Aug/2026:02:09:42 +0330] "GET /_next/static/chunks/4922.b90b86ef20984235.js HTTP/2.0" 200 425 "https://charsooq.com/articles/iherb" "Mozilla/5.0 (Linux; Android 16; SM-S931B) AppleWebKit/537.36 (KHTML, like Gecko) Chrome/151.0.7922.173 Mobile Safari/537.36"
16.146.248.51 - - [27/Aug/2026:02:09:42 +0330] "GET /_next/static/chunks/415.9bf722adfc74e289.js HTTP/2.0" 200 8742 "https://charsooq.com/articles/iherb" "Mozilla/5.0 (Linux; Android 16; SM-S931B) AppleWebKit/537.36 (KHTML, like Gecko) Chrome/151.0.7922.173 Mobile Safari/537.36"
16.146.248.51 - - [27/Aug/2026:02:09:42 +0330] "GET /assets/images/home/faq-bg3.png HTTP/2.0" 200 308234 "https://charsooq.com/articles/iherb" "Mozilla/5.0 (Linux; Android 16; SM-S931B) AppleWebKit/537.36 (KHTML, like Gecko) Chrome/151.0.7922.173 Mobile Safari/537.36"
16.146.248.51 - - [27/Aug/2026:02:09:42 +0330] "GET /assets/images/icons/error-404-text.svg HTTP/2.0" 200 1593 "https://charsooq.com/articles/iherb" "Mozilla/5.0 (Linux; Android 16; SM-S931B) AppleWebKit/537.36 (KHTML, like Gecko) Chrome/151.0.7922.173 Mobile Safari/537.36"
16.146.248.51 - - [27/Aug/2026:02:09:42 +0330] "GET /assets/images/icons/error-404.svg HTTP/2.0" 200 1835 "https://charsooq.com/articles/iherb" "Mozilla/5.0 (Linux; Android 16; SM-S931B) AppleWebKit/537.36 (KHTML, like Gecko) Chrome/151.0.7922.173 Mobile Safari/537.36"
16.146.248.51 - - [27/Aug/2026:02:09:42 +0330] "GET /assets/images/home/faq-bg2.png HTTP/2.0" 200 196687 "https://charsooq.com/articles/iherb" "Mozilla/5.0 (Linux; Android 16; SM-S931B) AppleWebKit/537.36 (KHTML, like Gecko) Chrome/151.0.7922.173 Mobile Safari/537.36"
16.146.248.51 - - [27/Aug/2026:02:09:42 +0330] "GET /?_rsc=1nzhy HTTP/2.0" 200 13566 "https://charsooq.com/articles/iherb" "Mozilla/5.0 (Linux; Android 16; SM-S931B) AppleWebKit/537.36 (KHTML, like Gecko) Chrome/151.0.7922.173 Mobile Safari/537.36"
127.0.0.1 - - [27/Aug/2026:02:09:42 +0330] "GET /api/v2/sliders HTTP/1.1" 200 7479 "-" "node"
16.146.248.51 - - [27/Aug/2026:02:09:42 +0330] "GET /checkout?_rsc=1nzhy HTTP/2.0" 200 1690 "https://charsooq.com/articles/iherb" "Mozilla/5.0 (Linux; Android 16; SM-S931B) AppleWebKit/537.36 (KHTML, like Gecko) Chrome/151.0.7922.173 Mobile Safari/537.36"
16.146.248.51 - - [27/Aug/2026:02:09:42 +0330] "GET /calculator?_rsc=1nzhy HTTP/2.0" 200 1408 "https://charsooq.com/articles/iherb" "Mozilla/5.0 (Linux; Android 16; SM-S931B) AppleWebKit/537.36 (KHTML, like Gecko) Chrome/151.0.7922.173 Mobile Safari/537.36"
16.146.248.51 - - [27/Aug/2026:02:09:42 +0330] "GET /about-us?_rsc=1nzhy HTTP/2.0" 200 1364 "https://charsooq.com/articles/iherb" "Mozilla/5.0 (Linux; Android 16; SM-S931B) AppleWebKit/537.36 (KHTML, like Gecko) Chrome/151.0.7922.173 Mobile Safari/537.36"
16.146.248.51 - - [27/Aug/2026:02:09:42 +0330] "GET /help?_rsc=1nzhy HTTP/2.0" 200 1528 "https://charsooq.com/articles/iherb" "Mozilla/5.0 (Linux; Android 16; SM-S931B) AppleWebKit/537.36 (KHTML, like Gecko) Chrome/151.0.7922.173 Mobile Safari/537.36"
16.146.248.51 - - [27/Aug/2026:02:09:43 +0330] "GET /favicon.ico HTTP/2.0" 200 3035 "https://charsooq.com/articles/iherb" "Mozilla/5.0 (Linux; Android 16; SM-S931B) AppleWebKit/537.36 (KHTML, like Gecko) Chrome/151.0.7922.173 Mobile Safari/537.36"
127.0.0.1 - - [27/Aug/2026:02:09:44 +0330] "GET /api/v1/article-most-view?count=3 HTTP/1.1" 301 169 "-" "node"
127.0.0.1 - - [27/Aug/2026:02:09:44 +0330] "GET /api/v1/article-future?count=4 HTTP/1.1" 301 169 "-" "node"
127.0.0.1 - - [27/Aug/2026:02:09:44 +0330] "GET /api/v1/articles?count=8&page=1 HTTP/1.1" 301 169 "-" "node"
16.146.248.51 - - [27/Aug/2026:02:09:44 +0330] "GET /faq?_rsc=1nzhy HTTP/2.0" 200 1359 "https://charsooq.com/articles/iherb" "Mozilla/5.0 (Linux; Android 16; SM-S931B) AppleWebKit/537.36 (KHTML, like Gecko) Chrome/151.0.7922.173 Mobile Safari/537.36"
16.146.248.51 - - [27/Aug/2026:02:09:44 +0330] "GET /ghavanincharsooq?_rsc=1nzhy HTTP/2.0" 200 1371 "https://charsooq.com/articles/iherb" "Mozilla/5.0 (Linux; Android 16; SM-S931B) AppleWebKit/537.36 (KHTML, like Gecko) Chrome/151.0.7922.173 Mobile Safari/537.36"
16.146.248.51 - - [27/Aug/2026:02:09:44 +0330] "GET /contact-us?_rsc=1nzhy HTTP/2.0" 200 1366 "https://charsooq.com/articles/iherb" "Mozilla/5.0 (Linux; Android 16; SM-S931B) AppleWebKit/537.36 (KHTML, like Gecko) Chrome/151.0.7922.173 Mobile Safari/537.36"
