37.129.164.231 - - [27/Aug/2026:00:15:57 +0330] "GET /_next/static/css/302d83c05ad27d8b.css HTTP/2.0" 200 369 "https://charsooq.com/calculator" "Mozilla/5.0 (Linux; Android 10; K) AppleWebKit/537.36 (KHTML, like Gecko) Chrome/145.0.0.0 Mobile Safari/537.36"
37.129.164.231 - - [27/Aug/2026:00:15:57 +0330] "GET /_next/static/css/2c9caab41af7e337.css HTTP/2.0" 200 3175 "https://charsooq.com/calculator" "Mozilla/5.0 (Linux; Android 10; K) AppleWebKit/537.36 (KHTML, like Gecko) Chrome/145.0.0.0 Mobile Safari/537.36"
37.129.164.231 - - [27/Aug/2026:00:15:57 +0330] "GET /_next/static/css/1fd47d1e4f3a64a0.css HTTP/2.0" 200 5002 "https://charsooq.com/calculator" "Mozilla/5.0 (Linux; Android 10; K) AppleWebKit/537.36 (KHTML, like Gecko) Chrome/145.0.0.0 Mobile Safari/537.36"
37.129.164.231 - - [27/Aug/2026:00:15:57 +0330] "GET /_next/static/css/91447b978d7716af.css HTTP/2.0" 200 20418 "https://charsooq.com/calculator" "Mozilla/5.0 (Linux; Android 10; K) AppleWebKit/537.36 (KHTML, like Gecko) Chrome/145.0.0.0 Mobile Safari/537.36"
37.129.164.231 - - [27/Aug/2026:00:15:57 +0330] "GET /_next/static/media/c7178acf770b8f1a-s.p.ttf HTTP/2.0" 200 35704 "https://charsooq.com/calculator" "Mozilla/5.0 (Linux; Android 10; K) AppleWebKit/537.36 (KHTML, like Gecko) Chrome/145.0.0.0 Mobile Safari/537.36"
37.129.164.231 - - [27/Aug/2026:00:15:57 +0330] "GET /_next/static/media/d36c74da9a95e091-s.p.ttf HTTP/2.0" 200 35196 "https://charsooq.com/calculator" "Mozilla/5.0 (Linux; Android 10; K) AppleWebKit/537.36 (KHTML, like Gecko) Chrome/145.0.0.0 Mobile Safari/537.36"
37.129.164.231 - - [27/Aug/2026:00:15:57 +0330] "GET /_next/image?url=%2Fassets%2Fimages%2Fhome%2Ffaq-bg3.png&w=1200&q=75 HTTP/2.0" 200 167576 "https://charsooq.com/calculator" "Mozilla/5.0 (Linux; Android 10; K) AppleWebKit/537.36 (KHTML, like Gecko) Chrome/145.0.0.0 Mobile Safari/537.36"
37.129.164.231 - - [27/Aug/2026:00:15:57 +0330] "GET /_next/image?url=%2Fassets%2Fimages%2Fhome%2Ffaq-bg2.png&w=1080&q=75 HTTP/2.0" 200 89606 "https://charsooq.com/calculator" "Mozilla/5.0 (Linux; Android 10; K) AppleWebKit/537.36 (KHTML, like Gecko) Chrome/145.0.0.0 Mobile Safari/537.36"
37.129.164.231 - - [27/Aug/2026:00:15:57 +0330] "GET /_next/image?url=%2Fassets%2Fimages%2Ficons%2Ftelegram-icon.png&w=128&q=75 HTTP/2.0" 200 5724 "https://charsooq.com/calculator" "Mozilla/5.0 (Linux; Android 10; K) AppleWebKit/537.36 (KHTML, like Gecko) Chrome/145.0.0.0 Mobile Safari/537.36"
37.129.164.231 - - [27/Aug/2026:00:15:57 +0330] "GET /assets/images/icons/us-icon.png HTTP/2.0" 200 426 "https://charsooq.com/calculator" "Mozilla/5.0 (Linux; Android 10; K) AppleWebKit/537.36 (KHTML, like Gecko) Chrome/145.0.0.0 Mobile Safari/537.36"
37.129.164.231 - - [27/Aug/2026:00:15:57 +0330] "GET /assets/images/icons/instagram1.png HTTP/2.0" 200 1556 "https://charsooq.com/calculator" "Mozilla/5.0 (Linux; Android 10; K) AppleWebKit/537.36 (KHTML, like Gecko) Chrome/145.0.0.0 Mobile Safari/537.36"
37.129.164.231 - - [27/Aug/2026:00:15:57 +0330] "GET /assets/images/icons/whatsapp.png HTTP/2.0" 200 763 "https://charsooq.com/calculator" "Mozilla/5.0 (Linux; Android 10; K) AppleWebKit/537.36 (KHTML, like Gecko) Chrome/145.0.0.0 Mobile Safari/537.36"
37.129.164.231 - - [27/Aug/2026:00:15:57 +0330] "GET /assets/images/icons/telegram.png HTTP/2.0" 200 1179 "https://charsooq.com/calculator" "Mozilla/5.0 (Linux; Android 10; K) AppleWebKit/537.36 (KHTML, like Gecko) Chrome/145.0.0.0 Mobile Safari/537.36"
37.129.164.231 - - [27/Aug/2026:00:15:57 +0330] "GET /_next/static/chunks/webpack-f27042854bafc0d3.js HTTP/2.0" 200 2127 "https://charsooq.com/calculator" "Mozilla/5.0 (Linux; Android 10; K) AppleWebKit/537.36 (KHTML, like Gecko) Chrome/145.0.0.0 Mobile Safari/537.36"
37.129.164.231 - - [27/Aug/2026:00:15:57 +0330] "GET /_next/static/chunks/fd9d1056-9ff99acbd7fb9fe8.js HTTP/2.0" 200 53744 "https://charsooq.com/calculator" "Mozilla/5.0 (Linux; Android 10; K) AppleWebKit/537.36 (KHTML, like Gecko) Chrome/145.0.0.0 Mobile Safari/537.36"
37.129.164.231 - - [27/Aug/2026:00:15:57 +0330] "GET /_next/static/chunks/2117-828e02dc1643a950.js HTTP/2.0" 200 32001 "https://charsooq.com/calculator" "Mozilla/5.0 (Linux; Android 10; K) AppleWebKit/537.36 (KHTML, like Gecko) Chrome/145.0.0.0 Mobile Safari/537.36"
37.129.164.231 - - [27/Aug/2026:00:15:57 +0330] "GET /_next/static/chunks/main-app-9964935a240c0d39.js HTTP/2.0" 200 471 "https://charsooq.com/calculator" "Mozilla/5.0 (Linux; Android 10; K) AppleWebKit/537.36 (KHTML, like Gecko) Chrome/145.0.0.0 Mobile Safari/537.36"
37.129.164.231 - - [27/Aug/2026:00:15:57 +0330] "GET /_next/static/chunks/4438-ac5ce0d4a5fd9e15.js HTTP/2.0" 200 8260 "https://charsooq.com/calculator" "Mozilla/5.0 (Linux; Android 10; K) AppleWebKit/537.36 (KHTML, like Gecko) Chrome/145.0.0.0 Mobile Safari/537.36"
37.129.164.231 - - [27/Aug/2026:00:15:57 +0330] "GET /_next/static/chunks/6137-97a90ba21cd4a885.js HTTP/2.0" 200 6706 "https://charsooq.com/calculator" "Mozilla/5.0 (Linux; Android 10; K) AppleWebKit/537.36 (KHTML, like Gecko) Chrome/145.0.0.0 Mobile Safari/537.36"
37.129.164.231 - - [27/Aug/2026:00:15:57 +0330] "GET /_next/static/chunks/3462-b3fd13ed1d4f90e2.js HTTP/2.0" 200 1833 "https://charsooq.com/calculator" "Mozilla/5.0 (Linux; Android 10; K) AppleWebKit/537.36 (KHTML, like Gecko) Chrome/145.0.0.0 Mobile Safari/537.36"
37.129.164.231 - - [27/Aug/2026:00:15:57 +0330] "GET /_next/static/chunks/3013-a9939c72e4a38977.js HTTP/2.0" 200 6860 "https://charsooq.com/calculator" "Mozilla/5.0 (Linux; Android 10; K) AppleWebKit/537.36 (KHTML, like Gecko) Chrome/145.0.0.0 Mobile Safari/537.36"
37.129.164.231 - - [27/Aug/2026:00:15:57 +0330] "GET /_next/static/chunks/5878-8c4517462d65e9a5.js HTTP/2.0" 200 5170 "https://charsooq.com/calculator" "Mozilla/5.0 (Linux; Android 10; K) AppleWebKit/537.36 (KHTML, like Gecko) Chrome/145.0.0.0 Mobile Safari/537.36"
37.129.164.231 - - [27/Aug/2026:00:15:57 +0330] "GET /_next/static/chunks/2034-b6ee9baf8082b7dc.js HTTP/2.0" 200 10926 "https://charsooq.com/calculator" "Mozilla/5.0 (Linux; Android 10; K) AppleWebKit/537.36 (KHTML, like Gecko) Chrome/145.0.0.0 Mobile Safari/537.36"
37.129.164.231 - - [27/Aug/2026:00:15:57 +0330] "GET /_next/static/chunks/5605-342a49848bbf0c11.js HTTP/2.0" 200 6777 "https://charsooq.com/calculator" "Mozilla/5.0 (Linux; Android 10; K) AppleWebKit/537.36 (KHTML, like Gecko) Chrome/145.0.0.0 Mobile Safari/537.36"
37.129.164.231 - - [27/Aug/2026:00:15:57 +0330] "GET /_next/static/chunks/app/calculator/page-173ebce368fa72cd.js HTTP/2.0" 200 3357 "https://charsooq.com/calculator" "Mozilla/5.0 (Linux; Android 10; K) AppleWebKit/537.36 (KHTML, like Gecko) Chrome/145.0.0.0 Mobile Safari/537.36"
37.129.164.231 - - [27/Aug/2026:00:15:57 +0330] "GET /_next/static/chunks/2972-d7980624b2014943.js HTTP/2.0" 200 8732 "https://charsooq.com/calculator" "Mozilla/5.0 (Linux; Android 10; K) AppleWebKit/537.36 (KHTML, like Gecko) Chrome/145.0.0.0 Mobile Safari/537.36"
37.129.164.231 - - [27/Aug/2026:00:15:57 +0330] "GET /_next/static/chunks/1580-575957d688ae25ac.js HTTP/2.0" 200 12089 "https://charsooq.com/calculator" "Mozilla/5.0 (Linux; Android 10; K) AppleWebKit/537.36 (KHTML, like Gecko) Chrome/145.0.0.0 Mobile Safari/537.36"
37.129.164.231 - - [27/Aug/2026:00:15:57 +0330] "GET /_next/static/chunks/6818-72710ec856a66515.js HTTP/2.0" 200 2700 "https://charsooq.com/calculator" "Mozilla/5.0 (Linux; Android 10; K) AppleWebKit/537.36 (KHTML, like Gecko) Chrome/145.0.0.0 Mobile Safari/537.36"
37.129.164.231 - - [27/Aug/2026:00:15:57 +0330] "GET /_next/static/chunks/5763-e3689baff1695fd1.js HTTP/2.0" 200 4387 "https://charsooq.com/calculator" "Mozilla/5.0 (Linux; Android 10; K) AppleWebKit/537.36 (KHTML, like Gecko) Chrome/145.0.0.0 Mobile Safari/537.36"
37.129.164.231 - - [27/Aug/2026:00:15:57 +0330] "GET /_next/static/chunks/9064-bc53da8ff6805f5a.js HTTP/2.0" 200 4703 "https://charsooq.com/calculator" "Mozilla/5.0 (Linux; Android 10; K) AppleWebKit/537.36 (KHTML, like Gecko) Chrome/145.0.0.0 Mobile Safari/537.36"
37.129.164.231 - - [27/Aug/2026:00:15:57 +0330] "GET /_next/static/chunks/1493-5bf6477734a442f1.js HTTP/2.0" 200 3468 "https://charsooq.com/calculator" "Mozilla/5.0 (Linux; Android 10; K) AppleWebKit/537.36 (KHTML, like Gecko) Chrome/145.0.0.0 Mobile Safari/537.36"
37.129.164.231 - - [27/Aug/2026:00:15:57 +0330] "GET /_next/static/chunks/1592-00644b699e0ed4d8.js HTTP/2.0" 200 7980 "https://charsooq.com/calculator" "Mozilla/5.0 (Linux; Android 10; K) AppleWebKit/537.36 (KHTML, like Gecko) Chrome/145.0.0.0 Mobile Safari/537.36"
37.129.164.231 - - [27/Aug/2026:00:15:57 +0330] "GET /_next/static/chunks/8003-81602ee8b36ef204.js HTTP/2.0" 200 2418 "https://charsooq.com/calculator" "Mozilla/5.0 (Linux; Android 10; K) AppleWebKit/537.36 (KHTML, like Gecko) Chrome/145.0.0.0 Mobile Safari/537.36"
37.129.164.231 - - [27/Aug/2026:00:15:57 +0330] "GET /_next/static/chunks/169-68dabecb1c163108.js HTTP/2.0" 200 6555 "https://charsooq.com/calculator" "Mozilla/5.0 (Linux; Android 10; K) AppleWebKit/537.36 (KHTML, like Gecko) Chrome/145.0.0.0 Mobile Safari/537.36"
37.129.164.231 - - [27/Aug/2026:00:15:57 +0330] "GET /_next/static/chunks/9227-c2a8061d3143118a.js HTTP/2.0" 200 2320 "https://charsooq.com/calculator" "Mozilla/5.0 (Linux; Android 10; K) AppleWebKit/537.36 (KHTML, like Gecko) Chrome/145.0.0.0 Mobile Safari/537.36"
37.129.164.231 - - [27/Aug/2026:00:15:57 +0330] "GET /_next/static/chunks/1188-8347881a51d7e866.js HTTP/2.0" 200 3364 "https://charsooq.com/calculator" "Mozilla/5.0 (Linux; Android 10; K) AppleWebKit/537.36 (KHTML, like Gecko) Chrome/145.0.0.0 Mobile Safari/537.36"
37.129.164.231 - - [27/Aug/2026:00:15:57 +0330] "GET /_next/static/chunks/7463-8c14f85f0b9a94fe.js HTTP/2.0" 200 3339 "https://charsooq.com/calculator" "Mozilla/5.0 (Linux; Android 10; K) AppleWebKit/537.36 (KHTML, like Gecko) Chrome/145.0.0.0 Mobile Safari/537.36"
37.129.164.231 - - [27/Aug/2026:00:15:57 +0330] "GET /_next/static/chunks/300-72da8991edf2ed5a.js HTTP/2.0" 200 33594 "https://charsooq.com/calculator" "Mozilla/5.0 (Linux; Android 10; K) AppleWebKit/537.36 (KHTML, like Gecko) Chrome/145.0.0.0 Mobile Safari/537.36"
37.129.164.231 - - [27/Aug/2026:00:15:57 +0330] "GET /_next/static/chunks/2177-53f14356cddc2711.js HTTP/2.0" 200 3254 "https://charsooq.com/calculator" "Mozilla/5.0 (Linux; Android 10; K) AppleWebKit/537.36 (KHTML, like Gecko) Chrome/145.0.0.0 Mobile Safari/537.36"
37.129.164.231 - - [27/Aug/2026:00:15:57 +0330] "GET /_next/static/chunks/app/page-759df78f59703adb.js HTTP/2.0" 200 1959 "https://charsooq.com/calculator" "Mozilla/5.0 (Linux; Android 10; K) AppleWebKit/537.36 (KHTML, like Gecko) Chrome/145.0.0.0 Mobile Safari/537.36"
37.129.164.231 - - [27/Aug/2026:00:15:57 +0330] "GET /_next/static/chunks/4216-78fe3424349836f6.js HTTP/2.0" 200 7011 "https://charsooq.com/calculator" "Mozilla/5.0 (Linux; Android 10; K) AppleWebKit/537.36 (KHTML, like Gecko) Chrome/145.0.0.0 Mobile Safari/537.36"
37.129.164.231 - - [27/Aug/2026:00:15:57 +0330] "GET /_next/static/chunks/3134-367eb482f3be54c2.js HTTP/2.0" 200 2334 "https://charsooq.com/calculator" "Mozilla/5.0 (Linux; Android 10; K) AppleWebKit/537.36 (KHTML, like Gecko) Chrome/145.0.0.0 Mobile Safari/537.36"
37.129.164.231 - - [27/Aug/2026:00:15:57 +0330] "GET /_next/static/chunks/9470-129db663fb54ce77.js HTTP/2.0" 200 3092 "https://charsooq.com/calculator" "Mozilla/5.0 (Linux; Android 10; K) AppleWebKit/537.36 (KHTML, like Gecko) Chrome/145.0.0.0 Mobile Safari/537.36"
37.129.164.231 - - [27/Aug/2026:00:15:57 +0330] "GET /_next/static/chunks/8472-05374d6b6d91921f.js HTTP/2.0" 200 9473 "https://charsooq.com/calculator" "Mozilla/5.0 (Linux; Android 10; K) AppleWebKit/537.36 (KHTML, like Gecko) Chrome/145.0.0.0 Mobile Safari/537.36"
37.129.164.231 - - [27/Aug/2026:00:15:57 +0330] "GET /_next/static/chunks/873-fa2a34145b7f655b.js HTTP/2.0" 200 64908 "https://charsooq.com/calculator" "Mozilla/5.0 (Linux; Android 10; K) AppleWebKit/537.36 (KHTML, like Gecko) Chrome/145.0.0.0 Mobile Safari/537.36"
37.129.164.231 - - [27/Aug/2026:00:15:57 +0330] "GET /_next/static/chunks/84-b6c070b37c66d77f.js HTTP/2.0" 200 2597 "https://charsooq.com/calculator" "Mozilla/5.0 (Linux; Android 10; K) AppleWebKit/537.36 (KHTML, like Gecko) Chrome/145.0.0.0 Mobile Safari/537.36"
37.129.164.231 - - [27/Aug/2026:00:15:57 +0330] "GET /_next/static/chunks/app/layout-cb550aa8118c7c2c.js HTTP/2.0" 200 11535 "https://charsooq.com/calculator" "Mozilla/5.0 (Linux; Android 10; K) AppleWebKit/537.36 (KHTML, like Gecko) Chrome/145.0.0.0 Mobile Safari/537.36"
37.129.164.231 - - [27/Aug/2026:00:15:57 +0330] "GET /_next/static/chunks/app/error-094d5bcef522249f.js HTTP/2.0" 200 673 "https://charsooq.com/calculator" "Mozilla/5.0 (Linux; Android 10; K) AppleWebKit/537.36 (KHTML, like Gecko) Chrome/145.0.0.0 Mobile Safari/537.36"
37.129.164.231 - - [27/Aug/2026:00:15:57 +0330] "GET /_next/image?url=%2Fassets%2Fimages%2Ficons%2Fenamad-icon.png&w=256&q=75 HTTP/2.0" 200 2578 "https://charsooq.com/" "Mozilla/5.0 (Linux; Android 10; K) AppleWebKit/537.36 (KHTML, like Gecko) Chrome/145.0.0.0 Mobile Safari/537.36"
37.129.164.231 - - [27/Aug/2026:00:15:57 +0330] "GET /manifest.json HTTP/2.0" 200 334 "https://charsooq.com/calculator" "Mozilla/5.0 (Linux; Android 10; K) AppleWebKit/537.36 (KHTML, like Gecko) Chrome/145.0.0.0 Mobile Safari/537.36"
37.129.164.231 - - [27/Aug/2026:00:15:57 +0330] "GET /favicon.ico HTTP/2.0" 200 3035 "https://charsooq.com/calculator" "Mozilla/5.0 (Linux; Android 10; K) AppleWebKit/537.36 (KHTML, like Gecko) Chrome/145.0.0.0 Mobile Safari/537.36"
37.129.164.231 - - [27/Aug/2026:00:15:57 +0330] "GET /pwa-icon-180.png HTTP/2.0" 200 10221 "https://charsooq.com/calculator" "Mozilla/5.0 (Linux; Android 10; K) AppleWebKit/537.36 (KHTML, like Gecko) Chrome/145.0.0.0 Mobile Safari/537.36"
37.129.164.231 - - [27/Aug/2026:00:15:57 +0330] "GET /_next/static/chunks/1495.b45bb862bd3e18ec.js HTTP/2.0" 200 779 "https://charsooq.com/calculator" "Mozilla/5.0 (Linux; Android 10; K) AppleWebKit/537.36 (KHTML, like Gecko) Chrome/145.0.0.0 Mobile Safari/537.36"
37.129.164.231 - - [27/Aug/2026:00:15:57 +0330] "GET /_next/static/chunks/415.9bf722adfc74e289.js HTTP/2.0" 200 8742 "https://charsooq.com/calculator" "Mozilla/5.0 (Linux; Android 10; K) AppleWebKit/537.36 (KHTML, like Gecko) Chrome/145.0.0.0 Mobile Safari/537.36"
37.129.164.231 - - [27/Aug/2026:00:15:57 +0330] "GET /_next/static/chunks/4922.b90b86ef20984235.js HTTP/2.0" 200 425 "https://charsooq.com/calculator" "Mozilla/5.0 (Linux; Android 10; K) AppleWebKit/537.36 (KHTML, like Gecko) Chrome/145.0.0.0 Mobile Safari/537.36"
37.129.164.231 - - [27/Aug/2026:00:15:58 +0330] "GET /checkout?_rsc=bqr1v HTTP/2.0" 200 1690 "https://charsooq.com/calculator" "Mozilla/5.0 (Linux; Android 10; K) AppleWebKit/537.36 (KHTML, like Gecko) Chrome/145.0.0.0 Mobile Safari/537.36"
37.129.164.231 - - [27/Aug/2026:00:15:58 +0330] "GET /?_rsc=bqr1v HTTP/2.0" 200 13562 "https://charsooq.com/calculator" "Mozilla/5.0 (Linux; Android 10; K) AppleWebKit/537.36 (KHTML, like Gecko) Chrome/145.0.0.0 Mobile Safari/537.36"
37.129.164.231 - - [27/Aug/2026:00:15:58 +0330] "GET /pwa-icon-180.png HTTP/2.0" 304 0 "https://charsooq.com/calculator" "Mozilla/5.0 (Linux; Android 10; K) AppleWebKit/537.36 (KHTML, like Gecko) Chrome/145.0.0.0 Mobile Safari/537.36"
37.129.164.231 - - [27/Aug/2026:00:15:58 +0330] "GET /_next/static/chunks/app/checkout/layout-d7cf06d0dc8d6df6.js HTTP/2.0" 200 39421 "https://charsooq.com/calculator" "Mozilla/5.0 (Linux; Android 10; K) AppleWebKit/537.36 (KHTML, like Gecko) Chrome/145.0.0.0 Mobile Safari/537.36"
37.129.164.231 - - [27/Aug/2026:00:15:58 +0330] "GET /api/v1/calculator-index HTTP/2.0" 200 1549 "https://charsooq.com/" "Mozilla/5.0 (Linux; Android 10; K) AppleWebKit/537.36 (KHTML, like Gecko) Chrome/145.0.0.0 Mobile Safari/537.36"
37.129.164.231 - - [27/Aug/2026:00:15:59 +0330] "GET /najva-messaging-sw.js HTTP/2.0" 200 68 "https://charsooq.com/calculator" "Mozilla/5.0 (Linux; Android 10; K) AppleWebKit/537.36 (KHTML, like Gecko) Chrome/145.0.0.0 Mobile Safari/537.36"
37.129.164.231 - - [27/Aug/2026:00:16:00 +0330] "GET /najva-messaging-sw.js HTTP/2.0" 304 0 "https://charsooq.com/calculator" "Mozilla/5.0 (Linux; Android 10; K) AppleWebKit/537.36 (KHTML, like Gecko) Chrome/145.0.0.0 Mobile Safari/537.36"
37.129.164.231 - - [27/Aug/2026:00:16:02 +0330] "GET /about-us?_rsc=bqr1v HTTP/2.0" 200 1364 "https://charsooq.com/calculator" "Mozilla/5.0 (Linux; Android 10; K) AppleWebKit/537.36 (KHTML, like Gecko) Chrome/145.0.0.0 Mobile Safari/537.36"
37.129.164.231 - - [27/Aug/2026:00:16:03 +0330] "GET /help?_rsc=bqr1v HTTP/2.0" 200 1528 "https://charsooq.com/calculator" "Mozilla/5.0 (Linux; Android 10; K) AppleWebKit/537.36 (KHTML, like Gecko) Chrome/145.0.0.0 Mobile Safari/537.36"
37.129.164.231 - - [27/Aug/2026:00:16:03 +0330] "GET /faq?_rsc=bqr1v HTTP/2.0" 200 1359 "https://charsooq.com/calculator" "Mozilla/5.0 (Linux; Android 10; K) AppleWebKit/537.36 (KHTML, like Gecko) Chrome/145.0.0.0 Mobile Safari/537.36"
37.129.164.231 - - [27/Aug/2026:00:16:03 +0330] "GET /articles?_rsc=bqr1v HTTP/2.0" 200 1795 "https://charsooq.com/calculator" "Mozilla/5.0 (Linux; Android 10; K) AppleWebKit/537.36 (KHTML, like Gecko) Chrome/145.0.0.0 Mobile Safari/537.36"
37.129.164.231 - - [27/Aug/2026:00:16:03 +0330] "GET /_next/static/chunks/app/help/layout-bafecda7f594b8aa.js HTTP/2.0" 200 4169 "https://charsooq.com/calculator" "Mozilla/5.0 (Linux; Android 10; K) AppleWebKit/537.36 (KHTML, like Gecko) Chrome/145.0.0.0 Mobile Safari/537.36"
37.129.164.231 - - [27/Aug/2026:00:16:03 +0330] "GET /ghavanincharsooq?_rsc=bqr1v HTTP/2.0" 200 1371 "https://charsooq.com/calculator" "Mozilla/5.0 (Linux; Android 10; K) AppleWebKit/537.36 (KHTML, like Gecko) Chrome/145.0.0.0 Mobile Safari/537.36"
37.129.164.231 - - [27/Aug/2026:00:16:03 +0330] "GET /contact-us?_rsc=bqr1v HTTP/2.0" 200 1366 "https://charsooq.com/calculator" "Mozilla/5.0 (Linux; Android 10; K) AppleWebKit/537.36 (KHTML, like Gecko) Chrome/145.0.0.0 Mobile Safari/537.36"
37.129.164.231 - - [27/Aug/2026:00:16:04 +0330] "GET /najva-messaging-sw.js HTTP/2.0" 304 0 "https://charsooq.com/calculator" "Mozilla/5.0 (Linux; Android 10; K) AppleWebKit/537.36 (KHTML, like Gecko) Chrome/145.0.0.0 Mobile Safari/537.36"
37.129.164.231 - - [27/Aug/2026:00:16:04 +0330] "POST /api/v1/notification HTTP/2.0" 200 210 "https://charsooq.com/" "Mozilla/5.0 (Linux; Android 10; K) AppleWebKit/537.36 (KHTML, like Gecko) Chrome/145.0.0.0 Mobile Safari/537.36"
23.80.89.38 - - [27/Aug/2026:00:16:15 +0330] "GET /property.html HTTP/1.1" 200 5531 "-" "Mozilla/5.0 (compatible; MSIE 10.0; Windows NT 6.1; Trident/6.0)"
127.0.0.1 - - [27/Aug/2026:00:16:34 +0330] "GET /api/v2/sliders HTTP/1.1" 200 7479 "-" "node"
127.0.0.1 - - [27/Aug/2026:00:16:35 +0330] "GET /api/v1/categories-amazon HTTP/1.1" 200 34230 "-" "node"
172.16.20.25 - - [27/Aug/2026:00:16:35 +0330] "GET / HTTP/1.1" 200 338478 "-" "Mozilla/5.0 (compatible; PRTG Network Monitor (www.paessler.com); Windows)"
192.153.57.46 - - [27/Aug/2026:00:17:05 +0330] "GET / HTTP/1.0" 301 169 "-" "WidgetKitExtension/3279 CFNetwork/1220.1 Darwin/20.3.0"
127.0.0.1 - - [27/Aug/2026:00:17:34 +0330] "GET /api/v1/categories-amazon HTTP/1.1" 200 34230 "-" "node"
127.0.0.1 - - [27/Aug/2026:00:17:35 +0330] "GET /api/v2/page-data HTTP/1.1" 200 36854 "-" "node"
172.16.20.25 - - [27/Aug/2026:00:17:36 +0330] "GET / HTTP/1.1" 200 338501 "-" "Mozilla/5.0 (compatible; PRTG Network Monitor (www.paessler.com); Windows)"
127.0.0.1 - - [27/Aug/2026:00:18:01 +0330] "GET /api/v1/robot HTTP/1.1" 200 666 "-" "node"
192.178.7.160 - - [27/Aug/2026:00:18:01 +0330] "GET /robots.txt HTTP/1.1" 200 708 "-" "Mozilla/5.0 (compatible; Googlebot/2.1; +http://www.google.com/bot.html)"
66.249.69.98 - - [27/Aug/2026:00:18:01 +0330] "GET /robots.txt HTTP/1.1" 308 42 "-" "Mozilla/5.0 (compatible; Googlebot/2.1; +http://www.google.com/bot.html)"
127.0.0.1 - - [27/Aug/2026:00:18:02 +0330] "GET /api/v1/categories-amazon HTTP/1.1" 200 34230 "-" "node"
192.178.7.160 - - [27/Aug/2026:00:18:02 +0330] "GET /contact-us HTTP/1.1" 200 89455 "-" "Mozilla/5.0 (Linux; Android 6.0.1; Nexus 5X Build/MMB29P) AppleWebKit/537.36 (KHTML, like Gecko) Chrome/151.0.7922.173 Mobile Safari/537.36 (compatible; Googlebot/2.1; +http://www.google.com/bot.html)"
127.0.0.1 - - [27/Aug/2026:00:18:02 +0330] "GET /api/v2/article-show/Applied-kitchen-gadgets HTTP/1.1" 200 60182 "-" "node"
66.249.69.98 - - [27/Aug/2026:00:18:02 +0330] "GET /articles/swipe-card-reader HTTP/1.1" 308 58 "-" "Mozilla/5.0 (Linux; Android 6.0.1; Nexus 5X Build/MMB29P) AppleWebKit/537.36 (KHTML, like Gecko) Chrome/151.0.7922.173 Mobile Safari/537.36 (compatible; Googlebot/2.1; +http://www.google.com/bot.html)"
127.0.0.1 - - [27/Aug/2026:00:18:03 +0330] "GET /api/v1/categories-amazon HTTP/1.1" 200 34230 "-" "node"
192.178.7.169 - - [27/Aug/2026:00:18:03 +0330] "GET /articles/Applied-kitchen-gadgets HTTP/1.1" 200 101255 "-" "Mozilla/5.0 (Linux; Android 6.0.1; Nexus 5X Build/MMB29P) AppleWebKit/537.36 (KHTML, like Gecko) Chrome/151.0.7922.173 Mobile Safari/537.36 (compatible; Googlebot/2.1; +http://www.google.com/bot.html)"
127.0.0.1 - - [27/Aug/2026:00:18:04 +0330] "GET /api/v2/article-show/swipe-card-reader HTTP/1.1" 200 134934 "-" "node"
66.249.69.105 - - [27/Aug/2026:00:18:04 +0330] "GET /?u=0716528593300 HTTP/1.1" 200 33661 "-" "Mozilla/5.0 (Linux; Android 6.0.1; Nexus 5X Build/MMB29P) AppleWebKit/537.36 (KHTML, like Gecko) Chrome/151.0.7922.173 Mobile Safari/537.36 (compatible; Googlebot/2.1; +http://www.google.com/bot.html)"
127.0.0.1 - - [27/Aug/2026:00:18:05 +0330] "GET /api/v1/categories-amazon HTTP/1.1" 200 34230 "-" "node"
192.178.7.160 - - [27/Aug/2026:00:18:05 +0330] "GET /articles/swipe-card-reader HTTP/1.1" 200 107518 "-" "Mozilla/5.0 (Linux; Android 6.0.1; Nexus 5X Build/MMB29P) AppleWebKit/537.36 (KHTML, like Gecko) Chrome/151.0.7922.173 Mobile Safari/537.36 (compatible; Googlebot/2.1; +http://www.google.com/bot.html)"
66.249.69.107 - - [27/Aug/2026:00:18:07 +0330] "GET /?u=22004182149102 HTTP/1.1" 200 34350 "-" "Mozilla/5.0 (Linux; Android 6.0.1; Nexus 5X Build/MMB29P) AppleWebKit/537.36 (KHTML, like Gecko) Chrome/151.0.7922.173 Mobile Safari/537.36 (compatible; Googlebot/2.1; +http://www.google.com/bot.html)"
66.249.69.105 - - [27/Aug/2026:00:18:07 +0330] "GET /?u=12417282031408 HTTP/1.1" 200 33599 "-" "Mozilla/5.0 (Linux; Android 6.0.1; Nexus 5X Build/MMB29P) AppleWebKit/537.36 (KHTML, like Gecko) Chrome/151.0.7922.173 Mobile Safari/537.36 (compatible; Googlebot/2.1; +http://www.google.com/bot.html)"
192.178.7.169 - - [27/Aug/2026:00:18:07 +0330] "GET /_next/static/chunks/873-fa2a34145b7f655b.js HTTP/1.1" 200 64998 "https://charsooq.com/contact-us" "Mozilla/5.0 (Linux; Android 6.0.1; Nexus 5X Build/MMB29P) AppleWebKit/537.36 (KHTML, like Gecko) Chrome/151.0.7922.173 Mobile Safari/537.36 (compatible; Googlebot/2.1; +http://www.google.com/bot.html)"
127.0.0.1 - - [27/Aug/2026:00:18:09 +0330] "GET /api/v3/product-show/amz-B097QJ25NY?amazon_region=undefined HTTP/1.1" 301 169 "-" "node"
127.0.0.1 - - [27/Aug/2026:00:18:09 +0330] "GET /api/v3/product-show/amz-B097QJ25NY?amazon_region= HTTP/1.1" 301 169 "-" "node"
127.0.0.1 - - [27/Aug/2026:00:18:10 +0330] "GET /api/v3/product-show/amz-B097QJ25NY?amazon_region=undefined HTTP/1.1" 200 22912 "-" "node"
127.0.0.1 - - [27/Aug/2026:00:18:10 +0330] "GET /api/v3/product-show/amz-B097QJ25NY?amazon_region= HTTP/1.1" 200 22912 "-" "node"
127.0.0.1 - - [27/Aug/2026:00:18:10 +0330] "GET /api/v1/categories-amazon HTTP/1.1" 200 34230 "-" "node"
207.46.13.107 - - [27/Aug/2026:00:18:11 +0330] "GET /product/amz-B097QJ25NY/Kingston-FURY-Impact-32GB-2x16GB-3200MT-s-DDR4-CL20-Laptop-Memory-Kit-of-2-Intel-XMP-AMD-Ryzen-Plug-n-Play-Low-Power-Consumption-KF432S20IBK2-32 HTTP/2.0" 200 107818 "-" "Mozilla/5.0 AppleWebKit/537.36 (KHTML, like Gecko; compatible; bingbot/2.0; +http://www.bing.com/bingbot.htm) Chrome/116.0.1938.76 Safari/537.36"
127.0.0.1 - - [27/Aug/2026:00:18:14 +0330] "GET /api/v3/product-show/amz-B0BJW1SLL6?amazon_region=undefined HTTP/1.1" 301 169 "-" "node"
127.0.0.1 - - [27/Aug/2026:00:18:14 +0330] "GET /api/v3/product-show/amz-B0BJW1SLL6?amazon_region= HTTP/1.1" 301 169 "-" "node"
127.0.0.1 - - [27/Aug/2026:00:18:14 +0330] "GET /api/v3/product-show/amz-B0BJW1SLL6?amazon_region= HTTP/1.1" 200 21411 "-" "node"
127.0.0.1 - - [27/Aug/2026:00:18:14 +0330] "GET /api/v3/product-show/amz-B0BJW1SLL6?amazon_region=undefined HTTP/1.1" 200 21411 "-" "node"
127.0.0.1 - - [27/Aug/2026:00:18:15 +0330] "GET /api/v1/categories-amazon HTTP/1.1" 200 34230 "-" "node"
52.167.144.140 - - [27/Aug/2026:00:18:15 +0330] "GET /product/amz-B0BJW1SLL6/sandisk-2tb-extreme-portable-ssd-up-to-1050mbs-1tb-extreme-portable-ssd-up-to-1050mbs-usb-c-usb-32-gen-2-external-solid-state-drive-sdssde61-1t00-g25 HTTP/2.0" 200 113182 "-" "Mozilla/5.0 AppleWebKit/537.36 (KHTML, like Gecko; compatible; bingbot/2.0; +http://www.bing.com/bingbot.htm) Chrome/116.0.1938.76 Safari/537.36"
52.167.144.199 - - [27/Aug/2026:00:18:20 +0330] "GET /?u=0193194515208 HTTP/2.0" 200 33293 "-" "Mozilla/5.0 AppleWebKit/537.36 (KHTML, like Gecko; compatible; bingbot/2.0; +http://www.bing.com/bingbot.htm) Chrome/116.0.1938.76 Safari/537.36"
127.0.0.1 - - [27/Aug/2026:00:18:34 +0330] "GET /api/v2/sliders HTTP/1.1" 200 7479 "-" "node"
127.0.0.1 - - [27/Aug/2026:00:18:35 +0330] "GET /api/v1/categories-amazon HTTP/1.1" 200 34199 "-" "node"
172.16.20.25 - - [27/Aug/2026:00:18:35 +0330] "GET / HTTP/1.1" 200 338470 "-" "Mozilla/5.0 (compatible; PRTG Network Monitor (www.paessler.com); Windows)"
127.0.0.1 - - [27/Aug/2026:00:18:42 +0330] "GET /api/v3/product-show/amz-B08SJBV1N3?amazon_region=undefined HTTP/1.1" 301 169 "-" "node"
127.0.0.1 - - [27/Aug/2026:00:18:42 +0330] "GET /api/v3/product-show/amz-B08SJBV1N3?amazon_region= HTTP/1.1" 301 169 "-" "node"
127.0.0.1 - - [27/Aug/2026:00:18:42 +0330] "GET /api/v3/product-show/amz-B08SJBV1N3?amazon_region= HTTP/1.1" 200 11826 "-" "node"
127.0.0.1 - - [27/Aug/2026:00:18:42 +0330] "GET /api/v3/product-show/amz-B08SJBV1N3?amazon_region=undefined HTTP/1.1" 200 11826 "-" "node"
127.0.0.1 - - [27/Aug/2026:00:18:43 +0330] "GET /api/v1/categories-amazon HTTP/1.1" 200 34230 "-" "node"
52.167.144.140 - - [27/Aug/2026:00:18:44 +0330] "GET /product/amz-B08SJBV1N3/Alfa-AWUS036ACHM-802-11ac-WiFi-Range-Boost-USB-Adapter HTTP/2.0" 200 106206 "-" "Mozilla/5.0 AppleWebKit/537.36 (KHTML, like Gecko; compatible; bingbot/2.0; +http://www.bing.com/bingbot.htm) Chrome/116.0.1938.76 Safari/537.36"
190.92.202.136 - - [27/Aug/2026:00:19:01 +0330] "HEAD /china HTTP/2.0" 308 0 "-" "Mozilla/5.0 (Windows NT 10.0; Win64; x64) AppleWebKit/537.36 (KHTML, like Gecko) Chrome/116.0.0.0 Safari/537.36"
190.92.202.136 - - [27/Aug/2026:00:19:01 +0330] "GET /china HTTP/2.0" 308 26 "-" "Mozilla/5.0 (Windows NT 10.0; Win64; x64) AppleWebKit/537.36 (KHTML, like Gecko) Chrome/116.0.0.0 Safari/537.36"
127.0.0.1 - - [27/Aug/2026:00:19:07 +0330] "GET /api/v1/categories-amazon HTTP/1.1" 200 34199 "-" "node"
127.0.0.1 - - [27/Aug/2026:00:19:08 +0330] "GET /api/v2/page-data HTTP/1.1" 200 36854 "-" "node"
162.120.187.31 - - [27/Aug/2026:00:19:08 +0330] "GET / HTTP/2.0" 200 106235 "https://www.google.com/" "Mozilla/5.0 (Linux; Android 10; K) AppleWebKit/537.36 (KHTML, like Gecko) Chrome/151.0.0.0 Mobile Safari/537.36"
66.249.69.106 - - [27/Aug/2026:00:19:17 +0330] "GET /?u=01830204645801 HTTP/1.1" 200 33645 "-" "Mozilla/5.0 (Linux; Android 6.0.1; Nexus 5X Build/MMB29P) AppleWebKit/537.36 (KHTML, like Gecko) Chrome/151.0.7922.173 Mobile Safari/537.36 (compatible; Googlebot/2.1; +http://www.google.com/bot.html)"
66.249.69.107 - - [27/Aug/2026:00:19:18 +0330] "GET /storage/uploads/xejsQuSI9xOMWRnAdN8dUfkgybGxb2nvLaqSeeBV.webp HTTP/1.1" 301 169 "-" "Googlebot-Image/1.0"
66.249.69.106 - - [27/Aug/2026:00:19:18 +0330] "GET /storage/uploads/xejsQuSI9xOMWRnAdN8dUfkgybGxb2nvLaqSeeBV.webp HTTP/1.1" 200 15000 "-" "Googlebot-Image/1.0"
127.0.0.1 - - [27/Aug/2026:00:19:20 +0330] "GET /api/v1/categories-amazon HTTP/1.1" 200 34230 "-" "node"
72.14.201.42 - - [27/Aug/2026:00:19:20 +0330] "GET / HTTP/2.0" 200 106229 "https://www.google.com/" "Mozilla/5.0 (Linux; Android 10; K) AppleWebKit/537.36 (KHTML, like Gecko) Chrome/151.0.0.0 Mobile Safari/537.36"
127.0.0.1 - - [27/Aug/2026:00:19:35 +0330] "GET /api/v1/categories-amazon HTTP/1.1" 200 34230 "-" "node"
172.16.20.25 - - [27/Aug/2026:00:19:35 +0330] "GET / HTTP/1.1" 200 338454 "-" "Mozilla/5.0 (compatible; PRTG Network Monitor (www.paessler.com); Windows)"
127.0.0.1 - - [27/Aug/2026:00:19:55 +0330] "GET /api/v2/sliders HTTP/1.1" 200 7478 "-" "node"
127.0.0.1 - - [27/Aug/2026:00:19:56 +0330] "GET /api/v1/categories-amazon HTTP/1.1" 200 34230 "-" "node"
37.129.164.231 - - [27/Aug/2026:00:19:57 +0330] "GET / HTTP/2.0" 200 106229 "https://www.google.com/" "Mozilla/5.0 (Linux; Android 10; K) AppleWebKit/537.36 (KHTML, like Gecko) Chrome/145.0.0.0 Mobile Safari/537.36"
37.129.164.231 - - [27/Aug/2026:00:19:57 +0330] "GET /_next/image?url=%2Fassets%2Fimages%2Fhome%2Fcategory%2Fshoes.jpg&w=1920&q=75 HTTP/2.0" 200 13250 "https://charsooq.com/" "Mozilla/5.0 (Linux; Android 10; K) AppleWebKit/537.36 (KHTML, like Gecko) Chrome/145.0.0.0 Mobile Safari/537.36"
37.129.164.231 - - [27/Aug/2026:00:19:57 +0330] "GET /_next/image?url=%2Fassets%2Fimages%2Fhome%2Fcategory%2Fcosmetic.jpg&w=1920&q=75 HTTP/2.0" 200 15462 "https://charsooq.com/" "Mozilla/5.0 (Linux; Android 10; K) AppleWebKit/537.36 (KHTML, like Gecko) Chrome/145.0.0.0 Mobile Safari/537.36"
37.129.164.231 - - [27/Aug/2026:00:19:57 +0330] "GET /_next/image?url=%2Fassets%2Fimages%2Fhome%2Fhome-instagram2.webp&w=1920&q=75 HTTP/2.0" 200 10150 "https://charsooq.com/" "Mozilla/5.0 (Linux; Android 10; K) AppleWebKit/537.36 (KHTML, like Gecko) Chrome/145.0.0.0 Mobile Safari/537.36"
37.129.164.231 - - [27/Aug/2026:00:19:57 +0330] "GET /_next/image?url=%2Fassets%2Fimages%2Fhome%2Fhome-telegram2.webp&w=1920&q=75 HTTP/2.0" 200 16878 "https://charsooq.com/" "Mozilla/5.0 (Linux; Android 10; K) AppleWebKit/537.36 (KHTML, like Gecko) Chrome/145.0.0.0 Mobile Safari/537.36"
37.129.164.231 - - [27/Aug/2026:00:19:57 +0330] "GET /_next/image?url=%2Fassets%2Fimages%2Ficons%2Ftelegram-icon.png&w=128&q=75 HTTP/2.0" 304 0 "https://charsooq.com/" "Mozilla/5.0 (Linux; Android 10; K) AppleWebKit/537.36 (KHTML, like Gecko) Chrome/145.0.0.0 Mobile Safari/537.36"
127.0.0.1 - - [27/Aug/2026:00:20:00 +0330] "GET /api/v2/article-show/men-arabic-clothing HTTP/1.1" 200 107359 "-" "node"
127.0.0.1 - - [27/Aug/2026:00:20:01 +0330] "GET /api/v1/categories-amazon HTTP/1.1" 200 34199 "-" "node"
9.205.25.134 - - [27/Aug/2026:00:20:01 +0330] "GET /articles/men-arabic-clothing HTTP/2.0" 200 103770 "-" "Mozilla/5.0 AppleWebKit/537.36 (KHTML, like Gecko); compatible; ChatGPT-User/1.0; +https://openai.com/bot"
87.250.224.4 - - [27/Aug/2026:00:20:33 +0330] "GET /contents/renga/ HTTP/2.0" 200 34653 "-" "Mozilla/5.0 (compatible; YandexBot/3.0; +http://yandex.com/bots)"
127.0.0.1 - - [27/Aug/2026:00:20:35 +0330] "GET /api/v1/categories-amazon HTTP/1.1" 200 34230 "-" "node"
127.0.0.1 - - [27/Aug/2026:00:20:36 +0330] "GET /api/v2/page-data HTTP/1.1" 200 36854 "-" "node"
172.16.20.25 - - [27/Aug/2026:00:20:36 +0330] "GET / HTTP/1.1" 200 338499 "-" "Mozilla/5.0 (compatible; PRTG Network Monitor (www.paessler.com); Windows)"
127.0.0.1 - - [27/Aug/2026:00:21:34 +0330] "GET /api/v2/sliders HTTP/1.1" 200 7479 "-" "node"
127.0.0.1 - - [27/Aug/2026:00:21:35 +0330] "GET /api/v1/categories-amazon HTTP/1.1" 200 34230 "-" "node"
172.16.20.25 - - [27/Aug/2026:00:21:35 +0330] "GET / HTTP/1.1" 200 338468 "-" "Mozilla/5.0 (compatible; PRTG Network Monitor (www.paessler.com); Windows)"
127.0.0.1 - - [27/Aug/2026:00:21:59 +0330] "GET /api/v1/categories-amazon HTTP/1.1" 200 34230 "-" "node"
104.28.90.34 - - [27/Aug/2026:00:22:00 +0330] "GET /.well-known/passkey-endpoints HTTP/2.0" 404 83938 "-" "com.apple.AuthenticationServicesCore.AuthenticationServicesAgent/8624.4.5.10.5 CFNetwork/3860.700.1 Darwin/25.6.0"
157.55.39.7 - - [27/Aug/2026:00:22:12 +0330] "GET /?sitemap143.xml HTTP/2.0" 200 738989 "-" "Mozilla/5.0 AppleWebKit/537.36 (KHTML, like Gecko; compatible; bingbot/2.0; +http://www.bing.com/bingbot.htm) Chrome/116.0.1938.76 Safari/537.36"
127.0.0.1 - - [27/Aug/2026:00:22:35 +0330] "GET /api/v1/categories-amazon HTTP/1.1" 200 34230 "-" "node"
127.0.0.1 - - [27/Aug/2026:00:22:35 +0330] "GET /api/v2/page-data HTTP/1.1" 200 36854 "-" "node"
172.16.20.25 - - [27/Aug/2026:00:22:35 +0330] "GET / HTTP/1.1" 200 338501 "-" "Mozilla/5.0 (compatible; PRTG Network Monitor (www.paessler.com); Windows)"
127.0.0.1 - - [27/Aug/2026:00:22:36 +0330] "GET /api/v1/show-products-offers/Shigelmhaircurlingmachine HTTP/1.1" 301 169 "-" "node"
127.0.0.1 - - [27/Aug/2026:00:22:36 +0330] "GET /api/v1/show-products-offers/Shigelmhaircurlingmachine HTTP/1.1" 200 4595 "-" "node"
127.0.0.1 - - [27/Aug/2026:00:22:37 +0330] "GET /api/v1/categories-amazon HTTP/1.1" 200 34199 "-" "node"
220.181.108.175 - - [27/Aug/2026:00:22:38 +0330] "GET /products/Shigelmhaircurlingmachine/%D8%AF%D8%B3%D8%AA%DA%AF%D8%A7%D9%87-%D9%81%D8%B1-%DA%A9%D9%86%D9%86%D8%AF%D9%87-%D9%85%D9%88-%D8%B4%DB%8C%DA%AF%D9%84%D9%85-sheglam HTTP/2.0" 200 101137 "-" "Mozilla/5.0 (compatible; Baiduspider/2.0; +http://www.baidu.com/search/spider.html)"
116.179.37.13 - - [27/Aug/2026:00:22:45 +0330] "GET /_next/static/chunks/7463-8c14f85f0b9a94fe.js HTTP/1.1" 200 3356 "https://charsooq.com/products/Shigelmhaircurlingmachine/%D8%AF%D8%B3%D8%AA%DA%AF%D8%A7%D9%87-%D9%81%D8%B1-%DA%A9%D9%86%D9%86%D8%AF%D9%87-%D9%85%D9%88-%D8%B4%DB%8C%DA%AF%D9%84%D9%85-sheglam" "Mozilla/5.0 (compatible; Baiduspider-render/2.0; +http://www.baidu.com/search/spider.html)"
116.179.37.104 - - [27/Aug/2026:00:22:45 +0330] "GET /_next/static/chunks/9496-511d5e04493bb6c9.js HTTP/1.1" 200 18469 "https://charsooq.com/products/Shigelmhaircurlingmachine/%D8%AF%D8%B3%D8%AA%DA%AF%D8%A7%D9%87-%D9%81%D8%B1-%DA%A9%D9%86%D9%86%D8%AF%D9%87-%D9%85%D9%88-%D8%B4%DB%8C%DA%AF%D9%84%D9%85-sheglam" "Mozilla/5.0 (compatible; Baiduspider-render/2.0; +http://www.baidu.com/search/spider.html)"
216.73.217.50 - - [27/Aug/2026:00:23:07 +0330] "GET / HTTP/2.0" 302 375 "-" "Mozilla/5.0 AppleWebKit/537.36 (KHTML, like Gecko; compatible; ClaudeBot/1.0; +claudebot@anthropic.com)"
216.73.217.50 - - [27/Aug/2026:00:23:09 +0330] "GET /admin HTTP/2.0" 302 399 "https://panel.charsooq.com/" "Mozilla/5.0 AppleWebKit/537.36 (KHTML, like Gecko; compatible; ClaudeBot/1.0; +claudebot@anthropic.com)"
216.73.217.50 - - [27/Aug/2026:00:23:10 +0330] "GET /admin/login HTTP/2.0" 200 9372 "https://panel.charsooq.com/admin" "Mozilla/5.0 AppleWebKit/537.36 (KHTML, like Gecko; compatible; ClaudeBot/1.0; +claudebot@anthropic.com)"
57.141.20.34 - - [27/Aug/2026:00:23:24 +0330] "GET /_next/image?url=https%3A%2F%2Fpanel.charsooq.com%2Fstorage%2F01J5ZZTNCQR7DRRR5GYFAMP086.webp&w=3840&q=75 HTTP/2.0" 200 28394 "-" "Mozilla/5.0 (Windows NT 10.0; Win64; x64) AppleWebKit/537.36 (KHTML, like Gecko) Chrome/145.0.0.0 Safari/537.36 (compatible; meta-externalagent/1.1 (+https://developers.facebook.com/docs/sharing/webmasters/crawler))"
127.0.0.1 - - [27/Aug/2026:00:23:24 +0330] "GET /storage/01J5ZZTNCQR7DRRR5GYFAMP086.webp HTTP/1.1" 200 93070 "-" "node"
57.141.20.0 - - [27/Aug/2026:00:23:30 +0330] "GET /_next/image?url=https%3A%2F%2Fpanel.charsooq.com%2Fstorage%2F01J5ZZTNCQR7DRRR5GYFAMP086.webp&w=3840&q=75 HTTP/2.0" 200 28394 "-" "Mozilla/5.0 (Windows NT 10.0; Win64; x64) AppleWebKit/537.36 (KHTML, like Gecko) Chrome/145.0.0.0 Safari/537.36 (compatible; meta-externalagent/1.1 (+https://developers.facebook.com/docs/sharing/webmasters/crawler))"
57.141.20.27 - - [27/Aug/2026:00:23:30 +0330] "GET /_next/image?url=https%3A%2F%2Fpanel.charsooq.com%2Fstorage%2F01J5ZZTNCQR7DRRR5GYFAMP086.webp&w=3840&q=75 HTTP/2.0" 200 28394 "-" "Mozilla/5.0 (Windows NT 10.0; Win64; x64) AppleWebKit/537.36 (KHTML, like Gecko) Chrome/145.0.0.0 Safari/537.36 (compatible; meta-externalagent/1.1 (+https://developers.facebook.com/docs/sharing/webmasters/crawler))"
127.0.0.1 - - [27/Aug/2026:00:23:34 +0330] "GET /api/v2/sliders HTTP/1.1" 200 7479 "-" "node"
127.0.0.1 - - [27/Aug/2026:00:23:35 +0330] "GET /api/v1/categories-amazon HTTP/1.1" 200 34230 "-" "node"
172.16.20.25 - - [27/Aug/2026:00:23:35 +0330] "GET / HTTP/1.1" 200 338478 "-" "Mozilla/5.0 (compatible; PRTG Network Monitor (www.paessler.com); Windows)"
157.55.39.7 - - [27/Aug/2026:00:23:46 +0330] "GET /?u=1507212915111 HTTP/2.0" 200 32879 "-" "Mozilla/5.0 AppleWebKit/537.36 (KHTML, like Gecko; compatible; bingbot/2.0; +http://www.bing.com/bingbot.htm) Chrome/116.0.1938.76 Safari/537.36"
40.77.167.32 - - [27/Aug/2026:00:23:46 +0330] "GET /?u=708065833000 HTTP/2.0" 200 34219 "-" "Mozilla/5.0 AppleWebKit/537.36 (KHTML, like Gecko; compatible; bingbot/2.0; +http://www.bing.com/bingbot.htm) Chrome/116.0.1938.76 Safari/537.36"
40.77.167.32 - - [27/Aug/2026:00:23:48 +0330] "GET /?u=3397997985801 HTTP/2.0" 200 33505 "-" "Mozilla/5.0 AppleWebKit/537.36 (KHTML, like Gecko; compatible; bingbot/2.0; +http://www.bing.com/bingbot.htm) Chrome/116.0.1938.76 Safari/537.36"
52.167.144.238 - - [27/Aug/2026:00:23:49 +0330] "GET /?u=7130169294100 HTTP/2.0" 200 34044 "-" "Mozilla/5.0 AppleWebKit/537.36 (KHTML, like Gecko; compatible; bingbot/2.0; +http://www.bing.com/bingbot.htm) Chrome/116.0.1938.76 Safari/537.36"
52.167.144.238 - - [27/Aug/2026:00:23:51 +0330] "GET /?u=0411625340606 HTTP/2.0" 200 32282 "-" "Mozilla/5.0 AppleWebKit/537.36 (KHTML, like Gecko; compatible; bingbot/2.0; +http://www.bing.com/bingbot.htm) Chrome/116.0.1938.76 Safari/537.36"
40.77.167.32 - - [27/Aug/2026:00:23:51 +0330] "GET /?u=1680238566601 HTTP/2.0" 200 32984 "-" "Mozilla/5.0 AppleWebKit/537.36 (KHTML, like Gecko; compatible; bingbot/2.0; +http://www.bing.com/bingbot.htm) Chrome/116.0.1938.76 Safari/537.36"
52.167.144.238 - - [27/Aug/2026:00:23:53 +0330] "GET /?u=27986150340602 HTTP/2.0" 200 33215 "-" "Mozilla/5.0 AppleWebKit/537.36 (KHTML, like Gecko; compatible; bingbot/2.0; +http://www.bing.com/bingbot.htm) Chrome/116.0.1938.76 Safari/537.36"
40.77.167.32 - - [27/Aug/2026:00:23:53 +0330] "GET /?u=9901328128602 HTTP/2.0" 200 33289 "-" "Mozilla/5.0 AppleWebKit/537.36 (KHTML, like Gecko; compatible; bingbot/2.0; +http://www.bing.com/bingbot.htm) Chrome/116.0.1938.76 Safari/537.36"
40.77.167.32 - - [27/Aug/2026:00:23:54 +0330] "GET /?u=228651546901 HTTP/2.0" 200 34766 "-" "Mozilla/5.0 AppleWebKit/537.36 (KHTML, like Gecko; compatible; bingbot/2.0; +http://www.bing.com/bingbot.htm) Chrome/116.0.1938.76 Safari/537.36"
52.167.144.238 - - [27/Aug/2026:00:23:54 +0330] "GET /?u=90798160054106 HTTP/2.0" 200 33684 "-" "Mozilla/5.0 AppleWebKit/537.36 (KHTML, like Gecko; compatible; bingbot/2.0; +http://www.bing.com/bingbot.htm) Chrome/116.0.1938.76 Safari/537.36"
40.77.167.32 - - [27/Aug/2026:00:23:56 +0330] "GET /?u=21627268016003 HTTP/2.0" 200 31394 "-" "Mozilla/5.0 AppleWebKit/537.36 (KHTML, like Gecko; compatible; bingbot/2.0; +http://www.bing.com/bingbot.htm) Chrome/116.0.1938.76 Safari/537.36"
40.77.167.32 - - [27/Aug/2026:00:23:59 +0330] "GET /?u=328877992803 HTTP/2.0" 200 32188 "-" "Mozilla/5.0 AppleWebKit/537.36 (KHTML, like Gecko; compatible; bingbot/2.0; +http://www.bing.com/bingbot.htm) Chrome/116.0.1938.76 Safari/537.36"
157.55.39.7 - - [27/Aug/2026:00:24:00 +0330] "GET /?u=9086143735100 HTTP/2.0" 200 37845 "-" "Mozilla/5.0 AppleWebKit/537.36 (KHTML, like Gecko; compatible; bingbot/2.0; +http://www.bing.com/bingbot.htm) Chrome/116.0.1938.76 Safari/537.36"
127.0.0.1 - - [27/Aug/2026:00:24:01 +0330] "GET /api/v2/article-show/swipe-card-reader HTTP/1.1" 200 134911 "-" "node"
127.0.0.1 - - [27/Aug/2026:00:24:02 +0330] "GET /api/v1/categories-amazon HTTP/1.1" 200 34199 "-" "node"
192.178.7.160 - - [27/Aug/2026:00:24:02 +0330] "GET /articles/swipe-card-reader HTTP/1.1" 200 107517 "-" "Mozilla/5.0 (Linux; Android 6.0.1; Nexus 5X Build/MMB29P) AppleWebKit/537.36 (KHTML, like Gecko) Chrome/151.0.7922.173 Mobile Safari/537.36 (compatible; Googlebot/2.1; +http://www.google.com/bot.html)"
157.55.39.7 - - [27/Aug/2026:00:24:02 +0330] "GET /?u=5112213260600 HTTP/2.0" 200 32908 "-" "Mozilla/5.0 AppleWebKit/537.36 (KHTML, like Gecko; compatible; bingbot/2.0; +http://www.bing.com/bingbot.htm) Chrome/116.0.1938.76 Safari/537.36"
157.55.39.7 - - [27/Aug/2026:00:24:04 +0330] "GET /?u=5689198074302 HTTP/2.0" 200 32248 "-" "Mozilla/5.0 AppleWebKit/537.36 (KHTML, like Gecko; compatible; bingbot/2.0; +http://www.bing.com/bingbot.htm) Chrome/116.0.1938.76 Safari/537.36"
52.167.144.181 - - [27/Aug/2026:00:24:05 +0330] "GET /?u=9168132632000 HTTP/2.0" 200 34078 "-" "Mozilla/5.0 AppleWebKit/537.36 (KHTML, like Gecko; compatible; bingbot/2.0; +http://www.bing.com/bingbot.htm) Chrome/116.0.1938.76 Safari/537.36"
157.55.39.7 - - [27/Aug/2026:00:24:05 +0330] "GET /?u=0637792874600 HTTP/2.0" 200 37268 "-" "Mozilla/5.0 AppleWebKit/537.36 (KHTML, like Gecko; compatible; bingbot/2.0; +http://www.bing.com/bingbot.htm) Chrome/116.0.1938.76 Safari/537.36"
192.178.7.169 - - [27/Aug/2026:00:24:06 +0330] "GET /_next/static/chunks/8003-81602ee8b36ef204.js HTTP/1.1" 200 2435 "https://charsooq.com/articles/swipe-card-reader" "Mozilla/5.0 (Linux; Android 6.0.1; Nexus 5X Build/MMB29P) AppleWebKit/537.36 (KHTML, like Gecko) Chrome/151.0.7922.173 Mobile Safari/537.36 (compatible; Googlebot/2.1; +http://www.google.com/bot.html)"
52.167.144.181 - - [27/Aug/2026:00:24:06 +0330] "GET /?u=5177170061500 HTTP/2.0" 200 33638 "-" "Mozilla/5.0 AppleWebKit/537.36 (KHTML, like Gecko; compatible; bingbot/2.0; +http://www.bing.com/bingbot.htm) Chrome/116.0.1938.76 Safari/537.36"
52.167.144.181 - - [27/Aug/2026:00:24:09 +0330] "GET /?u=407818054502 HTTP/2.0" 200 33156 "-" "Mozilla/5.0 AppleWebKit/537.36 (KHTML, like Gecko; compatible; bingbot/2.0; +http://www.bing.com/bingbot.htm) Chrome/116.0.1938.76 Safari/537.36"
52.167.144.181 - - [27/Aug/2026:00:24:10 +0330] "GET /?u=6253128816303 HTTP/2.0" 200 32948 "-" "Mozilla/5.0 AppleWebKit/537.36 (KHTML, like Gecko; compatible; bingbot/2.0; +http://www.bing.com/bingbot.htm) Chrome/116.0.1938.76 Safari/537.36"
52.167.144.181 - - [27/Aug/2026:00:24:12 +0330] "GET /?u=78217108099701 HTTP/2.0" 200 33251 "-" "Mozilla/5.0 AppleWebKit/537.36 (KHTML, like Gecko; compatible; bingbot/2.0; +http://www.bing.com/bingbot.htm) Chrome/116.0.1938.76 Safari/537.36"
127.0.0.1 - - [27/Aug/2026:00:24:13 +0330] "GET /api/v3/product-show/amz-B0CGKHLQ7Y?amazon_region=undefined HTTP/1.1" 301 169 "-" "node"
127.0.0.1 - - [27/Aug/2026:00:24:13 +0330] "GET /api/v3/product-show/amz-B0CGKHLQ7Y?amazon_region= HTTP/1.1" 301 169 "-" "node"
52.167.144.181 - - [27/Aug/2026:00:24:14 +0330] "GET /?u=911072815002 HTTP/2.0" 200 33486 "-" "Mozilla/5.0 AppleWebKit/537.36 (KHTML, like Gecko; compatible; bingbot/2.0; +http://www.bing.com/bingbot.htm) Chrome/116.0.1938.76 Safari/537.36"
127.0.0.1 - - [27/Aug/2026:00:24:14 +0330] "GET /api/v3/product-show/amz-B0CGKHLQ7Y?amazon_region= HTTP/1.1" 200 15161 "-" "node"
127.0.0.1 - - [27/Aug/2026:00:24:14 +0330] "GET /api/v3/product-show/amz-B0CGKHLQ7Y?amazon_region=undefined HTTP/1.1" 200 15175 "-" "node"
157.55.39.7 - - [27/Aug/2026:00:24:14 +0330] "GET /?u=871742289500 HTTP/2.0" 200 35663 "-" "Mozilla/5.0 AppleWebKit/537.36 (KHTML, like Gecko; compatible; bingbot/2.0; +http://www.bing.com/bingbot.htm) Chrome/116.0.1938.76 Safari/537.36"
127.0.0.1 - - [27/Aug/2026:00:24:15 +0330] "GET /api/v1/categories-amazon HTTP/1.1" 200 34230 "-" "node"
167.99.82.126 - - [27/Aug/2026:00:24:15 +0330] "POST /xmlrpc.php HTTP/1.1" 301 169 "-" "Mozilla/5.0 (Macintosh; Intel Mac OS X 10_15_7) AppleWebKit/605.1.15 (KHTML, like Gecko) Version/17.5 Safari/605.1.15"
40.77.167.67 - - [27/Aug/2026:00:24:15 +0330] "GET /product/amz-B0CGKHLQ7Y/Skytech-Gaming-Prism-Gaming-PC-Intel-i9-13900K-3-0-GHz-RTX-4080-1TB-NVME-Gen4-32GB-DDR5-RAM-RGB-1000W-Gold-ATX-3-0-PSU-Wi-Fi-Win-11-Home-RGB-Keyboard-and-RGB-Mouse-Included HTTP/2.0" 200 113753 "-" "Mozilla/5.0 AppleWebKit/537.36 (KHTML, like Gecko; compatible; bingbot/2.0; +http://www.bing.com/bingbot.htm) Chrome/116.0.1938.76 Safari/537.36"
52.167.144.181 - - [27/Aug/2026:00:24:15 +0330] "GET /?u=6019789479601 HTTP/2.0" 200 33312 "-" "Mozilla/5.0 AppleWebKit/537.36 (KHTML, like Gecko; compatible; bingbot/2.0; +http://www.bing.com/bingbot.htm) Chrome/116.0.1938.76 Safari/537.36"
127.0.0.1 - - [27/Aug/2026:00:24:16 +0330] "GET /api/v1/article-old-show/xmlrpc HTTP/1.1" 404 170 "-" "node"
157.55.39.7 - - [27/Aug/2026:00:24:16 +0330] "GET /?u=5172659978500 HTTP/2.0" 200 34687 "-" "Mozilla/5.0 AppleWebKit/537.36 (KHTML, like Gecko; compatible; bingbot/2.0; +http://www.bing.com/bingbot.htm) Chrome/116.0.1938.76 Safari/537.36"
127.0.0.1 - - [27/Aug/2026:00:24:17 +0330] "GET /api/v1/categories-amazon HTTP/1.1" 200 34230 "-" "node"
167.99.82.126 - - [27/Aug/2026:00:24:17 +0330] "GET /xmlrpc.php HTTP/1.1" 200 288504 "http://charsooq.com/xmlrpc.php" "Mozilla/5.0 (Macintosh; Intel Mac OS X 10_15_7) AppleWebKit/605.1.15 (KHTML, like Gecko) Version/17.5 Safari/605.1.15"
167.99.82.126 - - [27/Aug/2026:00:24:18 +0330] "POST /xmlrpc.php HTTP/1.1" 301 169 "-" "Mozilla/5.0 (Windows NT 10.0; Win64; x64; rv:140.0) Gecko/20100101 Firefox/140.0"
157.55.39.7 - - [27/Aug/2026:00:24:18 +0330] "GET /?u=07421105171000 HTTP/2.0" 200 34641 "-" "Mozilla/5.0 AppleWebKit/537.36 (KHTML, like Gecko; compatible; bingbot/2.0; +http://www.bing.com/bingbot.htm) Chrome/116.0.1938.76 Safari/537.36"
127.0.0.1 - - [27/Aug/2026:00:24:18 +0330] "GET /api/v1/article-old-show/xmlrpc HTTP/1.1" 404 170 "-" "node"
127.0.0.1 - - [27/Aug/2026:00:24:19 +0330] "GET /api/v1/categories-amazon HTTP/1.1" 200 34230 "-" "node"
167.99.82.126 - - [27/Aug/2026:00:24:20 +0330] "GET /xmlrpc.php HTTP/1.1" 200 261589 "http://charsooq.com/xmlrpc.php" "Mozilla/5.0 (Windows NT 10.0; Win64; x64; rv:140.0) Gecko/20100101 Firefox/140.0"
167.99.82.126 - - [27/Aug/2026:00:24:20 +0330] "GET / HTTP/1.1" 301 169 "-" "Mozilla/5.0 (Windows NT 10.0; Win64; x64) AppleWebKit/537.36 (KHTML, like Gecko) Chrome/138.0.0.0 Safari/537.36 Edg/138.0.0.0"
127.0.0.1 - - [27/Aug/2026:00:24:23 +0330] "GET /api/v1/categories-amazon HTTP/1.1" 200 34230 "-" "node"
127.0.0.1 - - [27/Aug/2026:00:24:23 +0330] "GET /api/v2/page-data HTTP/1.1" 200 36854 "-" "node"
167.99.82.126 - - [27/Aug/2026:00:24:23 +0330] "GET / HTTP/1.1" 200 338303 "http://charsooq.com/" "Mozilla/5.0 (Windows NT 10.0; Win64; x64) AppleWebKit/537.36 (KHTML, like Gecko) Chrome/138.0.0.0 Safari/537.36 Edg/138.0.0.0"
52.167.144.181 - - [27/Aug/2026:00:24:23 +0330] "GET /?u=89920203791002 HTTP/2.0" 200 32322 "-" "Mozilla/5.0 AppleWebKit/537.36 (KHTML, like Gecko; compatible; bingbot/2.0; +http://www.bing.com/bingbot.htm) Chrome/116.0.1938.76 Safari/537.36"
167.99.82.126 - - [27/Aug/2026:00:24:24 +0330] "POST /blog/xmlrpc.php HTTP/1.1" 301 169 "-" "Mozilla/5.0 (Macintosh; Intel Mac OS X 10_15_7) AppleWebKit/605.1.15 (KHTML, like Gecko) Version/17.5 Safari/605.1.15"
127.0.0.1 - - [27/Aug/2026:00:24:25 +0330] "GET /api/v1/categories-amazon HTTP/1.1" 200 34230 "-" "node"
52.167.144.181 - - [27/Aug/2026:00:24:25 +0330] "GET /?u=00227144121107 HTTP/2.0" 200 31880 "-" "Mozilla/5.0 AppleWebKit/537.36 (KHTML, like Gecko; compatible; bingbot/2.0; +http://www.bing.com/bingbot.htm) Chrome/116.0.1938.76 Safari/537.36"
167.99.82.126 - - [27/Aug/2026:00:24:25 +0330] "GET /blog/xmlrpc.php HTTP/1.1" 404 229616 "http://charsooq.com/blog/xmlrpc.php" "Mozilla/5.0 (Macintosh; Intel Mac OS X 10_15_7) AppleWebKit/605.1.15 (KHTML, like Gecko) Version/17.5 Safari/605.1.15"
167.99.82.126 - - [27/Aug/2026:00:24:26 +0330] "POST /wp/xmlrpc.php HTTP/1.1" 301 169 "-" "Mozilla/5.0 (Macintosh; Intel Mac OS X 10_15_7) AppleWebKit/605.1.15 (KHTML, like Gecko) Version/17.5 Safari/605.1.15"
52.167.144.181 - - [27/Aug/2026:00:24:27 +0330] "GET /?u=06277223065004 HTTP/2.0" 200 33718 "-" "Mozilla/5.0 AppleWebKit/537.36 (KHTML, like Gecko; compatible; bingbot/2.0; +http://www.bing.com/bingbot.htm) Chrome/116.0.1938.76 Safari/537.36"
52.167.144.238 - - [27/Aug/2026:00:24:28 +0330] "GET /?u=9772565680001 HTTP/2.0" 200 33954 "-" "Mozilla/5.0 AppleWebKit/537.36 (KHTML, like Gecko; compatible; bingbot/2.0; +http://www.bing.com/bingbot.htm) Chrome/116.0.1938.76 Safari/537.36"
127.0.0.1 - - [27/Aug/2026:00:24:28 +0330] "GET /api/v1/categories-amazon HTTP/1.1" 200 34230 "-" "node"
167.99.82.126 - - [27/Aug/2026:00:24:29 +0330] "GET /wp/xmlrpc.php HTTP/1.1" 404 229614 "http://charsooq.com/wp/xmlrpc.php" "Mozilla/5.0 (Macintosh; Intel Mac OS X 10_15_7) AppleWebKit/605.1.15 (KHTML, like Gecko) Version/17.5 Safari/605.1.15"
167.99.82.126 - - [27/Aug/2026:00:24:29 +0330] "POST /wordpress/xmlrpc.php HTTP/1.1" 301 169 "-" "Mozilla/5.0 (X11; Linux x86_64) AppleWebKit/537.36 (KHTML, like Gecko) Chrome/138.0.0.0 Safari/537.36"
52.167.144.238 - - [27/Aug/2026:00:24:29 +0330] "GET /?u=05449258651600 HTTP/2.0" 200 33036 "-" "Mozilla/5.0 AppleWebKit/537.36 (KHTML, like Gecko; compatible; bingbot/2.0; +http://www.bing.com/bingbot.htm) Chrome/116.0.1938.76 Safari/537.36"
127.0.0.1 - - [27/Aug/2026:00:24:30 +0330] "GET /api/v1/categories-amazon HTTP/1.1" 200 34230 "-" "node"
167.99.82.126 - - [27/Aug/2026:00:24:31 +0330] "GET /wordpress/xmlrpc.php HTTP/1.1" 404 229597 "http://charsooq.com/wordpress/xmlrpc.php" "Mozilla/5.0 (X11; Linux x86_64) AppleWebKit/537.36 (KHTML, like Gecko) Chrome/138.0.0.0 Safari/537.36"
167.99.82.126 - - [27/Aug/2026:00:24:31 +0330] "POST /site/xmlrpc.php HTTP/1.1" 301 169 "-" "Mozilla/5.0 (Macintosh; Intel Mac OS X 10_15_7) AppleWebKit/605.1.15 (KHTML, like Gecko) Version/17.5 Safari/605.1.15"
52.167.144.238 - - [27/Aug/2026:00:24:31 +0330] "GET /?u=7601921410400 HTTP/2.0" 200 33199 "-" "Mozilla/5.0 AppleWebKit/537.36 (KHTML, like Gecko; compatible; bingbot/2.0; +http://www.bing.com/bingbot.htm) Chrome/116.0.1938.76 Safari/537.36"
127.0.0.1 - - [27/Aug/2026:00:24:32 +0330] "GET /api/v1/categories-amazon HTTP/1.1" 200 34199 "-" "node"
