2.147.138.23 - - [27/Aug/2026:01:30:37 +0330] "GET /_next/static/chunks/app/industrial-parts/error-22f6747704f6ca21.js HTTP/2.0" 200 673 "https://charsooq.com/" "Mozilla/5.0 (Linux; Android 10; K) AppleWebKit/537.36 (KHTML, like Gecko) Chrome/150.0.0.0 Mobile Safari/537.36"
40.77.167.33 - - [27/Aug/2026:01:30:37 +0330] "GET /?u=210129254805 HTTP/2.0" 200 33185 "-" "Mozilla/5.0 AppleWebKit/537.36 (KHTML, like Gecko; compatible; bingbot/2.0; +http://www.bing.com/bingbot.htm) Chrome/116.0.1938.76 Safari/537.36"
40.77.167.33 - - [27/Aug/2026:01:30:37 +0330] "GET /?u=46300178856801 HTTP/2.0" 200 34225 "-" "Mozilla/5.0 AppleWebKit/537.36 (KHTML, like Gecko; compatible; bingbot/2.0; +http://www.bing.com/bingbot.htm) Chrome/116.0.1938.76 Safari/537.36"
40.77.167.33 - - [27/Aug/2026:01:30:39 +0330] "GET /?u=76696253667605 HTTP/2.0" 200 33545 "-" "Mozilla/5.0 AppleWebKit/537.36 (KHTML, like Gecko; compatible; bingbot/2.0; +http://www.bing.com/bingbot.htm) Chrome/116.0.1938.76 Safari/537.36"
40.77.167.33 - - [27/Aug/2026:01:30:39 +0330] "GET /?u=95713206742401 HTTP/2.0" 200 33355 "-" "Mozilla/5.0 AppleWebKit/537.36 (KHTML, like Gecko; compatible; bingbot/2.0; +http://www.bing.com/bingbot.htm) Chrome/116.0.1938.76 Safari/537.36"
45.148.10.238 - - [27/Aug/2026:01:30:40 +0330] "GET /%00.env.www HTTP/1.1" 400 157 "-" "-"
40.77.167.33 - - [27/Aug/2026:01:30:41 +0330] "GET /?u=6108949482707 HTTP/2.0" 200 34417 "-" "Mozilla/5.0 AppleWebKit/537.36 (KHTML, like Gecko; compatible; bingbot/2.0; +http://www.bing.com/bingbot.htm) Chrome/116.0.1938.76 Safari/537.36"
45.148.10.238 - - [27/Aug/2026:01:30:41 +0330] "GET /%00wp-config.php.save HTTP/1.1" 400 157 "-" "-"
45.148.10.238 - - [27/Aug/2026:01:30:41 +0330] "GET /assets/%252eenv HTTP/1.1" 301 169 "-" "Mozilla/5.0 (Macintosh; Intel Mac OS X 10_15_7) AppleWebKit/605.1.15 (KHTML, like Gecko) Version/18.2 Safari/605.1.15"
45.148.10.238 - - [27/Aug/2026:01:30:41 +0330] "GET /assets/%252eenv HTTP/1.1" 404 2312 "http://185.215.124.174/assets/%252eenv" "Mozilla/5.0 (Macintosh; Intel Mac OS X 10_15_7) AppleWebKit/605.1.15 (KHTML, like Gecko) Version/18.2 Safari/605.1.15"
45.148.10.238 - - [27/Aug/2026:01:30:41 +0330] "GET /%00audio/%00.env HTTP/1.1" 400 157 "-" "-"
45.148.10.238 - - [27/Aug/2026:01:30:41 +0330] "GET /%00env.dev HTTP/1.1" 400 157 "-" "-"
45.148.10.238 - - [27/Aug/2026:01:30:41 +0330] "GET /%61%64%6d%69%6e/%73%65%72%76%65%72_%69%6e%66%6f.%70%68%70?v=1h5ZW HTTP/1.1" 301 169 "-" "Mozilla/5.0 (Macintosh; Intel Mac OS X 10_15_7) AppleWebKit/537.36 (KHTML, like Gecko) Chrome/131.0.0.0 Safari/537.36"
45.148.10.238 - - [27/Aug/2026:01:30:41 +0330] "GET /%65%6e%76.%70%72%6f%64%75%63%74%69%6f%6e?v=muswA HTTP/1.1" 301 169 "-" "Mozilla/5.0 (Linux; Android 14; SM-S928B) AppleWebKit/537.36 (KHTML, like Gecko) Chrome/131.0.0.0 Mobile Safari/537.36"
45.148.10.238 - - [27/Aug/2026:01:30:41 +0330] "GET /%00config.php.bak HTTP/1.1" 400 157 "-" "-"
45.148.10.238 - - [27/Aug/2026:01:30:41 +0330] "GET /%61%64%6d%69%6e/%73%65%72%76%65%72_%69%6e%66%6f.%70%68%70?v=1h5ZW HTTP/1.1" 404 47 "http://185.215.124.174/%61%64%6d%69%6e/%73%65%72%76%65%72_%69%6e%66%6f.%70%68%70?v=1h5ZW" "Mozilla/5.0 (Macintosh; Intel Mac OS X 10_15_7) AppleWebKit/537.36 (KHTML, like Gecko) Chrome/131.0.0.0 Safari/537.36"
45.148.10.238 - - [27/Aug/2026:01:30:41 +0330] "GET /%65%6e%76.%70%72%6f%64%75%63%74%69%6f%6e?v=muswA HTTP/1.1" 404 2312 "http://185.215.124.174/%65%6e%76.%70%72%6f%64%75%63%74%69%6f%6e?v=muswA" "Mozilla/5.0 (Linux; Android 14; SM-S928B) AppleWebKit/537.36 (KHTML, like Gecko) Chrome/131.0.0.0 Mobile Safari/537.36"
45.148.10.238 - - [27/Aug/2026:01:30:41 +0330] "GET /%61%70%70%32-%73%74%61%74%69%63/.%65%6e%76?v=y2nOe HTTP/1.1" 301 169 "-" "Mozilla/5.0 (Linux; Android 14; SM-S928B) AppleWebKit/537.36 (KHTML, like Gecko) Chrome/131.0.0.0 Mobile Safari/537.36"
45.148.10.238 - - [27/Aug/2026:01:30:41 +0330] "GET /%00back/%00.env HTTP/1.1" 400 157 "-" "-"
45.148.10.238 - - [27/Aug/2026:01:30:41 +0330] "GET /%00awsSettings.js HTTP/1.1" 400 157 "-" "-"
45.148.10.238 - - [27/Aug/2026:01:30:41 +0330] "GET /%00.envrc HTTP/1.1" 400 157 "-" "-"
45.148.10.238 - - [27/Aug/2026:01:30:41 +0330] "GET /%00.env.local HTTP/1.1" 400 157 "-" "-"
45.148.10.238 - - [27/Aug/2026:01:30:41 +0330] "GET /%61%70%70%32-%73%74%61%74%69%63/.%65%6e%76?v=y2nOe HTTP/1.1" 403 187 "http://185.215.124.174/%61%70%70%32-%73%74%61%74%69%63/.%65%6e%76?v=y2nOe" "Mozilla/5.0 (Linux; Android 14; SM-S928B) AppleWebKit/537.36 (KHTML, like Gecko) Chrome/131.0.0.0 Mobile Safari/537.36"
45.148.10.238 - - [27/Aug/2026:01:30:41 +0330] "GET /%00.env.dist HTTP/1.1" 400 157 "-" "-"
45.148.10.238 - - [27/Aug/2026:01:30:41 +0330] "GET /api1/%252eenv HTTP/1.1" 301 169 "-" "Mozilla/5.0 (X11; Linux x86_64) AppleWebKit/537.36 (KHTML, like Gecko) Chrome/131.0.0.0 Safari/537.36"
45.148.10.238 - - [27/Aug/2026:01:30:41 +0330] "GET /%00?pp=phpinfo HTTP/1.1" 400 157 "-" "-"
45.148.10.238 - - [27/Aug/2026:01:30:41 +0330] "GET /%00auth.yml HTTP/1.1" 400 157 "-" "-"
45.148.10.238 - - [27/Aug/2026:01:30:42 +0330] "GET /%62%61%63%6b%65%6e%64/.%65%6e%76?v=OhXI6 HTTP/1.1" 301 169 "-" "Mozilla/5.0 (Macintosh; Intel Mac OS X 10_15_7) AppleWebKit/605.1.15 (KHTML, like Gecko) Version/18.2 Safari/605.1.15"
45.148.10.238 - - [27/Aug/2026:01:30:42 +0330] "GET /%00wp-config.php~ HTTP/1.1" 400 157 "-" "-"
45.148.10.238 - - [27/Aug/2026:01:30:42 +0330] "GET /%61%63%74%69%6f%6e%73-%73%65%72%76%65%72/.%65%6e%76?v=CykoR HTTP/1.1" 301 169 "-" "Mozilla/5.0 (Windows NT 10.0; Win64; x64; rv:134.0) Gecko/20100101 Firefox/134.0"
52.167.144.189 - - [27/Aug/2026:01:30:42 +0330] "GET /?u=08314177210102 HTTP/2.0" 200 33539 "-" "Mozilla/5.0 AppleWebKit/537.36 (KHTML, like Gecko; compatible; bingbot/2.0; +http://www.bing.com/bingbot.htm) Chrome/116.0.1938.76 Safari/537.36"
45.148.10.238 - - [27/Aug/2026:01:30:42 +0330] "GET /.%65%6e%76.%73%74%61%67%65?v=X1Y1d HTTP/1.1" 301 169 "-" "Mozilla/5.0 (iPhone; CPU iPhone OS 18_2 like Mac OS X) AppleWebKit/605.1.15 (KHTML, like Gecko) Version/18.2 Mobile/15E148 Safari/605.1.15"
45.148.10.238 - - [27/Aug/2026:01:30:42 +0330] "GET /app_nginx_static_path/%252eenv HTTP/1.1" 301 169 "-" "Mozilla/5.0 (Macintosh; Intel Mac OS X 10_15_7) AppleWebKit/537.36 (KHTML, like Gecko) Chrome/131.0.0.0 Safari/537.36"
45.148.10.238 - - [27/Aug/2026:01:30:42 +0330] "GET /%61%63%74%69%6f%6e%73-%73%65%72%76%65%72/.%65%6e%76?v=CykoR HTTP/1.1" 403 125 "http://185.215.124.174/%61%63%74%69%6f%6e%73-%73%65%72%76%65%72/.%65%6e%76?v=CykoR" "Mozilla/5.0 (Windows NT 10.0; Win64; x64; rv:134.0) Gecko/20100101 Firefox/134.0"
45.148.10.238 - - [27/Aug/2026:01:30:42 +0330] "GET /%65%6e%76.%62%61%63%6b%75%70?v=aX4ub HTTP/1.1" 301 169 "-" "Mozilla/5.0 (X11; Linux x86_64) AppleWebKit/537.36 (KHTML, like Gecko) Chrome/131.0.0.0 Safari/537.36"
45.148.10.238 - - [27/Aug/2026:01:30:42 +0330] "GET /%00.env.v2 HTTP/1.1" 400 157 "-" "-"
45.148.10.238 - - [27/Aug/2026:01:30:42 +0330] "GET /%00wp-config.php.old HTTP/1.1" 400 157 "-" "-"
45.148.10.238 - - [27/Aug/2026:01:30:42 +0330] "GET /.%65%6e%76.%73%74%61%67%65?v=X1Y1d HTTP/1.1" 403 125 "http://185.215.124.174/.%65%6e%76.%73%74%61%67%65?v=X1Y1d" "Mozilla/5.0 (iPhone; CPU iPhone OS 18_2 like Mac OS X) AppleWebKit/605.1.15 (KHTML, like Gecko) Version/18.2 Mobile/15E148 Safari/605.1.15"
45.148.10.238 - - [27/Aug/2026:01:30:42 +0330] "GET /%00backend/%00src/%00.env HTTP/1.1" 400 157 "-" "-"
45.148.10.238 - - [27/Aug/2026:01:30:42 +0330] "GET /%00PHPInfo.php HTTP/1.1" 400 157 "-" "-"
45.148.10.238 - - [27/Aug/2026:01:30:42 +0330] "GET /%65%6e%76.%62%61%63%6b%75%70?v=aX4ub HTTP/1.1" 404 2312 "http://185.215.124.174/%65%6e%76.%62%61%63%6b%75%70?v=aX4ub" "Mozilla/5.0 (X11; Linux x86_64) AppleWebKit/537.36 (KHTML, like Gecko) Chrome/131.0.0.0 Safari/537.36"
45.148.10.238 - - [27/Aug/2026:01:30:42 +0330] "GET /app_nginx_static_path/%252eenv HTTP/1.1" 404 2312 "http://185.215.124.174/app_nginx_static_path/%252eenv" "Mozilla/5.0 (Macintosh; Intel Mac OS X 10_15_7) AppleWebKit/537.36 (KHTML, like Gecko) Chrome/131.0.0.0 Safari/537.36"
45.148.10.238 - - [27/Aug/2026:01:30:42 +0330] "GET /%00actions-server/%00.env HTTP/1.1" 400 157 "-" "-"
45.148.10.238 - - [27/Aug/2026:01:30:42 +0330] "GET /%00.env.stage HTTP/1.1" 400 157 "-" "-"
45.148.10.238 - - [27/Aug/2026:01:30:42 +0330] "GET /%00env.backup HTTP/1.1" 400 157 "-" "-"
45.148.10.238 - - [27/Aug/2026:01:30:42 +0330] "GET /%00api/%00aws/%00index.js HTTP/1.1" 400 157 "-" "-"
45.148.10.238 - - [27/Aug/2026:01:30:42 +0330] "GET /%00.env.docker.dev HTTP/1.1" 400 157 "-" "-"
45.148.10.238 - - [27/Aug/2026:01:30:42 +0330] "GET /%00auth.yaml HTTP/1.1" 400 157 "-" "-"
45.148.10.238 - - [27/Aug/2026:01:30:43 +0330] "GET /acme/%252eenv HTTP/1.1" 301 169 "-" "Mozilla/5.0 (Linux; Android 14; SM-S928B) AppleWebKit/537.36 (KHTML, like Gecko) Chrome/131.0.0.0 Mobile Safari/537.36"
45.148.10.238 - - [27/Aug/2026:01:30:43 +0330] "GET /credentials%252eyml HTTP/1.1" 301 169 "-" "Mozilla/5.0 (iPhone; CPU iPhone OS 18_2 like Mac OS X) AppleWebKit/605.1.15 (KHTML, like Gecko) Version/18.2 Mobile/15E148 Safari/605.1.15"
45.148.10.238 - - [27/Aug/2026:01:30:43 +0330] "GET /%00api2/%00.env HTTP/1.1" 400 157 "-" "-"
45.148.10.238 - - [27/Aug/2026:01:30:43 +0330] "GET /acme/%252eenv HTTP/1.1" 404 2312 "http://185.215.124.174/acme/%252eenv" "Mozilla/5.0 (Linux; Android 14; SM-S928B) AppleWebKit/537.36 (KHTML, like Gecko) Chrome/131.0.0.0 Mobile Safari/537.36"
52.167.144.189 - - [27/Aug/2026:01:30:44 +0330] "GET /?u=70776128359900 HTTP/2.0" 200 33470 "-" "Mozilla/5.0 AppleWebKit/537.36 (KHTML, like Gecko; compatible; bingbot/2.0; +http://www.bing.com/bingbot.htm) Chrome/116.0.1938.76 Safari/537.36"
45.148.10.238 - - [27/Aug/2026:01:30:44 +0330] "GET /%00?pp=env HTTP/1.1" 400 157 "-" "-"
52.167.144.189 - - [27/Aug/2026:01:30:45 +0330] "GET /?u=87080199774900 HTTP/2.0" 200 33449 "-" "Mozilla/5.0 AppleWebKit/537.36 (KHTML, like Gecko; compatible; bingbot/2.0; +http://www.bing.com/bingbot.htm) Chrome/116.0.1938.76 Safari/537.36"
52.167.144.189 - - [27/Aug/2026:01:30:47 +0330] "GET /?u=47099139220801 HTTP/2.0" 200 34113 "-" "Mozilla/5.0 AppleWebKit/537.36 (KHTML, like Gecko; compatible; bingbot/2.0; +http://www.bing.com/bingbot.htm) Chrome/116.0.1938.76 Safari/537.36"
45.148.10.238 - - [27/Aug/2026:01:30:47 +0330] "GET /%61%77%73.%79%6d%6c?v=L5w9A HTTP/1.1" 301 169 "-" "Mozilla/5.0 (Linux; Android 14; SM-S928B) AppleWebKit/537.36 (KHTML, like Gecko) Chrome/131.0.0.0 Mobile Safari/537.36"
45.148.10.238 - - [27/Aug/2026:01:30:47 +0330] "GET /%00.env.save HTTP/1.1" 400 157 "-" "-"
45.148.10.238 - - [27/Aug/2026:01:30:48 +0330] "GET /.%65%6e%76.%70%72%6f%64%75%63%74%69%6f%6e.%6c%6f%63%61%6c?v=TOtkr HTTP/1.1" 301 169 "-" "Mozilla/5.0 (iPhone; CPU iPhone OS 18_2 like Mac OS X) AppleWebKit/605.1.15 (KHTML, like Gecko) Version/18.2 Mobile/15E148 Safari/605.1.15"
45.148.10.238 - - [27/Aug/2026:01:30:48 +0330] "GET /%252eenv%252eprod HTTP/1.1" 301 169 "-" "Mozlila/5.0 (Linux; Android 7.0; SM-G892A Bulid/NRD90M; wv) AppleWebKit/537.36 (KHTML, like Gecko) Version/4.0 Chrome/60.0.3112.107 Moblie Safari/537.36"
45.148.10.238 - - [27/Aug/2026:01:30:48 +0330] "GET /.%61%77%73/%63%6f%6e%66%69%67?v=3e0w5 HTTP/1.1" 301 169 "-" "Mozilla/5.0 (Windows NT 10.0; Win64; x64) AppleWebKit/537.36 (KHTML, like Gecko) Chrome/131.0.0.0 Safari/537.36 Edg/131.0.0.0"
45.148.10.238 - - [27/Aug/2026:01:30:48 +0330] "GET /%00auth/%00.env HTTP/1.1" 400 157 "-" "-"
45.148.10.238 - - [27/Aug/2026:01:30:48 +0330] "GET /%00admin/%00server_info.php HTTP/1.1" 400 157 "-" "-"
45.148.10.238 - - [27/Aug/2026:01:30:48 +0330] "GET /.%61%77%73/%63%6f%6e%66%69%67?v=3e0w5 HTTP/1.1" 403 187 "http://185.215.124.174/.%61%77%73/%63%6f%6e%66%69%67?v=3e0w5" "Mozilla/5.0 (Windows NT 10.0; Win64; x64) AppleWebKit/537.36 (KHTML, like Gecko) Chrome/131.0.0.0 Safari/537.36 Edg/131.0.0.0"
45.148.10.238 - - [27/Aug/2026:01:30:48 +0330] "GET /%00base_dir/%00.env HTTP/1.1" 400 157 "-" "-"
45.148.10.238 - - [27/Aug/2026:01:30:48 +0330] "GET /%00app2-static/%00.env HTTP/1.1" 400 157 "-" "-"
45.148.10.238 - - [27/Aug/2026:01:30:48 +0330] "GET /%00bgoldd/%00.env HTTP/1.1" 400 157 "-" "-"
45.148.10.238 - - [27/Aug/2026:01:30:48 +0330] "GET //%00.env HTTP/1.1" 400 157 "-" "-"
45.148.10.238 - - [27/Aug/2026:01:30:48 +0330] "GET /%252eenv%252eprod HTTP/1.1" 404 2312 "http://185.215.124.174/%252eenv%252eprod" "Mozlila/5.0 (Linux; Android 7.0; SM-G892A Bulid/NRD90M; wv) AppleWebKit/537.36 (KHTML, like Gecko) Version/4.0 Chrome/60.0.3112.107 Moblie Safari/537.36"
45.148.10.238 - - [27/Aug/2026:01:30:48 +0330] "GET /%00client/%00.env HTTP/1.1" 400 157 "-" "-"
45.148.10.238 - - [27/Aug/2026:01:30:48 +0330] "GET /%00.env.new HTTP/1.1" 400 157 "-" "-"
45.148.10.238 - - [27/Aug/2026:01:30:48 +0330] "GET /%00administrator/%00.env HTTP/1.1" 400 157 "-" "-"
45.148.10.238 - - [27/Aug/2026:01:30:48 +0330] "GET /%00.gitlab-ci/%00.env HTTP/1.1" 400 157 "-" "-"
52.167.144.189 - - [27/Aug/2026:01:30:48 +0330] "GET /?u=75133137669000 HTTP/2.0" 200 33143 "-" "Mozilla/5.0 AppleWebKit/537.36 (KHTML, like Gecko; compatible; bingbot/2.0; +http://www.bing.com/bingbot.htm) Chrome/116.0.1938.76 Safari/537.36"
207.46.13.127 - - [27/Aug/2026:01:30:48 +0330] "GET /?u=8720080855504 HTTP/2.0" 200 33651 "-" "Mozilla/5.0 AppleWebKit/537.36 (KHTML, like Gecko; compatible; bingbot/2.0; +http://www.bing.com/bingbot.htm) Chrome/116.0.1938.76 Safari/537.36"
45.148.10.238 - - [27/Aug/2026:01:30:48 +0330] "GET /%00env.local HTTP/1.1" 400 157 "-" "-"
52.167.144.189 - - [27/Aug/2026:01:30:49 +0330] "GET /?u=07115102522101 HTTP/2.0" 200 32765 "-" "Mozilla/5.0 AppleWebKit/537.36 (KHTML, like Gecko; compatible; bingbot/2.0; +http://www.bing.com/bingbot.htm) Chrome/116.0.1938.76 Safari/537.36"
45.148.10.238 - - [27/Aug/2026:01:30:49 +0330] "GET /bitcoin/%252eenv HTTP/1.1" 301 169 "-" "Mozilla/5.0 (Windows NT 10.0; Win64; x64; rv:134.0) Gecko/20100101 Firefox/134.0"
45.148.10.238 - - [27/Aug/2026:01:30:49 +0330] "GET /%00backend/%00.env HTTP/1.1" 400 157 "-" "-"
45.148.10.238 - - [27/Aug/2026:01:30:49 +0330] "POST / HTTP/1.1" 301 169 "-" "Mozilla/5.0 (Windows NT 10.0; Win64; x64) AppleWebKit/537.36 (KHTML, like Gecko) Chrome/131.0.0.0 Safari/537.36 Edg/131.0.0.0"
45.148.10.238 - - [27/Aug/2026:01:30:51 +0330] "GET /%00backups/%00.env HTTP/1.1" 400 157 "-" "-"
207.46.13.127 - - [27/Aug/2026:01:30:51 +0330] "GET /?u=22729253554102 HTTP/2.0" 200 31766 "-" "Mozilla/5.0 AppleWebKit/537.36 (KHTML, like Gecko; compatible; bingbot/2.0; +http://www.bing.com/bingbot.htm) Chrome/116.0.1938.76 Safari/537.36"
40.77.167.33 - - [27/Aug/2026:01:30:52 +0330] "GET /?u=26647116967000 HTTP/2.0" 200 33547 "-" "Mozilla/5.0 AppleWebKit/537.36 (KHTML, like Gecko; compatible; bingbot/2.0; +http://www.bing.com/bingbot.htm) Chrome/116.0.1938.76 Safari/537.36"
45.148.10.238 - - [27/Aug/2026:01:30:52 +0330] "GET /%00config.env HTTP/1.1" 400 157 "-" "-"
45.148.10.238 - - [27/Aug/2026:01:30:53 +0330] "GET /%63%6f%6e%73%74%61%6e%74%73.%6a%73?v=U5ltp HTTP/1.1" 301 169 "-" "Mozilla/5.0 (Linux; Android 14; SM-S928B) AppleWebKit/537.36 (KHTML, like Gecko) Chrome/131.0.0.0 Mobile Safari/537.36"
207.46.13.127 - - [27/Aug/2026:01:30:53 +0330] "GET /?u=119608305304 HTTP/2.0" 200 33150 "-" "Mozilla/5.0 AppleWebKit/537.36 (KHTML, like Gecko; compatible; bingbot/2.0; +http://www.bing.com/bingbot.htm) Chrome/116.0.1938.76 Safari/537.36"
45.148.10.238 - - [27/Aug/2026:01:30:53 +0330] "GET /aws%252epy HTTP/1.1" 301 169 "-" "Mozilla/5.0 (Linux; Android 14; SM-S928B) AppleWebKit/537.36 (KHTML, like Gecko) Chrome/131.0.0.0 Mobile Safari/537.36"
45.148.10.238 - - [27/Aug/2026:01:30:53 +0330] "GET /%63%6f%6e%73%74%61%6e%74%73.%6a%73?v=U5ltp HTTP/1.1" 404 2312 "http://185.215.124.174/%63%6f%6e%73%74%61%6e%74%73.%6a%73?v=U5ltp" "Mozilla/5.0 (Linux; Android 14; SM-S928B) AppleWebKit/537.36 (KHTML, like Gecko) Chrome/131.0.0.0 Mobile Safari/537.36"
45.148.10.238 - - [27/Aug/2026:01:30:53 +0330] "GET /%252eenv%252edev HTTP/1.1" 301 169 "-" "Mozilla/5.0 (X11; Linux x86_64) AppleWebKit/537.36 (KHTML, like Gecko) Chrome/131.0.0.0 Safari/537.36"
45.148.10.238 - - [27/Aug/2026:01:30:53 +0330] "GET /aws%252epy HTTP/1.1" 404 2312 "http://185.215.124.174/aws%252epy" "Mozilla/5.0 (Linux; Android 14; SM-S928B) AppleWebKit/537.36 (KHTML, like Gecko) Chrome/131.0.0.0 Mobile Safari/537.36"
45.148.10.238 - - [27/Aug/2026:01:30:53 +0330] "GET /%00env.production HTTP/1.1" 400 157 "-" "-"
45.148.10.238 - - [27/Aug/2026:01:30:53 +0330] "GET /%00.env.prod.local HTTP/1.1" 400 157 "-" "-"
45.148.10.238 - - [27/Aug/2026:01:30:53 +0330] "GET /.%65%6e%76.%70%72%6f%64%75%63%74%69%6f%6e.%6c%6f%63%61%6c?v=TOtkr HTTP/1.1" 301 169 "-" "Mozilla/5.0 (Macintosh; Intel Mac OS X 10_15_7) AppleWebKit/537.36 (KHTML, like Gecko) Chrome/131.0.0.0 Safari/537.36"
40.77.167.33 - - [27/Aug/2026:01:30:54 +0330] "GET /?u=59886101476906 HTTP/2.0" 200 32879 "-" "Mozilla/5.0 AppleWebKit/537.36 (KHTML, like Gecko; compatible; bingbot/2.0; +http://www.bing.com/bingbot.htm) Chrome/116.0.1938.76 Safari/537.36"
45.148.10.238 - - [27/Aug/2026:01:30:54 +0330] "GET /%00blankon/%00.env HTTP/1.1" 400 157 "-" "-"
45.148.10.238 - - [27/Aug/2026:01:30:55 +0330] "GET /beta/.env?v=Zg99I HTTP/1.1" 301 169 "-" "Mozilla/5.0 (X11; Linux x86_64; rv:134.0) Gecko/20100101 Firefox/134.0"
40.77.167.33 - - [27/Aug/2026:01:30:55 +0330] "GET /?u=2791212940602 HTTP/2.0" 200 32790 "-" "Mozilla/5.0 AppleWebKit/537.36 (KHTML, like Gecko; compatible; bingbot/2.0; +http://www.bing.com/bingbot.htm) Chrome/116.0.1938.76 Safari/537.36"
40.77.167.33 - - [27/Aug/2026:01:30:57 +0330] "GET /?u=88940145685505 HTTP/2.0" 200 33595 "-" "Mozilla/5.0 AppleWebKit/537.36 (KHTML, like Gecko; compatible; bingbot/2.0; +http://www.bing.com/bingbot.htm) Chrome/116.0.1938.76 Safari/537.36"
207.46.13.127 - - [27/Aug/2026:01:30:58 +0330] "GET /?u=191197704802 HTTP/2.0" 200 33774 "-" "Mozilla/5.0 AppleWebKit/537.36 (KHTML, like Gecko; compatible; bingbot/2.0; +http://www.bing.com/bingbot.htm) Chrome/116.0.1938.76 Safari/537.36"
45.148.10.238 - - [27/Aug/2026:01:30:58 +0330] "GET /auth-config%252ejson HTTP/1.1" 301 169 "-" "Mozilla/5.0 (Macintosh; Intel Mac OS X 10_15_7) AppleWebKit/605.1.15 (KHTML, like Gecko) Version/18.2 Safari/605.1.15"
45.148.10.238 - - [27/Aug/2026:01:30:58 +0330] "GET /auth-config%252ejson HTTP/1.1" 404 2312 "http://185.215.124.174/auth-config%252ejson" "Mozilla/5.0 (Macintosh; Intel Mac OS X 10_15_7) AppleWebKit/605.1.15 (KHTML, like Gecko) Version/18.2 Safari/605.1.15"
2.147.138.23 - - [27/Aug/2026:01:30:58 +0330] "POST /api/v3/check-url HTTP/2.0" 404 177 "https://charsooq.com/" "Mozilla/5.0 (Linux; Android 10; K) AppleWebKit/537.36 (KHTML, like Gecko) Chrome/150.0.0.0 Mobile Safari/537.36"
45.148.10.238 - - [27/Aug/2026:01:30:59 +0330] "GET /config/%252eenv HTTP/1.1" 301 169 "-" "Mozilla/5.0 (X11; Linux x86_64) AppleWebKit/537.36 (KHTML, like Gecko) Chrome/131.0.0.0 Safari/537.36"
45.148.10.238 - - [27/Aug/2026:01:30:59 +0330] "GET /config/%252eenv HTTP/1.1" 404 2312 "http://185.215.124.174/config/%252eenv" "Mozilla/5.0 (X11; Linux x86_64) AppleWebKit/537.36 (KHTML, like Gecko) Chrome/131.0.0.0 Safari/537.36"
45.148.10.238 - - [27/Aug/2026:01:30:59 +0330] "GET /%00api4/%00.env HTTP/1.1" 400 157 "-" "-"
45.148.10.238 - - [27/Aug/2026:01:30:59 +0330] "GET /app/%252eenv HTTP/1.1" 301 169 "-" "Mozilla/5.0 (Linux; Android 14; SM-S928B) AppleWebKit/537.36 (KHTML, like Gecko) Chrome/131.0.0.0 Mobile Safari/537.36"
45.148.10.238 - - [27/Aug/2026:01:30:59 +0330] "GET /%252eenv%252edev HTTP/1.1" 301 169 "-" "Mozilla/5.0 (iPhone; CPU iPhone OS 18_2 like Mac OS X) AppleWebKit/605.1.15 (KHTML, like Gecko) Version/18.2 Mobile/15E148 Safari/605.1.15"
207.46.13.127 - - [27/Aug/2026:01:30:59 +0330] "GET /?u=88100232130201 HTTP/2.0" 200 33376 "-" "Mozilla/5.0 AppleWebKit/537.36 (KHTML, like Gecko; compatible; bingbot/2.0; +http://www.bing.com/bingbot.htm) Chrome/116.0.1938.76 Safari/537.36"
45.148.10.238 - - [27/Aug/2026:01:30:59 +0330] "GET /%252eenv%252edev HTTP/1.1" 404 2312 "http://185.215.124.174/%252eenv%252edev" "Mozilla/5.0 (iPhone; CPU iPhone OS 18_2 like Mac OS X) AppleWebKit/605.1.15 (KHTML, like Gecko) Version/18.2 Mobile/15E148 Safari/605.1.15"
66.249.77.100 - - [27/Aug/2026:01:31:00 +0330] "GET /?u=02987141945107 HTTP/1.1" 200 32636 "-" "Mozilla/5.0 (Linux; Android 6.0.1; Nexus 5X Build/MMB29P) AppleWebKit/537.36 (KHTML, like Gecko) Chrome/151.0.7922.173 Mobile Safari/537.36 (compatible; Googlebot/2.1; +http://www.google.com/bot.html)"
45.148.10.238 - - [27/Aug/2026:01:31:00 +0330] "GET /bitcoin/%252eenv HTTP/1.1" 301 169 "-" "Mozilla/5.0 (X11; Linux x86_64; rv:134.0) Gecko/20100101 Firefox/134.0"
45.148.10.238 - - [27/Aug/2026:01:31:01 +0330] "GET /beta/%2eenv?v=Zg99I HTTP/1.1" 301 169 "-" "Mozlila/5.0 (Linux; Android 7.0; SM-G892A Bulid/NRD90M; wv) AppleWebKit/537.36 (KHTML, like Gecko) Version/4.0 Chrome/60.0.3112.107 Moblie Safari/537.36"
207.46.13.127 - - [27/Aug/2026:01:31:01 +0330] "GET /?u=1587053620100 HTTP/2.0" 200 32749 "-" "Mozilla/5.0 AppleWebKit/537.36 (KHTML, like Gecko; compatible; bingbot/2.0; +http://www.bing.com/bingbot.htm) Chrome/116.0.1938.76 Safari/537.36"
52.167.144.189 - - [27/Aug/2026:01:31:02 +0330] "GET /?u=427257483000 HTTP/2.0" 200 35329 "-" "Mozilla/5.0 AppleWebKit/537.36 (KHTML, like Gecko; compatible; bingbot/2.0; +http://www.bing.com/bingbot.htm) Chrome/116.0.1938.76 Safari/537.36"
45.148.10.238 - - [27/Aug/2026:01:31:03 +0330] "GET /constants%252ejs HTTP/1.1" 301 169 "-" "Mozilla/5.0 (X11; Linux x86_64) AppleWebKit/537.36 (KHTML, like Gecko) Chrome/131.0.0.0 Safari/537.36"
52.167.144.189 - - [27/Aug/2026:01:31:04 +0330] "GET /?u=9055967759903 HTTP/2.0" 200 33078 "-" "Mozilla/5.0 AppleWebKit/537.36 (KHTML, like Gecko; compatible; bingbot/2.0; +http://www.bing.com/bingbot.htm) Chrome/116.0.1938.76 Safari/537.36"
52.167.144.189 - - [27/Aug/2026:01:31:05 +0330] "GET /?u=072087544304 HTTP/2.0" 200 33049 "-" "Mozilla/5.0 AppleWebKit/537.36 (KHTML, like Gecko; compatible; bingbot/2.0; +http://www.bing.com/bingbot.htm) Chrome/116.0.1938.76 Safari/537.36"
127.0.0.1 - - [27/Aug/2026:01:31:06 +0330] "GET /api/v1/cart-index HTTP/1.1" 200 17462 "-" "node"
207.46.13.127 - - [27/Aug/2026:01:31:07 +0330] "GET /?u=8827119926802 HTTP/2.0" 200 34449 "-" "Mozilla/5.0 AppleWebKit/537.36 (KHTML, like Gecko; compatible; bingbot/2.0; +http://www.bing.com/bingbot.htm) Chrome/116.0.1938.76 Safari/537.36"
127.0.0.1 - - [27/Aug/2026:01:31:07 +0330] "GET /api/v1/article-page?region=china HTTP/1.1" 200 12231 "-" "node"
52.167.144.189 - - [27/Aug/2026:01:31:07 +0330] "GET /?u=900034654600 HTTP/2.0" 200 35537 "-" "Mozilla/5.0 AppleWebKit/537.36 (KHTML, like Gecko; compatible; bingbot/2.0; +http://www.bing.com/bingbot.htm) Chrome/116.0.1938.76 Safari/537.36"
127.0.0.1 - - [27/Aug/2026:01:31:08 +0330] "GET /api/v1/categories-amazon HTTP/1.1" 200 34199 "-" "node"
162.120.188.63 - - [27/Aug/2026:01:31:08 +0330] "GET /china HTTP/2.0" 200 120169 "https://www.google.com/" "Mozilla/5.0 (Linux; Android 10; K) AppleWebKit/537.36 (KHTML, like Gecko) Chrome/151.0.0.0 Mobile Safari/537.36"
45.148.10.238 - - [27/Aug/2026:01:31:09 +0330] "GET /app/%252eenv HTTP/1.1" 301 169 "-" "Mozilla/5.0 (Windows NT 10.0; Win64; x64) AppleWebKit/537.36 (KHTML, like Gecko) Chrome/131.0.0.0 Safari/537.36"
207.46.13.127 - - [27/Aug/2026:01:31:09 +0330] "GET /?u=816711888300 HTTP/2.0" 200 34151 "-" "Mozilla/5.0 AppleWebKit/537.36 (KHTML, like Gecko; compatible; bingbot/2.0; +http://www.bing.com/bingbot.htm) Chrome/116.0.1938.76 Safari/537.36"
45.148.10.238 - - [27/Aug/2026:01:31:09 +0330] "GET /app/%252eenv HTTP/1.1" 404 2312 "http://185.215.124.174/app/%252eenv" "Mozilla/5.0 (Windows NT 10.0; Win64; x64) AppleWebKit/537.36 (KHTML, like Gecko) Chrome/131.0.0.0 Safari/537.36"
40.77.167.33 - - [27/Aug/2026:01:31:12 +0330] "GET /?u=2180358660301 HTTP/2.0" 200 33017 "-" "Mozilla/5.0 AppleWebKit/537.36 (KHTML, like Gecko; compatible; bingbot/2.0; +http://www.bing.com/bingbot.htm) Chrome/116.0.1938.76 Safari/537.36"
40.77.167.33 - - [27/Aug/2026:01:31:14 +0330] "GET /?u=2470415168306 HTTP/2.0" 200 32480 "-" "Mozilla/5.0 AppleWebKit/537.36 (KHTML, like Gecko; compatible; bingbot/2.0; +http://www.bing.com/bingbot.htm) Chrome/116.0.1938.76 Safari/537.36"
40.77.167.33 - - [27/Aug/2026:01:31:16 +0330] "GET /?u=446935327602 HTTP/2.0" 200 32444 "-" "Mozilla/5.0 AppleWebKit/537.36 (KHTML, like Gecko; compatible; bingbot/2.0; +http://www.bing.com/bingbot.htm) Chrome/116.0.1938.76 Safari/537.36"
45.148.10.238 - - [27/Aug/2026:01:31:16 +0330] "GET /%00aws.yml HTTP/1.1" 400 157 "-" "-"
45.148.10.238 - - [27/Aug/2026:01:31:16 +0330] "GET /%00.env.backup HTTP/1.1" 400 157 "-" "-"
45.148.10.238 - - [27/Aug/2026:01:31:17 +0330] "GET /%252eaws/config HTTP/1.1" 301 169 "-" "Mozilla/5.0 (X11; Linux x86_64) AppleWebKit/537.36 (KHTML, like Gecko) Chrome/131.0.0.0 Safari/537.36"
40.77.167.33 - - [27/Aug/2026:01:31:17 +0330] "GET /?u=068098902308 HTTP/2.0" 200 33191 "-" "Mozilla/5.0 AppleWebKit/537.36 (KHTML, like Gecko; compatible; bingbot/2.0; +http://www.bing.com/bingbot.htm) Chrome/116.0.1938.76 Safari/537.36"
2.147.138.23 - - [27/Aug/2026:01:31:18 +0330] "GET /api/v1/search?title=%D9%85%D8%A8%D9%84 HTTP/2.0" 200 575 "https://charsooq.com/" "Mozilla/5.0 (Linux; Android 10; K) AppleWebKit/537.36 (KHTML, like Gecko) Chrome/150.0.0.0 Mobile Safari/537.36"
127.0.0.1 - - [27/Aug/2026:01:31:18 +0330] "GET /api/v3/product-show/amz-B01IE42ST4?amazon_region= HTTP/1.1" 301 169 "-" "node"
127.0.0.1 - - [27/Aug/2026:01:31:18 +0330] "GET /api/v3/product-show/amz-B01IE42ST4?amazon_region= HTTP/1.1" 200 4548 "-" "node"
2.147.138.23 - - [27/Aug/2026:01:31:18 +0330] "GET /product/amz-B01IE42ST4/Amazon.%20com%20Tarjeta%20de%20regalo%20para%20cualquier%20cantidad%20en%20varios%20dise%C3%B1os?_rsc=19zvn HTTP/2.0" 200 2803 "https://charsooq.com/" "Mozilla/5.0 (Linux; Android 10; K) AppleWebKit/537.36 (KHTML, like Gecko) Chrome/150.0.0.0 Mobile Safari/537.36"
45.148.10.238 - - [27/Aug/2026:01:31:19 +0330] "GET /%62%65%74%61/.%65%6e%76?v=Zg99I HTTP/1.1" 301 169 "-" "Mozilla/5.0 (Macintosh; Intel Mac OS X 10_15_7) AppleWebKit/605.1.15 (KHTML, like Gecko) Version/18.2 Safari/605.1.15"
45.148.10.238 - - [27/Aug/2026:01:31:19 +0330] "GET /%62%65%74%61/.%65%6e%76?v=Zg99I HTTP/1.1" 403 125 "http://185.215.124.174/%62%65%74%61/.%65%6e%76?v=Zg99I" "Mozilla/5.0 (Macintosh; Intel Mac OS X 10_15_7) AppleWebKit/605.1.15 (KHTML, like Gecko) Version/18.2 Safari/605.1.15"
127.0.0.1 - - [27/Aug/2026:01:31:21 +0330] "GET /api/v1/all-searches?count=24&page=1&title=%D9%85%D8%A8%D9%84%20%D8%B1%D8%A7%D8%AD%D8%AA%DB%8C&sortby= HTTP/1.1" 301 169 "-" "node"
2.147.138.23 - - [27/Aug/2026:01:31:21 +0330] "GET /manifest.json HTTP/2.0" 304 0 "https://charsooq.com/search?page=1&q=%D9%85%D8%A8%D9%84%20%D8%B1%D8%A7%D8%AD%D8%AA%DB%8C" "Mozilla/5.0 (Linux; Android 10; K) AppleWebKit/537.36 (KHTML, like Gecko) Chrome/150.0.0.0 Mobile Safari/537.36"
2.147.138.23 - - [27/Aug/2026:01:31:21 +0330] "GET /api/v1/search?title=%D9%85%D8%A8%D9%84%20%D8%B1%D8%A7%D8%AD%D8%AA%DB%8C HTTP/2.0" 200 191 "https://charsooq.com/" "Mozilla/5.0 (Linux; Android 10; K) AppleWebKit/537.36 (KHTML, like Gecko) Chrome/150.0.0.0 Mobile Safari/537.36"
2.147.138.23 - - [27/Aug/2026:01:31:21 +0330] "GET /pwa-icon-180.png HTTP/2.0" 304 0 "https://charsooq.com/search?page=1&q=%D9%85%D8%A8%D9%84%20%D8%B1%D8%A7%D8%AD%D8%AA%DB%8C" "Mozilla/5.0 (Linux; Android 10; K) AppleWebKit/537.36 (KHTML, like Gecko) Chrome/150.0.0.0 Mobile Safari/537.36"
45.148.10.238 - - [27/Aug/2026:01:31:22 +0330] "GET /%00asset_img/%00.env HTTP/1.1" 400 157 "-" "-"
127.0.0.1 - - [27/Aug/2026:01:31:23 +0330] "GET /api/v1/all-searches?count=24&page=1&title=%D9%85%D8%A8%D9%84%20%D8%B1%D8%A7%D8%AD%D8%AA%DB%8C&sortby= HTTP/1.1" 200 582 "-" "node"
2.147.138.23 - - [27/Aug/2026:01:31:23 +0330] "GET /search?page=1&q=%D9%85%D8%A8%D9%84+%D8%B1%D8%A7%D8%AD%D8%AA%DB%8C&_rsc=8kzk2 HTTP/2.0" 200 2491 "https://charsooq.com/" "Mozilla/5.0 (Linux; Android 10; K) AppleWebKit/537.36 (KHTML, like Gecko) Chrome/150.0.0.0 Mobile Safari/537.36"
2.147.138.23 - - [27/Aug/2026:01:31:23 +0330] "GET /_next/static/chunks/9691-eded5622c74debb3.js HTTP/2.0" 200 6568 "https://charsooq.com/search?page=1&q=%D9%85%D8%A8%D9%84%20%D8%B1%D8%A7%D8%AD%D8%AA%DB%8C" "Mozilla/5.0 (Linux; Android 10; K) AppleWebKit/537.36 (KHTML, like Gecko) Chrome/150.0.0.0 Mobile Safari/537.36"
2.147.138.23 - - [27/Aug/2026:01:31:23 +0330] "GET /_next/static/chunks/app/search/page-49baee51c2c0cc8d.js HTTP/2.0" 200 2975 "https://charsooq.com/search?page=1&q=%D9%85%D8%A8%D9%84%20%D8%B1%D8%A7%D8%AD%D8%AA%DB%8C" "Mozilla/5.0 (Linux; Android 10; K) AppleWebKit/537.36 (KHTML, like Gecko) Chrome/150.0.0.0 Mobile Safari/537.36"
45.148.10.238 - - [27/Aug/2026:01:31:24 +0330] "GET /%252eaws/config HTTP/1.1" 301 169 "-" "Mozilla/5.0 (Macintosh; Intel Mac OS X 10_15_7) AppleWebKit/605.1.15 (KHTML, like Gecko) Version/18.2 Safari/605.1.15"
207.46.13.127 - - [27/Aug/2026:01:31:28 +0330] "GET /?u=61910189585700 HTTP/2.0" 200 32682 "-" "Mozilla/5.0 AppleWebKit/537.36 (KHTML, like Gecko; compatible; bingbot/2.0; +http://www.bing.com/bingbot.htm) Chrome/116.0.1938.76 Safari/537.36"
2.147.138.23 - - [27/Aug/2026:01:31:29 +0330] "GET /manifest.json HTTP/2.0" 304 0 "https://charsooq.com/" "Mozilla/5.0 (Linux; Android 10; K) AppleWebKit/537.36 (KHTML, like Gecko) Chrome/150.0.0.0 Mobile Safari/537.36"
2.147.138.23 - - [27/Aug/2026:01:31:29 +0330] "GET /pwa-icon-180.png HTTP/2.0" 304 0 "https://charsooq.com/" "Mozilla/5.0 (Linux; Android 10; K) AppleWebKit/537.36 (KHTML, like Gecko) Chrome/150.0.0.0 Mobile Safari/537.36"
207.46.13.127 - - [27/Aug/2026:01:31:30 +0330] "GET /?u=36109231761000 HTTP/2.0" 200 33299 "-" "Mozilla/5.0 AppleWebKit/537.36 (KHTML, like Gecko; compatible; bingbot/2.0; +http://www.bing.com/bingbot.htm) Chrome/116.0.1938.76 Safari/537.36"
40.77.167.33 - - [27/Aug/2026:01:31:31 +0330] "GET /?u=0491535879703 HTTP/2.0" 200 33030 "-" "Mozilla/5.0 AppleWebKit/537.36 (KHTML, like Gecko; compatible; bingbot/2.0; +http://www.bing.com/bingbot.htm) Chrome/116.0.1938.76 Safari/537.36"
127.0.0.1 - - [27/Aug/2026:01:31:32 +0330] "GET /api/v2/sliders HTTP/1.1" 200 7479 "-" "node"
45.148.10.238 - - [27/Aug/2026:01:31:32 +0330] "POST / HTTP/1.1" 301 169 "-" "Mozilla/5.0 (Windows NT 10.0; Win64; x64; rv:134.0) Gecko/20100101 Firefox/134.0"
127.0.0.1 - - [27/Aug/2026:01:31:32 +0330] "GET /api/v1/categories-amazon HTTP/1.1" 200 34199 "-" "node"
193.186.4.78 - - [27/Aug/2026:01:31:33 +0330] "GET /china HTTP/2.0" 200 120169 "https://www.google.com/" "Mozilla/5.0 (Linux; Android 10; K) AppleWebKit/537.36 (KHTML, like Gecko) Chrome/151.0.0.0 Mobile Safari/537.36"
40.77.167.33 - - [27/Aug/2026:01:31:33 +0330] "GET /?u=46109255458600 HTTP/2.0" 200 35310 "-" "Mozilla/5.0 AppleWebKit/537.36 (KHTML, like Gecko; compatible; bingbot/2.0; +http://www.bing.com/bingbot.htm) Chrome/116.0.1938.76 Safari/537.36"
127.0.0.1 - - [27/Aug/2026:01:31:34 +0330] "GET /api/v1/categories-amazon HTTP/1.1" 200 34199 "-" "node"
40.77.167.33 - - [27/Aug/2026:01:31:35 +0330] "GET /?u=3096732014400 HTTP/2.0" 200 34173 "-" "Mozilla/5.0 AppleWebKit/537.36 (KHTML, like Gecko; compatible; bingbot/2.0; +http://www.bing.com/bingbot.htm) Chrome/116.0.1938.76 Safari/537.36"
127.0.0.1 - - [27/Aug/2026:01:31:35 +0330] "GET /api/v2/page-data HTTP/1.1" 200 36854 "-" "node"
172.16.20.25 - - [27/Aug/2026:01:31:35 +0330] "GET / HTTP/1.1" 200 338421 "-" "Mozilla/5.0 (compatible; PRTG Network Monitor (www.paessler.com); Windows)"
40.77.167.33 - - [27/Aug/2026:01:31:37 +0330] "GET /?u=08231287637501 HTTP/2.0" 200 33452 "-" "Mozilla/5.0 AppleWebKit/537.36 (KHTML, like Gecko; compatible; bingbot/2.0; +http://www.bing.com/bingbot.htm) Chrome/116.0.1938.76 Safari/537.36"
207.46.13.127 - - [27/Aug/2026:01:31:37 +0330] "GET /?u=909788140100 HTTP/2.0" 200 33074 "-" "Mozilla/5.0 AppleWebKit/537.36 (KHTML, like Gecko; compatible; bingbot/2.0; +http://www.bing.com/bingbot.htm) Chrome/116.0.1938.76 Safari/537.36"
40.77.167.33 - - [27/Aug/2026:01:31:38 +0330] "GET /?u=77714158352200 HTTP/2.0" 200 36203 "-" "Mozilla/5.0 AppleWebKit/537.36 (KHTML, like Gecko; compatible; bingbot/2.0; +http://www.bing.com/bingbot.htm) Chrome/116.0.1938.76 Safari/537.36"
207.46.13.127 - - [27/Aug/2026:01:31:39 +0330] "GET /?u=275702342800 HTTP/2.0" 200 33187 "-" "Mozilla/5.0 AppleWebKit/537.36 (KHTML, like Gecko; compatible; bingbot/2.0; +http://www.bing.com/bingbot.htm) Chrome/116.0.1938.76 Safari/537.36"
45.148.10.238 - - [27/Aug/2026:01:31:39 +0330] "GET /%00beta/%00.env HTTP/1.1" 400 157 "-" "-"
52.167.144.189 - - [27/Aug/2026:01:31:41 +0330] "GET /?u=84423170057600 HTTP/2.0" 200 37650 "-" "Mozilla/5.0 AppleWebKit/537.36 (KHTML, like Gecko; compatible; bingbot/2.0; +http://www.bing.com/bingbot.htm) Chrome/116.0.1938.76 Safari/537.36"
52.167.144.189 - - [27/Aug/2026:01:31:43 +0330] "GET /?u=71731111540900 HTTP/2.0" 200 38451 "-" "Mozilla/5.0 AppleWebKit/537.36 (KHTML, like Gecko; compatible; bingbot/2.0; +http://www.bing.com/bingbot.htm) Chrome/116.0.1938.76 Safari/537.36"
52.167.144.189 - - [27/Aug/2026:01:31:45 +0330] "GET /?u=8951896669402 HTTP/2.0" 200 32682 "-" "Mozilla/5.0 AppleWebKit/537.36 (KHTML, like Gecko; compatible; bingbot/2.0; +http://www.bing.com/bingbot.htm) Chrome/116.0.1938.76 Safari/537.36"
52.167.144.189 - - [27/Aug/2026:01:31:46 +0330] "GET /?u=0339337413601 HTTP/2.0" 200 33439 "-" "Mozilla/5.0 AppleWebKit/537.36 (KHTML, like Gecko; compatible; bingbot/2.0; +http://www.bing.com/bingbot.htm) Chrome/116.0.1938.76 Safari/537.36"
207.46.13.127 - - [27/Aug/2026:01:31:47 +0330] "GET /storage/UbyZ2orEjtZOEWb3TmKA4Ooys0yzSS-me HTTP/2.0" 200 33377 "-" "Mozilla/5.0 AppleWebKit/537.36 (KHTML, like Gecko; compatible; bingbot/2.0; +http://www.bing.com/bingbot.htm) Chrome/116.0.1938.76 Safari/537.36"
207.46.13.127 - - [27/Aug/2026:01:31:50 +0330] "GET /?u=24793204917304 HTTP/2.0" 200 32784 "-" "Mozilla/5.0 AppleWebKit/537.36 (KHTML, like Gecko; compatible; bingbot/2.0; +http://www.bing.com/bingbot.htm) Chrome/116.0.1938.76 Safari/537.36"
40.77.167.33 - - [27/Aug/2026:01:31:52 +0330] "GET /?u=1179992597217 HTTP/2.0" 200 33133 "-" "Mozilla/5.0 AppleWebKit/537.36 (KHTML, like Gecko; compatible; bingbot/2.0; +http://www.bing.com/bingbot.htm) Chrome/116.0.1938.76 Safari/537.36"
207.46.13.127 - - [27/Aug/2026:01:31:52 +0330] "GET /?u=9077018093103 HTTP/2.0" 200 33328 "-" "Mozilla/5.0 AppleWebKit/537.36 (KHTML, like Gecko; compatible; bingbot/2.0; +http://www.bing.com/bingbot.htm) Chrome/116.0.1938.76 Safari/537.36"
40.77.167.33 - - [27/Aug/2026:01:31:53 +0330] "GET /?u=34924207842004 HTTP/2.0" 200 32112 "-" "Mozilla/5.0 AppleWebKit/537.36 (KHTML, like Gecko; compatible; bingbot/2.0; +http://www.bing.com/bingbot.htm) Chrome/116.0.1938.76 Safari/537.36"
40.77.167.33 - - [27/Aug/2026:01:31:55 +0330] "GET /?u=00221225972708 HTTP/2.0" 200 34167 "-" "Mozilla/5.0 AppleWebKit/537.36 (KHTML, like Gecko; compatible; bingbot/2.0; +http://www.bing.com/bingbot.htm) Chrome/116.0.1938.76 Safari/537.36"
45.148.10.238 - - [27/Aug/2026:01:31:57 +0330] "GET /%252eenv%252eproduction%252elocal HTTP/1.1" 301 169 "-" "Mozlila/5.0 (Linux; Android 7.0; SM-G892A Bulid/NRD90M; wv) AppleWebKit/537.36 (KHTML, like Gecko) Version/4.0 Chrome/60.0.3112.107 Moblie Safari/537.36"
40.77.167.33 - - [27/Aug/2026:01:31:57 +0330] "GET /?u=0446639312403 HTTP/2.0" 200 32494 "-" "Mozilla/5.0 AppleWebKit/537.36 (KHTML, like Gecko; compatible; bingbot/2.0; +http://www.bing.com/bingbot.htm) Chrome/116.0.1938.76 Safari/537.36"
40.77.167.33 - - [27/Aug/2026:01:31:59 +0330] "GET /?u=51322138924406 HTTP/2.0" 200 33525 "-" "Mozilla/5.0 AppleWebKit/537.36 (KHTML, like Gecko; compatible; bingbot/2.0; +http://www.bing.com/bingbot.htm) Chrome/116.0.1938.76 Safari/537.36"
40.77.167.33 - - [27/Aug/2026:01:32:00 +0330] "GET /?u=7109471225104 HTTP/2.0" 200 34002 "-" "Mozilla/5.0 AppleWebKit/537.36 (KHTML, like Gecko; compatible; bingbot/2.0; +http://www.bing.com/bingbot.htm) Chrome/116.0.1938.76 Safari/537.36"
40.77.167.33 - - [27/Aug/2026:01:32:02 +0330] "GET /?u=891374130502 HTTP/2.0" 200 33298 "-" "Mozilla/5.0 AppleWebKit/537.36 (KHTML, like Gecko; compatible; bingbot/2.0; +http://www.bing.com/bingbot.htm) Chrome/116.0.1938.76 Safari/537.36"
40.77.167.33 - - [27/Aug/2026:01:32:03 +0330] "GET /?u=62036108170502 HTTP/2.0" 200 32398 "-" "Mozilla/5.0 AppleWebKit/537.36 (KHTML, like Gecko; compatible; bingbot/2.0; +http://www.bing.com/bingbot.htm) Chrome/116.0.1938.76 Safari/537.36"
52.167.144.189 - - [27/Aug/2026:01:32:04 +0330] "GET /?u=888855678000 HTTP/2.0" 200 32746 "-" "Mozilla/5.0 AppleWebKit/537.36 (KHTML, like Gecko; compatible; bingbot/2.0; +http://www.bing.com/bingbot.htm) Chrome/116.0.1938.76 Safari/537.36"
52.167.144.189 - - [27/Aug/2026:01:32:05 +0330] "GET /?u=6285032218900 HTTP/2.0" 200 35363 "-" "Mozilla/5.0 AppleWebKit/537.36 (KHTML, like Gecko; compatible; bingbot/2.0; +http://www.bing.com/bingbot.htm) Chrome/116.0.1938.76 Safari/537.36"
127.0.0.1 - - [27/Aug/2026:01:32:06 +0330] "GET /api/v1/categories-amazon HTTP/1.1" 200 34230 "-" "node"
193.19.109.173 - - [27/Aug/2026:01:32:07 +0330] "GET /.well-known/passkey-endpoints HTTP/2.0" 404 83938 "-" "com.apple.AuthenticationServicesCore.AuthenticationServicesAgent/21624.2.5.11.8 CFNetwork/3860.600.21 Darwin/25.5.0"
52.167.144.189 - - [27/Aug/2026:01:32:07 +0330] "GET /?u=1707351519403 HTTP/2.0" 200 32505 "-" "Mozilla/5.0 AppleWebKit/537.36 (KHTML, like Gecko; compatible; bingbot/2.0; +http://www.bing.com/bingbot.htm) Chrome/116.0.1938.76 Safari/537.36"
66.249.77.101 - - [27/Aug/2026:01:32:07 +0330] "GET /?u=6019477009405 HTTP/1.1" 200 34427 "-" "Mozilla/5.0 (Linux; Android 6.0.1; Nexus 5X Build/MMB29P) AppleWebKit/537.36 (KHTML, like Gecko) Chrome/151.0.7922.173 Mobile Safari/537.36 (compatible; Googlebot/2.1; +http://www.google.com/bot.html)"
207.46.13.127 - - [27/Aug/2026:01:32:08 +0330] "GET /?u=10717104637000 HTTP/2.0" 200 36034 "-" "Mozilla/5.0 AppleWebKit/537.36 (KHTML, like Gecko; compatible; bingbot/2.0; +http://www.bing.com/bingbot.htm) Chrome/116.0.1938.76 Safari/537.36"
207.46.13.127 - - [27/Aug/2026:01:32:10 +0330] "GET /?u=8522226640700 HTTP/2.0" 200 34808 "-" "Mozilla/5.0 AppleWebKit/537.36 (KHTML, like Gecko; compatible; bingbot/2.0; +http://www.bing.com/bingbot.htm) Chrome/116.0.1938.76 Safari/537.36"
207.46.13.127 - - [27/Aug/2026:01:32:12 +0330] "GET /?u=88089234303519 HTTP/2.0" 200 31731 "-" "Mozilla/5.0 AppleWebKit/537.36 (KHTML, like Gecko; compatible; bingbot/2.0; +http://www.bing.com/bingbot.htm) Chrome/116.0.1938.76 Safari/537.36"
52.167.144.189 - - [27/Aug/2026:01:32:13 +0330] "GET /?u=82993111094403 HTTP/2.0" 200 33645 "-" "Mozilla/5.0 AppleWebKit/537.36 (KHTML, like Gecko; compatible; bingbot/2.0; +http://www.bing.com/bingbot.htm) Chrome/116.0.1938.76 Safari/537.36"
52.167.144.189 - - [27/Aug/2026:01:32:15 +0330] "GET /?u=64967124611618 HTTP/2.0" 200 32631 "-" "Mozilla/5.0 AppleWebKit/537.36 (KHTML, like Gecko; compatible; bingbot/2.0; +http://www.bing.com/bingbot.htm) Chrome/116.0.1938.76 Safari/537.36"
66.249.77.100 - - [27/Aug/2026:01:32:15 +0330] "GET /?u=45722185707416 HTTP/1.1" 200 32385 "-" "Mozilla/5.0 (Linux; Android 6.0.1; Nexus 5X Build/MMB29P) AppleWebKit/537.36 (KHTML, like Gecko) Chrome/151.0.7922.173 Mobile Safari/537.36 (compatible; Googlebot/2.1; +http://www.google.com/bot.html)"
5.237.17.249 - - [27/Aug/2026:01:32:16 +0330] "GET /_next/image?url=http%3A%2F%2Fpanel.charsooq.com%2Fstorage%2FiXvljUBSzcY7vANzhQ02BNvOfvWfL1-metaTENXYWlraWtpLmpwZWc%3D-.jpg&w=256&q=75 HTTP/2.0" 200 2496 "https://charsooq.com/turkey" "Mozilla/5.0 (Linux; Android 10; K) AppleWebKit/537.36 (KHTML, like Gecko) Chrome/151.0.0.0 Mobile Safari/537.36"
127.0.0.1 - - [27/Aug/2026:01:32:16 +0330] "GET /storage/iXvljUBSzcY7vANzhQ02BNvOfvWfL1-metaTENXYWlraWtpLmpwZWc=-.jpg HTTP/1.1" 301 169 "-" "node"
127.0.0.1 - - [27/Aug/2026:01:32:16 +0330] "GET /storage/iXvljUBSzcY7vANzhQ02BNvOfvWfL1-metaTENXYWlraWtpLmpwZWc=-.jpg HTTP/1.1" 200 8587 "-" "node"
52.167.144.189 - - [27/Aug/2026:01:32:16 +0330] "GET /?u=8089925479600 HTTP/2.0" 200 32318 "-" "Mozilla/5.0 AppleWebKit/537.36 (KHTML, like Gecko; compatible; bingbot/2.0; +http://www.bing.com/bingbot.htm) Chrome/116.0.1938.76 Safari/537.36"
207.46.13.127 - - [27/Aug/2026:01:32:18 +0330] "GET /?u=11997114559603 HTTP/2.0" 200 32987 "-" "Mozilla/5.0 AppleWebKit/537.36 (KHTML, like Gecko; compatible; bingbot/2.0; +http://www.bing.com/bingbot.htm) Chrome/116.0.1938.76 Safari/537.36"
52.167.144.189 - - [27/Aug/2026:01:32:18 +0330] "GET /?u=1977795870304 HTTP/2.0" 200 33743 "-" "Mozilla/5.0 AppleWebKit/537.36 (KHTML, like Gecko; compatible; bingbot/2.0; +http://www.bing.com/bingbot.htm) Chrome/116.0.1938.76 Safari/537.36"
52.167.144.189 - - [27/Aug/2026:01:32:19 +0330] "GET /?u=82681229147200 HTTP/2.0" 200 34387 "-" "Mozilla/5.0 AppleWebKit/537.36 (KHTML, like Gecko; compatible; bingbot/2.0; +http://www.bing.com/bingbot.htm) Chrome/116.0.1938.76 Safari/537.36"
207.46.13.127 - - [27/Aug/2026:01:32:19 +0330] "GET /?u=09088168282301 HTTP/2.0" 200 32459 "-" "Mozilla/5.0 AppleWebKit/537.36 (KHTML, like Gecko; compatible; bingbot/2.0; +http://www.bing.com/bingbot.htm) Chrome/116.0.1938.76 Safari/537.36"
52.167.144.189 - - [27/Aug/2026:01:32:20 +0330] "GET /?u=6219227177400 HTTP/2.0" 200 34793 "-" "Mozilla/5.0 AppleWebKit/537.36 (KHTML, like Gecko; compatible; bingbot/2.0; +http://www.bing.com/bingbot.htm) Chrome/116.0.1938.76 Safari/537.36"
5.237.17.249 - - [27/Aug/2026:01:32:20 +0330] "GET /_next/image?url=http%3A%2F%2Fpanel.charsooq.com%2Fstorage%2F9cUooGTlTwyGawVYuqEM3sSWT9n3Gt-metabW9yaGlwby5qcGVn-.jpg&w=256&q=75 HTTP/2.0" 200 1562 "https://charsooq.com/turkey" "Mozilla/5.0 (Linux; Android 10; K) AppleWebKit/537.36 (KHTML, like Gecko) Chrome/151.0.0.0 Mobile Safari/537.36"
127.0.0.1 - - [27/Aug/2026:01:32:20 +0330] "GET /storage/9cUooGTlTwyGawVYuqEM3sSWT9n3Gt-metabW9yaGlwby5qcGVn-.jpg HTTP/1.1" 301 169 "-" "node"
127.0.0.1 - - [27/Aug/2026:01:32:20 +0330] "GET /storage/9cUooGTlTwyGawVYuqEM3sSWT9n3Gt-metabW9yaGlwby5qcGVn-.jpg HTTP/1.1" 200 5692 "-" "node"
207.46.13.127 - - [27/Aug/2026:01:32:21 +0330] "GET /?u=9111681669300 HTTP/2.0" 200 33157 "-" "Mozilla/5.0 AppleWebKit/537.36 (KHTML, like Gecko; compatible; bingbot/2.0; +http://www.bing.com/bingbot.htm) Chrome/116.0.1938.76 Safari/537.36"
127.0.0.1 - - [27/Aug/2026:01:32:22 +0330] "GET /storage/cLr2tN4fsOHNJXZR7OdiskHePaZjPZ-metaZGFuZHIuanBlZw==-.jpg HTTP/1.1" 301 169 "-" "node"
5.237.17.249 - - [27/Aug/2026:01:32:22 +0330] "GET /_next/image?url=http%3A%2F%2Fpanel.charsooq.com%2Fstorage%2FcLr2tN4fsOHNJXZR7OdiskHePaZjPZ-metaZGFuZHIuanBlZw%3D%3D-.jpg&w=256&q=75 HTTP/2.0" 200 2984 "https://charsooq.com/turkey" "Mozilla/5.0 (Linux; Android 10; K) AppleWebKit/537.36 (KHTML, like Gecko) Chrome/151.0.0.0 Mobile Safari/537.36"
127.0.0.1 - - [27/Aug/2026:01:32:22 +0330] "GET /storage/cLr2tN4fsOHNJXZR7OdiskHePaZjPZ-metaZGFuZHIuanBlZw==-.jpg HTTP/1.1" 200 10505 "-" "node"
127.0.0.1 - - [27/Aug/2026:01:32:22 +0330] "GET /storage/bmOv5Psgnc3FHhsdc9jkp1M6HNPdYN-metaYm95bmVyLmpwZWc=-.jpg HTTP/1.1" 301 169 "-" "node"
5.237.17.249 - - [27/Aug/2026:01:32:22 +0330] "GET /_next/image?url=http%3A%2F%2Fpanel.charsooq.com%2Fstorage%2FbmOv5Psgnc3FHhsdc9jkp1M6HNPdYN-metaYm95bmVyLmpwZWc%3D-.jpg&w=256&q=75 HTTP/2.0" 200 1858 "https://charsooq.com/turkey" "Mozilla/5.0 (Linux; Android 10; K) AppleWebKit/537.36 (KHTML, like Gecko) Chrome/151.0.0.0 Mobile Safari/537.36"
127.0.0.1 - - [27/Aug/2026:01:32:22 +0330] "GET /storage/bmOv5Psgnc3FHhsdc9jkp1M6HNPdYN-metaYm95bmVyLmpwZWc=-.jpg HTTP/1.1" 200 6627 "-" "node"
127.0.0.1 - - [27/Aug/2026:01:32:23 +0330] "GET /storage/G1YhnDXt9dNurzIOgrWJ2ODjLIKvDr-metaYmtta2l0YXAuanBlZw==-.jpg HTTP/1.1" 301 169 "-" "node"
5.237.17.249 - - [27/Aug/2026:01:32:23 +0330] "GET /_next/image?url=http%3A%2F%2Fpanel.charsooq.com%2Fstorage%2FG1YhnDXt9dNurzIOgrWJ2ODjLIKvDr-metaYmtta2l0YXAuanBlZw%3D%3D-.jpg&w=256&q=75 HTTP/2.0" 200 2996 "https://charsooq.com/turkey" "Mozilla/5.0 (Linux; Android 10; K) AppleWebKit/537.36 (KHTML, like Gecko) Chrome/151.0.0.0 Mobile Safari/537.36"
127.0.0.1 - - [27/Aug/2026:01:32:23 +0330] "GET /storage/G1YhnDXt9dNurzIOgrWJ2ODjLIKvDr-metaYmtta2l0YXAuanBlZw==-.jpg HTTP/1.1" 200 10785 "-" "node"
127.0.0.1 - - [27/Aug/2026:01:32:23 +0330] "GET /storage/ixUK6Cqct9Fy1TQcxHDuGnZJnpxh3C-metaa29jdGFzLmpwZWc=-.jpg HTTP/1.1" 301 169 "-" "node"
5.237.17.249 - - [27/Aug/2026:01:32:23 +0330] "GET /_next/image?url=http%3A%2F%2Fpanel.charsooq.com%2Fstorage%2FixUK6Cqct9Fy1TQcxHDuGnZJnpxh3C-metaa29jdGFzLmpwZWc%3D-.jpg&w=256&q=75 HTTP/2.0" 200 2694 "https://charsooq.com/turkey" "Mozilla/5.0 (Linux; Android 10; K) AppleWebKit/537.36 (KHTML, like Gecko) Chrome/151.0.0.0 Mobile Safari/537.36"
127.0.0.1 - - [27/Aug/2026:01:32:23 +0330] "GET /storage/ixUK6Cqct9Fy1TQcxHDuGnZJnpxh3C-metaa29jdGFzLmpwZWc=-.jpg HTTP/1.1" 200 10973 "-" "node"
127.0.0.1 - - [27/Aug/2026:01:32:23 +0330] "GET /storage/ytTNFXTEo2RiSndsbSel6TV00zA6Qe-metaZmxvLmpwZWc=-.jpg HTTP/1.1" 301 169 "-" "node"
5.237.17.249 - - [27/Aug/2026:01:32:23 +0330] "GET /_next/image?url=http%3A%2F%2Fpanel.charsooq.com%2Fstorage%2FytTNFXTEo2RiSndsbSel6TV00zA6Qe-metaZmxvLmpwZWc%3D-.jpg&w=256&q=75 HTTP/2.0" 200 2708 "https://charsooq.com/turkey" "Mozilla/5.0 (Linux; Android 10; K) AppleWebKit/537.36 (KHTML, like Gecko) Chrome/151.0.0.0 Mobile Safari/537.36"
127.0.0.1 - - [27/Aug/2026:01:32:23 +0330] "GET /storage/ytTNFXTEo2RiSndsbSel6TV00zA6Qe-metaZmxvLmpwZWc=-.jpg HTTP/1.1" 200 10291 "-" "node"
127.0.0.1 - - [27/Aug/2026:01:32:24 +0330] "GET /storage/t7BA5Ie6NDMJqcpxdwvRTy3ttFMEp3-metaYmV5bWVuLmpwZWc=-.jpg HTTP/1.1" 301 169 "-" "node"
5.237.17.249 - - [27/Aug/2026:01:32:24 +0330] "GET /_next/image?url=http%3A%2F%2Fpanel.charsooq.com%2Fstorage%2Ft7BA5Ie6NDMJqcpxdwvRTy3ttFMEp3-metaYmV5bWVuLmpwZWc%3D-.jpg&w=256&q=75 HTTP/2.0" 200 1974 "https://charsooq.com/turkey" "Mozilla/5.0 (Linux; Android 10; K) AppleWebKit/537.36 (KHTML, like Gecko) Chrome/151.0.0.0 Mobile Safari/537.36"
127.0.0.1 - - [27/Aug/2026:01:32:24 +0330] "GET /storage/t7BA5Ie6NDMJqcpxdwvRTy3ttFMEp3-metaYmV5bWVuLmpwZWc=-.jpg HTTP/1.1" 200 5717 "-" "node"
127.0.0.1 - - [27/Aug/2026:01:32:24 +0330] "GET /storage/64tCDtumdwNXjToXg2N5QUB1q4r9HF-metaZGVmYWN0by5qcGVn-.jpg HTTP/1.1" 301 169 "-" "node"
5.237.17.249 - - [27/Aug/2026:01:32:24 +0330] "GET /_next/image?url=http%3A%2F%2Fpanel.charsooq.com%2Fstorage%2F64tCDtumdwNXjToXg2N5QUB1q4r9HF-metaZGVmYWN0by5qcGVn-.jpg&w=256&q=75 HTTP/2.0" 200 2302 "https://charsooq.com/turkey" "Mozilla/5.0 (Linux; Android 10; K) AppleWebKit/537.36 (KHTML, like Gecko) Chrome/151.0.0.0 Mobile Safari/537.36"
127.0.0.1 - - [27/Aug/2026:01:32:24 +0330] "GET /storage/64tCDtumdwNXjToXg2N5QUB1q4r9HF-metaZGVmYWN0by5qcGVn-.jpg HTTP/1.1" 200 6176 "-" "node"
40.77.167.33 - - [27/Aug/2026:01:32:24 +0330] "GET /?u=1925031382400 HTTP/2.0" 200 33691 "-" "Mozilla/5.0 AppleWebKit/537.36 (KHTML, like Gecko; compatible; bingbot/2.0; +http://www.bing.com/bingbot.htm) Chrome/116.0.1938.76 Safari/537.36"
127.0.0.1 - - [27/Aug/2026:01:32:25 +0330] "GET /storage/uZtrhRVqhduSvBklflyJOASjTKTBD1-metaSWRlZml4LmpwZWc=-.jpg HTTP/1.1" 301 169 "-" "node"
5.237.17.249 - - [27/Aug/2026:01:32:25 +0330] "GET /_next/image?url=http%3A%2F%2Fpanel.charsooq.com%2Fstorage%2FuZtrhRVqhduSvBklflyJOASjTKTBD1-metaSWRlZml4LmpwZWc%3D-.jpg&w=256&q=75 HTTP/2.0" 200 2368 "https://charsooq.com/turkey" "Mozilla/5.0 (Linux; Android 10; K) AppleWebKit/537.36 (KHTML, like Gecko) Chrome/151.0.0.0 Mobile Safari/537.36"
127.0.0.1 - - [27/Aug/2026:01:32:25 +0330] "GET /storage/uZtrhRVqhduSvBklflyJOASjTKTBD1-metaSWRlZml4LmpwZWc=-.jpg HTTP/1.1" 200 9727 "-" "node"
127.0.0.1 - - [27/Aug/2026:01:32:26 +0330] "GET /storage/nubvaYxeCUTPyz31GfKqCQvqz1nXW3-metabWF2aS5qcGVn-.jpg HTTP/1.1" 301 169 "-" "node"
5.237.17.249 - - [27/Aug/2026:01:32:26 +0330] "GET /_next/image?url=http%3A%2F%2Fpanel.charsooq.com%2Fstorage%2FnubvaYxeCUTPyz31GfKqCQvqz1nXW3-metabWF2aS5qcGVn-.jpg&w=256&q=75 HTTP/2.0" 200 2148 "https://charsooq.com/turkey" "Mozilla/5.0 (Linux; Android 10; K) AppleWebKit/537.36 (KHTML, like Gecko) Chrome/151.0.0.0 Mobile Safari/537.36"
127.0.0.1 - - [27/Aug/2026:01:32:26 +0330] "GET /storage/nubvaYxeCUTPyz31GfKqCQvqz1nXW3-metabWF2aS5qcGVn-.jpg HTTP/1.1" 200 8951 "-" "node"
127.0.0.1 - - [27/Aug/2026:01:32:26 +0330] "GET /storage/O8RTeJBB6dWQb3J0iAaI1dIvPZ2tFS-metaS2FyYWNhLmpwZWc=-.jpg HTTP/1.1" 301 169 "-" "node"
5.237.17.249 - - [27/Aug/2026:01:32:26 +0330] "GET /_next/image?url=http%3A%2F%2Fpanel.charsooq.com%2Fstorage%2FO8RTeJBB6dWQb3J0iAaI1dIvPZ2tFS-metaS2FyYWNhLmpwZWc%3D-.jpg&w=256&q=75 HTTP/2.0" 200 2828 "https://charsooq.com/turkey" "Mozilla/5.0 (Linux; Android 10; K) AppleWebKit/537.36 (KHTML, like Gecko) Chrome/151.0.0.0 Mobile Safari/537.36"
127.0.0.1 - - [27/Aug/2026:01:32:26 +0330] "GET /storage/O8RTeJBB6dWQb3J0iAaI1dIvPZ2tFS-metaS2FyYWNhLmpwZWc=-.jpg HTTP/1.1" 200 8235 "-" "node"
127.0.0.1 - - [27/Aug/2026:01:32:28 +0330] "GET /storage/kJ1tAIpJmsvIb4zXtGfx7uULGwiIkx-metaZS1iZWJlay5qcGVn-.jpg HTTP/1.1" 301 169 "-" "node"
5.237.17.249 - - [27/Aug/2026:01:32:28 +0330] "GET /_next/image?url=http%3A%2F%2Fpanel.charsooq.com%2Fstorage%2FkJ1tAIpJmsvIb4zXtGfx7uULGwiIkx-metaZS1iZWJlay5qcGVn-.jpg&w=256&q=75 HTTP/2.0" 200 3198 "https://charsooq.com/turkey" "Mozilla/5.0 (Linux; Android 10; K) AppleWebKit/537.36 (KHTML, like Gecko) Chrome/151.0.0.0 Mobile Safari/537.36"
127.0.0.1 - - [27/Aug/2026:01:32:28 +0330] "GET /storage/kJ1tAIpJmsvIb4zXtGfx7uULGwiIkx-metaZS1iZWJlay5qcGVn-.jpg HTTP/1.1" 200 12585 "-" "node"
127.0.0.1 - - [27/Aug/2026:01:32:28 +0330] "GET /storage/Gh76tFATqYEpGt9B82c7SPLsjwzSRq-metacG9sby5qcGVn-.jpg HTTP/1.1" 301 169 "-" "node"
5.237.17.249 - - [27/Aug/2026:01:32:28 +0330] "GET /_next/image?url=http%3A%2F%2Fpanel.charsooq.com%2Fstorage%2FGh76tFATqYEpGt9B82c7SPLsjwzSRq-metacG9sby5qcGVn-.jpg&w=256&q=75 HTTP/2.0" 200 3202 "https://charsooq.com/turkey" "Mozilla/5.0 (Linux; Android 10; K) AppleWebKit/537.36 (KHTML, like Gecko) Chrome/151.0.0.0 Mobile Safari/537.36"
