127.0.0.1 - - [27/Aug/2026:01:32:28 +0330] "GET /storage/Gh76tFATqYEpGt9B82c7SPLsjwzSRq-metacG9sby5qcGVn-.jpg HTTP/1.1" 200 11143 "-" "node"
127.0.0.1 - - [27/Aug/2026:01:32:29 +0330] "GET /storage/GPuhSzdPrZSQMfrTKMPzo8j4cFctBy-metacmVlYm9rLmpwZWc=-.jpg HTTP/1.1" 301 169 "-" "node"
5.237.17.249 - - [27/Aug/2026:01:32:29 +0330] "GET /_next/image?url=http%3A%2F%2Fpanel.charsooq.com%2Fstorage%2FGPuhSzdPrZSQMfrTKMPzo8j4cFctBy-metacmVlYm9rLmpwZWc%3D-.jpg&w=256&q=75 HTTP/2.0" 200 2506 "https://charsooq.com/turkey" "Mozilla/5.0 (Linux; Android 10; K) AppleWebKit/537.36 (KHTML, like Gecko) Chrome/151.0.0.0 Mobile Safari/537.36"
127.0.0.1 - - [27/Aug/2026:01:32:29 +0330] "GET /storage/GPuhSzdPrZSQMfrTKMPzo8j4cFctBy-metacmVlYm9rLmpwZWc=-.jpg HTTP/1.1" 200 7217 "-" "node"
127.0.0.1 - - [27/Aug/2026:01:32:29 +0330] "GET /storage/4A3ZrcC3EGdJdz7oplSL0RnRaANsNK-metacHVtYS5qcGVn-.jpg HTTP/1.1" 301 169 "-" "node"
5.237.17.249 - - [27/Aug/2026:01:32:29 +0330] "GET /_next/image?url=http%3A%2F%2Fpanel.charsooq.com%2Fstorage%2F4A3ZrcC3EGdJdz7oplSL0RnRaANsNK-metacHVtYS5qcGVn-.jpg&w=256&q=75 HTTP/2.0" 200 1164 "https://charsooq.com/turkey" "Mozilla/5.0 (Linux; Android 10; K) AppleWebKit/537.36 (KHTML, like Gecko) Chrome/151.0.0.0 Mobile Safari/537.36"
127.0.0.1 - - [27/Aug/2026:01:32:29 +0330] "GET /storage/4A3ZrcC3EGdJdz7oplSL0RnRaANsNK-metacHVtYS5qcGVn-.jpg HTTP/1.1" 200 5086 "-" "node"
127.0.0.1 - - [27/Aug/2026:01:32:29 +0330] "GET /storage/TxMcQ7OaOjnHyzOp1OFkiQ5uLOEd8p-metaaGFuZG0uanBlZw==-.jpg HTTP/1.1" 301 169 "-" "node"
5.237.17.249 - - [27/Aug/2026:01:32:29 +0330] "GET /_next/image?url=http%3A%2F%2Fpanel.charsooq.com%2Fstorage%2FTxMcQ7OaOjnHyzOp1OFkiQ5uLOEd8p-metaaGFuZG0uanBlZw%3D%3D-.jpg&w=256&q=75 HTTP/2.0" 200 2802 "https://charsooq.com/turkey" "Mozilla/5.0 (Linux; Android 10; K) AppleWebKit/537.36 (KHTML, like Gecko) Chrome/151.0.0.0 Mobile Safari/537.36"
127.0.0.1 - - [27/Aug/2026:01:32:29 +0330] "GET /storage/TxMcQ7OaOjnHyzOp1OFkiQ5uLOEd8p-metaaGFuZG0uanBlZw==-.jpg HTTP/1.1" 200 8643 "-" "node"
127.0.0.1 - - [27/Aug/2026:01:32:29 +0330] "GET /storage/n6CY7MSBYE6REqJQHqTPL9CeEJkS9E-metadW5kZXJhcm1vdXIuanBlZw==-.jpg HTTP/1.1" 301 169 "-" "node"
5.237.17.249 - - [27/Aug/2026:01:32:29 +0330] "GET /_next/image?url=http%3A%2F%2Fpanel.charsooq.com%2Fstorage%2Fn6CY7MSBYE6REqJQHqTPL9CeEJkS9E-metadW5kZXJhcm1vdXIuanBlZw%3D%3D-.jpg&w=256&q=75 HTTP/2.0" 200 2238 "https://charsooq.com/turkey" "Mozilla/5.0 (Linux; Android 10; K) AppleWebKit/537.36 (KHTML, like Gecko) Chrome/151.0.0.0 Mobile Safari/537.36"
127.0.0.1 - - [27/Aug/2026:01:32:29 +0330] "GET /storage/n6CY7MSBYE6REqJQHqTPL9CeEJkS9E-metadW5kZXJhcm1vdXIuanBlZw==-.jpg HTTP/1.1" 200 6807 "-" "node"
127.0.0.1 - - [27/Aug/2026:01:32:32 +0330] "GET /storage/8N9owV3TQTAunOr7TnTi8H9FgjTURS-metabGFuY29tZS5qcGVn-.jpg HTTP/1.1" 301 169 "-" "node"
5.237.17.249 - - [27/Aug/2026:01:32:32 +0330] "GET /_next/image?url=http%3A%2F%2Fpanel.charsooq.com%2Fstorage%2F8N9owV3TQTAunOr7TnTi8H9FgjTURS-metabGFuY29tZS5qcGVn-.jpg&w=256&q=75 HTTP/2.0" 200 2350 "https://charsooq.com/turkey" "Mozilla/5.0 (Linux; Android 10; K) AppleWebKit/537.36 (KHTML, like Gecko) Chrome/151.0.0.0 Mobile Safari/537.36"
127.0.0.1 - - [27/Aug/2026:01:32:32 +0330] "GET /storage/8N9owV3TQTAunOr7TnTi8H9FgjTURS-metabGFuY29tZS5qcGVn-.jpg HTTP/1.1" 200 7190 "-" "node"
127.0.0.1 - - [27/Aug/2026:01:32:33 +0330] "GET /storage/XahHYYpBanBzqG9JsoE5iBgozxGx1j-metac3RyYWRpdmFyaXVzLmpwZWc=-.jpg HTTP/1.1" 301 169 "-" "node"
5.237.17.249 - - [27/Aug/2026:01:32:33 +0330] "GET /_next/image?url=http%3A%2F%2Fpanel.charsooq.com%2Fstorage%2FXahHYYpBanBzqG9JsoE5iBgozxGx1j-metac3RyYWRpdmFyaXVzLmpwZWc%3D-.jpg&w=256&q=75 HTTP/2.0" 200 2578 "https://charsooq.com/turkey" "Mozilla/5.0 (Linux; Android 10; K) AppleWebKit/537.36 (KHTML, like Gecko) Chrome/151.0.0.0 Mobile Safari/537.36"
127.0.0.1 - - [27/Aug/2026:01:32:33 +0330] "GET /storage/XahHYYpBanBzqG9JsoE5iBgozxGx1j-metac3RyYWRpdmFyaXVzLmpwZWc=-.jpg HTTP/1.1" 200 8411 "-" "node"
127.0.0.1 - - [27/Aug/2026:01:32:33 +0330] "GET /storage/G7IBKg9X9XxBxJWNmmgEagylbpFGrY-metaZ3JhdGlzLmpwZWc=-.jpg HTTP/1.1" 301 169 "-" "node"
5.237.17.249 - - [27/Aug/2026:01:32:33 +0330] "GET /_next/image?url=http%3A%2F%2Fpanel.charsooq.com%2Fstorage%2FG7IBKg9X9XxBxJWNmmgEagylbpFGrY-metaZ3JhdGlzLmpwZWc%3D-.jpg&w=256&q=75 HTTP/2.0" 200 3346 "https://charsooq.com/turkey" "Mozilla/5.0 (Linux; Android 10; K) AppleWebKit/537.36 (KHTML, like Gecko) Chrome/151.0.0.0 Mobile Safari/537.36"
127.0.0.1 - - [27/Aug/2026:01:32:33 +0330] "GET /storage/G7IBKg9X9XxBxJWNmmgEagylbpFGrY-metaZ3JhdGlzLmpwZWc=-.jpg HTTP/1.1" 200 12520 "-" "node"
127.0.0.1 - - [27/Aug/2026:01:32:33 +0330] "GET /storage/EvCxfUFxkzrsKaDVn4nQXl0zpeTIOQ-metab3lzaG8uanBlZw==-.jpg HTTP/1.1" 301 169 "-" "node"
5.237.17.249 - - [27/Aug/2026:01:32:33 +0330] "GET /_next/image?url=http%3A%2F%2Fpanel.charsooq.com%2Fstorage%2FEvCxfUFxkzrsKaDVn4nQXl0zpeTIOQ-metab3lzaG8uanBlZw%3D%3D-.jpg&w=256&q=75 HTTP/2.0" 200 2080 "https://charsooq.com/turkey" "Mozilla/5.0 (Linux; Android 10; K) AppleWebKit/537.36 (KHTML, like Gecko) Chrome/151.0.0.0 Mobile Safari/537.36"
127.0.0.1 - - [27/Aug/2026:01:32:33 +0330] "GET /storage/EvCxfUFxkzrsKaDVn4nQXl0zpeTIOQ-metab3lzaG8uanBlZw==-.jpg HTTP/1.1" 200 6788 "-" "node"
127.0.0.1 - - [27/Aug/2026:01:32:34 +0330] "GET /api/v2/sliders HTTP/1.1" 200 7479 "-" "node"
127.0.0.1 - - [27/Aug/2026:01:32:35 +0330] "GET /api/v1/categories-amazon HTTP/1.1" 200 34199 "-" "node"
172.16.20.25 - - [27/Aug/2026:01:32:35 +0330] "GET / HTTP/1.1" 200 338470 "-" "Mozilla/5.0 (compatible; PRTG Network Monitor (www.paessler.com); Windows)"
127.0.0.1 - - [27/Aug/2026:01:32:36 +0330] "GET /storage/3O0w1Rtok24Tdd5IKUWr9cH87PBZzc-metaZGlyZW5jLmpwZWc=-.jpg HTTP/1.1" 301 169 "-" "node"
5.237.17.249 - - [27/Aug/2026:01:32:36 +0330] "GET /_next/image?url=http%3A%2F%2Fpanel.charsooq.com%2Fstorage%2F3O0w1Rtok24Tdd5IKUWr9cH87PBZzc-metaZGlyZW5jLmpwZWc%3D-.jpg&w=256&q=75 HTTP/2.0" 200 1790 "https://charsooq.com/turkey" "Mozilla/5.0 (Linux; Android 10; K) AppleWebKit/537.36 (KHTML, like Gecko) Chrome/151.0.0.0 Mobile Safari/537.36"
127.0.0.1 - - [27/Aug/2026:01:32:36 +0330] "GET /storage/3O0w1Rtok24Tdd5IKUWr9cH87PBZzc-metaZGlyZW5jLmpwZWc=-.jpg HTTP/1.1" 200 5268 "-" "node"
127.0.0.1 - - [27/Aug/2026:01:32:36 +0330] "GET /storage/vVFXXsTIs6y9A0CG8UDzmSLJ3HK67x-metaYXNpY3N0dXJrZXkuanBlZw==-.jpg HTTP/1.1" 301 169 "-" "node"
5.237.17.249 - - [27/Aug/2026:01:32:36 +0330] "GET /_next/image?url=http%3A%2F%2Fpanel.charsooq.com%2Fstorage%2FvVFXXsTIs6y9A0CG8UDzmSLJ3HK67x-metaYXNpY3N0dXJrZXkuanBlZw%3D%3D-.jpg&w=256&q=75 HTTP/2.0" 200 1706 "https://charsooq.com/turkey" "Mozilla/5.0 (Linux; Android 10; K) AppleWebKit/537.36 (KHTML, like Gecko) Chrome/151.0.0.0 Mobile Safari/537.36"
127.0.0.1 - - [27/Aug/2026:01:32:36 +0330] "GET /storage/vVFXXsTIs6y9A0CG8UDzmSLJ3HK67x-metaYXNpY3N0dXJrZXkuanBlZw==-.jpg HTTP/1.1" 200 4618 "-" "node"
127.0.0.1 - - [27/Aug/2026:01:32:36 +0330] "GET /storage/IA9dL6SeUL4oGWgb8Ib9sTIQ00Ihwv-metabGV2aXMuanBlZw==-.jpg HTTP/1.1" 301 169 "-" "node"
5.237.17.249 - - [27/Aug/2026:01:32:36 +0330] "GET /_next/image?url=http%3A%2F%2Fpanel.charsooq.com%2Fstorage%2FIA9dL6SeUL4oGWgb8Ib9sTIQ00Ihwv-metabGV2aXMuanBlZw%3D%3D-.jpg&w=256&q=75 HTTP/2.0" 200 1760 "https://charsooq.com/turkey" "Mozilla/5.0 (Linux; Android 10; K) AppleWebKit/537.36 (KHTML, like Gecko) Chrome/151.0.0.0 Mobile Safari/537.36"
127.0.0.1 - - [27/Aug/2026:01:32:36 +0330] "GET /storage/IA9dL6SeUL4oGWgb8Ib9sTIQ00Ihwv-metabGV2aXMuanBlZw==-.jpg HTTP/1.1" 200 6062 "-" "node"
127.0.0.1 - - [27/Aug/2026:01:32:39 +0330] "GET /storage/BGZEdjEGMdLg7PGsd83uLnAyAtBRvO-metabW9kYW5pc2EuanBlZw==-.jpg HTTP/1.1" 301 169 "-" "node"
5.237.17.249 - - [27/Aug/2026:01:32:39 +0330] "GET /_next/image?url=http%3A%2F%2Fpanel.charsooq.com%2Fstorage%2FBGZEdjEGMdLg7PGsd83uLnAyAtBRvO-metabW9kYW5pc2EuanBlZw%3D%3D-.jpg&w=256&q=75 HTTP/2.0" 200 1530 "https://charsooq.com/turkey" "Mozilla/5.0 (Linux; Android 10; K) AppleWebKit/537.36 (KHTML, like Gecko) Chrome/151.0.0.0 Mobile Safari/537.36"
127.0.0.1 - - [27/Aug/2026:01:32:39 +0330] "GET /storage/BGZEdjEGMdLg7PGsd83uLnAyAtBRvO-metabW9kYW5pc2EuanBlZw==-.jpg HTTP/1.1" 200 4115 "-" "node"
127.0.0.1 - - [27/Aug/2026:01:32:40 +0330] "GET /storage/RbutRcGYgeX7agzKI5WWJJBnZtjjUv-metaY29saW5zLmpwZWc=-.jpg HTTP/1.1" 301 169 "-" "node"
5.237.17.249 - - [27/Aug/2026:01:32:40 +0330] "GET /_next/image?url=http%3A%2F%2Fpanel.charsooq.com%2Fstorage%2FRbutRcGYgeX7agzKI5WWJJBnZtjjUv-metaY29saW5zLmpwZWc%3D-.jpg&w=256&q=75 HTTP/2.0" 200 1700 "https://charsooq.com/turkey" "Mozilla/5.0 (Linux; Android 10; K) AppleWebKit/537.36 (KHTML, like Gecko) Chrome/151.0.0.0 Mobile Safari/537.36"
127.0.0.1 - - [27/Aug/2026:01:32:40 +0330] "GET /storage/RbutRcGYgeX7agzKI5WWJJBnZtjjUv-metaY29saW5zLmpwZWc=-.jpg HTTP/1.1" 200 7037 "-" "node"
127.0.0.1 - - [27/Aug/2026:01:32:41 +0330] "GET /storage/MOJSwOD4Iy8cdvONdmp3Etjxly3yRb-metaZmFybWFzaS5qcGVn-.jpg HTTP/1.1" 301 169 "-" "node"
5.237.17.249 - - [27/Aug/2026:01:32:41 +0330] "GET /_next/image?url=http%3A%2F%2Fpanel.charsooq.com%2Fstorage%2FMOJSwOD4Iy8cdvONdmp3Etjxly3yRb-metaZmFybWFzaS5qcGVn-.jpg&w=256&q=75 HTTP/2.0" 200 1686 "https://charsooq.com/turkey" "Mozilla/5.0 (Linux; Android 10; K) AppleWebKit/537.36 (KHTML, like Gecko) Chrome/151.0.0.0 Mobile Safari/537.36"
127.0.0.1 - - [27/Aug/2026:01:32:41 +0330] "GET /storage/MOJSwOD4Iy8cdvONdmp3Etjxly3yRb-metaZmFybWFzaS5qcGVn-.jpg HTTP/1.1" 200 6410 "-" "node"
127.0.0.1 - - [27/Aug/2026:01:32:41 +0330] "GET /storage/d2PVQR9as4M75heHfYY2taz43HSq6s-metac2VwaG9yYS5qcGVn-.jpg HTTP/1.1" 301 169 "-" "node"
5.237.17.249 - - [27/Aug/2026:01:32:41 +0330] "GET /_next/image?url=http%3A%2F%2Fpanel.charsooq.com%2Fstorage%2Fd2PVQR9as4M75heHfYY2taz43HSq6s-metac2VwaG9yYS5qcGVn-.jpg&w=256&q=75 HTTP/2.0" 200 1482 "https://charsooq.com/turkey" "Mozilla/5.0 (Linux; Android 10; K) AppleWebKit/537.36 (KHTML, like Gecko) Chrome/151.0.0.0 Mobile Safari/537.36"
127.0.0.1 - - [27/Aug/2026:01:32:41 +0330] "GET /storage/d2PVQR9as4M75heHfYY2taz43HSq6s-metac2VwaG9yYS5qcGVn-.jpg HTTP/1.1" 200 5669 "-" "node"
127.0.0.1 - - [27/Aug/2026:01:32:41 +0330] "GET /storage/TytDJFS5bMAPGzGnj2lr9nzrwREaB2-metaa3V0YWh5YV9wb3JzZWxlbi5wbmc=-.png HTTP/1.1" 301 169 "-" "node"
5.237.17.249 - - [27/Aug/2026:01:32:41 +0330] "GET /_next/image?url=http%3A%2F%2Fpanel.charsooq.com%2Fstorage%2FTytDJFS5bMAPGzGnj2lr9nzrwREaB2-metaa3V0YWh5YV9wb3JzZWxlbi5wbmc%3D-.png&w=256&q=75 HTTP/2.0" 200 2552 "https://charsooq.com/turkey" "Mozilla/5.0 (Linux; Android 10; K) AppleWebKit/537.36 (KHTML, like Gecko) Chrome/151.0.0.0 Mobile Safari/537.36"
127.0.0.1 - - [27/Aug/2026:01:32:41 +0330] "GET /storage/TytDJFS5bMAPGzGnj2lr9nzrwREaB2-metaa3V0YWh5YV9wb3JzZWxlbi5wbmc=-.png HTTP/1.1" 200 3113 "-" "node"
127.0.0.1 - - [27/Aug/2026:01:32:42 +0330] "GET /storage/53Rp3NgWTkrB3DFRysNLWkL6XgSYyz-metaaWtlYS5wbmc=-.png HTTP/1.1" 301 169 "-" "node"
5.237.17.249 - - [27/Aug/2026:01:32:42 +0330] "GET /_next/image?url=http%3A%2F%2Fpanel.charsooq.com%2Fstorage%2F53Rp3NgWTkrB3DFRysNLWkL6XgSYyz-metaaWtlYS5wbmc%3D-.png&w=256&q=75 HTTP/2.0" 200 3062 "https://charsooq.com/turkey" "Mozilla/5.0 (Linux; Android 10; K) AppleWebKit/537.36 (KHTML, like Gecko) Chrome/151.0.0.0 Mobile Safari/537.36"
127.0.0.1 - - [27/Aug/2026:01:32:42 +0330] "GET /storage/53Rp3NgWTkrB3DFRysNLWkL6XgSYyz-metaaWtlYS5wbmc=-.png HTTP/1.1" 200 3731 "-" "node"
127.0.0.1 - - [27/Aug/2026:01:32:42 +0330] "GET /storage/UVaFCLBJmrURTm4IMxhBBTdGZeZ8xe-metabmV4dC5wbmc=-.png HTTP/1.1" 301 169 "-" "node"
5.237.17.249 - - [27/Aug/2026:01:32:42 +0330] "GET /_next/image?url=http%3A%2F%2Fpanel.charsooq.com%2Fstorage%2FUVaFCLBJmrURTm4IMxhBBTdGZeZ8xe-metabmV4dC5wbmc%3D-.png&w=256&q=75 HTTP/2.0" 200 2094 "https://charsooq.com/turkey" "Mozilla/5.0 (Linux; Android 10; K) AppleWebKit/537.36 (KHTML, like Gecko) Chrome/151.0.0.0 Mobile Safari/537.36"
127.0.0.1 - - [27/Aug/2026:01:32:42 +0330] "GET /storage/UVaFCLBJmrURTm4IMxhBBTdGZeZ8xe-metabmV4dC5wbmc=-.png HTTP/1.1" 200 4330 "-" "node"
127.0.0.1 - - [27/Aug/2026:01:32:42 +0330] "GET /storage/mOMmOQeUhb8NkAEq9kS4iHUtbCrij4-metaZWxsZS5qcGc=-.jpg HTTP/1.1" 301 169 "-" "node"
5.237.17.249 - - [27/Aug/2026:01:32:42 +0330] "GET /_next/image?url=http%3A%2F%2Fpanel.charsooq.com%2Fstorage%2FmOMmOQeUhb8NkAEq9kS4iHUtbCrij4-metaZWxsZS5qcGc%3D-.jpg&w=256&q=75 HTTP/2.0" 200 1184 "https://charsooq.com/turkey" "Mozilla/5.0 (Linux; Android 10; K) AppleWebKit/537.36 (KHTML, like Gecko) Chrome/151.0.0.0 Mobile Safari/537.36"
127.0.0.1 - - [27/Aug/2026:01:32:42 +0330] "GET /storage/mOMmOQeUhb8NkAEq9kS4iHUtbCrij4-metaZWxsZS5qcGc=-.jpg HTTP/1.1" 200 730119 "-" "node"
127.0.0.1 - - [27/Aug/2026:01:32:43 +0330] "GET /storage/97hWnOcHNvz8DGNcUz92qlYliod9fJ-metabWFjY29zbWV0aWNzLnBuZw==-.png HTTP/1.1" 301 169 "-" "node"
5.237.17.249 - - [27/Aug/2026:01:32:43 +0330] "GET /_next/image?url=http%3A%2F%2Fpanel.charsooq.com%2Fstorage%2F97hWnOcHNvz8DGNcUz92qlYliod9fJ-metabWFjY29zbWV0aWNzLnBuZw%3D%3D-.png&w=256&q=75 HTTP/2.0" 200 1384 "https://charsooq.com/turkey" "Mozilla/5.0 (Linux; Android 10; K) AppleWebKit/537.36 (KHTML, like Gecko) Chrome/151.0.0.0 Mobile Safari/537.36"
127.0.0.1 - - [27/Aug/2026:01:32:43 +0330] "GET /storage/97hWnOcHNvz8DGNcUz92qlYliod9fJ-metabWFjY29zbWV0aWNzLnBuZw==-.png HTTP/1.1" 200 3903 "-" "node"
127.0.0.1 - - [27/Aug/2026:01:32:43 +0330] "GET /storage/tqNFbQzusUeboAaRCzLlZDWShQwW75-metac3BvcnRpdmUudHIucG5n-.png HTTP/1.1" 301 169 "-" "node"
5.237.17.249 - - [27/Aug/2026:01:32:43 +0330] "GET /_next/image?url=http%3A%2F%2Fpanel.charsooq.com%2Fstorage%2FtqNFbQzusUeboAaRCzLlZDWShQwW75-metac3BvcnRpdmUudHIucG5n-.png&w=256&q=75 HTTP/2.0" 200 1832 "https://charsooq.com/turkey" "Mozilla/5.0 (Linux; Android 10; K) AppleWebKit/537.36 (KHTML, like Gecko) Chrome/151.0.0.0 Mobile Safari/537.36"
127.0.0.1 - - [27/Aug/2026:01:32:43 +0330] "GET /storage/tqNFbQzusUeboAaRCzLlZDWShQwW75-metac3BvcnRpdmUudHIucG5n-.png HTTP/1.1" 200 4290 "-" "node"
127.0.0.1 - - [27/Aug/2026:01:32:45 +0330] "GET /storage/Wp8OimFWnB0YY5zLJPRlWS1ttfBZP7-metaYW1hem9uLmNvbS50ci5wbmc=-.png HTTP/1.1" 301 169 "-" "node"
5.237.17.249 - - [27/Aug/2026:01:32:45 +0330] "GET /_next/image?url=http%3A%2F%2Fpanel.charsooq.com%2Fstorage%2FWp8OimFWnB0YY5zLJPRlWS1ttfBZP7-metaYW1hem9uLmNvbS50ci5wbmc%3D-.png&w=256&q=75 HTTP/2.0" 200 1516 "https://charsooq.com/turkey" "Mozilla/5.0 (Linux; Android 10; K) AppleWebKit/537.36 (KHTML, like Gecko) Chrome/151.0.0.0 Mobile Safari/537.36"
127.0.0.1 - - [27/Aug/2026:01:32:45 +0330] "GET /storage/Wp8OimFWnB0YY5zLJPRlWS1ttfBZP7-metaYW1hem9uLmNvbS50ci5wbmc=-.png HTTP/1.1" 200 4418 "-" "node"
127.0.0.1 - - [27/Aug/2026:01:32:45 +0330] "GET /storage/ HTTP/1.1" 301 169 "-" "node"
127.0.0.1 - - [27/Aug/2026:01:32:45 +0330] "GET /storage/ HTTP/1.1" 403 125 "-" "node"
5.237.17.249 - - [27/Aug/2026:01:32:45 +0330] "GET /_next/image?url=http%3A%2F%2Fpanel.charsooq.com%2Fstorage%2F&w=256&q=75 HTTP/2.0" 403 57 "https://charsooq.com/turkey" "Mozilla/5.0 (Linux; Android 10; K) AppleWebKit/537.36 (KHTML, like Gecko) Chrome/151.0.0.0 Mobile Safari/537.36"
127.0.0.1 - - [27/Aug/2026:01:32:46 +0330] "GET /storage/01JBRM2ZE70RY2H9ASDARWMKZS.jpg HTTP/1.1" 301 169 "-" "node"
5.237.17.249 - - [27/Aug/2026:01:32:46 +0330] "GET /_next/image?url=http%3A%2F%2Fpanel.charsooq.com%2Fstorage%2F01JBRM2ZE70RY2H9ASDARWMKZS.jpg&w=256&q=75 HTTP/2.0" 200 5958 "https://charsooq.com/turkey" "Mozilla/5.0 (Linux; Android 10; K) AppleWebKit/537.36 (KHTML, like Gecko) Chrome/151.0.0.0 Mobile Safari/537.36"
127.0.0.1 - - [27/Aug/2026:01:32:46 +0330] "GET /storage/01JBRM2ZE70RY2H9ASDARWMKZS.jpg HTTP/1.1" 200 35157 "-" "node"
127.0.0.1 - - [27/Aug/2026:01:32:46 +0330] "GET /storage/01JBY69DJ93T48MC9JBM17RPJ1.jpg HTTP/1.1" 301 169 "-" "node"
5.237.17.249 - - [27/Aug/2026:01:32:46 +0330] "GET /_next/image?url=http%3A%2F%2Fpanel.charsooq.com%2Fstorage%2F01JBY69DJ93T48MC9JBM17RPJ1.jpg&w=256&q=75 HTTP/2.0" 200 2072 "https://charsooq.com/turkey" "Mozilla/5.0 (Linux; Android 10; K) AppleWebKit/537.36 (KHTML, like Gecko) Chrome/151.0.0.0 Mobile Safari/537.36"
127.0.0.1 - - [27/Aug/2026:01:32:46 +0330] "GET /storage/01JBY69DJ93T48MC9JBM17RPJ1.jpg HTTP/1.1" 200 35828 "-" "node"
127.0.0.1 - - [27/Aug/2026:01:32:46 +0330] "GET /storage/01JDHEG1JWBWFSFZRV97MTRS2R.jpg HTTP/1.1" 301 169 "-" "node"
5.237.17.249 - - [27/Aug/2026:01:32:46 +0330] "GET /_next/image?url=http%3A%2F%2Fpanel.charsooq.com%2Fstorage%2F01JDHEG1JWBWFSFZRV97MTRS2R.jpg&w=256&q=75 HTTP/2.0" 200 1432 "https://charsooq.com/turkey" "Mozilla/5.0 (Linux; Android 10; K) AppleWebKit/537.36 (KHTML, like Gecko) Chrome/151.0.0.0 Mobile Safari/537.36"
127.0.0.1 - - [27/Aug/2026:01:32:46 +0330] "GET /storage/01JDHEG1JWBWFSFZRV97MTRS2R.jpg HTTP/1.1" 200 2529 "-" "node"
127.0.0.1 - - [27/Aug/2026:01:32:48 +0330] "GET /storage/ HTTP/1.1" 301 169 "-" "node"
127.0.0.1 - - [27/Aug/2026:01:32:48 +0330] "GET /storage/ HTTP/1.1" 403 125 "-" "node"
5.237.17.249 - - [27/Aug/2026:01:32:48 +0330] "GET /_next/image?url=http%3A%2F%2Fpanel.charsooq.com%2Fstorage%2F&w=256&q=75 HTTP/2.0" 403 57 "https://charsooq.com/turkey" "Mozilla/5.0 (Linux; Android 10; K) AppleWebKit/537.36 (KHTML, like Gecko) Chrome/151.0.0.0 Mobile Safari/537.36"
127.0.0.1 - - [27/Aug/2026:01:32:48 +0330] "GET /storage/ HTTP/1.1" 301 169 "-" "node"
127.0.0.1 - - [27/Aug/2026:01:32:48 +0330] "GET /storage/ HTTP/1.1" 403 125 "-" "node"
5.237.17.249 - - [27/Aug/2026:01:32:48 +0330] "GET /_next/image?url=http%3A%2F%2Fpanel.charsooq.com%2Fstorage%2F&w=256&q=75 HTTP/2.0" 403 57 "https://charsooq.com/turkey" "Mozilla/5.0 (Linux; Android 10; K) AppleWebKit/537.36 (KHTML, like Gecko) Chrome/151.0.0.0 Mobile Safari/537.36"
127.0.0.1 - - [27/Aug/2026:01:32:49 +0330] "GET /storage/ HTTP/1.1" 301 169 "-" "node"
127.0.0.1 - - [27/Aug/2026:01:32:49 +0330] "GET /storage/ HTTP/1.1" 403 125 "-" "node"
5.237.17.249 - - [27/Aug/2026:01:32:49 +0330] "GET /_next/image?url=http%3A%2F%2Fpanel.charsooq.com%2Fstorage%2F&w=256&q=75 HTTP/2.0" 403 57 "https://charsooq.com/turkey" "Mozilla/5.0 (Linux; Android 10; K) AppleWebKit/537.36 (KHTML, like Gecko) Chrome/151.0.0.0 Mobile Safari/537.36"
127.0.0.1 - - [27/Aug/2026:01:32:49 +0330] "GET /storage/ HTTP/1.1" 301 169 "-" "node"
127.0.0.1 - - [27/Aug/2026:01:32:49 +0330] "GET /storage/ HTTP/1.1" 403 125 "-" "node"
5.237.17.249 - - [27/Aug/2026:01:32:49 +0330] "GET /_next/image?url=http%3A%2F%2Fpanel.charsooq.com%2Fstorage%2F&w=256&q=75 HTTP/2.0" 403 57 "https://charsooq.com/turkey" "Mozilla/5.0 (Linux; Android 10; K) AppleWebKit/537.36 (KHTML, like Gecko) Chrome/151.0.0.0 Mobile Safari/537.36"
5.237.17.249 - - [27/Aug/2026:01:32:58 +0330] "GET /_next/image?url=http%3A%2F%2Fpanel.charsooq.com%2Fstorage%2F01JW3NQ86CZ8JCTEFZQZ6V9XEA.png&w=256&q=75 HTTP/2.0" 200 1172 "https://charsooq.com/turkey" "Mozilla/5.0 (Linux; Android 10; K) AppleWebKit/537.36 (KHTML, like Gecko) Chrome/151.0.0.0 Mobile Safari/537.36"
127.0.0.1 - - [27/Aug/2026:01:32:58 +0330] "GET /storage/01JW3NQ86CZ8JCTEFZQZ6V9XEA.png HTTP/1.1" 301 169 "-" "node"
127.0.0.1 - - [27/Aug/2026:01:32:58 +0330] "GET /storage/01JW3NQ86CZ8JCTEFZQZ6V9XEA.png HTTP/1.1" 200 3001 "-" "node"
198.44.138.184 - - [27/Aug/2026:01:33:07 +0330] "GET /preference.html?eta=redacted@threatwave.com HTTP/1.1" 200 4540 "-" "Mozilla/5.0 (compatible; MSIE 10.0; Windows NT 6.1; Trident/6.0)"
81.172.248.34 - - [27/Aug/2026:01:33:12 +0330] "GET /preference.html?eta=canh.nguyen@phattrien.com HTTP/1.1" 200 4540 "-" "Mozilla/5.0 (compatible; MSIE 10.0; Windows NT 6.1; Trident/6.0)"
213.139.9.149 - - [27/Aug/2026:01:33:13 +0330] "GET /preference.html?eta=kricom@kochirefineries.com HTTP/1.1" 200 4540 "-" "Mozilla/5.0 (compatible; MSIE 10.0; Windows NT 6.1; Trident/6.0)"
87.120.103.232 - - [27/Aug/2026:01:33:13 +0330] "GET /preference.html?eta=hung1805@gmil.com HTTP/1.1" 200 4540 "-" "Mozilla/5.0 (compatible; MSIE 10.0; Windows NT 6.1; Trident/6.0)"
87.120.103.232 - - [27/Aug/2026:01:33:13 +0330] "GET /preference.html?eta=hung1805@gmil.com HTTP/1.1" 200 4540 "-" "Mozilla/5.0 (compatible; MSIE 10.0; Windows NT 6.1; Trident/6.0)"
127.0.0.1 - - [27/Aug/2026:01:33:15 +0330] "GET /api/v3/product-show/amz-B07SJHTWCY?amazon_region=emirates-amazon HTTP/1.1" 301 169 "-" "node"
127.0.0.1 - - [27/Aug/2026:01:33:15 +0330] "GET /api/v3/product-show/amz-B07SJHTWCY?amazon_region= HTTP/1.1" 301 169 "-" "node"
127.0.0.1 - - [27/Aug/2026:01:33:15 +0330] "GET /api/v3/product-show/amz-B07SJHTWCY?amazon_region=emirates-amazon HTTP/1.1" 200 25090 "-" "node"
127.0.0.1 - - [27/Aug/2026:01:33:15 +0330] "GET /api/v3/product-show/amz-B07SJHTWCY?amazon_region= HTTP/1.1" 200 25090 "-" "node"
81.172.248.34 - - [27/Aug/2026:01:33:16 +0330] "GET /preference.html?eta=canh.nguyen@phattrien.com HTTP/1.1" 200 4540 "-" "Mozilla/5.0 (compatible; MSIE 10.0; Windows NT 6.1; Trident/6.0)"
127.0.0.1 - - [27/Aug/2026:01:33:16 +0330] "GET /api/v1/categories-amazon HTTP/1.1" 200 34230 "-" "node"
207.46.13.83 - - [27/Aug/2026:01:33:18 +0330] "GET /product/amz-B07SJHTWCY/hp-color-laser-mfp-178nw-printer-print-copy-scan-scan-to-pdf-multifuctional-print-speed-up-to-19-ppm-black-and-4-ppm-colour?amazon-region=emirates-amazon HTTP/2.0" 200 106200 "-" "Mozilla/5.0 AppleWebKit/537.36 (KHTML, like Gecko; compatible; bingbot/2.0; +http://www.bing.com/bingbot.htm) Chrome/116.0.1938.76 Safari/537.36"
127.0.0.1 - - [27/Aug/2026:01:33:35 +0330] "GET /api/v1/categories-amazon HTTP/1.1" 200 34230 "-" "node"
127.0.0.1 - - [27/Aug/2026:01:33:36 +0330] "GET /api/v2/page-data HTTP/1.1" 200 36854 "-" "node"
172.16.20.25 - - [27/Aug/2026:01:33:36 +0330] "GET / HTTP/1.1" 200 338501 "-" "Mozilla/5.0 (compatible; PRTG Network Monitor (www.paessler.com); Windows)"
127.0.0.1 - - [27/Aug/2026:01:33:38 +0330] "GET /api/v3/product-show/amz-B07V33GN1Q?amazon_region=undefined HTTP/1.1" 301 169 "-" "node"
127.0.0.1 - - [27/Aug/2026:01:33:38 +0330] "GET /api/v3/product-show/amz-B07V33GN1Q?amazon_region= HTTP/1.1" 301 169 "-" "node"
127.0.0.1 - - [27/Aug/2026:01:33:38 +0330] "GET /api/v3/product-show/amz-B07V33GN1Q?amazon_region=undefined HTTP/1.1" 200 9297 "-" "node"
127.0.0.1 - - [27/Aug/2026:01:33:38 +0330] "GET /api/v3/product-show/amz-B07V33GN1Q?amazon_region= HTTP/1.1" 200 9297 "-" "node"
127.0.0.1 - - [27/Aug/2026:01:33:40 +0330] "GET /api/v1/categories-amazon HTTP/1.1" 200 34230 "-" "node"
52.167.144.216 - - [27/Aug/2026:01:33:40 +0330] "GET /product/amz-B07V33GN1Q/Genhoo-Women-s-Long-Sleeve-Blazer-Open-Front-Cardigan-Jacket-Work-Office-Blazer-with-Zipper-Pockets-S-3XL HTTP/2.0" 200 108632 "-" "Mozilla/5.0 AppleWebKit/537.36 (KHTML, like Gecko; compatible; bingbot/2.0; +http://www.bing.com/bingbot.htm) Chrome/116.0.1938.76 Safari/537.36"
192.197.201.169 - - [27/Aug/2026:01:33:47 +0330] "GET /preference.html?eta=Kenneth@[REDACTED_DOMAIN] HTTP/1.1" 200 4540 "-" "Mozilla/5.0 (compatible; MSIE 10.0; Windows NT 6.1; Trident/6.0)"
15.161.130.75 - - [27/Aug/2026:01:33:51 +0330] "GET /preference.html?eta=Pooja.Pundrik@[REDACTED_DOMAIN] HTTP/1.1" 200 4540 "-" "Mozilla/5.0 (compatible; MSIE 10.0; Windows NT 6.1; Trident/6.0)"
127.0.0.1 - - [27/Aug/2026:01:34:22 +0330] "GET /api/v1/cart-index HTTP/1.1" 200 17462 "-" "node"
127.0.0.1 - - [27/Aug/2026:01:34:22 +0330] "GET /api/v2/sliders HTTP/1.1" 200 7479 "-" "node"
127.0.0.1 - - [27/Aug/2026:01:34:22 +0330] "GET /api/v1/article-page?region=china HTTP/1.1" 200 12231 "-" "node"
79.127.252.66 - - [27/Aug/2026:01:34:23 +0330] "GET /preference.html?eta=m3031135@yandrex.ru HTTP/1.1" 200 4540 "-" "Mozilla/5.0 (compatible; MSIE 10.0; Windows NT 6.1; Trident/6.0)"
127.0.0.1 - - [27/Aug/2026:01:34:23 +0330] "GET /api/v1/categories-amazon HTTP/1.1" 200 34199 "-" "node"
162.120.188.158 - - [27/Aug/2026:01:34:23 +0330] "GET /china HTTP/2.0" 200 120167 "https://www.google.com/" "Mozilla/5.0 (Linux; Android 10; K) AppleWebKit/537.36 (KHTML, like Gecko) Chrome/138.0.0.0 Mobile Safari/537.36"
67.213.147.253 - - [27/Aug/2026:01:34:31 +0330] "GET /preference.html?eta=m3031135@yandrex.ru HTTP/1.1" 200 4540 "-" "Mozilla/5.0 (compatible; MSIE 10.0; Windows NT 6.1; Trident/6.0)"
5.250.6.11 - - [27/Aug/2026:01:34:31 +0330] "GET /_next/image?url=%2Fassets%2Fimages%2Ficons%2Ftelegram-icon.png&w=128&q=75 HTTP/2.0" 200 5724 "https://charsooq.com/china" "Mozilla/5.0 (Linux; Android 10; K) AppleWebKit/537.36 (KHTML, like Gecko) Chrome/138.0.0.0 Mobile Safari/537.36"
5.250.6.11 - - [27/Aug/2026:01:34:31 +0330] "GET /_next/static/css/2c9caab41af7e337.css HTTP/2.0" 200 3175 "https://charsooq.com/china" "Mozilla/5.0 (Linux; Android 10; K) AppleWebKit/537.36 (KHTML, like Gecko) Chrome/138.0.0.0 Mobile Safari/537.36"
5.250.6.11 - - [27/Aug/2026:01:34:31 +0330] "GET /_next/static/css/1fd47d1e4f3a64a0.css HTTP/2.0" 200 5002 "https://charsooq.com/china" "Mozilla/5.0 (Linux; Android 10; K) AppleWebKit/537.36 (KHTML, like Gecko) Chrome/138.0.0.0 Mobile Safari/537.36"
5.250.6.11 - - [27/Aug/2026:01:34:31 +0330] "GET /_next/static/media/c7178acf770b8f1a-s.p.ttf HTTP/2.0" 200 35704 "https://charsooq.com/china" "Mozilla/5.0 (Linux; Android 10; K) AppleWebKit/537.36 (KHTML, like Gecko) Chrome/138.0.0.0 Mobile Safari/537.36"
5.250.6.11 - - [27/Aug/2026:01:34:31 +0330] "GET /_next/static/css/302d83c05ad27d8b.css HTTP/2.0" 200 369 "https://charsooq.com/china" "Mozilla/5.0 (Linux; Android 10; K) AppleWebKit/537.36 (KHTML, like Gecko) Chrome/138.0.0.0 Mobile Safari/537.36"
5.250.6.11 - - [27/Aug/2026:01:34:31 +0330] "GET /_next/static/css/ae4ed9c503fd1e33.css HTTP/2.0" 200 1056 "https://charsooq.com/china" "Mozilla/5.0 (Linux; Android 10; K) AppleWebKit/537.36 (KHTML, like Gecko) Chrome/138.0.0.0 Mobile Safari/537.36"
5.250.6.11 - - [27/Aug/2026:01:34:31 +0330] "GET /_next/static/css/91447b978d7716af.css HTTP/2.0" 200 20418 "https://charsooq.com/china" "Mozilla/5.0 (Linux; Android 10; K) AppleWebKit/537.36 (KHTML, like Gecko) Chrome/138.0.0.0 Mobile Safari/537.36"
5.250.6.11 - - [27/Aug/2026:01:34:32 +0330] "GET /_next/static/media/d36c74da9a95e091-s.p.ttf HTTP/2.0" 200 35196 "https://charsooq.com/china" "Mozilla/5.0 (Linux; Android 10; K) AppleWebKit/537.36 (KHTML, like Gecko) Chrome/138.0.0.0 Mobile Safari/537.36"
5.250.6.11 - - [27/Aug/2026:01:34:32 +0330] "GET /_next/image?url=https%3A%2F%2Fpanel.charsooq.com%2Fstorage%2F01K86CG1QRVXB0PMTKY5EERBNB.jpg&w=640&q=75 HTTP/2.0" 200 5768 "https://charsooq.com/china" "Mozilla/5.0 (Linux; Android 10; K) AppleWebKit/537.36 (KHTML, like Gecko) Chrome/138.0.0.0 Mobile Safari/537.36"
5.250.6.11 - - [27/Aug/2026:01:34:32 +0330] "GET /_next/image?url=https%3A%2F%2Fpanel.charsooq.com%2Fstorage%2F01HZPC4JGDHPPC1JPBBR2A5T2E.webp&w=640&q=75 HTTP/2.0" 200 13060 "https://charsooq.com/china" "Mozilla/5.0 (Linux; Android 10; K) AppleWebKit/537.36 (KHTML, like Gecko) Chrome/138.0.0.0 Mobile Safari/537.36"
5.250.6.11 - - [27/Aug/2026:01:34:32 +0330] "GET /_next/image?url=http%3A%2F%2Fpanel.charsooq.com%2Fstorage%2F5t3iux5OCto7LB2tmCpcDgnNAppmhu-metaYWxpZXhwcmVzcy5wbmc%3D-.png&w=256&q=75 HTTP/2.0" 200 2418 "https://charsooq.com/china" "Mozilla/5.0 (Linux; Android 10; K) AppleWebKit/537.36 (KHTML, like Gecko) Chrome/138.0.0.0 Mobile Safari/537.36"
5.250.6.11 - - [27/Aug/2026:01:34:32 +0330] "GET /_next/image?url=https%3A%2F%2Fpanel.charsooq.com%2Fstorage%2F01J5ZZTNCQR7DRRR5GYFAMP086.webp&w=640&q=75 HTTP/2.0" 200 12076 "https://charsooq.com/china" "Mozilla/5.0 (Linux; Android 10; K) AppleWebKit/537.36 (KHTML, like Gecko) Chrome/138.0.0.0 Mobile Safari/537.36"
5.250.6.11 - - [27/Aug/2026:01:34:32 +0330] "GET /assets/images/home/comment-vector-up.svg HTTP/2.0" 200 536 "https://charsooq.com/china" "Mozilla/5.0 (Linux; Android 10; K) AppleWebKit/537.36 (KHTML, like Gecko) Chrome/138.0.0.0 Mobile Safari/537.36"
5.250.6.11 - - [27/Aug/2026:01:34:32 +0330] "GET /assets/images/home/comment-vector-down.svg HTTP/2.0" 200 533 "https://charsooq.com/china" "Mozilla/5.0 (Linux; Android 10; K) AppleWebKit/537.36 (KHTML, like Gecko) Chrome/138.0.0.0 Mobile Safari/537.36"
5.250.6.11 - - [27/Aug/2026:01:34:32 +0330] "GET /_next/image?url=https%3A%2F%2Fpanel.charsooq.com%2Fstorage%2F01HMG8HF46FJKBJVB49SAH757T.webp&w=640&q=75 HTTP/2.0" 200 12062 "https://charsooq.com/china" "Mozilla/5.0 (Linux; Android 10; K) AppleWebKit/537.36 (KHTML, like Gecko) Chrome/138.0.0.0 Mobile Safari/537.36"
5.250.6.11 - - [27/Aug/2026:01:34:32 +0330] "GET /_next/image?url=https%3A%2F%2Fpanel.charsooq.com%2Fstorage%2F01HMZWP7ZKMS0KGQ5D0MXS8VGG.webp&w=640&q=75 HTTP/2.0" 200 19528 "https://charsooq.com/china" "Mozilla/5.0 (Linux; Android 10; K) AppleWebKit/537.36 (KHTML, like Gecko) Chrome/138.0.0.0 Mobile Safari/537.36"
5.250.6.11 - - [27/Aug/2026:01:34:32 +0330] "GET /_next/static/chunks/webpack-f27042854bafc0d3.js HTTP/2.0" 200 2127 "https://charsooq.com/china" "Mozilla/5.0 (Linux; Android 10; K) AppleWebKit/537.36 (KHTML, like Gecko) Chrome/138.0.0.0 Mobile Safari/537.36"
127.0.0.1 - - [27/Aug/2026:01:34:32 +0330] "GET /storage/5t3iux5OCto7LB2tmCpcDgnNAppmhu-metaYWxpZXhwcmVzcy5wbmc=-.png HTTP/1.1" 301 169 "-" "node"
5.250.6.11 - - [27/Aug/2026:01:34:32 +0330] "GET /assets/images/home/sell-buy.svg HTTP/2.0" 200 71219 "https://charsooq.com/china" "Mozilla/5.0 (Linux; Android 10; K) AppleWebKit/537.36 (KHTML, like Gecko) Chrome/138.0.0.0 Mobile Safari/537.36"
127.0.0.1 - - [27/Aug/2026:01:34:32 +0330] "GET /storage/01K86CG1QRVXB0PMTKY5EERBNB.jpg HTTP/1.1" 200 25489 "-" "node"
127.0.0.1 - - [27/Aug/2026:01:34:32 +0330] "GET /storage/01HZPC4JGDHPPC1JPBBR2A5T2E.webp HTTP/1.1" 200 105004 "-" "node"
127.0.0.1 - - [27/Aug/2026:01:34:32 +0330] "GET /storage/01J5ZZTNCQR7DRRR5GYFAMP086.webp HTTP/1.1" 200 93070 "-" "node"
127.0.0.1 - - [27/Aug/2026:01:34:32 +0330] "GET /storage/01HMG8HF46FJKBJVB49SAH757T.webp HTTP/1.1" 200 108912 "-" "node"
127.0.0.1 - - [27/Aug/2026:01:34:32 +0330] "GET /storage/01HMZWP7ZKMS0KGQ5D0MXS8VGG.webp HTTP/1.1" 200 109620 "-" "node"
127.0.0.1 - - [27/Aug/2026:01:34:32 +0330] "GET /storage/5t3iux5OCto7LB2tmCpcDgnNAppmhu-metaYWxpZXhwcmVzcy5wbmc=-.png HTTP/1.1" 200 9951 "-" "node"
5.250.6.11 - - [27/Aug/2026:01:34:32 +0330] "GET /storage/01K7BR402XKVFCR55W677WXMYY.jpg HTTP/2.0" 200 289159 "https://charsooq.com/" "Mozilla/5.0 (Linux; Android 10; K) AppleWebKit/537.36 (KHTML, like Gecko) Chrome/138.0.0.0 Mobile Safari/537.36"
5.250.6.11 - - [27/Aug/2026:01:34:32 +0330] "GET /_next/static/chunks/main-app-9964935a240c0d39.js HTTP/2.0" 200 471 "https://charsooq.com/china" "Mozilla/5.0 (Linux; Android 10; K) AppleWebKit/537.36 (KHTML, like Gecko) Chrome/138.0.0.0 Mobile Safari/537.36"
5.250.6.11 - - [27/Aug/2026:01:34:32 +0330] "GET /assets/images/icons/instagram1.png HTTP/2.0" 200 1556 "https://charsooq.com/china" "Mozilla/5.0 (Linux; Android 10; K) AppleWebKit/537.36 (KHTML, like Gecko) Chrome/138.0.0.0 Mobile Safari/537.36"
5.250.6.11 - - [27/Aug/2026:01:34:32 +0330] "GET /assets/images/icons/whatsapp.png HTTP/2.0" 200 763 "https://charsooq.com/china" "Mozilla/5.0 (Linux; Android 10; K) AppleWebKit/537.36 (KHTML, like Gecko) Chrome/138.0.0.0 Mobile Safari/537.36"
5.250.6.11 - - [27/Aug/2026:01:34:32 +0330] "GET /assets/images/icons/telegram.png HTTP/2.0" 200 1179 "https://charsooq.com/china" "Mozilla/5.0 (Linux; Android 10; K) AppleWebKit/537.36 (KHTML, like Gecko) Chrome/138.0.0.0 Mobile Safari/537.36"
5.250.6.11 - - [27/Aug/2026:01:34:32 +0330] "GET /assets/images/home/discount-background.webp HTTP/2.0" 200 59114 "https://charsooq.com/_next/static/css/2c9caab41af7e337.css" "Mozilla/5.0 (Linux; Android 10; K) AppleWebKit/537.36 (KHTML, like Gecko) Chrome/138.0.0.0 Mobile Safari/537.36"
5.250.6.11 - - [27/Aug/2026:01:34:32 +0330] "GET /_next/static/chunks/2972-d7980624b2014943.js HTTP/2.0" 200 8732 "https://charsooq.com/china" "Mozilla/5.0 (Linux; Android 10; K) AppleWebKit/537.36 (KHTML, like Gecko) Chrome/138.0.0.0 Mobile Safari/537.36"
5.250.6.11 - - [27/Aug/2026:01:34:32 +0330] "GET /_next/static/chunks/1580-575957d688ae25ac.js HTTP/2.0" 200 12089 "https://charsooq.com/china" "Mozilla/5.0 (Linux; Android 10; K) AppleWebKit/537.36 (KHTML, like Gecko) Chrome/138.0.0.0 Mobile Safari/537.36"
5.250.6.11 - - [27/Aug/2026:01:34:32 +0330] "GET /_next/static/chunks/4438-ac5ce0d4a5fd9e15.js HTTP/2.0" 200 8260 "https://charsooq.com/china" "Mozilla/5.0 (Linux; Android 10; K) AppleWebKit/537.36 (KHTML, like Gecko) Chrome/138.0.0.0 Mobile Safari/537.36"
5.250.6.11 - - [27/Aug/2026:01:34:32 +0330] "GET /_next/static/chunks/3462-b3fd13ed1d4f90e2.js HTTP/2.0" 200 1833 "https://charsooq.com/china" "Mozilla/5.0 (Linux; Android 10; K) AppleWebKit/537.36 (KHTML, like Gecko) Chrome/138.0.0.0 Mobile Safari/537.36"
5.250.6.11 - - [27/Aug/2026:01:34:32 +0330] "GET /_next/static/chunks/6137-97a90ba21cd4a885.js HTTP/2.0" 200 6706 "https://charsooq.com/china" "Mozilla/5.0 (Linux; Android 10; K) AppleWebKit/537.36 (KHTML, like Gecko) Chrome/138.0.0.0 Mobile Safari/537.36"
5.250.6.11 - - [27/Aug/2026:01:34:32 +0330] "GET /_next/static/chunks/5878-8c4517462d65e9a5.js HTTP/2.0" 200 5170 "https://charsooq.com/china" "Mozilla/5.0 (Linux; Android 10; K) AppleWebKit/537.36 (KHTML, like Gecko) Chrome/138.0.0.0 Mobile Safari/537.36"
5.250.6.11 - - [27/Aug/2026:01:34:32 +0330] "GET /_next/static/chunks/3013-a9939c72e4a38977.js HTTP/2.0" 200 6860 "https://charsooq.com/china" "Mozilla/5.0 (Linux; Android 10; K) AppleWebKit/537.36 (KHTML, like Gecko) Chrome/138.0.0.0 Mobile Safari/537.36"
5.250.6.11 - - [27/Aug/2026:01:34:32 +0330] "GET /_next/static/chunks/6818-72710ec856a66515.js HTTP/2.0" 200 2700 "https://charsooq.com/china" "Mozilla/5.0 (Linux; Android 10; K) AppleWebKit/537.36 (KHTML, like Gecko) Chrome/138.0.0.0 Mobile Safari/537.36"
5.250.6.11 - - [27/Aug/2026:01:34:32 +0330] "GET /_next/static/chunks/9064-bc53da8ff6805f5a.js HTTP/2.0" 200 4703 "https://charsooq.com/china" "Mozilla/5.0 (Linux; Android 10; K) AppleWebKit/537.36 (KHTML, like Gecko) Chrome/138.0.0.0 Mobile Safari/537.36"
5.250.6.11 - - [27/Aug/2026:01:34:32 +0330] "GET /_next/static/chunks/1493-5bf6477734a442f1.js HTTP/2.0" 200 3468 "https://charsooq.com/china" "Mozilla/5.0 (Linux; Android 10; K) AppleWebKit/537.36 (KHTML, like Gecko) Chrome/138.0.0.0 Mobile Safari/537.36"
5.250.6.11 - - [27/Aug/2026:01:34:32 +0330] "GET /_next/static/chunks/5763-e3689baff1695fd1.js HTTP/2.0" 200 4387 "https://charsooq.com/china" "Mozilla/5.0 (Linux; Android 10; K) AppleWebKit/537.36 (KHTML, like Gecko) Chrome/138.0.0.0 Mobile Safari/537.36"
5.250.6.11 - - [27/Aug/2026:01:34:32 +0330] "GET /_next/static/chunks/5605-342a49848bbf0c11.js HTTP/2.0" 200 6777 "https://charsooq.com/china" "Mozilla/5.0 (Linux; Android 10; K) AppleWebKit/537.36 (KHTML, like Gecko) Chrome/138.0.0.0 Mobile Safari/537.36"
5.250.6.11 - - [27/Aug/2026:01:34:32 +0330] "GET /_next/static/chunks/2034-b6ee9baf8082b7dc.js HTTP/2.0" 200 10926 "https://charsooq.com/china" "Mozilla/5.0 (Linux; Android 10; K) AppleWebKit/537.36 (KHTML, like Gecko) Chrome/138.0.0.0 Mobile Safari/537.36"
5.250.6.11 - - [27/Aug/2026:01:34:32 +0330] "GET /_next/static/chunks/fd9d1056-9ff99acbd7fb9fe8.js HTTP/2.0" 200 53744 "https://charsooq.com/china" "Mozilla/5.0 (Linux; Android 10; K) AppleWebKit/537.36 (KHTML, like Gecko) Chrome/138.0.0.0 Mobile Safari/537.36"
5.250.6.11 - - [27/Aug/2026:01:34:32 +0330] "GET /_next/static/chunks/2117-828e02dc1643a950.js HTTP/2.0" 200 32001 "https://charsooq.com/china" "Mozilla/5.0 (Linux; Android 10; K) AppleWebKit/537.36 (KHTML, like Gecko) Chrome/138.0.0.0 Mobile Safari/537.36"
5.250.6.11 - - [27/Aug/2026:01:34:32 +0330] "GET /_next/static/chunks/1592-00644b699e0ed4d8.js HTTP/2.0" 200 7980 "https://charsooq.com/china" "Mozilla/5.0 (Linux; Android 10; K) AppleWebKit/537.36 (KHTML, like Gecko) Chrome/138.0.0.0 Mobile Safari/537.36"
5.250.6.11 - - [27/Aug/2026:01:34:32 +0330] "GET /_next/static/chunks/8003-81602ee8b36ef204.js HTTP/2.0" 200 2418 "https://charsooq.com/china" "Mozilla/5.0 (Linux; Android 10; K) AppleWebKit/537.36 (KHTML, like Gecko) Chrome/138.0.0.0 Mobile Safari/537.36"
5.250.6.11 - - [27/Aug/2026:01:34:32 +0330] "GET /_next/static/chunks/169-68dabecb1c163108.js HTTP/2.0" 200 6555 "https://charsooq.com/china" "Mozilla/5.0 (Linux; Android 10; K) AppleWebKit/537.36 (KHTML, like Gecko) Chrome/138.0.0.0 Mobile Safari/537.36"
5.250.6.11 - - [27/Aug/2026:01:34:32 +0330] "GET /_next/static/chunks/1122-321deaa23947d3c6.js HTTP/2.0" 200 8845 "https://charsooq.com/china" "Mozilla/5.0 (Linux; Android 10; K) AppleWebKit/537.36 (KHTML, like Gecko) Chrome/138.0.0.0 Mobile Safari/537.36"
5.250.6.11 - - [27/Aug/2026:01:34:32 +0330] "GET /_next/static/chunks/9227-c2a8061d3143118a.js HTTP/2.0" 200 2320 "https://charsooq.com/china" "Mozilla/5.0 (Linux; Android 10; K) AppleWebKit/537.36 (KHTML, like Gecko) Chrome/138.0.0.0 Mobile Safari/537.36"
5.250.6.11 - - [27/Aug/2026:01:34:32 +0330] "GET /_next/static/chunks/1188-8347881a51d7e866.js HTTP/2.0" 200 3364 "https://charsooq.com/china" "Mozilla/5.0 (Linux; Android 10; K) AppleWebKit/537.36 (KHTML, like Gecko) Chrome/138.0.0.0 Mobile Safari/537.36"
5.250.6.11 - - [27/Aug/2026:01:34:32 +0330] "GET /_next/static/chunks/7463-8c14f85f0b9a94fe.js HTTP/2.0" 200 3339 "https://charsooq.com/china" "Mozilla/5.0 (Linux; Android 10; K) AppleWebKit/537.36 (KHTML, like Gecko) Chrome/138.0.0.0 Mobile Safari/537.36"
5.250.6.11 - - [27/Aug/2026:01:34:32 +0330] "GET /_next/static/chunks/300-72da8991edf2ed5a.js HTTP/2.0" 200 33594 "https://charsooq.com/china" "Mozilla/5.0 (Linux; Android 10; K) AppleWebKit/537.36 (KHTML, like Gecko) Chrome/138.0.0.0 Mobile Safari/537.36"
5.250.6.11 - - [27/Aug/2026:01:34:32 +0330] "GET /_next/static/chunks/19-2d446279b16f45e6.js HTTP/2.0" 200 6241 "https://charsooq.com/china" "Mozilla/5.0 (Linux; Android 10; K) AppleWebKit/537.36 (KHTML, like Gecko) Chrome/138.0.0.0 Mobile Safari/537.36"
5.250.6.11 - - [27/Aug/2026:01:34:32 +0330] "GET /_next/static/chunks/app/china/page-be70295a22a785f2.js HTTP/2.0" 200 2649 "https://charsooq.com/china" "Mozilla/5.0 (Linux; Android 10; K) AppleWebKit/537.36 (KHTML, like Gecko) Chrome/138.0.0.0 Mobile Safari/537.36"
5.250.6.11 - - [27/Aug/2026:01:34:32 +0330] "GET /_next/static/chunks/4216-78fe3424349836f6.js HTTP/2.0" 200 7011 "https://charsooq.com/china" "Mozilla/5.0 (Linux; Android 10; K) AppleWebKit/537.36 (KHTML, like Gecko) Chrome/138.0.0.0 Mobile Safari/537.36"
5.250.6.11 - - [27/Aug/2026:01:34:32 +0330] "GET /_next/static/chunks/3134-367eb482f3be54c2.js HTTP/2.0" 200 2334 "https://charsooq.com/china" "Mozilla/5.0 (Linux; Android 10; K) AppleWebKit/537.36 (KHTML, like Gecko) Chrome/138.0.0.0 Mobile Safari/537.36"
5.250.6.11 - - [27/Aug/2026:01:34:32 +0330] "GET /_next/static/chunks/9470-129db663fb54ce77.js HTTP/2.0" 200 3092 "https://charsooq.com/china" "Mozilla/5.0 (Linux; Android 10; K) AppleWebKit/537.36 (KHTML, like Gecko) Chrome/138.0.0.0 Mobile Safari/537.36"
5.250.6.11 - - [27/Aug/2026:01:34:32 +0330] "GET /_next/static/chunks/8472-05374d6b6d91921f.js HTTP/2.0" 200 9473 "https://charsooq.com/china" "Mozilla/5.0 (Linux; Android 10; K) AppleWebKit/537.36 (KHTML, like Gecko) Chrome/138.0.0.0 Mobile Safari/537.36"
5.250.6.11 - - [27/Aug/2026:01:34:32 +0330] "GET /_next/static/chunks/873-fa2a34145b7f655b.js HTTP/2.0" 200 64908 "https://charsooq.com/china" "Mozilla/5.0 (Linux; Android 10; K) AppleWebKit/537.36 (KHTML, like Gecko) Chrome/138.0.0.0 Mobile Safari/537.36"
5.250.6.11 - - [27/Aug/2026:01:34:32 +0330] "GET /_next/static/chunks/84-b6c070b37c66d77f.js HTTP/2.0" 200 2597 "https://charsooq.com/china" "Mozilla/5.0 (Linux; Android 10; K) AppleWebKit/537.36 (KHTML, like Gecko) Chrome/138.0.0.0 Mobile Safari/537.36"
5.250.6.11 - - [27/Aug/2026:01:34:32 +0330] "GET /_next/static/chunks/app/layout-cb550aa8118c7c2c.js HTTP/2.0" 200 11535 "https://charsooq.com/china" "Mozilla/5.0 (Linux; Android 10; K) AppleWebKit/537.36 (KHTML, like Gecko) Chrome/138.0.0.0 Mobile Safari/537.36"
5.250.6.11 - - [27/Aug/2026:01:34:32 +0330] "GET /_next/static/chunks/app/error-094d5bcef522249f.js HTTP/2.0" 200 673 "https://charsooq.com/china" "Mozilla/5.0 (Linux; Android 10; K) AppleWebKit/537.36 (KHTML, like Gecko) Chrome/138.0.0.0 Mobile Safari/537.36"
127.0.0.1 - - [27/Aug/2026:01:34:32 +0330] "GET /storage/01K86C2WJ5BTW35M4WQY1ARM0W.jpg HTTP/1.1" 200 257693 "-" "node"
5.250.6.11 - - [27/Aug/2026:01:34:32 +0330] "GET /_next/image?url=https%3A%2F%2Fpanel.charsooq.com%2Fstorage%2F01K86C2WJ5BTW35M4WQY1ARM0W.jpg&w=640&q=75 HTTP/2.0" 200 16534 "https://charsooq.com/china" "Mozilla/5.0 (Linux; Android 10; K) AppleWebKit/537.36 (KHTML, like Gecko) Chrome/138.0.0.0 Mobile Safari/537.36"
127.0.0.1 - - [27/Aug/2026:01:34:32 +0330] "GET /storage/01K86BG0D1WEMNCNNJKE10YXQ3.jpg HTTP/1.1" 200 121544 "-" "node"
5.250.6.11 - - [27/Aug/2026:01:34:32 +0330] "GET /_next/image?url=https%3A%2F%2Fpanel.charsooq.com%2Fstorage%2F01K86BG0D1WEMNCNNJKE10YXQ3.jpg&w=640&q=75 HTTP/2.0" 200 24792 "https://charsooq.com/china" "Mozilla/5.0 (Linux; Android 10; K) AppleWebKit/537.36 (KHTML, like Gecko) Chrome/138.0.0.0 Mobile Safari/537.36"
5.250.6.11 - - [27/Aug/2026:01:34:33 +0330] "GET /manifest.json HTTP/2.0" 200 334 "https://charsooq.com/china" "Mozilla/5.0 (Linux; Android 10; K) AppleWebKit/537.36 (KHTML, like Gecko) Chrome/138.0.0.0 Mobile Safari/537.36"
5.250.6.11 - - [27/Aug/2026:01:34:33 +0330] "GET /favicon.ico HTTP/2.0" 200 3035 "https://charsooq.com/china" "Mozilla/5.0 (Linux; Android 10; K) AppleWebKit/537.36 (KHTML, like Gecko) Chrome/138.0.0.0 Mobile Safari/537.36"
5.250.6.11 - - [27/Aug/2026:01:34:33 +0330] "GET /pwa-icon-180.png HTTP/2.0" 200 10221 "https://charsooq.com/china" "Mozilla/5.0 (Linux; Android 10; K) AppleWebKit/537.36 (KHTML, like Gecko) Chrome/138.0.0.0 Mobile Safari/537.36"
5.250.6.11 - - [27/Aug/2026:01:34:33 +0330] "GET /pwa-icon-180.png HTTP/2.0" 304 0 "https://charsooq.com/china" "Mozilla/5.0 (Linux; Android 10; K) AppleWebKit/537.36 (KHTML, like Gecko) Chrome/138.0.0.0 Mobile Safari/537.36"
5.250.6.11 - - [27/Aug/2026:01:34:33 +0330] "GET /_next/static/chunks/1495.b45bb862bd3e18ec.js HTTP/2.0" 200 779 "https://charsooq.com/china" "Mozilla/5.0 (Linux; Android 10; K) AppleWebKit/537.36 (KHTML, like Gecko) Chrome/138.0.0.0 Mobile Safari/537.36"
5.250.6.11 - - [27/Aug/2026:01:34:33 +0330] "GET /_next/static/chunks/415.9bf722adfc74e289.js HTTP/2.0" 200 8742 "https://charsooq.com/china" "Mozilla/5.0 (Linux; Android 10; K) AppleWebKit/537.36 (KHTML, like Gecko) Chrome/138.0.0.0 Mobile Safari/537.36"
5.250.6.11 - - [27/Aug/2026:01:34:33 +0330] "GET /_next/static/chunks/4922.b90b86ef20984235.js HTTP/2.0" 200 425 "https://charsooq.com/china" "Mozilla/5.0 (Linux; Android 10; K) AppleWebKit/537.36 (KHTML, like Gecko) Chrome/138.0.0.0 Mobile Safari/537.36"
5.250.6.11 - - [27/Aug/2026:01:34:33 +0330] "GET /checkout?_rsc=1oa1z HTTP/2.0" 200 1690 "https://charsooq.com/china" "Mozilla/5.0 (Linux; Android 10; K) AppleWebKit/537.36 (KHTML, like Gecko) Chrome/138.0.0.0 Mobile Safari/537.36"
5.250.6.11 - - [27/Aug/2026:01:34:33 +0330] "GET /?_rsc=1oa1z HTTP/2.0" 200 13562 "https://charsooq.com/china" "Mozilla/5.0 (Linux; Android 10; K) AppleWebKit/537.36 (KHTML, like Gecko) Chrome/138.0.0.0 Mobile Safari/537.36"
5.250.6.11 - - [27/Aug/2026:01:34:33 +0330] "GET /_next/static/chunks/2177-53f14356cddc2711.js HTTP/2.0" 200 3254 "https://charsooq.com/china" "Mozilla/5.0 (Linux; Android 10; K) AppleWebKit/537.36 (KHTML, like Gecko) Chrome/138.0.0.0 Mobile Safari/537.36"
5.250.6.11 - - [27/Aug/2026:01:34:33 +0330] "GET /_next/static/chunks/app/checkout/layout-d7cf06d0dc8d6df6.js HTTP/2.0" 200 39421 "https://charsooq.com/china" "Mozilla/5.0 (Linux; Android 10; K) AppleWebKit/537.36 (KHTML, like Gecko) Chrome/138.0.0.0 Mobile Safari/537.36"
5.250.6.11 - - [27/Aug/2026:01:34:33 +0330] "GET /_next/static/chunks/app/page-759df78f59703adb.js HTTP/2.0" 200 1959 "https://charsooq.com/china" "Mozilla/5.0 (Linux; Android 10; K) AppleWebKit/537.36 (KHTML, like Gecko) Chrome/138.0.0.0 Mobile Safari/537.36"
5.250.6.11 - - [27/Aug/2026:01:34:33 +0330] "GET /assets/images/home/china/aliexpress-logo.webp HTTP/2.0" 200 26194 "https://charsooq.com/china" "Mozilla/5.0 (Linux; Android 10; K) AppleWebKit/537.36 (KHTML, like Gecko) Chrome/138.0.0.0 Mobile Safari/537.36"
5.250.6.11 - - [27/Aug/2026:01:34:33 +0330] "GET /assets/images/home/china/buy-from-aliexpress-charsooq.webp HTTP/2.0" 200 118536 "https://charsooq.com/china" "Mozilla/5.0 (Linux; Android 10; K) AppleWebKit/537.36 (KHTML, like Gecko) Chrome/138.0.0.0 Mobile Safari/537.36"
5.250.6.11 - - [27/Aug/2026:01:34:33 +0330] "GET /amazon?_rsc=1oa1z HTTP/2.0" 200 1461 "https://charsooq.com/china" "Mozilla/5.0 (Linux; Android 10; K) AppleWebKit/537.36 (KHTML, like Gecko) Chrome/138.0.0.0 Mobile Safari/537.36"
5.250.6.11 - - [27/Aug/2026:01:34:33 +0330] "GET /ebay?_rsc=1oa1z HTTP/2.0" 200 1456 "https://charsooq.com/china" "Mozilla/5.0 (Linux; Android 10; K) AppleWebKit/537.36 (KHTML, like Gecko) Chrome/138.0.0.0 Mobile Safari/537.36"
5.250.6.11 - - [27/Aug/2026:01:34:33 +0330] "GET /turkey?_rsc=1oa1z HTTP/2.0" 200 1430 "https://charsooq.com/china" "Mozilla/5.0 (Linux; Android 10; K) AppleWebKit/537.36 (KHTML, like Gecko) Chrome/138.0.0.0 Mobile Safari/537.36"
127.0.0.1 - - [27/Aug/2026:01:34:35 +0330] "GET /api/v1/categories-amazon HTTP/1.1" 200 34230 "-" "node"
172.16.20.25 - - [27/Aug/2026:01:34:35 +0330] "GET / HTTP/1.1" 200 338478 "-" "Mozilla/5.0 (compatible; PRTG Network Monitor (www.paessler.com); Windows)"
5.250.6.11 - - [27/Aug/2026:01:34:36 +0330] "GET /products-offer?page=1&_rsc=1oa1z HTTP/2.0" 200 1470 "https://charsooq.com/china" "Mozilla/5.0 (Linux; Android 10; K) AppleWebKit/537.36 (KHTML, like Gecko) Chrome/138.0.0.0 Mobile Safari/537.36"
127.0.0.1 - - [27/Aug/2026:01:34:36 +0330] "GET /api/v1/show-products-offers/Iketoiletconversion HTTP/1.1" 301 169 "-" "node"
127.0.0.1 - - [27/Aug/2026:01:34:36 +0330] "GET /api/v1/show-products-offers/Iketoiletconversion HTTP/1.1" 200 3557 "-" "node"
5.250.6.11 - - [27/Aug/2026:01:34:36 +0330] "GET /products/Iketoiletconversion/%D8%AA%D8%A8%D8%AF%DB%8C%D9%84-%D8%AA%D9%88%D8%A7%D9%84%D8%AA-%D9%81%D8%B1%D9%86%DA%AF%DB%8C-%D8%A7%DB%8C%DA%A9%DB%8C%D8%A7?_rsc=1oa1z HTTP/2.0" 200 2255 "https://charsooq.com/china" "Mozilla/5.0 (Linux; Android 10; K) AppleWebKit/537.36 (KHTML, like Gecko) Chrome/138.0.0.0 Mobile Safari/537.36"
57.129.134.182 - - [27/Aug/2026:01:34:37 +0330] "GET /preference.html?eta=izizib@pazew.fodiscomail.com HTTP/1.1" 200 4540 "-" "Mozilla/5.0 (compatible; MSIE 10.0; Windows NT 6.1; Trident/6.0)"
149.102.232.229 - - [27/Aug/2026:01:34:37 +0330] "GET /preference.html?eta=igapaz@iupes.fodiscomail.com HTTP/1.1" 200 4540 "-" "Mozilla/5.0 (compatible; MSIE 10.0; Windows NT 6.1; Trident/6.0)"
200.162.144.138 - - [27/Aug/2026:01:34:37 +0330] "GET /preference.html?eta=ajowizoco@ereqd.abusix.invalid HTTP/1.1" 200 4540 "-" "Mozilla/5.0 (compatible; MSIE 10.0; Windows NT 6.1; Trident/6.0)"
57.129.137.115 - - [27/Aug/2026:01:34:37 +0330] "GET /preference.html?eta=mi5@tamotsu56.inwebmail.fun HTTP/1.1" 200 4540 "-" "Mozilla/5.0 (compatible; MSIE 10.0; Windows NT 6.1; Trident/6.0)"
86.105.155.248 - - [27/Aug/2026:01:34:37 +0330] "GET /preference.html?eta=icuzoawuf@iupes.abusix.invalid HTTP/1.1" 200 4540 "-" "Mozilla/5.0 (compatible; MSIE 10.0; Windows NT 6.1; Trident/6.0)"
127.0.0.1 - - [27/Aug/2026:01:34:38 +0330] "GET /api/v1/show-products-offers/NORDKISA HTTP/1.1" 301 169 "-" "node"
135.136.67.47 - - [27/Aug/2026:01:34:38 +0330] "GET /preference.html?eta=azayjaz@pazew.fodiscomail.com HTTP/1.1" 200 4540 "-" "Mozilla/5.0 (compatible; MSIE 10.0; Windows NT 6.1; Trident/6.0)"
127.0.0.1 - - [27/Aug/2026:01:34:38 +0330] "GET /api/v1/show-products-offers/NORDKISA HTTP/1.1" 200 1533 "-" "node"
5.250.6.11 - - [27/Aug/2026:01:34:38 +0330] "GET /products/NORDKISA/%DA%A9%D9%85%D8%AF-%D9%84%D8%A8%D8%A7%D8%B3%DB%8C-%D8%A7%DB%8C%DA%A9%DB%8C%D8%A7-%D9%85%D8%AF%D9%84-nordkisa?_rsc=1oa1z HTTP/2.0" 200 2191 "https://charsooq.com/china" "Mozilla/5.0 (Linux; Android 10; K) AppleWebKit/537.36 (KHTML, like Gecko) Chrome/138.0.0.0 Mobile Safari/537.36"
5.250.6.11 - - [27/Aug/2026:01:34:38 +0330] "GET /_next/image?url=https%3A%2F%2Fpanel.charsooq.com%2Fstorage%2F01K86B6Z46YEXTNEG22HH3V6JD.jpg&w=640&q=75 HTTP/2.0" 200 22388 "https://charsooq.com/china" "Mozilla/5.0 (Linux; Android 10; K) AppleWebKit/537.36 (KHTML, like Gecko) Chrome/138.0.0.0 Mobile Safari/537.36"
127.0.0.1 - - [27/Aug/2026:01:34:38 +0330] "GET /storage/01K86B6Z46YEXTNEG22HH3V6JD.jpg HTTP/1.1" 200 101329 "-" "node"
65.130.15.201 - - [27/Aug/2026:01:34:38 +0330] "GET /preference.html?eta=laravv4@masato810.itsuki85.abusix.invalid HTTP/1.1" 200 4540 "-" "Mozilla/5.0 (compatible; MSIE 10.0; Windows NT 6.1; Trident/6.0)"
159.89.220.43 - - [27/Aug/2026:01:34:38 +0330] "GET /preference.html?eta=uhisej@icapi.sibicomail.com HTTP/1.1" 200 4540 "-" "Mozilla/5.0 (compatible; MSIE 10.0; Windows NT 6.1; Trident/6.0)"
23.82.96.179 - - [27/Aug/2026:01:34:38 +0330] "GET /preference.html?eta=euraapux@egiuz.fodiscomail.com HTTP/1.1" 200 4540 "-" "Mozilla/5.0 (compatible; MSIE 10.0; Windows NT 6.1; Trident/6.0)"
66.249.77.100 - - [27/Aug/2026:01:34:38 +0330] "GET /?u=90197282567802 HTTP/1.1" 200 32595 "-" "Mozilla/5.0 (Linux; Android 6.0.1; Nexus 5X Build/MMB29P) AppleWebKit/537.36 (KHTML, like Gecko) Chrome/151.0.7922.173 Mobile Safari/537.36 (compatible; Googlebot/2.1; +http://www.google.com/bot.html)"
46.199.75.109 - - [27/Aug/2026:01:34:39 +0330] "GET /preference.html?eta=ehisuch@enaux.fodiscomail.com HTTP/1.1" 200 4540 "-" "Mozilla/5.0 (compatible; MSIE 10.0; Windows NT 6.1; Trident/6.0)"
170.64.252.169 - - [27/Aug/2026:01:34:39 +0330] "GET /preference.html?eta=ouhefi@ereqd.fodiscomail.com HTTP/1.1" 200 4540 "-" "Mozilla/5.0 (compatible; MSIE 10.0; Windows NT 6.1; Trident/6.0)"
104.249.59.237 - - [27/Aug/2026:01:34:41 +0330] "GET /preference.html?eta=283.5.1.sb9xm@dynainbox.com HTTP/1.1" 200 4540 "-" "Mozilla/5.0 (compatible; MSIE 10.0; Windows NT 6.1; Trident/6.0)"
134.199.132.123 - - [27/Aug/2026:01:34:41 +0330] "GET /preference.html?eta=egoiwamul@pazew.abusix.invalid HTTP/1.1" 200 4540 "-" "Mozilla/5.0 (compatible; MSIE 10.0; Windows NT 6.1; Trident/6.0)"
