66.249.77.100 - - [27/Aug/2026:00:49:19 +0330] "GET /?u=33074136968300 HTTP/1.1" 200 32769 "-" "Mozilla/5.0 (Linux; Android 6.0.1; Nexus 5X Build/MMB29P) AppleWebKit/537.36 (KHTML, like Gecko) Chrome/151.0.7922.173 Mobile Safari/537.36 (compatible; Googlebot/2.1; +http://www.google.com/bot.html)"
5.121.147.103 - - [27/Aug/2026:00:49:19 +0330] "GET /assets/images/home/china/aliexpress-logo.webp HTTP/2.0" 200 26194 "https://charsooq.com/china" "Mozilla/5.0 (Linux; Android 10; K) AppleWebKit/537.36 (KHTML, like Gecko) Chrome/151.0.0.0 Mobile Safari/537.36"
5.121.147.103 - - [27/Aug/2026:00:49:19 +0330] "GET /articles/Buy-Best-China-Sites?_rsc=1oa1z HTTP/2.0" 200 1869 "https://charsooq.com/china" "Mozilla/5.0 (Linux; Android 10; K) AppleWebKit/537.36 (KHTML, like Gecko) Chrome/151.0.0.0 Mobile Safari/537.36"
5.121.147.103 - - [27/Aug/2026:00:49:19 +0330] "GET /help?tab=ebay-turkey-emirates-china&_rsc=1oa1z HTTP/2.0" 200 1558 "https://charsooq.com/china" "Mozilla/5.0 (Linux; Android 10; K) AppleWebKit/537.36 (KHTML, like Gecko) Chrome/151.0.0.0 Mobile Safari/537.36"
127.0.0.1 - - [27/Aug/2026:00:49:19 +0330] "GET /api/v2/article-show/Buy-Best-China-Sites HTTP/1.1" 200 224095 "-" "node"
5.121.147.103 - - [27/Aug/2026:00:49:19 +0330] "GET /_next/static/chunks/app/help/layout-bafecda7f594b8aa.js HTTP/2.0" 200 4169 "https://charsooq.com/china" "Mozilla/5.0 (Linux; Android 10; K) AppleWebKit/537.36 (KHTML, like Gecko) Chrome/151.0.0.0 Mobile Safari/537.36"
5.121.147.103 - - [27/Aug/2026:00:49:19 +0330] "GET /assets/images/home/china/buy-from-aliexpress-charsooq.webp HTTP/2.0" 200 118536 "https://charsooq.com/china" "Mozilla/5.0 (Linux; Android 10; K) AppleWebKit/537.36 (KHTML, like Gecko) Chrome/151.0.0.0 Mobile Safari/537.36"
66.249.77.100 - - [27/Aug/2026:00:49:21 +0330] "GET /?u=25202131815400 HTTP/1.1" 200 34037 "-" "Mozilla/5.0 (Linux; Android 6.0.1; Nexus 5X Build/MMB29P) AppleWebKit/537.36 (KHTML, like Gecko) Chrome/151.0.7922.173 Mobile Safari/537.36 (compatible; Googlebot/2.1; +http://www.google.com/bot.html)"
66.249.77.100 - - [27/Aug/2026:00:49:21 +0330] "GET /?u=06111254319102 HTTP/1.1" 200 32525 "-" "Mozilla/5.0 (Linux; Android 6.0.1; Nexus 5X Build/MMB29P) AppleWebKit/537.36 (KHTML, like Gecko) Chrome/151.0.7922.173 Mobile Safari/537.36 (compatible; Googlebot/2.1; +http://www.google.com/bot.html)"
5.121.147.103 - - [27/Aug/2026:00:49:22 +0330] "GET /articles/buy-from-China-delivery-Iran?_rsc=1oa1z HTTP/2.0" 200 1836 "https://charsooq.com/china" "Mozilla/5.0 (Linux; Android 10; K) AppleWebKit/537.36 (KHTML, like Gecko) Chrome/151.0.0.0 Mobile Safari/537.36"
66.249.77.99 - - [27/Aug/2026:00:49:22 +0330] "GET /?u=2119729352900 HTTP/1.1" 200 36432 "-" "Mozilla/5.0 (Linux; Android 6.0.1; Nexus 5X Build/MMB29P) AppleWebKit/537.36 (KHTML, like Gecko) Chrome/151.0.7922.173 Mobile Safari/537.36 (compatible; Googlebot/2.1; +http://www.google.com/bot.html)"
5.121.147.103 - - [27/Aug/2026:00:49:22 +0330] "GET /articles/Online-shopping-for-clothes-and-shoes?_rsc=1oa1z HTTP/2.0" 200 2238 "https://charsooq.com/china" "Mozilla/5.0 (Linux; Android 10; K) AppleWebKit/537.36 (KHTML, like Gecko) Chrome/151.0.0.0 Mobile Safari/537.36"
5.121.147.103 - - [27/Aug/2026:00:49:22 +0330] "GET /articles/Best-sandwich-maker-models?_rsc=1oa1z HTTP/2.0" 200 2424 "https://charsooq.com/china" "Mozilla/5.0 (Linux; Android 10; K) AppleWebKit/537.36 (KHTML, like Gecko) Chrome/151.0.0.0 Mobile Safari/537.36"
127.0.0.1 - - [27/Aug/2026:00:49:22 +0330] "GET /api/v2/article-show/buy-from-China-delivery-Iran HTTP/1.1" 200 99029 "-" "node"
5.121.147.103 - - [27/Aug/2026:00:49:22 +0330] "GET /_next/image?url=%2Fassets%2Fimages%2Ficons%2Fenamad-icon.png&w=256&q=75 HTTP/2.0" 200 2578 "https://charsooq.com/" "Mozilla/5.0 (Linux; Android 10; K) AppleWebKit/537.36 (KHTML, like Gecko) Chrome/151.0.0.0 Mobile Safari/537.36"
5.121.147.103 - - [27/Aug/2026:00:49:22 +0330] "GET /articles?_rsc=1oa1z HTTP/2.0" 200 1795 "https://charsooq.com/china" "Mozilla/5.0 (Linux; Android 10; K) AppleWebKit/537.36 (KHTML, like Gecko) Chrome/151.0.0.0 Mobile Safari/537.36"
127.0.0.1 - - [27/Aug/2026:00:49:22 +0330] "GET /api/v2/article-show/Online-shopping-for-clothes-and-shoes HTTP/1.1" 200 41263 "-" "node"
127.0.0.1 - - [27/Aug/2026:00:49:22 +0330] "GET /api/v2/article-show/Best-sandwich-maker-models HTTP/1.1" 200 41586 "-" "node"
5.121.147.103 - - [27/Aug/2026:00:49:22 +0330] "GET /calculator?_rsc=1oa1z HTTP/2.0" 200 1408 "https://charsooq.com/china" "Mozilla/5.0 (Linux; Android 10; K) AppleWebKit/537.36 (KHTML, like Gecko) Chrome/151.0.0.0 Mobile Safari/537.36"
5.121.147.103 - - [27/Aug/2026:00:49:22 +0330] "GET /about-us?_rsc=1oa1z HTTP/2.0" 200 1364 "https://charsooq.com/china" "Mozilla/5.0 (Linux; Android 10; K) AppleWebKit/537.36 (KHTML, like Gecko) Chrome/151.0.0.0 Mobile Safari/537.36"
5.121.147.103 - - [27/Aug/2026:00:49:22 +0330] "GET /help?_rsc=1oa1z HTTP/2.0" 200 1528 "https://charsooq.com/china" "Mozilla/5.0 (Linux; Android 10; K) AppleWebKit/537.36 (KHTML, like Gecko) Chrome/151.0.0.0 Mobile Safari/537.36"
5.121.147.103 - - [27/Aug/2026:00:49:22 +0330] "GET /faq?_rsc=1oa1z HTTP/2.0" 200 1359 "https://charsooq.com/china" "Mozilla/5.0 (Linux; Android 10; K) AppleWebKit/537.36 (KHTML, like Gecko) Chrome/151.0.0.0 Mobile Safari/537.36"
5.121.147.103 - - [27/Aug/2026:00:49:22 +0330] "GET /ghavanincharsooq?_rsc=1oa1z HTTP/2.0" 200 1371 "https://charsooq.com/china" "Mozilla/5.0 (Linux; Android 10; K) AppleWebKit/537.36 (KHTML, like Gecko) Chrome/151.0.0.0 Mobile Safari/537.36"
5.121.147.103 - - [27/Aug/2026:00:49:23 +0330] "GET /contact-us?_rsc=1oa1z HTTP/2.0" 200 1366 "https://charsooq.com/china" "Mozilla/5.0 (Linux; Android 10; K) AppleWebKit/537.36 (KHTML, like Gecko) Chrome/151.0.0.0 Mobile Safari/537.36"
66.249.77.99 - - [27/Aug/2026:00:49:23 +0330] "GET /?u=16591231445800 HTTP/1.1" 200 33472 "-" "Mozilla/5.0 (Linux; Android 6.0.1; Nexus 5X Build/MMB29P) AppleWebKit/537.36 (KHTML, like Gecko) Chrome/151.0.7922.173 Mobile Safari/537.36 (compatible; Googlebot/2.1; +http://www.google.com/bot.html)"
116.179.37.43 - - [27/Aug/2026:00:49:25 +0330] "POST /api/v3/other-amazon-url HTTP/1.1" 200 234 "https://charsooq.com/" "Mozilla/5.0 (compatible; Baiduspider-render/2.0; +http://www.baidu.com/search/spider.html)"
127.0.0.1 - - [27/Aug/2026:00:49:34 +0330] "GET /api/v2/sliders HTTP/1.1" 200 7479 "-" "node"
127.0.0.1 - - [27/Aug/2026:00:49:34 +0330] "GET /api/v1/categories-amazon HTTP/1.1" 200 34230 "-" "node"
127.0.0.1 - - [27/Aug/2026:00:49:35 +0330] "GET /api/v2/page-data HTTP/1.1" 200 36854 "-" "node"
172.16.20.25 - - [27/Aug/2026:00:49:35 +0330] "GET / HTTP/1.1" 200 338507 "-" "Mozilla/5.0 (compatible; PRTG Network Monitor (www.paessler.com); Windows)"
47.128.24.73 - - [27/Aug/2026:00:49:46 +0330] "GET /robots.txt HTTP/2.0" 308 31 "-" "Mozilla/5.0 (iPhone; CPU iPhone OS 7_1_2 like Mac OS X) AppleWebKit/537.36 (KHTML, like Gecko) Version/7.0 Mobile Safari/537.36 (compatible; Bytespider; https://bytedance.sg.larkoffice.com/docx/K5bxdypulop3IIxrJb0lOjLVgFe)"
127.0.0.1 - - [27/Aug/2026:00:49:47 +0330] "GET /api/v1/robot HTTP/1.1" 200 666 "-" "node"
47.128.24.73 - - [27/Aug/2026:00:49:47 +0330] "GET /robots.txt HTTP/2.0" 200 696 "https://www.charsooq.com/robots.txt" "Mozilla/5.0 (iPhone; CPU iPhone OS 7_1_2 like Mac OS X) AppleWebKit/537.36 (KHTML, like Gecko) Version/7.0 Mobile Safari/537.36 (compatible; Bytespider; https://bytedance.sg.larkoffice.com/docx/K5bxdypulop3IIxrJb0lOjLVgFe)"
127.0.0.1 - - [27/Aug/2026:00:49:52 +0330] "GET /api/v2/article-show/%D8%B3%D8%A7%DB%8C%D8%A8%D8%B1-%D9%85%D8%A7%D9%86%D8%AF%DB%8C HTTP/1.1" 404 170 "-" "node"
127.0.0.1 - - [27/Aug/2026:00:49:53 +0330] "GET /api/v1/categories-amazon HTTP/1.1" 200 34230 "-" "node"
40.77.167.47 - - [27/Aug/2026:00:49:53 +0330] "GET /articles/%D8%B3%D8%A7%DB%8C%D8%A8%D8%B1-%D9%85%D8%A7%D9%86%D8%AF%DB%8C HTTP/2.0" 200 83639 "-" "Mozilla/5.0 AppleWebKit/537.36 (KHTML, like Gecko; compatible; bingbot/2.0; +http://www.bing.com/bingbot.htm) Chrome/116.0.1938.76 Safari/537.36"
127.0.0.1 - - [27/Aug/2026:00:50:04 +0330] "GET /api/v1/categories-amazon HTTP/1.1" 200 34230 "-" "node"
45.148.10.59 - - [27/Aug/2026:00:50:04 +0330] "POST /?rest_route=/batch/v1 HTTP/1.1" 200 106612 "-" "Mozilla/5.0 (Windows NT 10.0; Win64; x64) AppleWebKit/537.36 (KHTML, like Gecko) Chrome/120.0.0.0 Safari/537.36"
127.0.0.1 - - [27/Aug/2026:00:50:04 +0330] "GET /api/v1/article-old-show/index HTTP/1.1" 404 170 "-" "node"
127.0.0.1 - - [27/Aug/2026:00:50:05 +0330] "GET /api/v1/categories-amazon HTTP/1.1" 200 34199 "-" "node"
45.148.10.59 - - [27/Aug/2026:00:50:05 +0330] "POST /index.php?rest_route=/batch/v1 HTTP/1.1" 200 110099 "-" "Mozilla/5.0 (Windows NT 10.0; Win64; x64) AppleWebKit/537.36 (KHTML, like Gecko) Chrome/120.0.0.0 Safari/537.36"
127.0.0.1 - - [27/Aug/2026:00:50:08 +0330] "GET /api/v1/article-old-show/index HTTP/1.1" 404 170 "-" "node"
127.0.0.1 - - [27/Aug/2026:00:50:09 +0330] "GET /api/v1/categories-amazon HTTP/1.1" 200 34199 "-" "node"
45.148.10.59 - - [27/Aug/2026:00:50:09 +0330] "POST /index.php?rest_route=%2Fbatch%2Fv1 HTTP/1.1" 200 110101 "-" "Mozilla/5.0 (Windows NT 10.0; Win64; x64) AppleWebKit/537.36 (KHTML, like Gecko) Chrome/120.0.0.0 Safari/537.36"
127.0.0.1 - - [27/Aug/2026:00:50:10 +0330] "GET /api/v1/categories-amazon HTTP/1.1" 200 34230 "-" "node"
45.148.10.59 - - [27/Aug/2026:00:50:10 +0330] "POST /?rest_route=%2Fbatch%2Fv1 HTTP/1.1" 200 106628 "-" "Mozilla/5.0 (Windows NT 10.0; Win64; x64) AppleWebKit/537.36 (KHTML, like Gecko) Chrome/120.0.0.0 Safari/537.36"
127.0.0.1 - - [27/Aug/2026:00:50:19 +0330] "GET /api/v1/categories-amazon HTTP/1.1" 200 34230 "-" "node"
45.148.10.59 - - [27/Aug/2026:00:50:19 +0330] "POST /?rest_route=/batch%2Fv1 HTTP/1.1" 200 106627 "-" "Mozilla/5.0 (Windows NT 10.0; Win64; x64) AppleWebKit/537.36 (KHTML, like Gecko) Chrome/120.0.0.0 Safari/537.36"
127.0.0.1 - - [27/Aug/2026:00:50:20 +0330] "GET /api/v1/categories-amazon HTTP/1.1" 200 34199 "-" "node"
66.249.77.101 - - [27/Aug/2026:00:50:20 +0330] "GET /?u=22841177568011 HTTP/1.1" 200 32959 "-" "Mozilla/5.0 (Linux; Android 6.0.1; Nexus 5X Build/MMB29P) AppleWebKit/537.36 (KHTML, like Gecko) Chrome/151.0.7922.173 Mobile Safari/537.36 (compatible; Googlebot/2.1; +http://www.google.com/bot.html)"
45.148.10.59 - - [27/Aug/2026:00:50:20 +0330] "POST /?rest_route=/batch/v1 HTTP/1.1" 200 106625 "-" "Mozilla/5.0 (Windows NT 10.0; Win64; x64) AppleWebKit/537.36 (KHTML, like Gecko) Chrome/120.0.0.0 Safari/537.36"
66.249.77.100 - - [27/Aug/2026:00:50:21 +0330] "GET /?u=72072192389501 HTTP/1.1" 200 33102 "-" "Mozilla/5.0 (Linux; Android 6.0.1; Nexus 5X Build/MMB29P) AppleWebKit/537.36 (KHTML, like Gecko) Chrome/151.0.7922.173 Mobile Safari/537.36 (compatible; Googlebot/2.1; +http://www.google.com/bot.html)"
127.0.0.1 - - [27/Aug/2026:00:50:22 +0330] "GET /api/v1/categories-amazon HTTP/1.1" 200 34199 "-" "node"
45.148.10.59 - - [27/Aug/2026:00:50:22 +0330] "POST /wp-json/batch/v1 HTTP/1.1" 404 84237 "-" "Mozilla/5.0 (Windows NT 10.0; Win64; x64) AppleWebKit/537.36 (KHTML, like Gecko) Chrome/120.0.0.0 Safari/537.36"
66.249.77.100 - - [27/Aug/2026:00:50:22 +0330] "GET /?u=4706667585003 HTTP/1.1" 200 33468 "-" "Mozilla/5.0 (Linux; Android 6.0.1; Nexus 5X Build/MMB29P) AppleWebKit/537.36 (KHTML, like Gecko) Chrome/151.0.7922.173 Mobile Safari/537.36 (compatible; Googlebot/2.1; +http://www.google.com/bot.html)"
66.249.77.101 - - [27/Aug/2026:00:50:22 +0330] "GET /?u=97197249509801 HTTP/1.1" 200 34574 "-" "Mozilla/5.0 (Linux; Android 6.0.1; Nexus 5X Build/MMB29P) AppleWebKit/537.36 (KHTML, like Gecko) Chrome/151.0.7922.173 Mobile Safari/537.36 (compatible; Googlebot/2.1; +http://www.google.com/bot.html)"
127.0.0.1 - - [27/Aug/2026:00:50:29 +0330] "GET /api/v1/categories-amazon HTTP/1.1" 200 34199 "-" "node"
45.148.10.59 - - [27/Aug/2026:00:50:29 +0330] "POST /wp-json/Batch/v1 HTTP/1.1" 404 84238 "-" "Mozilla/5.0 (Windows NT 10.0; Win64; x64) AppleWebKit/537.36 (KHTML, like Gecko) Chrome/120.0.0.0 Safari/537.36"
45.148.10.59 - - [27/Aug/2026:00:50:30 +0330] "POST //wp-json/batch/v1 HTTP/1.1" 308 28 "-" "Mozilla/5.0 (Windows NT 10.0; Win64; x64) AppleWebKit/537.36 (KHTML, like Gecko) Chrome/120.0.0.0 Safari/537.36"
127.0.0.1 - - [27/Aug/2026:00:50:31 +0330] "GET /api/v1/categories-amazon HTTP/1.1" 200 34199 "-" "node"
45.148.10.59 - - [27/Aug/2026:00:50:31 +0330] "POST /wp-json/batch/v1 HTTP/1.1" 404 84237 "https://charsooq.com//wp-json/batch/v1" "Mozilla/5.0 (Windows NT 10.0; Win64; x64) AppleWebKit/537.36 (KHTML, like Gecko) Chrome/120.0.0.0 Safari/537.36"
45.148.10.59 - - [27/Aug/2026:00:50:31 +0330] "POST /wp-json/batch/v1/ HTTP/1.1" 308 28 "-" "Mozilla/5.0 (Windows NT 10.0; Win64; x64) AppleWebKit/537.36 (KHTML, like Gecko) Chrome/120.0.0.0 Safari/537.36"
127.0.0.1 - - [27/Aug/2026:00:50:32 +0330] "GET /api/v1/categories-amazon HTTP/1.1" 200 34230 "-" "node"
45.148.10.59 - - [27/Aug/2026:00:50:32 +0330] "POST /wp-json/batch/v1 HTTP/1.1" 404 84237 "https://charsooq.com/wp-json/batch/v1/" "Mozilla/5.0 (Windows NT 10.0; Win64; x64) AppleWebKit/537.36 (KHTML, like Gecko) Chrome/120.0.0.0 Safari/537.36"
127.0.0.1 - - [27/Aug/2026:00:50:34 +0330] "GET /api/v1/categories-amazon HTTP/1.1" 200 34230 "-" "node"
45.148.10.59 - - [27/Aug/2026:00:50:34 +0330] "POST /blog/wp-json/batch/v1 HTTP/1.1" 404 84241 "-" "Mozilla/5.0 (Windows NT 10.0; Win64; x64) AppleWebKit/537.36 (KHTML, like Gecko) Chrome/120.0.0.0 Safari/537.36"
127.0.0.1 - - [27/Aug/2026:00:50:34 +0330] "GET /api/v1/categories-amazon HTTP/1.1" 200 34230 "-" "node"
172.16.20.25 - - [27/Aug/2026:00:50:34 +0330] "GET / HTTP/1.1" 200 338470 "-" "Mozilla/5.0 (compatible; PRTG Network Monitor (www.paessler.com); Windows)"
195.182.16.23 - - [27/Aug/2026:00:50:35 +0330] "GET /SDK/webLanguage HTTP/1.1" 301 169 "-" "Mozilla/5.0 (Windows NT 10.0; Win64; x64) AppleWebKit/537.36 (KHTML, like Gecko) Chrome/90.0.4430.85 Safari/537.36 Edg/90.0.818.46"
45.148.10.59 - - [27/Aug/2026:00:50:41 +0330] "POST /wordpress/wp-json/batch/v1 HTTP/1.1" 499 0 "-" "Mozilla/5.0 (Windows NT 10.0; Win64; x64) AppleWebKit/537.36 (KHTML, like Gecko) Chrome/120.0.0.0 Safari/537.36"
127.0.0.1 - - [27/Aug/2026:00:50:42 +0330] "GET /api/v1/categories-amazon HTTP/1.1" 200 34230 "-" "node"
127.0.0.1 - - [27/Aug/2026:00:50:44 +0330] "GET /api/v1/categories-amazon HTTP/1.1" 200 34230 "-" "node"
45.148.10.59 - - [27/Aug/2026:00:50:44 +0330] "GET /wp-json/gravitysmtp/v1/tests/mock-data?page=gravitysmtp-settings HTTP/1.1" 404 84287 "-" "Mozilla/5.0 (Windows NT 10.0; Win64; x64) AppleWebKit/537.36 (KHTML, like Gecko) Chrome/120.0.0.0 Safari/537.36"
127.0.0.1 - - [27/Aug/2026:00:50:45 +0330] "GET /api/v2/sliders HTTP/1.1" 200 7478 "-" "node"
127.0.0.1 - - [27/Aug/2026:00:50:46 +0330] "GET /api/v1/categories-amazon HTTP/1.1" 200 34230 "-" "node"
127.0.0.1 - - [27/Aug/2026:00:50:47 +0330] "GET /api/v2/page-data HTTP/1.1" 200 36854 "-" "node"
45.148.10.59 - - [27/Aug/2026:00:50:47 +0330] "GET /?rest_route=/gravitysmtp/v1/tests/mock-data&page=gravitysmtp-settings HTTP/1.1" 200 106674 "-" "Mozilla/5.0 (Macintosh; Intel Mac OS X 10_15_7) AppleWebKit/605.1.15 (KHTML, like Gecko) Version/17.0 Safari/605.1.15"
127.0.0.1 - - [27/Aug/2026:00:50:47 +0330] "GET /api/v1/all-searches?count=24&page=1&title=%D8%BA%D8%B0%D8%A7%DB%8C%20%DA%AF%D8%B1%D8%A8%D9%87&sortby= HTTP/1.1" 301 169 "-" "node"
127.0.0.1 - - [27/Aug/2026:00:50:48 +0330] "GET /api/v1/categories-amazon HTTP/1.1" 200 34230 "-" "node"
127.0.0.1 - - [27/Aug/2026:00:50:49 +0330] "GET /api/v1/all-searches?count=24&page=1&title=%D8%BA%D8%B0%D8%A7%DB%8C%20%DA%AF%D8%B1%D8%A8%D9%87&sortby= HTTP/1.1" 200 582 "-" "node"
5.112.108.115 - - [27/Aug/2026:00:50:49 +0330] "GET /search?page=1&q=%D8%BA%D8%B0%D8%A7%DB%8C%20%DA%AF%D8%B1%D8%A8%D9%87 HTTP/2.0" 200 112280 "https://www.google.com/" "Mozilla/5.0 (iPhone; CPU iPhone OS 18_5 like Mac OS X) AppleWebKit/605.1.15 (KHTML, like Gecko) Version/18.5 Mobile/15E148 Safari/604.1"
5.112.108.115 - - [27/Aug/2026:00:50:49 +0330] "GET /checkout?_rsc=1m3ql HTTP/2.0" 200 1690 "https://charsooq.com/search?page=1&q=%D8%BA%D8%B0%D8%A7%DB%8C%20%DA%AF%D8%B1%D8%A8%D9%87" "Mozilla/5.0 (iPhone; CPU iPhone OS 18_5 like Mac OS X) AppleWebKit/605.1.15 (KHTML, like Gecko) Version/18.5 Mobile/15E148 Safari/604.1"
5.112.108.115 - - [27/Aug/2026:00:50:49 +0330] "GET /calculator?_rsc=1m3ql HTTP/2.0" 200 1408 "https://charsooq.com/search?page=1&q=%D8%BA%D8%B0%D8%A7%DB%8C%20%DA%AF%D8%B1%D8%A8%D9%87" "Mozilla/5.0 (iPhone; CPU iPhone OS 18_5 like Mac OS X) AppleWebKit/605.1.15 (KHTML, like Gecko) Version/18.5 Mobile/15E148 Safari/604.1"
5.112.108.115 - - [27/Aug/2026:00:50:49 +0330] "GET /about-us?_rsc=1m3ql HTTP/2.0" 200 1364 "https://charsooq.com/search?page=1&q=%D8%BA%D8%B0%D8%A7%DB%8C%20%DA%AF%D8%B1%D8%A8%D9%87" "Mozilla/5.0 (iPhone; CPU iPhone OS 18_5 like Mac OS X) AppleWebKit/605.1.15 (KHTML, like Gecko) Version/18.5 Mobile/15E148 Safari/604.1"
5.112.108.115 - - [27/Aug/2026:00:50:49 +0330] "GET /help?_rsc=1m3ql HTTP/2.0" 200 1528 "https://charsooq.com/search?page=1&q=%D8%BA%D8%B0%D8%A7%DB%8C%20%DA%AF%D8%B1%D8%A8%D9%87" "Mozilla/5.0 (iPhone; CPU iPhone OS 18_5 like Mac OS X) AppleWebKit/605.1.15 (KHTML, like Gecko) Version/18.5 Mobile/15E148 Safari/604.1"
5.112.108.115 - - [27/Aug/2026:00:50:49 +0330] "GET /?_rsc=1m3ql HTTP/2.0" 200 13560 "https://charsooq.com/search?page=1&q=%D8%BA%D8%B0%D8%A7%DB%8C%20%DA%AF%D8%B1%D8%A8%D9%87" "Mozilla/5.0 (iPhone; CPU iPhone OS 18_5 like Mac OS X) AppleWebKit/605.1.15 (KHTML, like Gecko) Version/18.5 Mobile/15E148 Safari/604.1"
5.112.108.115 - - [27/Aug/2026:00:50:49 +0330] "GET /faq?_rsc=1m3ql HTTP/2.0" 200 1359 "https://charsooq.com/search?page=1&q=%D8%BA%D8%B0%D8%A7%DB%8C%20%DA%AF%D8%B1%D8%A8%D9%87" "Mozilla/5.0 (iPhone; CPU iPhone OS 18_5 like Mac OS X) AppleWebKit/605.1.15 (KHTML, like Gecko) Version/18.5 Mobile/15E148 Safari/604.1"
5.112.108.115 - - [27/Aug/2026:00:50:49 +0330] "GET /ghavanincharsooq?_rsc=1m3ql HTTP/2.0" 200 1371 "https://charsooq.com/search?page=1&q=%D8%BA%D8%B0%D8%A7%DB%8C%20%DA%AF%D8%B1%D8%A8%D9%87" "Mozilla/5.0 (iPhone; CPU iPhone OS 18_5 like Mac OS X) AppleWebKit/605.1.15 (KHTML, like Gecko) Version/18.5 Mobile/15E148 Safari/604.1"
5.112.108.115 - - [27/Aug/2026:00:50:49 +0330] "GET /articles?_rsc=1m3ql HTTP/2.0" 200 1795 "https://charsooq.com/search?page=1&q=%D8%BA%D8%B0%D8%A7%DB%8C%20%DA%AF%D8%B1%D8%A8%D9%87" "Mozilla/5.0 (iPhone; CPU iPhone OS 18_5 like Mac OS X) AppleWebKit/605.1.15 (KHTML, like Gecko) Version/18.5 Mobile/15E148 Safari/604.1"
5.112.108.115 - - [27/Aug/2026:00:50:49 +0330] "GET /contact-us?_rsc=1m3ql HTTP/2.0" 200 1366 "https://charsooq.com/search?page=1&q=%D8%BA%D8%B0%D8%A7%DB%8C%20%DA%AF%D8%B1%D8%A8%D9%87" "Mozilla/5.0 (iPhone; CPU iPhone OS 18_5 like Mac OS X) AppleWebKit/605.1.15 (KHTML, like Gecko) Version/18.5 Mobile/15E148 Safari/604.1"
45.148.10.59 - - [27/Aug/2026:00:50:50 +0330] "GET / HTTP/1.1" 301 169 "-" "Mozilla/5.0 (Windows NT 10.0; Win64; x64) AppleWebKit/537.36 (KHTML, like Gecko) Chrome/131.0.0.0 Safari/537.36"
127.0.0.1 - - [27/Aug/2026:00:50:56 +0330] "GET /api/v1/categories-amazon HTTP/1.1" 200 34230 "-" "node"
45.148.10.59 - - [27/Aug/2026:00:50:56 +0330] "GET /wp-json/gravitysmtp/v1/tests/mock-data?page=gravitysmtp-connections HTTP/1.1" 404 84287 "-" "Mozilla/5.0 (X11; Linux x86_64; rv:121.0) Gecko/20100101 Firefox/121.0"
127.0.0.1 - - [27/Aug/2026:00:50:57 +0330] "GET /api/v1/categories-amazon HTTP/1.1" 200 34230 "-" "node"
45.148.10.59 - - [27/Aug/2026:00:50:57 +0330] "GET /?rest_route=/gravitysmtp/v1/tests/mock-data&page=gravitysmtp-connections HTTP/1.1" 200 106723 "-" "Mozilla/5.0 (Windows NT 10.0; Win64; x64; rv:121.0) Gecko/20100101 Firefox/121.0"
127.0.0.1 - - [27/Aug/2026:00:51:06 +0330] "GET /api/v1/article-old-show/index HTTP/1.1" 404 170 "-" "node"
127.0.0.1 - - [27/Aug/2026:00:51:07 +0330] "GET /api/v1/categories-amazon HTTP/1.1" 200 34199 "-" "node"
45.148.10.59 - - [27/Aug/2026:00:51:07 +0330] "GET /index.php?rest_route=/gravitysmtp/v1/tests/mock-data&page=gravitysmtp-settings HTTP/1.1" 200 110152 "-" "Mozilla/5.0 (iPhone; CPU iPhone OS 17_0 like Mac OS X) AppleWebKit/605.1.15 (KHTML, like Gecko) Version/17.0 Mobile/15E148 Safari/604.1"
127.0.0.1 - - [27/Aug/2026:00:51:08 +0330] "GET /api/v1/categories-amazon HTTP/1.1" 200 34199 "-" "node"
45.148.10.59 - - [27/Aug/2026:00:51:08 +0330] "GET /wp-json/gravitysmtp/v1/tests/mock-data HTTP/1.1" 404 84250 "-" "Mozilla/5.0 (Linux; Android 13; SM-S918B) AppleWebKit/537.36 (KHTML, like Gecko) Chrome/120.0.0.0 Mobile Safari/537.36"
127.0.0.1 - - [27/Aug/2026:00:51:09 +0330] "GET /api/v1/categories-amazon HTTP/1.1" 200 34199 "-" "node"
45.148.10.59 - - [27/Aug/2026:00:51:09 +0330] "POST / HTTP/1.1" 200 106571 "-" "Mozilla/5.0 (Windows NT 10.0; Win64; x64) Chrome/120.0.0.0"
52.167.144.191 - - [27/Aug/2026:00:51:13 +0330] "GET /?sitemap163.xml HTTP/2.0" 200 738989 "-" "Mozilla/5.0 AppleWebKit/537.36 (KHTML, like Gecko; compatible; bingbot/2.0; +http://www.bing.com/bingbot.htm) Chrome/116.0.1938.76 Safari/537.36"
66.249.77.101 - - [27/Aug/2026:00:51:20 +0330] "GET /?u=00010195026500 HTTP/1.1" 200 36799 "-" "Mozilla/5.0 (Linux; Android 6.0.1; Nexus 5X Build/MMB29P) AppleWebKit/537.36 (KHTML, like Gecko) Chrome/151.0.7922.173 Mobile Safari/537.36 (compatible; Googlebot/2.1; +http://www.google.com/bot.html)"
66.249.77.100 - - [27/Aug/2026:00:51:24 +0330] "GET /?u=3528496996803 HTTP/1.1" 200 33891 "-" "Mozilla/5.0 (Linux; Android 6.0.1; Nexus 5X Build/MMB29P) AppleWebKit/537.36 (KHTML, like Gecko) Chrome/151.0.7922.173 Mobile Safari/537.36 (compatible; Googlebot/2.1; +http://www.google.com/bot.html)"
66.249.77.101 - - [27/Aug/2026:00:51:25 +0330] "GET /?u=31298261492100 HTTP/1.1" 200 33276 "-" "Mozilla/5.0 (Linux; Android 6.0.1; Nexus 5X Build/MMB29P) AppleWebKit/537.36 (KHTML, like Gecko) Chrome/151.0.7922.173 Mobile Safari/537.36 (compatible; Googlebot/2.1; +http://www.google.com/bot.html)"
66.249.77.99 - - [27/Aug/2026:00:51:28 +0330] "GET /?u=85022162334619 HTTP/1.1" 200 31893 "-" "Mozilla/5.0 (Linux; Android 6.0.1; Nexus 5X Build/MMB29P) AppleWebKit/537.36 (KHTML, like Gecko) Chrome/151.0.7922.173 Mobile Safari/537.36 (compatible; Googlebot/2.1; +http://www.google.com/bot.html)"
47.128.36.195 - - [27/Aug/2026:00:51:30 +0330] "GET /robots.txt HTTP/1.1" 301 169 "-" "Mozilla/5.0 (iPhone; CPU iPhone OS 7_1_2 like Mac OS X) AppleWebKit/537.36 (KHTML, like Gecko) Version/7.0 Mobile Safari/537.36 (compatible; Bytespider; https://bytedance.sg.larkoffice.com/docx/K5bxdypulop3IIxrJb0lOjLVgFe)"
127.0.0.1 - - [27/Aug/2026:00:51:31 +0330] "GET /api/v1/robot HTTP/1.1" 200 666 "-" "node"
47.128.36.195 - - [27/Aug/2026:00:51:31 +0330] "GET /robots.txt HTTP/2.0" 200 696 "http://www.charsooq.com/robots.txt" "Mozilla/5.0 (iPhone; CPU iPhone OS 7_1_2 like Mac OS X) AppleWebKit/537.36 (KHTML, like Gecko) Version/7.0 Mobile Safari/537.36 (compatible; Bytespider; https://bytedance.sg.larkoffice.com/docx/K5bxdypulop3IIxrJb0lOjLVgFe)"
127.0.0.1 - - [27/Aug/2026:00:51:32 +0330] "GET /api/v1/categories-amazon HTTP/1.1" 200 34230 "-" "node"
45.148.10.59 - - [27/Aug/2026:00:51:32 +0330] "POST /login HTTP/1.1" 200 83894 "-" "Mozilla/5.0 (Windows NT 10.0; Win64; x64) Chrome/120.0.0.0"
127.0.0.1 - - [27/Aug/2026:00:51:34 +0330] "GET /api/v1/categories-amazon HTTP/1.1" 200 34230 "-" "node"
172.16.20.25 - - [27/Aug/2026:00:51:34 +0330] "GET / HTTP/1.1" 200 338468 "-" "Mozilla/5.0 (compatible; PRTG Network Monitor (www.paessler.com); Windows)"
127.0.0.1 - - [27/Aug/2026:00:51:54 +0330] "GET /api/v1/article-old-show/signin HTTP/1.1" 404 170 "-" "node"
45.148.10.59 - - [27/Aug/2026:00:51:55 +0330] "POST /signin HTTP/1.1" 499 0 "-" "Mozilla/5.0 (Windows NT 10.0; Win64; x64) Chrome/120.0.0.0"
127.0.0.1 - - [27/Aug/2026:00:51:55 +0330] "GET /api/v1/categories-amazon HTTP/1.1" 200 34199 "-" "node"
127.0.0.1 - - [27/Aug/2026:00:52:07 +0330] "GET /api/v1/article-most-view?count=3 HTTP/1.1" 301 169 "-" "node"
127.0.0.1 - - [27/Aug/2026:00:52:07 +0330] "GET /api/v1/article-future?count=4 HTTP/1.1" 301 169 "-" "node"
127.0.0.1 - - [27/Aug/2026:00:52:07 +0330] "GET /api/v1/articles?count=8&page=1 HTTP/1.1" 301 169 "-" "node"
127.0.0.1 - - [27/Aug/2026:00:52:07 +0330] "GET /api/v1/article-most-view?count=3 HTTP/1.1" 200 806767 "-" "node"
127.0.0.1 - - [27/Aug/2026:00:52:07 +0330] "GET /api/v1/article-future?count=4 HTTP/1.1" 200 932758 "-" "node"
127.0.0.1 - - [27/Aug/2026:00:52:07 +0330] "GET /api/v1/articles?count=8&page=1 HTTP/1.1" 200 22434 "-" "node"
127.0.0.1 - - [27/Aug/2026:00:52:08 +0330] "GET /api/v1/categories-amazon HTTP/1.1" 200 34230 "-" "node"
186.75.107.171 - - [27/Aug/2026:00:52:08 +0330] "GET /articles HTTP/1.1" 200 93063 "https://charsooq.com/industrial-parts" "Mozilla/5.0 (X11; Linux x86_64; rv:127.0) Gecko/20100101 Firefox/127.0"
45.148.10.59 - - [27/Aug/2026:00:52:16 +0330] "POST /register HTTP/1.1" 301 16 "-" "Mozilla/5.0 (Windows NT 10.0; Win64; x64) Chrome/120.0.0.0"
127.0.0.1 - - [27/Aug/2026:00:52:18 +0330] "GET /api/v1/categories-amazon HTTP/1.1" 200 34230 "-" "node"
45.148.10.59 - - [27/Aug/2026:00:52:18 +0330] "GET /login HTTP/1.1" 200 83888 "https://charsooq.com/register" "Mozilla/5.0 (Windows NT 10.0; Win64; x64) Chrome/120.0.0.0"
66.249.77.101 - - [27/Aug/2026:00:52:20 +0330] "GET /?u=12610234831600 HTTP/1.1" 200 33660 "-" "Mozilla/5.0 (Linux; Android 6.0.1; Nexus 5X Build/MMB29P) AppleWebKit/537.36 (KHTML, like Gecko) Chrome/151.0.7922.173 Mobile Safari/537.36 (compatible; Googlebot/2.1; +http://www.google.com/bot.html)"
66.249.77.101 - - [27/Aug/2026:00:52:21 +0330] "GET /?u=63827165183500 HTTP/1.1" 200 32046 "-" "Mozilla/5.0 (Linux; Android 6.0.1; Nexus 5X Build/MMB29P) AppleWebKit/537.36 (KHTML, like Gecko) Chrome/151.0.7922.173 Mobile Safari/537.36 (compatible; Googlebot/2.1; +http://www.google.com/bot.html)"
66.249.77.101 - - [27/Aug/2026:00:52:21 +0330] "GET /?u=05194167196200 HTTP/1.1" 200 33343 "-" "Mozilla/5.0 (Linux; Android 6.0.1; Nexus 5X Build/MMB29P) AppleWebKit/537.36 (KHTML, like Gecko) Chrome/151.0.7922.173 Mobile Safari/537.36 (compatible; Googlebot/2.1; +http://www.google.com/bot.html)"
66.249.77.100 - - [27/Aug/2026:00:52:23 +0330] "GET /?u=58911176445400 HTTP/1.1" 200 33129 "-" "Mozilla/5.0 (Linux; Android 6.0.1; Nexus 5X Build/MMB29P) AppleWebKit/537.36 (KHTML, like Gecko) Chrome/151.0.7922.173 Mobile Safari/537.36 (compatible; Googlebot/2.1; +http://www.google.com/bot.html)"
66.249.77.99 - - [27/Aug/2026:00:52:29 +0330] "GET /?u=7066153437705 HTTP/1.1" 200 33590 "-" "Mozilla/5.0 (Linux; Android 6.0.1; Nexus 5X Build/MMB29P) AppleWebKit/537.36 (KHTML, like Gecko) Chrome/151.0.7922.173 Mobile Safari/537.36 (compatible; Googlebot/2.1; +http://www.google.com/bot.html)"
127.0.0.1 - - [27/Aug/2026:00:52:34 +0330] "GET /api/v2/sliders HTTP/1.1" 200 7478 "-" "node"
127.0.0.1 - - [27/Aug/2026:00:52:35 +0330] "GET /api/v1/categories-amazon HTTP/1.1" 200 34230 "-" "node"
127.0.0.1 - - [27/Aug/2026:00:52:36 +0330] "GET /api/v2/page-data HTTP/1.1" 200 36854 "-" "node"
172.16.20.25 - - [27/Aug/2026:00:52:36 +0330] "GET / HTTP/1.1" 200 338499 "-" "Mozilla/5.0 (compatible; PRTG Network Monitor (www.paessler.com); Windows)"
127.0.0.1 - - [27/Aug/2026:00:52:52 +0330] "GET /api/v2/article-show/scary-latex-masks HTTP/1.1" 200 213569 "-" "node"
127.0.0.1 - - [27/Aug/2026:00:52:53 +0330] "GET /api/v1/categories-amazon HTTP/1.1" 200 34199 "-" "node"
40.77.167.41 - - [27/Aug/2026:00:52:53 +0330] "GET /articles/scary-latex-masks HTTP/2.0" 200 114854 "-" "Mozilla/5.0 AppleWebKit/537.36 (KHTML, like Gecko; compatible; bingbot/2.0; +http://www.bing.com/bingbot.htm) Chrome/116.0.1938.76 Safari/537.36"
127.0.0.1 - - [27/Aug/2026:00:52:56 +0330] "GET /api/v1/article-page?region=foreign-shopping HTTP/1.1" 200 6429 "-" "node"
127.0.0.1 - - [27/Aug/2026:00:52:57 +0330] "GET /api/v1/categories-amazon HTTP/1.1" 200 34230 "-" "node"
31.77.159.154 - - [27/Aug/2026:00:52:57 +0330] "GET /foreign-shopping HTTP/2.0" 200 113197 "https://charsooq.com/foreign-shopping" "Mozilla/5.0 (Linux; Android 10; K) AppleWebKit/537.36 (KHTML, like Gecko) SamsungBrowser/28.0 Chrome/130.0.0.0 Mobile Safari/537.36"
31.77.159.154 - - [27/Aug/2026:00:52:58 +0330] "GET /manifest.json HTTP/2.0" 304 0 "https://charsooq.com/foreign-shopping" "Mozilla/5.0 (Linux; Android 10; K) AppleWebKit/537.36 (KHTML, like Gecko) SamsungBrowser/28.0 Chrome/130.0.0.0 Mobile Safari/537.36"
31.77.159.154 - - [27/Aug/2026:00:52:58 +0330] "GET /checkout?_rsc=s86k6 HTTP/2.0" 200 1690 "https://charsooq.com/foreign-shopping" "Mozilla/5.0 (Linux; Android 10; K) AppleWebKit/537.36 (KHTML, like Gecko) SamsungBrowser/28.0 Chrome/130.0.0.0 Mobile Safari/537.36"
31.77.159.154 - - [27/Aug/2026:00:52:58 +0330] "GET /?_rsc=s86k6 HTTP/2.0" 200 13560 "https://charsooq.com/foreign-shopping" "Mozilla/5.0 (Linux; Android 10; K) AppleWebKit/537.36 (KHTML, like Gecko) SamsungBrowser/28.0 Chrome/130.0.0.0 Mobile Safari/537.36"
31.77.159.154 - - [27/Aug/2026:00:52:58 +0330] "GET /amazon?_rsc=s86k6 HTTP/2.0" 200 1461 "https://charsooq.com/foreign-shopping" "Mozilla/5.0 (Linux; Android 10; K) AppleWebKit/537.36 (KHTML, like Gecko) SamsungBrowser/28.0 Chrome/130.0.0.0 Mobile Safari/537.36"
31.77.159.154 - - [27/Aug/2026:00:52:58 +0330] "GET /ebay?_rsc=s86k6 HTTP/2.0" 200 1456 "https://charsooq.com/foreign-shopping" "Mozilla/5.0 (Linux; Android 10; K) AppleWebKit/537.36 (KHTML, like Gecko) SamsungBrowser/28.0 Chrome/130.0.0.0 Mobile Safari/537.36"
31.77.159.154 - - [27/Aug/2026:00:52:58 +0330] "GET /turkey?_rsc=s86k6 HTTP/2.0" 200 1430 "https://charsooq.com/foreign-shopping" "Mozilla/5.0 (Linux; Android 10; K) AppleWebKit/537.36 (KHTML, like Gecko) SamsungBrowser/28.0 Chrome/130.0.0.0 Mobile Safari/537.36"
31.77.159.154 - - [27/Aug/2026:00:52:58 +0330] "GET /pwa-icon-180.png HTTP/2.0" 304 0 "https://charsooq.com/foreign-shopping" "Mozilla/5.0 (Linux; Android 10; K) AppleWebKit/537.36 (KHTML, like Gecko) SamsungBrowser/28.0 Chrome/130.0.0.0 Mobile Safari/537.36"
31.77.159.154 - - [27/Aug/2026:00:52:59 +0330] "GET /products-offer?page=1&_rsc=s86k6 HTTP/2.0" 200 1470 "https://charsooq.com/foreign-shopping" "Mozilla/5.0 (Linux; Android 10; K) AppleWebKit/537.36 (KHTML, like Gecko) SamsungBrowser/28.0 Chrome/130.0.0.0 Mobile Safari/537.36"
31.77.159.154 - - [27/Aug/2026:00:52:59 +0330] "GET /16px.png HTTP/2.0" 304 0 "https://charsooq.com/foreign-shopping" "Mozilla/5.0 (Linux; Android 10; K) AppleWebKit/537.36 (KHTML, like Gecko) SamsungBrowser/28.0 Chrome/130.0.0.0 Mobile Safari/537.36"
31.77.159.154 - - [27/Aug/2026:00:53:00 +0330] "GET /api/v1/calculator-index HTTP/2.0" 200 1549 "https://charsooq.com/" "Mozilla/5.0 (Linux; Android 10; K) AppleWebKit/537.36 (KHTML, like Gecko) SamsungBrowser/28.0 Chrome/130.0.0.0 Mobile Safari/537.36"
127.0.0.1 - - [27/Aug/2026:00:53:07 +0330] "GET /api/v1/article-old-show/admin HTTP/1.1" 404 170 "-" "node"
127.0.0.1 - - [27/Aug/2026:00:53:08 +0330] "GET /api/v1/categories-amazon HTTP/1.1" 200 34230 "-" "node"
45.148.10.59 - - [27/Aug/2026:00:53:08 +0330] "POST /admin HTTP/1.1" 200 110000 "-" "Mozilla/5.0 (Windows NT 10.0; Win64; x64) Chrome/120.0.0.0"
66.249.77.101 - - [27/Aug/2026:00:53:20 +0330] "GET /?u=8054967769800 HTTP/1.1" 200 33246 "-" "Mozilla/5.0 (Linux; Android 6.0.1; Nexus 5X Build/MMB29P) AppleWebKit/537.36 (KHTML, like Gecko) Chrome/151.0.7922.173 Mobile Safari/537.36 (compatible; Googlebot/2.1; +http://www.google.com/bot.html)"
66.249.77.100 - - [27/Aug/2026:00:53:21 +0330] "GET /?u=4053625483901 HTTP/1.1" 200 33085 "-" "Mozilla/5.0 (Linux; Android 6.0.1; Nexus 5X Build/MMB29P) AppleWebKit/537.36 (KHTML, like Gecko) Chrome/151.0.7922.173 Mobile Safari/537.36 (compatible; Googlebot/2.1; +http://www.google.com/bot.html)"
66.249.77.100 - - [27/Aug/2026:00:53:22 +0330] "GET /?u=9577023318400 HTTP/1.1" 200 37166 "-" "Mozilla/5.0 (Linux; Android 6.0.1; Nexus 5X Build/MMB29P) AppleWebKit/537.36 (KHTML, like Gecko) Chrome/151.0.7922.173 Mobile Safari/537.36 (compatible; Googlebot/2.1; +http://www.google.com/bot.html)"
127.0.0.1 - - [27/Aug/2026:00:53:26 +0330] "GET /api/v1/categories-amazon HTTP/1.1" 200 34230 "-" "node"
45.148.10.59 - - [27/Aug/2026:00:53:26 +0330] "POST /auth/callback HTTP/1.1" 404 84234 "-" "Mozilla/5.0 (Windows NT 10.0; Win64; x64) Chrome/120.0.0.0"
127.0.0.1 - - [27/Aug/2026:00:53:27 +0330] "GET /api/v1/categories-amazon HTTP/1.1" 200 34199 "-" "node"
45.148.10.59 - - [27/Aug/2026:00:53:27 +0330] "POST /auth/callback HTTP/1.1" 404 84234 "-" "Mozilla/5.0 (Windows NT 10.0; Win64; x64) Chrome/120.0.0.0"
127.0.0.1 - - [27/Aug/2026:00:53:35 +0330] "GET /api/v1/categories-amazon HTTP/1.1" 200 34230 "-" "node"
172.16.20.25 - - [27/Aug/2026:00:53:35 +0330] "GET / HTTP/1.1" 200 338491 "-" "Mozilla/5.0 (compatible; PRTG Network Monitor (www.paessler.com); Windows)"
66.249.77.99 - - [27/Aug/2026:00:54:21 +0330] "GET /?u=62652281731700 HTTP/1.1" 200 35092 "-" "Mozilla/5.0 (Linux; Android 6.0.1; Nexus 5X Build/MMB29P) AppleWebKit/537.36 (KHTML, like Gecko) Chrome/151.0.7922.173 Mobile Safari/537.36 (compatible; Googlebot/2.1; +http://www.google.com/bot.html)"
66.249.77.99 - - [27/Aug/2026:00:54:22 +0330] "GET /?u=17279244529901 HTTP/1.1" 200 33298 "-" "Mozilla/5.0 (Linux; Android 6.0.1; Nexus 5X Build/MMB29P) AppleWebKit/537.36 (KHTML, like Gecko) Chrome/151.0.7922.173 Mobile Safari/537.36 (compatible; Googlebot/2.1; +http://www.google.com/bot.html)"
127.0.0.1 - - [27/Aug/2026:00:54:22 +0330] "GET /api/v1/categories-amazon HTTP/1.1" 200 34230 "-" "node"
45.148.10.59 - - [27/Aug/2026:00:54:22 +0330] "POST /wp/wp-json/Batch/v1 HTTP/1.1" 404 84240 "-" "Mozilla/5.0 (Windows NT 10.0; Win64; x64) AppleWebKit/537.36 (KHTML, like Gecko) Chrome/120.0.0.0 Safari/537.36"
66.249.77.101 - - [27/Aug/2026:00:54:23 +0330] "GET /?u=42216213856800 HTTP/1.1" 200 34610 "-" "Mozilla/5.0 (Linux; Android 6.0.1; Nexus 5X Build/MMB29P) AppleWebKit/537.36 (KHTML, like Gecko) Chrome/151.0.7922.173 Mobile Safari/537.36 (compatible; Googlebot/2.1; +http://www.google.com/bot.html)"
45.148.10.59 - - [27/Aug/2026:00:54:23 +0330] "POST /wp//wp-json/batch/v1 HTTP/1.1" 308 31 "-" "Mozilla/5.0 (Windows NT 10.0; Win64; x64) AppleWebKit/537.36 (KHTML, like Gecko) Chrome/120.0.0.0 Safari/537.36"
127.0.0.1 - - [27/Aug/2026:00:54:24 +0330] "GET /api/v1/categories-amazon HTTP/1.1" 200 34199 "-" "node"
45.148.10.59 - - [27/Aug/2026:00:54:24 +0330] "POST /wp/wp-json/batch/v1 HTTP/1.1" 404 84239 "https://charsooq.com/wp//wp-json/batch/v1" "Mozilla/5.0 (Windows NT 10.0; Win64; x64) AppleWebKit/537.36 (KHTML, like Gecko) Chrome/120.0.0.0 Safari/537.36"
45.148.10.59 - - [27/Aug/2026:00:54:26 +0330] "POST /wp/wp-json/batch/v1/ HTTP/1.1" 308 31 "-" "Mozilla/5.0 (Windows NT 10.0; Win64; x64) AppleWebKit/537.36 (KHTML, like Gecko) Chrome/120.0.0.0 Safari/537.36"
127.0.0.1 - - [27/Aug/2026:00:54:27 +0330] "GET /api/v1/categories-amazon HTTP/1.1" 200 34230 "-" "node"
45.148.10.59 - - [27/Aug/2026:00:54:27 +0330] "POST /wp/wp-json/batch/v1 HTTP/1.1" 404 84239 "https://charsooq.com/wp/wp-json/batch/v1/" "Mozilla/5.0 (Windows NT 10.0; Win64; x64) AppleWebKit/537.36 (KHTML, like Gecko) Chrome/120.0.0.0 Safari/537.36"
127.0.0.1 - - [27/Aug/2026:00:54:33 +0330] "GET /api/v1/categories-amazon HTTP/1.1" 200 34230 "-" "node"
45.148.10.59 - - [27/Aug/2026:00:54:33 +0330] "POST /wp/blog/wp-json/batch/v1 HTTP/1.1" 404 84231 "-" "Mozilla/5.0 (Windows NT 10.0; Win64; x64) AppleWebKit/537.36 (KHTML, like Gecko) Chrome/120.0.0.0 Safari/537.36"
127.0.0.1 - - [27/Aug/2026:00:54:34 +0330] "GET /api/v2/sliders HTTP/1.1" 200 7478 "-" "node"
127.0.0.1 - - [27/Aug/2026:00:54:34 +0330] "GET /api/v1/categories-amazon HTTP/1.1" 200 34199 "-" "node"
45.148.10.59 - - [27/Aug/2026:00:54:34 +0330] "POST /wp/wordpress/wp-json/batch/v1 HTTP/1.1" 404 84246 "-" "Mozilla/5.0 (Windows NT 10.0; Win64; x64) AppleWebKit/537.36 (KHTML, like Gecko) Chrome/120.0.0.0 Safari/537.36"
127.0.0.1 - - [27/Aug/2026:00:54:35 +0330] "GET /api/v1/categories-amazon HTTP/1.1" 200 34230 "-" "node"
127.0.0.1 - - [27/Aug/2026:00:54:35 +0330] "GET /api/v1/categories-amazon HTTP/1.1" 200 34230 "-" "node"
127.0.0.1 - - [27/Aug/2026:00:54:35 +0330] "GET /api/v2/page-data HTTP/1.1" 200 36854 "-" "node"
172.16.20.25 - - [27/Aug/2026:00:54:35 +0330] "GET / HTTP/1.1" 200 338499 "-" "Mozilla/5.0 (compatible; PRTG Network Monitor (www.paessler.com); Windows)"
45.148.10.59 - - [27/Aug/2026:00:54:35 +0330] "POST /wp/index.php?rest_route=/batch/v1 HTTP/1.1" 404 84268 "https://charsooq.com/wp/wp-admin/" "Mozilla/5.0 (Windows NT 10.0; Win64; x64) AppleWebKit/537.36 (KHTML, like Gecko) Chrome/120.0.0.0 Safari/537.36"
57.141.20.41 - - [27/Aug/2026:00:54:36 +0330] "GET /_next/image?url=https%3A%2F%2Fpanel.charsooq.com%2Fstorage%2F01HJ0YGVA6R15MECW1KS2K5V4G.webp&w=1200&q=75 HTTP/2.0" 200 45750 "-" "Mozilla/5.0 (Macintosh; Intel Mac OS X 10_15_7) AppleWebKit/537.36 (KHTML, like Gecko) Chrome/145.0.0.0 Safari/537.36 (compatible; meta-externalagent/1.1 (+https://developers.facebook.com/docs/sharing/webmasters/crawler))"
127.0.0.1 - - [27/Aug/2026:00:54:36 +0330] "GET /storage/01HJ0YGVA6R15MECW1KS2K5V4G.webp HTTP/1.1" 200 108586 "-" "node"
127.0.0.1 - - [27/Aug/2026:00:54:37 +0330] "GET /api/v1/categories-amazon HTTP/1.1" 200 34199 "-" "node"
45.148.10.59 - - [27/Aug/2026:00:54:37 +0330] "POST /wp/index.php?rest_route=%2Fbatch%2Fv1 HTTP/1.1" 404 84272 "https://charsooq.com/wp/wp-admin/" "Mozilla/5.0 (Windows NT 10.0; Win64; x64) AppleWebKit/537.36 (KHTML, like Gecko) Chrome/120.0.0.0 Safari/537.36"
45.148.10.59 - - [27/Aug/2026:00:54:37 +0330] "POST /wp/?rest_route=%2Fbatch%2Fv1 HTTP/1.1" 308 39 "https://charsooq.com/wp/wp-admin/" "Mozilla/5.0 (Windows NT 10.0; Win64; x64) AppleWebKit/537.36 (KHTML, like Gecko) Chrome/120.0.0.0 Safari/537.36"
127.0.0.1 - - [27/Aug/2026:00:54:37 +0330] "GET /api/v1/article-old-show/wp HTTP/1.1" 404 170 "-" "node"
127.0.0.1 - - [27/Aug/2026:00:54:38 +0330] "GET /api/v1/categories-amazon HTTP/1.1" 200 34230 "-" "node"
45.148.10.59 - - [27/Aug/2026:00:54:38 +0330] "POST /wp?rest_route=%2Fbatch%2Fv1 HTTP/1.1" 200 110094 "https://charsooq.com/wp/wp-admin/" "Mozilla/5.0 (Windows NT 10.0; Win64; x64) AppleWebKit/537.36 (KHTML, like Gecko) Chrome/120.0.0.0 Safari/537.36"
66.249.77.100 - - [27/Aug/2026:00:54:39 +0330] "GET /?u=7287411318209 HTTP/1.1" 200 33207 "-" "Mozilla/5.0 (Linux; Android 6.0.1; Nexus 5X Build/MMB29P) AppleWebKit/537.36 (KHTML, like Gecko) Chrome/151.0.7922.173 Mobile Safari/537.36 (compatible; Googlebot/2.1; +http://www.google.com/bot.html)"
45.148.10.59 - - [27/Aug/2026:00:54:40 +0330] "POST /wp/?rest_route=/batch%2Fv1 HTTP/1.1" 308 39 "https://charsooq.com/wp/wp-admin/" "Mozilla/5.0 (Windows NT 10.0; Win64; x64) AppleWebKit/537.36 (KHTML, like Gecko) Chrome/120.0.0.0 Safari/537.36"
127.0.0.1 - - [27/Aug/2026:00:54:40 +0330] "GET /api/v1/article-old-show/wp HTTP/1.1" 404 170 "-" "node"
127.0.0.1 - - [27/Aug/2026:00:54:41 +0330] "GET /api/v1/categories-amazon HTTP/1.1" 200 34230 "-" "node"
45.148.10.59 - - [27/Aug/2026:00:54:41 +0330] "POST /wp?rest_route=%2Fbatch%2Fv1 HTTP/1.1" 200 110094 "https://charsooq.com/wp/wp-admin/" "Mozilla/5.0 (Windows NT 10.0; Win64; x64) AppleWebKit/537.36 (KHTML, like Gecko) Chrome/120.0.0.0 Safari/537.36"
45.148.10.59 - - [27/Aug/2026:00:54:43 +0330] "POST /wp/?rest_route=/batch/v1 HTTP/1.1" 308 39 "https://charsooq.com/wp/wp-admin/" "Mozilla/5.0 (Windows NT 10.0; Win64; x64) AppleWebKit/537.36 (KHTML, like Gecko) Chrome/120.0.0.0 Safari/537.36"
127.0.0.1 - - [27/Aug/2026:00:54:44 +0330] "GET /api/v1/article-old-show/wp HTTP/1.1" 404 170 "-" "node"
127.0.0.1 - - [27/Aug/2026:00:54:44 +0330] "GET /api/v1/categories-amazon HTTP/1.1" 200 34199 "-" "node"
45.148.10.59 - - [27/Aug/2026:00:54:44 +0330] "POST /wp?rest_route=%2Fbatch%2Fv1 HTTP/1.1" 200 110094 "https://charsooq.com/wp/wp-admin/" "Mozilla/5.0 (Windows NT 10.0; Win64; x64) AppleWebKit/537.36 (KHTML, like Gecko) Chrome/120.0.0.0 Safari/537.36"
127.0.0.1 - - [27/Aug/2026:00:54:46 +0330] "GET /api/v1/categories-amazon HTTP/1.1" 200 34199 "-" "node"
45.148.10.59 - - [27/Aug/2026:00:54:46 +0330] "POST /wp/wp-json/batch/v1 HTTP/1.1" 404 84239 "https://charsooq.com/wp/wp-admin/" "Mozilla/5.0 (Windows NT 10.0; Win64; x64) AppleWebKit/537.36 (KHTML, like Gecko) Chrome/120.0.0.0 Safari/537.36"
127.0.0.1 - - [27/Aug/2026:00:54:47 +0330] "GET /api/v1/categories-amazon HTTP/1.1" 200 34230 "-" "node"
45.148.10.59 - - [27/Aug/2026:00:54:48 +0330] "POST /wp/wp-json/Batch/v1 HTTP/1.1" 404 84234 "https://charsooq.com/wp/wp-admin/" "Mozilla/5.0 (Windows NT 10.0; Win64; x64) AppleWebKit/537.36 (KHTML, like Gecko) Chrome/120.0.0.0 Safari/537.36"
45.148.10.59 - - [27/Aug/2026:00:54:48 +0330] "POST /wp//wp-json/batch/v1 HTTP/1.1" 308 31 "https://charsooq.com/wp/wp-admin/" "Mozilla/5.0 (Windows NT 10.0; Win64; x64) AppleWebKit/537.36 (KHTML, like Gecko) Chrome/120.0.0.0 Safari/537.36"
57.141.20.37 - - [27/Aug/2026:00:54:48 +0330] "GET /_next/image?url=https%3A%2F%2Fpanel.charsooq.com%2Fstorage%2F01HJ0YGVA6R15MECW1KS2K5V4G.webp&w=1200&q=75 HTTP/2.0" 200 45750 "-" "Mozilla/5.0 (Macintosh; Intel Mac OS X 10_15_7) AppleWebKit/537.36 (KHTML, like Gecko) Chrome/145.0.0.0 Safari/537.36 (compatible; meta-externalagent/1.1 (+https://developers.facebook.com/docs/sharing/webmasters/crawler))"
127.0.0.1 - - [27/Aug/2026:00:54:49 +0330] "GET /api/v1/categories-amazon HTTP/1.1" 200 34199 "-" "node"
45.148.10.59 - - [27/Aug/2026:00:54:49 +0330] "POST /wp/wp-json/batch/v1 HTTP/1.1" 404 84239 "https://charsooq.com/wp/wp-admin/" "Mozilla/5.0 (Windows NT 10.0; Win64; x64) AppleWebKit/537.36 (KHTML, like Gecko) Chrome/120.0.0.0 Safari/537.36"
45.148.10.59 - - [27/Aug/2026:00:54:49 +0330] "POST /wp/wp-json/batch/v1/ HTTP/1.1" 308 31 "https://charsooq.com/wp/wp-admin/" "Mozilla/5.0 (Windows NT 10.0; Win64; x64) AppleWebKit/537.36 (KHTML, like Gecko) Chrome/120.0.0.0 Safari/537.36"
57.141.20.72 - - [27/Aug/2026:00:54:50 +0330] "GET /_next/image?url=https%3A%2F%2Fpanel.charsooq.com%2Fstorage%2F01HJ0YGVA6R15MECW1KS2K5V4G.webp&w=1200&q=75 HTTP/2.0" 200 45750 "-" "Mozilla/5.0 (Macintosh; Intel Mac OS X 10_15_7) AppleWebKit/537.36 (KHTML, like Gecko) Chrome/145.0.0.0 Safari/537.36 (compatible; meta-externalagent/1.1 (+https://developers.facebook.com/docs/sharing/webmasters/crawler))"
127.0.0.1 - - [27/Aug/2026:00:54:50 +0330] "GET /api/v1/categories-amazon HTTP/1.1" 200 34230 "-" "node"
45.148.10.59 - - [27/Aug/2026:00:54:50 +0330] "POST /wp/wp-json/batch/v1 HTTP/1.1" 404 84239 "https://charsooq.com/wp/wp-admin/" "Mozilla/5.0 (Windows NT 10.0; Win64; x64) AppleWebKit/537.36 (KHTML, like Gecko) Chrome/120.0.0.0 Safari/537.36"
127.0.0.1 - - [27/Aug/2026:00:54:51 +0330] "GET /api/v1/categories-amazon HTTP/1.1" 200 34199 "-" "node"
45.148.10.59 - - [27/Aug/2026:00:54:52 +0330] "POST /wp/blog/wp-json/batch/v1 HTTP/1.1" 404 84243 "https://charsooq.com/wp/wp-admin/" "Mozilla/5.0 (Windows NT 10.0; Win64; x64) AppleWebKit/537.36 (KHTML, like Gecko) Chrome/120.0.0.0 Safari/537.36"
127.0.0.1 - - [27/Aug/2026:00:54:53 +0330] "GET /api/v1/categories-amazon HTTP/1.1" 200 34199 "-" "node"
45.148.10.59 - - [27/Aug/2026:00:54:53 +0330] "POST /wp/wordpress/wp-json/batch/v1 HTTP/1.1" 404 84241 "https://charsooq.com/wp/wp-admin/" "Mozilla/5.0 (Windows NT 10.0; Win64; x64) AppleWebKit/537.36 (KHTML, like Gecko) Chrome/120.0.0.0 Safari/537.36"
127.0.0.1 - - [27/Aug/2026:00:54:54 +0330] "GET /api/v1/categories-amazon HTTP/1.1" 200 34199 "-" "node"
45.148.10.59 - - [27/Aug/2026:00:54:55 +0330] "POST /wp/index.php?rest_route=/batch/v1 HTTP/1.1" 404 84268 "https://charsooq.com/wp/wp-admin/" "Mozilla/5.0 (Windows NT 10.0; Win64; x64) AppleWebKit/537.36 (KHTML, like Gecko) Chrome/120.0.0.0 Safari/537.36"
127.0.0.1 - - [27/Aug/2026:00:54:56 +0330] "GET /api/v1/categories-amazon HTTP/1.1" 200 34199 "-" "node"
45.148.10.59 - - [27/Aug/2026:00:54:56 +0330] "POST /wp/index.php?rest_route=%2Fbatch%2Fv1 HTTP/1.1" 404 84272 "https://charsooq.com/wp/wp-admin/" "Mozilla/5.0 (Windows NT 10.0; Win64; x64) AppleWebKit/537.36 (KHTML, like Gecko) Chrome/120.0.0.0 Safari/537.36"
45.148.10.59 - - [27/Aug/2026:00:54:56 +0330] "POST /wp/?rest_route=%2Fbatch%2Fv1 HTTP/1.1" 308 39 "https://charsooq.com/wp/wp-admin/" "Mozilla/5.0 (Windows NT 10.0; Win64; x64) AppleWebKit/537.36 (KHTML, like Gecko) Chrome/120.0.0.0 Safari/537.36"
127.0.0.1 - - [27/Aug/2026:00:54:57 +0330] "GET /api/v1/article-old-show/wp HTTP/1.1" 404 170 "-" "node"
127.0.0.1 - - [27/Aug/2026:00:54:57 +0330] "GET /api/v1/categories-amazon HTTP/1.1" 200 34230 "-" "node"
45.148.10.59 - - [27/Aug/2026:00:54:57 +0330] "POST /wp?rest_route=%2Fbatch%2Fv1 HTTP/1.1" 200 110094 "https://charsooq.com/wp/wp-admin/" "Mozilla/5.0 (Windows NT 10.0; Win64; x64) AppleWebKit/537.36 (KHTML, like Gecko) Chrome/120.0.0.0 Safari/537.36"
45.148.10.59 - - [27/Aug/2026:00:54:58 +0330] "POST /wp/?rest_route=/batch%2Fv1 HTTP/1.1" 308 39 "https://charsooq.com/wp/wp-admin/" "Mozilla/5.0 (Windows NT 10.0; Win64; x64) AppleWebKit/537.36 (KHTML, like Gecko) Chrome/120.0.0.0 Safari/537.36"
127.0.0.1 - - [27/Aug/2026:00:54:58 +0330] "GET /api/v1/article-old-show/wp HTTP/1.1" 404 170 "-" "node"
66.249.77.99 - - [27/Aug/2026:00:54:59 +0330] "GET /?u=14480130181903 HTTP/1.1" 200 33096 "-" "Mozilla/5.0 (Linux; Android 6.0.1; Nexus 5X Build/MMB29P) AppleWebKit/537.36 (KHTML, like Gecko) Chrome/151.0.7922.173 Mobile Safari/537.36 (compatible; Googlebot/2.1; +http://www.google.com/bot.html)"
127.0.0.1 - - [27/Aug/2026:00:54:59 +0330] "GET /api/v1/categories-amazon HTTP/1.1" 200 34199 "-" "node"
45.148.10.59 - - [27/Aug/2026:00:54:59 +0330] "POST /wp?rest_route=%2Fbatch%2Fv1 HTTP/1.1" 200 110082 "https://charsooq.com/wp/wp-admin/" "Mozilla/5.0 (Windows NT 10.0; Win64; x64) AppleWebKit/537.36 (KHTML, like Gecko) Chrome/120.0.0.0 Safari/537.36"
66.249.77.99 - - [27/Aug/2026:00:54:59 +0330] "GET /?u=95972264939000 HTTP/1.1" 200 33430 "-" "Mozilla/5.0 (Linux; Android 6.0.1; Nexus 5X Build/MMB29P) AppleWebKit/537.36 (KHTML, like Gecko) Chrome/151.0.7922.173 Mobile Safari/537.36 (compatible; Googlebot/2.1; +http://www.google.com/bot.html)"
66.249.69.231 - - [27/Aug/2026:00:55:00 +0330] "GET /articles/buy-amazon-uae-without-customs-duty HTTP/1.1" 308 76 "-" "Mozilla/5.0 (Linux; Android 6.0.1; Nexus 5X Build/MMB29P) AppleWebKit/537.36 (KHTML, like Gecko) Chrome/151.0.7922.173 Mobile Safari/537.36 (compatible; Googlebot/2.1; +http://www.google.com/bot.html)"
127.0.0.1 - - [27/Aug/2026:00:55:01 +0330] "GET /api/v2/article-show/buy-amazon-uae-without-customs-duty HTTP/1.1" 200 95314 "-" "node"
127.0.0.1 - - [27/Aug/2026:00:55:01 +0330] "GET /api/v1/categories-amazon HTTP/1.1" 200 34230 "-" "node"
192.178.7.105 - - [27/Aug/2026:00:55:01 +0330] "GET /articles/buy-amazon-uae-without-customs-duty HTTP/1.1" 200 100720 "-" "Mozilla/5.0 (Linux; Android 6.0.1; Nexus 5X Build/MMB29P) AppleWebKit/537.36 (KHTML, like Gecko) Chrome/151.0.7922.173 Mobile Safari/537.36 (compatible; Googlebot/2.1; +http://www.google.com/bot.html)"
45.148.10.59 - - [27/Aug/2026:00:55:03 +0330] "POST /wp/?rest_route=/batch/v1 HTTP/1.1" 308 39 "https://charsooq.com/wp/wp-admin/" "Mozilla/5.0 (Windows NT 10.0; Win64; x64) AppleWebKit/537.36 (KHTML, like Gecko) Chrome/120.0.0.0 Safari/537.36"
127.0.0.1 - - [27/Aug/2026:00:55:03 +0330] "GET /api/v1/article-old-show/wp HTTP/1.1" 404 170 "-" "node"
127.0.0.1 - - [27/Aug/2026:00:55:04 +0330] "GET /api/v1/categories-amazon HTTP/1.1" 200 34199 "-" "node"
45.148.10.59 - - [27/Aug/2026:00:55:04 +0330] "POST /wp?rest_route=%2Fbatch%2Fv1 HTTP/1.1" 200 110094 "https://charsooq.com/wp/wp-admin/" "Mozilla/5.0 (Windows NT 10.0; Win64; x64) AppleWebKit/537.36 (KHTML, like Gecko) Chrome/120.0.0.0 Safari/537.36"
127.0.0.1 - - [27/Aug/2026:00:55:05 +0330] "GET /api/v1/categories-amazon HTTP/1.1" 200 34199 "-" "node"
45.148.10.59 - - [27/Aug/2026:00:55:05 +0330] "POST /wp/wp-json/batch/v1 HTTP/1.1" 404 84239 "https://charsooq.com/wp/wp-admin/" "Mozilla/5.0 (Windows NT 10.0; Win64; x64) AppleWebKit/537.36 (KHTML, like Gecko) Chrome/120.0.0.0 Safari/537.36"
71.90.109.3 - - [27/Aug/2026:00:55:06 +0330] "GET /newnaver.html HTTP/1.1" 200 22546 "-" "Mozilla/5.0 (compatible; PhishMonitor-LivenessSweep/1.0)"
127.0.0.1 - - [27/Aug/2026:00:55:07 +0330] "GET /api/v1/categories-amazon HTTP/1.1" 200 34230 "-" "node"
45.148.10.59 - - [27/Aug/2026:00:55:07 +0330] "POST /wp/wp-json/Batch/v1 HTTP/1.1" 404 84234 "https://charsooq.com/wp/wp-admin/" "Mozilla/5.0 (Windows NT 10.0; Win64; x64) AppleWebKit/537.36 (KHTML, like Gecko) Chrome/120.0.0.0 Safari/537.36"
45.148.10.59 - - [27/Aug/2026:00:55:08 +0330] "POST /wp//wp-json/batch/v1 HTTP/1.1" 308 31 "https://charsooq.com/wp/wp-admin/" "Mozilla/5.0 (Windows NT 10.0; Win64; x64) AppleWebKit/537.36 (KHTML, like Gecko) Chrome/120.0.0.0 Safari/537.36"
127.0.0.1 - - [27/Aug/2026:00:55:09 +0330] "GET /api/v1/categories-amazon HTTP/1.1" 200 34230 "-" "node"
45.148.10.59 - - [27/Aug/2026:00:55:09 +0330] "POST /wp/wp-json/batch/v1 HTTP/1.1" 404 84239 "https://charsooq.com/wp/wp-admin/" "Mozilla/5.0 (Windows NT 10.0; Win64; x64) AppleWebKit/537.36 (KHTML, like Gecko) Chrome/120.0.0.0 Safari/537.36"
45.148.10.59 - - [27/Aug/2026:00:55:13 +0330] "POST /wp/wp-json/batch/v1/ HTTP/1.1" 308 31 "https://charsooq.com/wp/wp-admin/" "Mozilla/5.0 (Windows NT 10.0; Win64; x64) AppleWebKit/537.36 (KHTML, like Gecko) Chrome/120.0.0.0 Safari/537.36"
127.0.0.1 - - [27/Aug/2026:00:55:14 +0330] "GET /api/v1/categories-amazon HTTP/1.1" 200 34230 "-" "node"
45.148.10.59 - - [27/Aug/2026:00:55:14 +0330] "POST /wp/wp-json/batch/v1 HTTP/1.1" 404 84239 "https://charsooq.com/wp/wp-admin/" "Mozilla/5.0 (Windows NT 10.0; Win64; x64) AppleWebKit/537.36 (KHTML, like Gecko) Chrome/120.0.0.0 Safari/537.36"
127.0.0.1 - - [27/Aug/2026:00:55:16 +0330] "GET /storage/01K82YDMZ2R3119WF0FRC0MFK4.webp HTTP/1.1" 200 101898 "-" "node"
127.0.0.1 - - [27/Aug/2026:00:55:16 +0330] "GET /api/v1/categories-amazon HTTP/1.1" 200 34199 "-" "node"
