127.0.0.1 - - [27/Aug/2026:01:16:06 +0330] "GET /api/v1/categories-amazon HTTP/1.1" 200 34199 "-" "node"
45.148.10.60 - - [27/Aug/2026:01:16:06 +0330] "GET /login HTTP/1.1" 200 83894 "https://charsooq.com/register" "Mozilla/5.0 (Windows NT 10.0; Win64; x64) Chrome/120.0.0.0"
127.0.0.1 - - [27/Aug/2026:01:16:17 +0330] "GET /api/v1/categories-amazon HTTP/1.1" 200 34230 "-" "node"
45.148.10.60 - - [27/Aug/2026:01:16:17 +0330] "POST /api/auth/signin HTTP/1.1" 404 84234 "-" "Mozilla/5.0 (Windows NT 10.0; Win64; x64) Chrome/120.0.0.0"
127.0.0.1 - - [27/Aug/2026:01:16:18 +0330] "GET /api/v1/categories-amazon HTTP/1.1" 200 34230 "-" "node"
45.148.10.60 - - [27/Aug/2026:01:16:18 +0330] "POST /api/auth/signin HTTP/1.1" 404 84228 "-" "Mozilla/5.0 (Windows NT 10.0; Win64; x64) Chrome/120.0.0.0"
127.0.0.1 - - [27/Aug/2026:01:16:23 +0330] "GET /api/v1/categories-amazon HTTP/1.1" 200 34230 "-" "node"
45.148.10.60 - - [27/Aug/2026:01:16:23 +0330] "POST /api/auth/signin HTTP/1.1" 404 84234 "-" "Mozilla/5.0 (Windows NT 10.0; Win64; x64) Chrome/120.0.0.0"
127.0.0.1 - - [27/Aug/2026:01:16:30 +0330] "GET /api/v1/categories-amazon HTTP/1.1" 200 34199 "-" "node"
45.148.10.60 - - [27/Aug/2026:01:16:30 +0330] "POST /dashboard HTTP/1.1" 200 83930 "-" "Mozilla/5.0 (Windows NT 10.0; Win64; x64) Chrome/120.0.0.0"
127.0.0.1 - - [27/Aug/2026:01:16:33 +0330] "GET /api/v1/categories-amazon HTTP/1.1" 200 34199 "-" "node"
45.148.10.60 - - [27/Aug/2026:01:16:33 +0330] "POST /dashboard HTTP/1.1" 200 83930 "-" "Mozilla/5.0 (Windows NT 10.0; Win64; x64) Chrome/120.0.0.0"
127.0.0.1 - - [27/Aug/2026:01:16:34 +0330] "GET /api/v2/sliders HTTP/1.1" 200 7479 "-" "node"
127.0.0.1 - - [27/Aug/2026:01:16:35 +0330] "GET /api/v1/categories-amazon HTTP/1.1" 200 34199 "-" "node"
127.0.0.1 - - [27/Aug/2026:01:16:36 +0330] "GET /api/v2/page-data HTTP/1.1" 200 36854 "-" "node"
172.16.20.25 - - [27/Aug/2026:01:16:36 +0330] "GET / HTTP/1.1" 200 338509 "-" "Mozilla/5.0 (compatible; PRTG Network Monitor (www.paessler.com); Windows)"
127.0.0.1 - - [27/Aug/2026:01:16:49 +0330] "GET /api/v1/article-old-show/admin HTTP/1.1" 404 170 "-" "node"
127.0.0.1 - - [27/Aug/2026:01:16:50 +0330] "GET /api/v1/categories-amazon HTTP/1.1" 200 34230 "-" "node"
45.148.10.60 - - [27/Aug/2026:01:16:50 +0330] "POST /admin HTTP/1.1" 200 110059 "-" "Mozilla/5.0 (Windows NT 10.0; Win64; x64) Chrome/120.0.0.0"
127.0.0.1 - - [27/Aug/2026:01:16:51 +0330] "GET /api/v1/article-old-show/admin HTTP/1.1" 404 170 "-" "node"
127.0.0.1 - - [27/Aug/2026:01:16:52 +0330] "GET /api/v1/categories-amazon HTTP/1.1" 200 34230 "-" "node"
45.148.10.60 - - [27/Aug/2026:01:16:52 +0330] "POST /admin HTTP/1.1" 200 110059 "-" "Mozilla/5.0 (Windows NT 10.0; Win64; x64) Chrome/120.0.0.0"
127.0.0.1 - - [27/Aug/2026:01:17:29 +0330] "GET /api/v1/categories-amazon HTTP/1.1" 200 34199 "-" "node"
23.80.141.187 - - [27/Aug/2026:01:17:29 +0330] "GET / HTTP/2.0" 200 106230 "-" "Mozilla/5.0 (Windows NT 10.0; Win64; x64) AppleWebKit/537.36 (KHTML, like Gecko) Chrome/145.0.0.0 Safari/537.36"
127.0.0.1 - - [27/Aug/2026:01:17:30 +0330] "GET /api/v1/article-old-show/magento_version HTTP/1.1" 404 170 "-" "node"
127.0.0.1 - - [27/Aug/2026:01:17:31 +0330] "GET /api/v1/categories-amazon HTTP/1.1" 200 34230 "-" "node"
23.80.141.187 - - [27/Aug/2026:01:17:31 +0330] "GET /magento_version HTTP/2.0" 200 109743 "-" "Mozilla/5.0 (Windows NT 10.0; Win64; x64) AppleWebKit/537.36 (KHTML, like Gecko) Chrome/145.0.0.0 Safari/537.36"
127.0.0.1 - - [27/Aug/2026:01:17:32 +0330] "GET /api/v1/article-old-show/RELEASE_NOTES.txt HTTP/1.1" 404 170 "-" "node"
127.0.0.1 - - [27/Aug/2026:01:17:33 +0330] "GET /api/v1/categories-amazon HTTP/1.1" 200 34230 "-" "node"
23.80.141.187 - - [27/Aug/2026:01:17:33 +0330] "GET /RELEASE_NOTES.txt HTTP/2.0" 200 109754 "-" "Mozilla/5.0 (Windows NT 10.0; Win64; x64) AppleWebKit/537.36 (KHTML, like Gecko) Chrome/145.0.0.0 Safari/537.36"
127.0.0.1 - - [27/Aug/2026:01:17:34 +0330] "GET /api/v1/industrial-parts-home-page HTTP/1.1" 200 12005 "-" "node"
127.0.0.1 - - [27/Aug/2026:01:17:34 +0330] "GET /api/v1/article-most-view?count=3 HTTP/1.1" 301 169 "-" "node"
127.0.0.1 - - [27/Aug/2026:01:17:34 +0330] "GET /api/v1/article-future?count=4 HTTP/1.1" 301 169 "-" "node"
127.0.0.1 - - [27/Aug/2026:01:17:34 +0330] "GET /api/v1/articles?count=8&page=1 HTTP/1.1" 301 169 "-" "node"
127.0.0.1 - - [27/Aug/2026:01:17:34 +0330] "GET /api/v1/categories-amazon HTTP/1.1" 200 34230 "-" "node"
172.16.20.25 - - [27/Aug/2026:01:17:35 +0330] "GET / HTTP/1.1" 200 338477 "-" "Mozilla/5.0 (compatible; PRTG Network Monitor (www.paessler.com); Windows)"
127.0.0.1 - - [27/Aug/2026:01:17:35 +0330] "GET /api/v1/article-most-view?count=3 HTTP/1.1" 200 806798 "-" "node"
127.0.0.1 - - [27/Aug/2026:01:17:35 +0330] "GET /api/v1/categories-amazon HTTP/1.1" 200 34199 "-" "node"
23.80.141.187 - - [27/Aug/2026:01:17:35 +0330] "GET /industrial-parts HTTP/2.0" 200 198625 "-" "Mozilla/5.0 (Windows NT 10.0; Win64; x64) AppleWebKit/537.36 (KHTML, like Gecko) Chrome/145.0.0.0 Safari/537.36"
127.0.0.1 - - [27/Aug/2026:01:17:35 +0330] "GET /api/v1/categories-amazon HTTP/1.1" 200 34199 "-" "node"
127.0.0.1 - - [27/Aug/2026:01:17:35 +0330] "GET /api/v1/article-future?count=4 HTTP/1.1" 200 932759 "-" "node"
127.0.0.1 - - [27/Aug/2026:01:17:36 +0330] "GET /api/v1/articles?count=8&page=1 HTTP/1.1" 200 22411 "-" "node"
23.80.141.187 - - [27/Aug/2026:01:17:36 +0330] "GET /checkout HTTP/2.0" 200 84099 "-" "Mozilla/5.0 (Windows NT 10.0; Win64; x64) AppleWebKit/537.36 (KHTML, like Gecko) Chrome/145.0.0.0 Safari/537.36"
127.0.0.1 - - [27/Aug/2026:01:17:36 +0330] "GET /api/v1/categories-amazon HTTP/1.1" 200 34199 "-" "node"
127.0.0.1 - - [27/Aug/2026:01:17:36 +0330] "GET /api/v1/categories-amazon HTTP/1.1" 200 34199 "-" "node"
23.80.141.187 - - [27/Aug/2026:01:17:36 +0330] "GET /calculator HTTP/2.0" 200 84591 "-" "Mozilla/5.0 (Windows NT 10.0; Win64; x64) AppleWebKit/537.36 (KHTML, like Gecko) Chrome/145.0.0.0 Safari/537.36"
23.80.141.187 - - [27/Aug/2026:01:17:36 +0330] "GET /help HTTP/2.0" 200 110005 "-" "Mozilla/5.0 (Windows NT 10.0; Win64; x64) AppleWebKit/537.36 (KHTML, like Gecko) Chrome/145.0.0.0 Safari/537.36"
127.0.0.1 - - [27/Aug/2026:01:17:36 +0330] "GET /api/v1/categories-amazon HTTP/1.1" 200 34199 "-" "node"
23.80.141.187 - - [27/Aug/2026:01:17:36 +0330] "GET /articles HTTP/2.0" 200 92730 "-" "Mozilla/5.0 (Windows NT 10.0; Win64; x64) AppleWebKit/537.36 (KHTML, like Gecko) Chrome/145.0.0.0 Safari/537.36"
127.0.0.1 - - [27/Aug/2026:01:17:37 +0330] "GET /api/v1/cart-index HTTP/1.1" 200 17462 "-" "node"
127.0.0.1 - - [27/Aug/2026:01:17:37 +0330] "GET /api/v2/sliders HTTP/1.1" 200 7479 "-" "node"
127.0.0.1 - - [27/Aug/2026:01:17:37 +0330] "GET /api/v1/article-page?region=turkey HTTP/1.1" 200 7329 "-" "node"
127.0.0.1 - - [27/Aug/2026:01:17:37 +0330] "GET /api/v2/sliders HTTP/1.1" 200 7479 "-" "node"
127.0.0.1 - - [27/Aug/2026:01:17:37 +0330] "GET /api/v1/article-page?region=amazon HTTP/1.1" 200 6910 "-" "node"
127.0.0.1 - - [27/Aug/2026:01:17:37 +0330] "GET /api/v2/sliders HTTP/1.1" 200 7479 "-" "node"
127.0.0.1 - - [27/Aug/2026:01:17:37 +0330] "GET /api/v1/article-page?region=ebay HTTP/1.1" 200 8512 "-" "node"
127.0.0.1 - - [27/Aug/2026:01:17:37 +0330] "GET /api/v2/sliders HTTP/1.1" 200 7479 "-" "node"
127.0.0.1 - - [27/Aug/2026:01:17:37 +0330] "GET /api/v1/article-page?region=emirates HTTP/1.1" 200 6704 "-" "node"
127.0.0.1 - - [27/Aug/2026:01:17:38 +0330] "GET /api/v1/categories-amazon HTTP/1.1" 200 34199 "-" "node"
127.0.0.1 - - [27/Aug/2026:01:17:38 +0330] "GET /api/v1/categories-amazon HTTP/1.1" 200 34199 "-" "node"
23.80.141.187 - - [27/Aug/2026:01:17:38 +0330] "GET /turkey HTTP/2.0" 200 136879 "-" "Mozilla/5.0 (Windows NT 10.0; Win64; x64) AppleWebKit/537.36 (KHTML, like Gecko) Chrome/145.0.0.0 Safari/537.36"
127.0.0.1 - - [27/Aug/2026:01:17:38 +0330] "GET /api/v1/categories-amazon HTTP/1.1" 200 34230 "-" "node"
23.80.141.187 - - [27/Aug/2026:01:17:38 +0330] "GET /ebay HTTP/2.0" 200 123888 "-" "Mozilla/5.0 (Windows NT 10.0; Win64; x64) AppleWebKit/537.36 (KHTML, like Gecko) Chrome/145.0.0.0 Safari/537.36"
127.0.0.1 - - [27/Aug/2026:01:17:38 +0330] "GET /api/v1/categories-amazon HTTP/1.1" 200 34199 "-" "node"
23.80.141.187 - - [27/Aug/2026:01:17:38 +0330] "GET /emirates HTTP/2.0" 200 124318 "-" "Mozilla/5.0 (Windows NT 10.0; Win64; x64) AppleWebKit/537.36 (KHTML, like Gecko) Chrome/145.0.0.0 Safari/537.36"
127.0.0.1 - - [27/Aug/2026:01:17:39 +0330] "GET /api/v2/page-data HTTP/1.1" 200 36854 "-" "node"
23.80.141.187 - - [27/Aug/2026:01:17:39 +0330] "GET /amazon HTTP/2.0" 200 122056 "-" "Mozilla/5.0 (Windows NT 10.0; Win64; x64) AppleWebKit/537.36 (KHTML, like Gecko) Chrome/145.0.0.0 Safari/537.36"
127.0.0.1 - - [27/Aug/2026:01:17:39 +0330] "GET /api/v1/categories-amazon HTTP/1.1" 200 34199 "-" "node"
23.80.141.187 - - [27/Aug/2026:01:17:39 +0330] "GET /_next/static/chunks/fd9d1056-9ff99acbd7fb9fe8.js HTTP/2.0" 200 53744 "-" "Mozilla/5.0 (Windows NT 10.0; Win64; x64) AppleWebKit/537.36 (KHTML, like Gecko) Chrome/145.0.0.0 Safari/537.36"
23.80.141.187 - - [27/Aug/2026:01:17:39 +0330] "GET /_next/static/chunks/main-app-9964935a240c0d39.js HTTP/2.0" 200 471 "-" "Mozilla/5.0 (Windows NT 10.0; Win64; x64) AppleWebKit/537.36 (KHTML, like Gecko) Chrome/145.0.0.0 Safari/537.36"
23.80.141.187 - - [27/Aug/2026:01:17:40 +0330] "GET /_next/static/chunks/2117-828e02dc1643a950.js HTTP/2.0" 200 32001 "-" "Mozilla/5.0 (Windows NT 10.0; Win64; x64) AppleWebKit/537.36 (KHTML, like Gecko) Chrome/145.0.0.0 Safari/537.36"
127.0.0.1 - - [27/Aug/2026:01:17:40 +0330] "GET /api/v1/categories-amazon HTTP/1.1" 200 34199 "-" "node"
127.0.0.1 - - [27/Aug/2026:01:17:40 +0330] "GET /api/v1/categories-amazon HTTP/1.1" 200 34199 "-" "node"
23.80.141.187 - - [27/Aug/2026:01:17:40 +0330] "GET /contact-us HTTP/2.0" 200 89140 "-" "Mozilla/5.0 (Windows NT 10.0; Win64; x64) AppleWebKit/537.36 (KHTML, like Gecko) Chrome/145.0.0.0 Safari/537.36"
23.80.141.187 - - [27/Aug/2026:01:17:40 +0330] "GET /_next/static/chunks/2972-d7980624b2014943.js HTTP/2.0" 200 8732 "-" "Mozilla/5.0 (Windows NT 10.0; Win64; x64) AppleWebKit/537.36 (KHTML, like Gecko) Chrome/145.0.0.0 Safari/537.36"
23.80.141.187 - - [27/Aug/2026:01:17:40 +0330] "GET /_next/static/chunks/1580-575957d688ae25ac.js HTTP/2.0" 200 12089 "-" "Mozilla/5.0 (Windows NT 10.0; Win64; x64) AppleWebKit/537.36 (KHTML, like Gecko) Chrome/145.0.0.0 Safari/537.36"
23.80.141.187 - - [27/Aug/2026:01:17:40 +0330] "GET /_next/static/chunks/4438-ac5ce0d4a5fd9e15.js HTTP/2.0" 200 8260 "-" "Mozilla/5.0 (Windows NT 10.0; Win64; x64) AppleWebKit/537.36 (KHTML, like Gecko) Chrome/145.0.0.0 Safari/537.36"
23.80.141.187 - - [27/Aug/2026:01:17:40 +0330] "GET /_next/static/chunks/6137-97a90ba21cd4a885.js HTTP/2.0" 200 6706 "-" "Mozilla/5.0 (Windows NT 10.0; Win64; x64) AppleWebKit/537.36 (KHTML, like Gecko) Chrome/145.0.0.0 Safari/537.36"
127.0.0.1 - - [27/Aug/2026:01:17:40 +0330] "GET /api/v1/sliders HTTP/1.1" 200 36005 "-" "node"
23.80.141.187 - - [27/Aug/2026:01:17:40 +0330] "GET /about-us HTTP/2.0" 200 119408 "-" "Mozilla/5.0 (Windows NT 10.0; Win64; x64) AppleWebKit/537.36 (KHTML, like Gecko) Chrome/145.0.0.0 Safari/537.36"
23.80.141.187 - - [27/Aug/2026:01:17:41 +0330] "GET /_next/static/chunks/3013-a9939c72e4a38977.js HTTP/2.0" 200 6860 "-" "Mozilla/5.0 (Windows NT 10.0; Win64; x64) AppleWebKit/537.36 (KHTML, like Gecko) Chrome/145.0.0.0 Safari/537.36"
127.0.0.1 - - [27/Aug/2026:01:17:41 +0330] "GET /api/v1/sliders HTTP/1.1" 200 36036 "-" "node"
23.80.141.187 - - [27/Aug/2026:01:17:41 +0330] "GET /faq HTTP/2.0" 200 122182 "-" "Mozilla/5.0 (Windows NT 10.0; Win64; x64) AppleWebKit/537.36 (KHTML, like Gecko) Chrome/145.0.0.0 Safari/537.36"
23.80.141.187 - - [27/Aug/2026:01:17:41 +0330] "GET /_next/static/chunks/3462-b3fd13ed1d4f90e2.js HTTP/2.0" 200 1833 "-" "Mozilla/5.0 (Windows NT 10.0; Win64; x64) AppleWebKit/537.36 (KHTML, like Gecko) Chrome/145.0.0.0 Safari/537.36"
23.80.141.187 - - [27/Aug/2026:01:17:41 +0330] "GET /_next/static/chunks/5878-8c4517462d65e9a5.js HTTP/2.0" 200 5170 "-" "Mozilla/5.0 (Windows NT 10.0; Win64; x64) AppleWebKit/537.36 (KHTML, like Gecko) Chrome/145.0.0.0 Safari/537.36"
23.80.141.187 - - [27/Aug/2026:01:17:41 +0330] "GET /_next/static/chunks/6818-72710ec856a66515.js HTTP/2.0" 200 2700 "-" "Mozilla/5.0 (Windows NT 10.0; Win64; x64) AppleWebKit/537.36 (KHTML, like Gecko) Chrome/145.0.0.0 Safari/537.36"
23.80.141.187 - - [27/Aug/2026:01:17:41 +0330] "GET /_next/static/chunks/5763-e3689baff1695fd1.js HTTP/2.0" 200 4387 "-" "Mozilla/5.0 (Windows NT 10.0; Win64; x64) AppleWebKit/537.36 (KHTML, like Gecko) Chrome/145.0.0.0 Safari/537.36"
23.80.141.187 - - [27/Aug/2026:01:17:41 +0330] "GET /_next/static/chunks/9064-bc53da8ff6805f5a.js HTTP/2.0" 200 4703 "-" "Mozilla/5.0 (Windows NT 10.0; Win64; x64) AppleWebKit/537.36 (KHTML, like Gecko) Chrome/145.0.0.0 Safari/537.36"
23.80.141.187 - - [27/Aug/2026:01:17:42 +0330] "GET /_next/static/chunks/1493-5bf6477734a442f1.js HTTP/2.0" 200 3468 "-" "Mozilla/5.0 (Windows NT 10.0; Win64; x64) AppleWebKit/537.36 (KHTML, like Gecko) Chrome/145.0.0.0 Safari/537.36"
127.0.0.1 - - [27/Aug/2026:01:17:42 +0330] "GET /api/v3/product-show/amz-B0CWNZNTB1?amazon_region=undefined HTTP/1.1" 301 169 "-" "node"
127.0.0.1 - - [27/Aug/2026:01:17:42 +0330] "GET /api/v3/product-show/amz-B0CWNZNTB1?amazon_region= HTTP/1.1" 301 169 "-" "node"
127.0.0.1 - - [27/Aug/2026:01:17:42 +0330] "GET /api/v2/article-show/buy-from-China-delivery-Iran HTTP/1.1" 200 99029 "-" "node"
127.0.0.1 - - [27/Aug/2026:01:17:43 +0330] "GET /api/v3/product-show/amz-B0CWNZNTB1?amazon_region=undefined HTTP/1.1" 200 18468 "-" "node"
127.0.0.1 - - [27/Aug/2026:01:17:43 +0330] "GET /api/v1/categories-amazon HTTP/1.1" 200 34199 "-" "node"
23.80.141.187 - - [27/Aug/2026:01:17:43 +0330] "GET /industrial-parts/help HTTP/2.0" 200 74280 "-" "Mozilla/5.0 (Windows NT 10.0; Win64; x64) AppleWebKit/537.36 (KHTML, like Gecko) Chrome/145.0.0.0 Safari/537.36"
127.0.0.1 - - [27/Aug/2026:01:17:43 +0330] "GET /api/v1/categories-amazon HTTP/1.1" 200 34199 "-" "node"
127.0.0.1 - - [27/Aug/2026:01:17:43 +0330] "GET /api/v1/categories-amazon HTTP/1.1" 200 34230 "-" "node"
23.80.141.187 - - [27/Aug/2026:01:17:43 +0330] "GET /articles/buy-from-China-delivery-Iran HTTP/2.0" 200 103373 "-" "Mozilla/5.0 (Windows NT 10.0; Win64; x64) AppleWebKit/537.36 (KHTML, like Gecko) Chrome/145.0.0.0 Safari/537.36"
127.0.0.1 - - [27/Aug/2026:01:17:43 +0330] "GET /api/v3/product-show/amz-B0CWNZNTB1?amazon_region= HTTP/1.1" 200 18483 "-" "node"
23.80.141.187 - - [27/Aug/2026:01:17:43 +0330] "GET /product/amz-B0CWNZNTB1/gxamoy-mens-athletic-2-pieces-tracksuit-casual-full-zip-jogging-sweat-suit-workout-sports-set-sportswear HTTP/2.0" 200 107487 "-" "Mozilla/5.0 (Windows NT 10.0; Win64; x64) AppleWebKit/537.36 (KHTML, like Gecko) Chrome/145.0.0.0 Safari/537.36"
192.178.7.96 - - [27/Aug/2026:01:17:48 +0330] "GET /_next/image?url=https%3A%2F%2Fpanel.charsooq.com%2Fstorage%2F01HT3368BE4MJA26KJEKC6KKNP.webp&w=3840&q=75 HTTP/1.1" 200 52189 "-" "Googlebot-Image/1.0"
127.0.0.1 - - [27/Aug/2026:01:17:48 +0330] "GET /storage/01HT3368BE4MJA26KJEKC6KKNP.webp HTTP/1.1" 200 71614 "-" "node"
127.0.0.1 - - [27/Aug/2026:01:17:56 +0330] "GET /api/v1/categories-amazon HTTP/1.1" 200 34199 "-" "node"
45.148.10.60 - - [27/Aug/2026:01:17:56 +0330] "POST /wp/index.php?rest_route=/batch/v1 HTTP/1.1" 404 84268 "-" "Mozilla/5.0 (Windows NT 10.0; Win64; x64) AppleWebKit/537.36 (KHTML, like Gecko) Chrome/120.0.0.0 Safari/537.36"
66.249.77.99 - - [27/Aug/2026:01:18:00 +0330] "GET /?u=75771204067700 HTTP/1.1" 200 32870 "-" "Mozilla/5.0 (Linux; Android 6.0.1; Nexus 5X Build/MMB29P) AppleWebKit/537.36 (KHTML, like Gecko) Chrome/151.0.7922.173 Mobile Safari/537.36 (compatible; Googlebot/2.1; +http://www.google.com/bot.html)"
127.0.0.1 - - [27/Aug/2026:01:18:02 +0330] "GET /api/v1/categories-amazon HTTP/1.1" 200 34230 "-" "node"
45.148.10.60 - - [27/Aug/2026:01:18:02 +0330] "POST /wp/index.php?rest_route=%2Fbatch%2Fv1 HTTP/1.1" 404 84272 "-" "Mozilla/5.0 (Windows NT 10.0; Win64; x64) AppleWebKit/537.36 (KHTML, like Gecko) Chrome/120.0.0.0 Safari/537.36"
45.148.10.60 - - [27/Aug/2026:01:18:03 +0330] "POST /wp/?rest_route=%2Fbatch%2Fv1 HTTP/1.1" 308 39 "-" "Mozilla/5.0 (Windows NT 10.0; Win64; x64) AppleWebKit/537.36 (KHTML, like Gecko) Chrome/120.0.0.0 Safari/537.36"
127.0.0.1 - - [27/Aug/2026:01:18:03 +0330] "GET /api/v1/article-old-show/wp HTTP/1.1" 404 170 "-" "node"
127.0.0.1 - - [27/Aug/2026:01:18:03 +0330] "GET /api/v1/categories-amazon HTTP/1.1" 200 34199 "-" "node"
45.148.10.60 - - [27/Aug/2026:01:18:04 +0330] "POST /wp?rest_route=%2Fbatch%2Fv1 HTTP/1.1" 200 110028 "https://charsooq.com/wp/?rest_route=%2Fbatch%2Fv1" "Mozilla/5.0 (Windows NT 10.0; Win64; x64) AppleWebKit/537.36 (KHTML, like Gecko) Chrome/120.0.0.0 Safari/537.36"
45.148.10.60 - - [27/Aug/2026:01:18:05 +0330] "POST /wp/?rest_route=/batch%2Fv1 HTTP/1.1" 308 39 "-" "Mozilla/5.0 (Windows NT 10.0; Win64; x64) AppleWebKit/537.36 (KHTML, like Gecko) Chrome/120.0.0.0 Safari/537.36"
127.0.0.1 - - [27/Aug/2026:01:18:06 +0330] "GET /api/v1/article-old-show/wp HTTP/1.1" 404 170 "-" "node"
127.0.0.1 - - [27/Aug/2026:01:18:06 +0330] "GET /api/v1/categories-amazon HTTP/1.1" 200 34199 "-" "node"
45.148.10.60 - - [27/Aug/2026:01:18:06 +0330] "POST /wp?rest_route=%2Fbatch%2Fv1 HTTP/1.1" 200 110094 "https://charsooq.com/wp/?rest_route=/batch%2Fv1" "Mozilla/5.0 (Windows NT 10.0; Win64; x64) AppleWebKit/537.36 (KHTML, like Gecko) Chrome/120.0.0.0 Safari/537.36"
45.148.10.60 - - [27/Aug/2026:01:18:07 +0330] "POST /wp/?rest_route=/batch/v1 HTTP/1.1" 308 39 "-" "Mozilla/5.0 (Windows NT 10.0; Win64; x64) AppleWebKit/537.36 (KHTML, like Gecko) Chrome/120.0.0.0 Safari/537.36"
127.0.0.1 - - [27/Aug/2026:01:18:07 +0330] "GET /api/v1/article-old-show/wp HTTP/1.1" 404 170 "-" "node"
127.0.0.1 - - [27/Aug/2026:01:18:08 +0330] "GET /api/v1/categories-amazon HTTP/1.1" 200 34199 "-" "node"
45.148.10.60 - - [27/Aug/2026:01:18:08 +0330] "POST /wp?rest_route=%2Fbatch%2Fv1 HTTP/1.1" 200 110094 "https://charsooq.com/wp/?rest_route=/batch/v1" "Mozilla/5.0 (Windows NT 10.0; Win64; x64) AppleWebKit/537.36 (KHTML, like Gecko) Chrome/120.0.0.0 Safari/537.36"
127.0.0.1 - - [27/Aug/2026:01:18:16 +0330] "GET /api/v1/categories-amazon HTTP/1.1" 200 34199 "-" "node"
45.148.10.60 - - [27/Aug/2026:01:18:16 +0330] "POST /wp/wp-json/batch/v1 HTTP/1.1" 404 84239 "-" "Mozilla/5.0 (Windows NT 10.0; Win64; x64) AppleWebKit/537.36 (KHTML, like Gecko) Chrome/120.0.0.0 Safari/537.36"
127.0.0.1 - - [27/Aug/2026:01:18:17 +0330] "GET /api/v1/categories-amazon HTTP/1.1" 200 34199 "-" "node"
45.148.10.60 - - [27/Aug/2026:01:18:17 +0330] "POST /wp/wp-json/Batch/v1 HTTP/1.1" 404 84240 "-" "Mozilla/5.0 (Windows NT 10.0; Win64; x64) AppleWebKit/537.36 (KHTML, like Gecko) Chrome/120.0.0.0 Safari/537.36"
45.148.10.60 - - [27/Aug/2026:01:18:18 +0330] "POST /wp//wp-json/batch/v1 HTTP/1.1" 308 31 "-" "Mozilla/5.0 (Windows NT 10.0; Win64; x64) AppleWebKit/537.36 (KHTML, like Gecko) Chrome/120.0.0.0 Safari/537.36"
127.0.0.1 - - [27/Aug/2026:01:18:19 +0330] "GET /api/v1/categories-amazon HTTP/1.1" 200 34230 "-" "node"
45.148.10.60 - - [27/Aug/2026:01:18:19 +0330] "POST /wp/wp-json/batch/v1 HTTP/1.1" 404 84239 "https://charsooq.com/wp//wp-json/batch/v1" "Mozilla/5.0 (Windows NT 10.0; Win64; x64) AppleWebKit/537.36 (KHTML, like Gecko) Chrome/120.0.0.0 Safari/537.36"
45.148.10.60 - - [27/Aug/2026:01:18:22 +0330] "POST /wp/wp-json/batch/v1/ HTTP/1.1" 308 31 "-" "Mozilla/5.0 (Windows NT 10.0; Win64; x64) AppleWebKit/537.36 (KHTML, like Gecko) Chrome/120.0.0.0 Safari/537.36"
127.0.0.1 - - [27/Aug/2026:01:18:23 +0330] "GET /api/v1/categories-amazon HTTP/1.1" 200 34199 "-" "node"
45.148.10.60 - - [27/Aug/2026:01:18:23 +0330] "POST /wp/wp-json/batch/v1 HTTP/1.1" 404 84239 "https://charsooq.com/wp/wp-json/batch/v1/" "Mozilla/5.0 (Windows NT 10.0; Win64; x64) AppleWebKit/537.36 (KHTML, like Gecko) Chrome/120.0.0.0 Safari/537.36"
66.249.77.99 - - [27/Aug/2026:01:18:25 +0330] "GET /?u=42682267753906 HTTP/1.1" 200 32442 "-" "Mozilla/5.0 (Linux; Android 6.0.1; Nexus 5X Build/MMB29P) AppleWebKit/537.36 (KHTML, like Gecko) Chrome/151.0.7922.173 Mobile Safari/537.36 (compatible; Googlebot/2.1; +http://www.google.com/bot.html)"
127.0.0.1 - - [27/Aug/2026:01:18:26 +0330] "GET /api/v1/categories-amazon HTTP/1.1" 200 34230 "-" "node"
45.233.219.217 - - [27/Aug/2026:01:18:26 +0330] "GET / HTTP/1.1" 200 106588 "https://easydirectory.in/domain-list-101" "Mozilla/5.0 (Macintosh; Intel Mac OS X 10.15; rv:125.0) Gecko/20100101 Firefox/125.0"
66.249.77.100 - - [27/Aug/2026:01:18:27 +0330] "GET /?u=99895242149100 HTTP/1.1" 200 34832 "-" "Mozilla/5.0 (compatible; Googlebot/2.1; +http://www.google.com/bot.html)"
127.0.0.1 - - [27/Aug/2026:01:18:27 +0330] "GET /api/v1/categories-amazon HTTP/1.1" 200 34199 "-" "node"
45.148.10.60 - - [27/Aug/2026:01:18:28 +0330] "POST /wp/blog/wp-json/batch/v1 HTTP/1.1" 404 84243 "-" "Mozilla/5.0 (Windows NT 10.0; Win64; x64) AppleWebKit/537.36 (KHTML, like Gecko) Chrome/120.0.0.0 Safari/537.36"
127.0.0.1 - - [27/Aug/2026:01:18:29 +0330] "GET /api/v1/categories-amazon HTTP/1.1" 200 34199 "-" "node"
45.148.10.60 - - [27/Aug/2026:01:18:29 +0330] "POST /wp/wordpress/wp-json/batch/v1 HTTP/1.1" 404 84223 "-" "Mozilla/5.0 (Windows NT 10.0; Win64; x64) AppleWebKit/537.36 (KHTML, like Gecko) Chrome/120.0.0.0 Safari/537.36"
127.0.0.1 - - [27/Aug/2026:01:18:30 +0330] "GET /api/v1/categories-amazon HTTP/1.1" 200 34199 "-" "node"
45.148.10.60 - - [27/Aug/2026:01:18:30 +0330] "POST /wp/index.php?rest_route=/batch/v1 HTTP/1.1" 404 84268 "https://charsooq.com/wp/wp-admin/" "Mozilla/5.0 (Windows NT 10.0; Win64; x64) AppleWebKit/537.36 (KHTML, like Gecko) Chrome/120.0.0.0 Safari/537.36"
127.0.0.1 - - [27/Aug/2026:01:18:33 +0330] "GET /api/v1/categories-amazon HTTP/1.1" 200 34230 "-" "node"
45.148.10.60 - - [27/Aug/2026:01:18:33 +0330] "POST /wp/index.php?rest_route=%2Fbatch%2Fv1 HTTP/1.1" 404 84272 "https://charsooq.com/wp/wp-admin/" "Mozilla/5.0 (Windows NT 10.0; Win64; x64) AppleWebKit/537.36 (KHTML, like Gecko) Chrome/120.0.0.0 Safari/537.36"
127.0.0.1 - - [27/Aug/2026:01:18:34 +0330] "GET /api/v1/categories-amazon HTTP/1.1" 200 34230 "-" "node"
172.16.20.25 - - [27/Aug/2026:01:18:34 +0330] "GET / HTTP/1.1" 200 338470 "-" "Mozilla/5.0 (compatible; PRTG Network Monitor (www.paessler.com); Windows)"
45.148.10.60 - - [27/Aug/2026:01:18:35 +0330] "POST /wp/?rest_route=%2Fbatch%2Fv1 HTTP/1.1" 308 39 "https://charsooq.com/wp/wp-admin/" "Mozilla/5.0 (Windows NT 10.0; Win64; x64) AppleWebKit/537.36 (KHTML, like Gecko) Chrome/120.0.0.0 Safari/537.36"
127.0.0.1 - - [27/Aug/2026:01:18:35 +0330] "GET /api/v1/article-old-show/wp HTTP/1.1" 404 170 "-" "node"
127.0.0.1 - - [27/Aug/2026:01:18:36 +0330] "GET /api/v1/categories-amazon HTTP/1.1" 200 34199 "-" "node"
45.148.10.60 - - [27/Aug/2026:01:18:36 +0330] "POST /wp?rest_route=%2Fbatch%2Fv1 HTTP/1.1" 200 110094 "https://charsooq.com/wp/wp-admin/" "Mozilla/5.0 (Windows NT 10.0; Win64; x64) AppleWebKit/537.36 (KHTML, like Gecko) Chrome/120.0.0.0 Safari/537.36"
45.148.10.60 - - [27/Aug/2026:01:18:38 +0330] "POST /wp/?rest_route=/batch%2Fv1 HTTP/1.1" 308 39 "https://charsooq.com/wp/wp-admin/" "Mozilla/5.0 (Windows NT 10.0; Win64; x64) AppleWebKit/537.36 (KHTML, like Gecko) Chrome/120.0.0.0 Safari/537.36"
127.0.0.1 - - [27/Aug/2026:01:18:38 +0330] "GET /api/v1/article-old-show/wp HTTP/1.1" 404 170 "-" "node"
127.0.0.1 - - [27/Aug/2026:01:18:39 +0330] "GET /api/v1/categories-amazon HTTP/1.1" 200 34199 "-" "node"
45.148.10.60 - - [27/Aug/2026:01:18:39 +0330] "POST /wp?rest_route=%2Fbatch%2Fv1 HTTP/1.1" 200 110094 "https://charsooq.com/wp/wp-admin/" "Mozilla/5.0 (Windows NT 10.0; Win64; x64) AppleWebKit/537.36 (KHTML, like Gecko) Chrome/120.0.0.0 Safari/537.36"
45.148.10.60 - - [27/Aug/2026:01:18:39 +0330] "POST /wp/?rest_route=/batch/v1 HTTP/1.1" 308 39 "https://charsooq.com/wp/wp-admin/" "Mozilla/5.0 (Windows NT 10.0; Win64; x64) AppleWebKit/537.36 (KHTML, like Gecko) Chrome/120.0.0.0 Safari/537.36"
127.0.0.1 - - [27/Aug/2026:01:18:39 +0330] "GET /api/v1/article-old-show/wp HTTP/1.1" 404 170 "-" "node"
127.0.0.1 - - [27/Aug/2026:01:18:40 +0330] "GET /api/v1/categories-amazon HTTP/1.1" 200 34199 "-" "node"
45.148.10.60 - - [27/Aug/2026:01:18:40 +0330] "POST /wp?rest_route=%2Fbatch%2Fv1 HTTP/1.1" 200 110081 "https://charsooq.com/wp/wp-admin/" "Mozilla/5.0 (Windows NT 10.0; Win64; x64) AppleWebKit/537.36 (KHTML, like Gecko) Chrome/120.0.0.0 Safari/537.36"
127.0.0.1 - - [27/Aug/2026:01:18:44 +0330] "GET /api/v1/categories-amazon HTTP/1.1" 200 34230 "-" "node"
45.148.10.60 - - [27/Aug/2026:01:18:44 +0330] "POST /wp/wp-json/batch/v1 HTTP/1.1" 404 84239 "https://charsooq.com/wp/wp-admin/" "Mozilla/5.0 (Windows NT 10.0; Win64; x64) AppleWebKit/537.36 (KHTML, like Gecko) Chrome/120.0.0.0 Safari/537.36"
127.0.0.1 - - [27/Aug/2026:01:18:49 +0330] "GET /api/v1/categories-amazon HTTP/1.1" 200 34230 "-" "node"
45.148.10.60 - - [27/Aug/2026:01:18:50 +0330] "POST /wp/wp-json/Batch/v1 HTTP/1.1" 404 84240 "https://charsooq.com/wp/wp-admin/" "Mozilla/5.0 (Windows NT 10.0; Win64; x64) AppleWebKit/537.36 (KHTML, like Gecko) Chrome/120.0.0.0 Safari/537.36"
45.148.10.60 - - [27/Aug/2026:01:18:50 +0330] "POST /wp//wp-json/batch/v1 HTTP/1.1" 308 31 "https://charsooq.com/wp/wp-admin/" "Mozilla/5.0 (Windows NT 10.0; Win64; x64) AppleWebKit/537.36 (KHTML, like Gecko) Chrome/120.0.0.0 Safari/537.36"
127.0.0.1 - - [27/Aug/2026:01:18:51 +0330] "GET /api/v1/categories-amazon HTTP/1.1" 200 34199 "-" "node"
45.148.10.60 - - [27/Aug/2026:01:18:51 +0330] "POST /wp/wp-json/batch/v1 HTTP/1.1" 404 84239 "https://charsooq.com/wp/wp-admin/" "Mozilla/5.0 (Windows NT 10.0; Win64; x64) AppleWebKit/537.36 (KHTML, like Gecko) Chrome/120.0.0.0 Safari/537.36"
45.148.10.60 - - [27/Aug/2026:01:18:52 +0330] "POST /wp/wp-json/batch/v1/ HTTP/1.1" 308 31 "https://charsooq.com/wp/wp-admin/" "Mozilla/5.0 (Windows NT 10.0; Win64; x64) AppleWebKit/537.36 (KHTML, like Gecko) Chrome/120.0.0.0 Safari/537.36"
127.0.0.1 - - [27/Aug/2026:01:18:53 +0330] "GET /api/v1/categories-amazon HTTP/1.1" 200 34199 "-" "node"
45.148.10.60 - - [27/Aug/2026:01:18:53 +0330] "POST /wp/wp-json/batch/v1 HTTP/1.1" 404 84239 "https://charsooq.com/wp/wp-admin/" "Mozilla/5.0 (Windows NT 10.0; Win64; x64) AppleWebKit/537.36 (KHTML, like Gecko) Chrome/120.0.0.0 Safari/537.36"
127.0.0.1 - - [27/Aug/2026:01:18:54 +0330] "GET /api/v1/categories-amazon HTTP/1.1" 200 34230 "-" "node"
45.148.10.60 - - [27/Aug/2026:01:18:54 +0330] "POST /wp/blog/wp-json/batch/v1 HTTP/1.1" 404 84243 "https://charsooq.com/wp/wp-admin/" "Mozilla/5.0 (Windows NT 10.0; Win64; x64) AppleWebKit/537.36 (KHTML, like Gecko) Chrome/120.0.0.0 Safari/537.36"
127.0.0.1 - - [27/Aug/2026:01:18:57 +0330] "GET /api/v1/categories-amazon HTTP/1.1" 200 34199 "-" "node"
45.148.10.60 - - [27/Aug/2026:01:18:57 +0330] "POST /wp/wordpress/wp-json/batch/v1 HTTP/1.1" 404 84246 "https://charsooq.com/wp/wp-admin/" "Mozilla/5.0 (Windows NT 10.0; Win64; x64) AppleWebKit/537.36 (KHTML, like Gecko) Chrome/120.0.0.0 Safari/537.36"
127.0.0.1 - - [27/Aug/2026:01:18:59 +0330] "GET /api/v1/categories-amazon HTTP/1.1" 200 34199 "-" "node"
45.148.10.60 - - [27/Aug/2026:01:18:59 +0330] "POST /wp/index.php?rest_route=/batch/v1 HTTP/1.1" 404 84268 "https://charsooq.com/wp/wp-admin/" "Mozilla/5.0 (Windows NT 10.0; Win64; x64) AppleWebKit/537.36 (KHTML, like Gecko) Chrome/120.0.0.0 Safari/537.36"
127.0.0.1 - - [27/Aug/2026:01:19:01 +0330] "GET /api/v1/categories-amazon HTTP/1.1" 200 34230 "-" "node"
45.148.10.60 - - [27/Aug/2026:01:19:01 +0330] "POST /wp/index.php?rest_route=%2Fbatch%2Fv1 HTTP/1.1" 404 84272 "https://charsooq.com/wp/wp-admin/" "Mozilla/5.0 (Windows NT 10.0; Win64; x64) AppleWebKit/537.36 (KHTML, like Gecko) Chrome/120.0.0.0 Safari/537.36"
45.148.10.60 - - [27/Aug/2026:01:19:01 +0330] "POST /wp/?rest_route=%2Fbatch%2Fv1 HTTP/1.1" 308 39 "https://charsooq.com/wp/wp-admin/" "Mozilla/5.0 (Windows NT 10.0; Win64; x64) AppleWebKit/537.36 (KHTML, like Gecko) Chrome/120.0.0.0 Safari/537.36"
127.0.0.1 - - [27/Aug/2026:01:19:01 +0330] "GET /api/v1/article-old-show/wp HTTP/1.1" 404 170 "-" "node"
127.0.0.1 - - [27/Aug/2026:01:19:02 +0330] "GET /api/v1/categories-amazon HTTP/1.1" 200 34230 "-" "node"
45.148.10.60 - - [27/Aug/2026:01:19:02 +0330] "POST /wp?rest_route=%2Fbatch%2Fv1 HTTP/1.1" 200 110094 "https://charsooq.com/wp/wp-admin/" "Mozilla/5.0 (Windows NT 10.0; Win64; x64) AppleWebKit/537.36 (KHTML, like Gecko) Chrome/120.0.0.0 Safari/537.36"
45.148.10.60 - - [27/Aug/2026:01:19:02 +0330] "POST /wp/?rest_route=/batch%2Fv1 HTTP/1.1" 308 39 "https://charsooq.com/wp/wp-admin/" "Mozilla/5.0 (Windows NT 10.0; Win64; x64) AppleWebKit/537.36 (KHTML, like Gecko) Chrome/120.0.0.0 Safari/537.36"
127.0.0.1 - - [27/Aug/2026:01:19:05 +0330] "GET /api/v1/article-old-show/wp HTTP/1.1" 404 170 "-" "node"
127.0.0.1 - - [27/Aug/2026:01:19:06 +0330] "GET /api/v1/categories-amazon HTTP/1.1" 200 34199 "-" "node"
45.148.10.60 - - [27/Aug/2026:01:19:06 +0330] "POST /wp?rest_route=%2Fbatch%2Fv1 HTTP/1.1" 200 110087 "https://charsooq.com/wp/wp-admin/" "Mozilla/5.0 (Windows NT 10.0; Win64; x64) AppleWebKit/537.36 (KHTML, like Gecko) Chrome/120.0.0.0 Safari/537.36"
45.148.10.60 - - [27/Aug/2026:01:19:06 +0330] "POST /wp/?rest_route=/batch/v1 HTTP/1.1" 308 39 "https://charsooq.com/wp/wp-admin/" "Mozilla/5.0 (Windows NT 10.0; Win64; x64) AppleWebKit/537.36 (KHTML, like Gecko) Chrome/120.0.0.0 Safari/537.36"
127.0.0.1 - - [27/Aug/2026:01:19:06 +0330] "GET /api/v1/article-old-show/wp HTTP/1.1" 404 170 "-" "node"
127.0.0.1 - - [27/Aug/2026:01:19:07 +0330] "GET /api/v1/categories-amazon HTTP/1.1" 200 34199 "-" "node"
45.148.10.60 - - [27/Aug/2026:01:19:07 +0330] "POST /wp?rest_route=%2Fbatch%2Fv1 HTTP/1.1" 200 110094 "https://charsooq.com/wp/wp-admin/" "Mozilla/5.0 (Windows NT 10.0; Win64; x64) AppleWebKit/537.36 (KHTML, like Gecko) Chrome/120.0.0.0 Safari/537.36"
127.0.0.1 - - [27/Aug/2026:01:19:08 +0330] "GET /api/v1/categories-amazon HTTP/1.1" 200 34230 "-" "node"
45.148.10.60 - - [27/Aug/2026:01:19:08 +0330] "POST /wp/wp-json/batch/v1 HTTP/1.1" 404 84239 "https://charsooq.com/wp/wp-admin/" "Mozilla/5.0 (Windows NT 10.0; Win64; x64) AppleWebKit/537.36 (KHTML, like Gecko) Chrome/120.0.0.0 Safari/537.36"
127.0.0.1 - - [27/Aug/2026:01:19:10 +0330] "GET /api/v1/categories-amazon HTTP/1.1" 200 34230 "-" "node"
45.148.10.60 - - [27/Aug/2026:01:19:10 +0330] "POST /wp/wp-json/Batch/v1 HTTP/1.1" 404 84235 "https://charsooq.com/wp/wp-admin/" "Mozilla/5.0 (Windows NT 10.0; Win64; x64) AppleWebKit/537.36 (KHTML, like Gecko) Chrome/120.0.0.0 Safari/537.36"
45.148.10.60 - - [27/Aug/2026:01:19:11 +0330] "POST /wp//wp-json/batch/v1 HTTP/1.1" 308 31 "https://charsooq.com/wp/wp-admin/" "Mozilla/5.0 (Windows NT 10.0; Win64; x64) AppleWebKit/537.36 (KHTML, like Gecko) Chrome/120.0.0.0 Safari/537.36"
127.0.0.1 - - [27/Aug/2026:01:19:12 +0330] "GET /api/v1/categories-amazon HTTP/1.1" 200 34199 "-" "node"
45.148.10.60 - - [27/Aug/2026:01:19:12 +0330] "POST /wp/wp-json/batch/v1 HTTP/1.1" 404 84233 "https://charsooq.com/wp/wp-admin/" "Mozilla/5.0 (Windows NT 10.0; Win64; x64) AppleWebKit/537.36 (KHTML, like Gecko) Chrome/120.0.0.0 Safari/537.36"
45.148.10.60 - - [27/Aug/2026:01:19:15 +0330] "POST /wp/wp-json/batch/v1/ HTTP/1.1" 308 31 "https://charsooq.com/wp/wp-admin/" "Mozilla/5.0 (Windows NT 10.0; Win64; x64) AppleWebKit/537.36 (KHTML, like Gecko) Chrome/120.0.0.0 Safari/537.36"
66.249.77.101 - - [27/Aug/2026:01:19:27 +0330] "GET /?u=08357158127102 HTTP/1.1" 200 32989 "-" "Mozilla/5.0 (Linux; Android 6.0.1; Nexus 5X Build/MMB29P) AppleWebKit/537.36 (KHTML, like Gecko) Chrome/151.0.7922.173 Mobile Safari/537.36 (compatible; Googlebot/2.1; +http://www.google.com/bot.html)"
127.0.0.1 - - [27/Aug/2026:01:19:28 +0330] "GET /api/v1/categories-amazon HTTP/1.1" 200 34230 "-" "node"
45.148.10.60 - - [27/Aug/2026:01:19:28 +0330] "POST /wp/wp-json/batch/v1 HTTP/1.1" 404 84239 "https://charsooq.com/wp/wp-admin/" "Mozilla/5.0 (Windows NT 10.0; Win64; x64) AppleWebKit/537.36 (KHTML, like Gecko) Chrome/120.0.0.0 Safari/537.36"
192.177.29.237 - - [27/Aug/2026:01:19:29 +0330] "GET /storage/01K1XJ6T0PV74DY3925189FJ4X.png HTTP/1.1" 200 341909 "-" "Mozilla/5.0 (compatible; crawler)"
127.0.0.1 - - [27/Aug/2026:01:19:33 +0330] "GET /api/v1/categories-amazon HTTP/1.1" 200 34230 "-" "node"
45.148.10.60 - - [27/Aug/2026:01:19:33 +0330] "POST /wp/blog/wp-json/batch/v1 HTTP/1.1" 404 84236 "https://charsooq.com/wp/wp-admin/" "Mozilla/5.0 (Windows NT 10.0; Win64; x64) AppleWebKit/537.36 (KHTML, like Gecko) Chrome/120.0.0.0 Safari/537.36"
127.0.0.1 - - [27/Aug/2026:01:19:34 +0330] "GET /api/v2/sliders HTTP/1.1" 200 7479 "-" "node"
127.0.0.1 - - [27/Aug/2026:01:19:34 +0330] "GET /api/v1/categories-amazon HTTP/1.1" 200 34230 "-" "node"
127.0.0.1 - - [27/Aug/2026:01:19:35 +0330] "GET /api/v2/page-data HTTP/1.1" 200 36854 "-" "node"
172.16.20.25 - - [27/Aug/2026:01:19:35 +0330] "GET / HTTP/1.1" 200 338509 "-" "Mozilla/5.0 (compatible; PRTG Network Monitor (www.paessler.com); Windows)"
127.0.0.1 - - [27/Aug/2026:01:19:38 +0330] "GET /api/v1/categories-amazon HTTP/1.1" 200 34230 "-" "node"
45.148.10.60 - - [27/Aug/2026:01:19:38 +0330] "POST /wp/wordpress/wp-json/batch/v1 HTTP/1.1" 404 84240 "https://charsooq.com/wp/wp-admin/" "Mozilla/5.0 (Windows NT 10.0; Win64; x64) AppleWebKit/537.36 (KHTML, like Gecko) Chrome/120.0.0.0 Safari/537.36"
127.0.0.1 - - [27/Aug/2026:01:19:40 +0330] "GET /api/v1/categories-amazon HTTP/1.1" 200 34230 "-" "node"
45.148.10.60 - - [27/Aug/2026:01:19:40 +0330] "POST /wp/index.php?rest_route=/batch/v1 HTTP/1.1" 404 84262 "https://charsooq.com/wp/wp-admin/" "Mozilla/5.0 (Windows NT 10.0; Win64; x64) AppleWebKit/537.36 (KHTML, like Gecko) Chrome/120.0.0.0 Safari/537.36"
127.0.0.1 - - [27/Aug/2026:01:19:44 +0330] "GET /api/v1/categories-amazon HTTP/1.1" 200 34230 "-" "node"
45.148.10.60 - - [27/Aug/2026:01:19:44 +0330] "POST /wp/index.php?rest_route=%2Fbatch%2Fv1 HTTP/1.1" 404 84272 "https://charsooq.com/wp/wp-admin/" "Mozilla/5.0 (Windows NT 10.0; Win64; x64) AppleWebKit/537.36 (KHTML, like Gecko) Chrome/120.0.0.0 Safari/537.36"
45.148.10.60 - - [27/Aug/2026:01:19:45 +0330] "POST /wp/?rest_route=%2Fbatch%2Fv1 HTTP/1.1" 308 39 "https://charsooq.com/wp/wp-admin/" "Mozilla/5.0 (Windows NT 10.0; Win64; x64) AppleWebKit/537.36 (KHTML, like Gecko) Chrome/120.0.0.0 Safari/537.36"
127.0.0.1 - - [27/Aug/2026:01:19:45 +0330] "GET /api/v1/article-old-show/wp HTTP/1.1" 404 170 "-" "node"
127.0.0.1 - - [27/Aug/2026:01:19:46 +0330] "GET /api/v1/categories-amazon HTTP/1.1" 200 34199 "-" "node"
45.148.10.60 - - [27/Aug/2026:01:19:46 +0330] "POST /wp?rest_route=%2Fbatch%2Fv1 HTTP/1.1" 200 110094 "https://charsooq.com/wp/wp-admin/" "Mozilla/5.0 (Windows NT 10.0; Win64; x64) AppleWebKit/537.36 (KHTML, like Gecko) Chrome/120.0.0.0 Safari/537.36"
45.148.10.60 - - [27/Aug/2026:01:19:47 +0330] "POST /wp/?rest_route=/batch%2Fv1 HTTP/1.1" 308 39 "https://charsooq.com/wp/wp-admin/" "Mozilla/5.0 (Windows NT 10.0; Win64; x64) AppleWebKit/537.36 (KHTML, like Gecko) Chrome/120.0.0.0 Safari/537.36"
127.0.0.1 - - [27/Aug/2026:01:19:47 +0330] "GET /api/v1/article-old-show/wp HTTP/1.1" 404 170 "-" "node"
127.0.0.1 - - [27/Aug/2026:01:19:48 +0330] "GET /api/v1/categories-amazon HTTP/1.1" 200 34199 "-" "node"
45.148.10.60 - - [27/Aug/2026:01:19:48 +0330] "POST /wp?rest_route=%2Fbatch%2Fv1 HTTP/1.1" 200 110094 "https://charsooq.com/wp/wp-admin/" "Mozilla/5.0 (Windows NT 10.0; Win64; x64) AppleWebKit/537.36 (KHTML, like Gecko) Chrome/120.0.0.0 Safari/537.36"
45.148.10.60 - - [27/Aug/2026:01:19:54 +0330] "POST /wp/?rest_route=/batch/v1 HTTP/1.1" 308 39 "https://charsooq.com/wp/wp-admin/" "Mozilla/5.0 (Windows NT 10.0; Win64; x64) AppleWebKit/537.36 (KHTML, like Gecko) Chrome/120.0.0.0 Safari/537.36"
127.0.0.1 - - [27/Aug/2026:01:19:54 +0330] "GET /api/v1/article-old-show/wp HTTP/1.1" 404 170 "-" "node"
127.0.0.1 - - [27/Aug/2026:01:19:55 +0330] "GET /api/v1/categories-amazon HTTP/1.1" 200 34199 "-" "node"
45.148.10.60 - - [27/Aug/2026:01:19:55 +0330] "POST /wp?rest_route=%2Fbatch%2Fv1 HTTP/1.1" 200 110094 "https://charsooq.com/wp/wp-admin/" "Mozilla/5.0 (Windows NT 10.0; Win64; x64) AppleWebKit/537.36 (KHTML, like Gecko) Chrome/120.0.0.0 Safari/537.36"
127.0.0.1 - - [27/Aug/2026:01:19:57 +0330] "GET /api/v1/categories-amazon HTTP/1.1" 200 34230 "-" "node"
45.148.10.60 - - [27/Aug/2026:01:19:57 +0330] "POST /wp/wp-json/batch/v1 HTTP/1.1" 404 84239 "https://charsooq.com/wp/wp-admin/" "Mozilla/5.0 (Windows NT 10.0; Win64; x64) AppleWebKit/537.36 (KHTML, like Gecko) Chrome/120.0.0.0 Safari/537.36"
127.0.0.1 - - [27/Aug/2026:01:20:00 +0330] "GET /api/v1/categories-amazon HTTP/1.1" 200 34230 "-" "node"
45.148.10.60 - - [27/Aug/2026:01:20:00 +0330] "POST /wp/wp-json/Batch/v1 HTTP/1.1" 404 84234 "https://charsooq.com/wp/wp-admin/" "Mozilla/5.0 (Windows NT 10.0; Win64; x64) AppleWebKit/537.36 (KHTML, like Gecko) Chrome/120.0.0.0 Safari/537.36"
45.148.10.60 - - [27/Aug/2026:01:20:03 +0330] "POST /wp//wp-json/batch/v1 HTTP/1.1" 308 31 "https://charsooq.com/wp/wp-admin/" "Mozilla/5.0 (Windows NT 10.0; Win64; x64) AppleWebKit/537.36 (KHTML, like Gecko) Chrome/120.0.0.0 Safari/537.36"
127.0.0.1 - - [27/Aug/2026:01:20:05 +0330] "GET /api/v1/categories-amazon HTTP/1.1" 200 34230 "-" "node"
45.148.10.60 - - [27/Aug/2026:01:20:05 +0330] "POST /wp/wp-json/batch/v1 HTTP/1.1" 404 84233 "https://charsooq.com/wp/wp-admin/" "Mozilla/5.0 (Windows NT 10.0; Win64; x64) AppleWebKit/537.36 (KHTML, like Gecko) Chrome/120.0.0.0 Safari/537.36"
45.148.10.60 - - [27/Aug/2026:01:20:05 +0330] "POST /wp/wp-json/batch/v1/ HTTP/1.1" 308 31 "https://charsooq.com/wp/wp-admin/" "Mozilla/5.0 (Windows NT 10.0; Win64; x64) AppleWebKit/537.36 (KHTML, like Gecko) Chrome/120.0.0.0 Safari/537.36"
127.0.0.1 - - [27/Aug/2026:01:20:06 +0330] "GET /api/v1/categories-amazon HTTP/1.1" 200 34230 "-" "node"
45.148.10.60 - - [27/Aug/2026:01:20:07 +0330] "POST /wp/wp-json/batch/v1 HTTP/1.1" 404 84239 "https://charsooq.com/wp/wp-admin/" "Mozilla/5.0 (Windows NT 10.0; Win64; x64) AppleWebKit/537.36 (KHTML, like Gecko) Chrome/120.0.0.0 Safari/537.36"
127.0.0.1 - - [27/Aug/2026:01:20:08 +0330] "GET /api/v1/categories-amazon HTTP/1.1" 200 34230 "-" "node"
45.148.10.60 - - [27/Aug/2026:01:20:08 +0330] "POST /wp/blog/wp-json/batch/v1 HTTP/1.1" 404 84237 "https://charsooq.com/wp/wp-admin/" "Mozilla/5.0 (Windows NT 10.0; Win64; x64) AppleWebKit/537.36 (KHTML, like Gecko) Chrome/120.0.0.0 Safari/537.36"
127.0.0.1 - - [27/Aug/2026:01:20:09 +0330] "GET /api/v1/categories-amazon HTTP/1.1" 200 34230 "-" "node"
45.148.10.60 - - [27/Aug/2026:01:20:09 +0330] "POST /wp/wordpress/wp-json/batch/v1 HTTP/1.1" 404 84246 "https://charsooq.com/wp/wp-admin/" "Mozilla/5.0 (Windows NT 10.0; Win64; x64) AppleWebKit/537.36 (KHTML, like Gecko) Chrome/120.0.0.0 Safari/537.36"
127.0.0.1 - - [27/Aug/2026:01:20:15 +0330] "GET /api/v1/categories-amazon HTTP/1.1" 200 34230 "-" "node"
45.148.10.60 - - [27/Aug/2026:01:20:15 +0330] "POST /wp/index.php?rest_route=/batch/v1 HTTP/1.1" 404 84262 "https://charsooq.com/wp/wp-admin/" "Mozilla/5.0 (Windows NT 10.0; Win64; x64) AppleWebKit/537.36 (KHTML, like Gecko) Chrome/120.0.0.0 Safari/537.36"
127.0.0.1 - - [27/Aug/2026:01:20:16 +0330] "GET /api/v1/categories-amazon HTTP/1.1" 200 34230 "-" "node"
45.148.10.60 - - [27/Aug/2026:01:20:16 +0330] "POST /wp/index.php?rest_route=%2Fbatch%2Fv1 HTTP/1.1" 404 84272 "https://charsooq.com/wp/wp-admin/" "Mozilla/5.0 (Windows NT 10.0; Win64; x64) AppleWebKit/537.36 (KHTML, like Gecko) Chrome/120.0.0.0 Safari/537.36"
45.148.10.60 - - [27/Aug/2026:01:20:16 +0330] "POST /wp/?rest_route=%2Fbatch%2Fv1 HTTP/1.1" 308 39 "https://charsooq.com/wp/wp-admin/" "Mozilla/5.0 (Windows NT 10.0; Win64; x64) AppleWebKit/537.36 (KHTML, like Gecko) Chrome/120.0.0.0 Safari/537.36"
127.0.0.1 - - [27/Aug/2026:01:20:17 +0330] "GET /api/v1/article-old-show/wp HTTP/1.1" 404 170 "-" "node"
127.0.0.1 - - [27/Aug/2026:01:20:18 +0330] "GET /api/v1/categories-amazon HTTP/1.1" 200 34230 "-" "node"
45.148.10.60 - - [27/Aug/2026:01:20:18 +0330] "POST /wp?rest_route=%2Fbatch%2Fv1 HTTP/1.1" 200 110088 "https://charsooq.com/wp/wp-admin/" "Mozilla/5.0 (Windows NT 10.0; Win64; x64) AppleWebKit/537.36 (KHTML, like Gecko) Chrome/120.0.0.0 Safari/537.36"
45.148.10.60 - - [27/Aug/2026:01:20:19 +0330] "POST /wp/?rest_route=/batch%2Fv1 HTTP/1.1" 308 39 "https://charsooq.com/wp/wp-admin/" "Mozilla/5.0 (Windows NT 10.0; Win64; x64) AppleWebKit/537.36 (KHTML, like Gecko) Chrome/120.0.0.0 Safari/537.36"
127.0.0.1 - - [27/Aug/2026:01:20:19 +0330] "GET /api/v1/article-old-show/wp HTTP/1.1" 404 170 "-" "node"
127.0.0.1 - - [27/Aug/2026:01:20:20 +0330] "GET /api/v1/categories-amazon HTTP/1.1" 200 34199 "-" "node"
45.148.10.60 - - [27/Aug/2026:01:20:21 +0330] "POST /wp?rest_route=%2Fbatch%2Fv1 HTTP/1.1" 200 110094 "https://charsooq.com/wp/wp-admin/" "Mozilla/5.0 (Windows NT 10.0; Win64; x64) AppleWebKit/537.36 (KHTML, like Gecko) Chrome/120.0.0.0 Safari/537.36"
45.148.10.60 - - [27/Aug/2026:01:20:23 +0330] "POST /wp/?rest_route=/batch/v1 HTTP/1.1" 308 39 "https://charsooq.com/wp/wp-admin/" "Mozilla/5.0 (Windows NT 10.0; Win64; x64) AppleWebKit/537.36 (KHTML, like Gecko) Chrome/120.0.0.0 Safari/537.36"
127.0.0.1 - - [27/Aug/2026:01:20:23 +0330] "GET /api/v1/article-old-show/wp HTTP/1.1" 404 170 "-" "node"
127.0.0.1 - - [27/Aug/2026:01:20:24 +0330] "GET /api/v1/categories-amazon HTTP/1.1" 200 34230 "-" "node"
45.148.10.60 - - [27/Aug/2026:01:20:25 +0330] "POST /wp?rest_route=%2Fbatch%2Fv1 HTTP/1.1" 200 110094 "https://charsooq.com/wp/wp-admin/" "Mozilla/5.0 (Windows NT 10.0; Win64; x64) AppleWebKit/537.36 (KHTML, like Gecko) Chrome/120.0.0.0 Safari/537.36"
127.0.0.1 - - [27/Aug/2026:01:20:26 +0330] "GET /api/v1/categories-amazon HTTP/1.1" 200 34230 "-" "node"
45.148.10.60 - - [27/Aug/2026:01:20:26 +0330] "POST /wp/wp-json/batch/v1 HTTP/1.1" 404 84239 "https://charsooq.com/wp/wp-admin/" "Mozilla/5.0 (Windows NT 10.0; Win64; x64) AppleWebKit/537.36 (KHTML, like Gecko) Chrome/120.0.0.0 Safari/537.36"
127.0.0.1 - - [27/Aug/2026:01:20:32 +0330] "GET /api/v1/categories-amazon HTTP/1.1" 200 34199 "-" "node"
37.239.81.142 - - [27/Aug/2026:01:20:33 +0330] "GET / HTTP/1.1" 200 106379 "https://easydirectory.in/domain-list-101" "Mozilla/5.0 (Macintosh; Intel Mac OS X 10_15_7) AppleWebKit/537.36 (KHTML, like Gecko) Chrome/129.0.6668.59 Safari/537.36"
127.0.0.1 - - [27/Aug/2026:01:20:34 +0330] "GET /api/v1/categories-amazon HTTP/1.1" 200 34199 "-" "node"
172.16.20.25 - - [27/Aug/2026:01:20:34 +0330] "GET / HTTP/1.1" 200 338470 "-" "Mozilla/5.0 (compatible; PRTG Network Monitor (www.paessler.com); Windows)"
127.0.0.1 - - [27/Aug/2026:01:20:35 +0330] "GET /api/v1/categories-amazon HTTP/1.1" 200 34230 "-" "node"
45.148.10.60 - - [27/Aug/2026:01:20:35 +0330] "POST /wp/wp-json/Batch/v1 HTTP/1.1" 404 84240 "https://charsooq.com/wp/wp-admin/" "Mozilla/5.0 (Windows NT 10.0; Win64; x64) AppleWebKit/537.36 (KHTML, like Gecko) Chrome/120.0.0.0 Safari/537.36"
45.148.10.60 - - [27/Aug/2026:01:20:35 +0330] "POST /wp//wp-json/batch/v1 HTTP/1.1" 308 31 "https://charsooq.com/wp/wp-admin/" "Mozilla/5.0 (Windows NT 10.0; Win64; x64) AppleWebKit/537.36 (KHTML, like Gecko) Chrome/120.0.0.0 Safari/537.36"
127.0.0.1 - - [27/Aug/2026:01:20:37 +0330] "GET /api/v1/categories-amazon HTTP/1.1" 200 34230 "-" "node"
45.148.10.60 - - [27/Aug/2026:01:20:37 +0330] "POST /wp/wp-json/batch/v1 HTTP/1.1" 404 84239 "https://charsooq.com/wp/wp-admin/" "Mozilla/5.0 (Windows NT 10.0; Win64; x64) AppleWebKit/537.36 (KHTML, like Gecko) Chrome/120.0.0.0 Safari/537.36"
127.0.0.1 - - [27/Aug/2026:01:20:37 +0330] "GET /api/v1/robot HTTP/1.1" 200 666 "-" "node"
216.73.217.50 - - [27/Aug/2026:01:20:37 +0330] "GET /robots.txt HTTP/2.0" 200 696 "-" "Mozilla/5.0 AppleWebKit/537.36 (KHTML, like Gecko; compatible; ClaudeBot/1.0; +claudebot@anthropic.com)"
45.148.10.60 - - [27/Aug/2026:01:20:37 +0330] "POST /wp/wp-json/batch/v1/ HTTP/1.1" 308 31 "https://charsooq.com/wp/wp-admin/" "Mozilla/5.0 (Windows NT 10.0; Win64; x64) AppleWebKit/537.36 (KHTML, like Gecko) Chrome/120.0.0.0 Safari/537.36"
127.0.0.1 - - [27/Aug/2026:01:20:38 +0330] "GET /api/v1/sitemap.xml HTTP/1.1" 200 1051066 "-" "node"
127.0.0.1 - - [27/Aug/2026:01:20:38 +0330] "GET /api/v1/categories-amazon HTTP/1.1" 200 34199 "-" "node"
45.148.10.60 - - [27/Aug/2026:01:20:38 +0330] "POST /wp/wp-json/batch/v1 HTTP/1.1" 404 84239 "https://charsooq.com/wp/wp-admin/" "Mozilla/5.0 (Windows NT 10.0; Win64; x64) AppleWebKit/537.36 (KHTML, like Gecko) Chrome/120.0.0.0 Safari/537.36"
216.73.217.50 - - [27/Aug/2026:01:20:39 +0330] "GET /sitemap.xml HTTP/2.0" 200 1151591 "-" "Mozilla/5.0 AppleWebKit/537.36 (KHTML, like Gecko; compatible; ClaudeBot/1.0; +claudebot@anthropic.com)"
127.0.0.1 - - [27/Aug/2026:01:20:40 +0330] "GET /api/v1/categories-amazon HTTP/1.1" 200 34230 "-" "node"
45.148.10.60 - - [27/Aug/2026:01:20:40 +0330] "POST /wp/blog/wp-json/batch/v1 HTTP/1.1" 404 84243 "https://charsooq.com/wp/wp-admin/" "Mozilla/5.0 (Windows NT 10.0; Win64; x64) AppleWebKit/537.36 (KHTML, like Gecko) Chrome/120.0.0.0 Safari/537.36"
127.0.0.1 - - [27/Aug/2026:01:20:44 +0330] "GET /api/v2/sliders HTTP/1.1" 200 7479 "-" "node"
127.0.0.1 - - [27/Aug/2026:01:20:45 +0330] "GET /api/v1/categories-amazon HTTP/1.1" 200 34230 "-" "node"
127.0.0.1 - - [27/Aug/2026:01:20:46 +0330] "GET /api/v2/page-data HTTP/1.1" 200 36854 "-" "node"
45.219.39.2 - - [27/Aug/2026:01:20:46 +0330] "GET / HTTP/1.1" 200 106582 "https://easydirectory.in/domain-list-101" "Mozilla/5.0 (Windows NT 10.0; Win64; x64) AppleWebKit/537.36 (KHTML, like Gecko) Chrome/121.0.0.0 Safari/537.36 Edg/121.0.0.0"
127.0.0.1 - - [27/Aug/2026:01:20:46 +0330] "GET /api/v1/categories-amazon HTTP/1.1" 200 34199 "-" "node"
45.148.10.60 - - [27/Aug/2026:01:20:47 +0330] "POST /wp/wordpress/wp-json/batch/v1 HTTP/1.1" 404 84239 "https://charsooq.com/wp/wp-admin/" "Mozilla/5.0 (Windows NT 10.0; Win64; x64) AppleWebKit/537.36 (KHTML, like Gecko) Chrome/120.0.0.0 Safari/537.36"
127.0.0.1 - - [27/Aug/2026:01:20:48 +0330] "GET /api/v1/categories-amazon HTTP/1.1" 200 34230 "-" "node"
45.148.10.60 - - [27/Aug/2026:01:20:48 +0330] "POST /wp/index.php?rest_route=/batch/v1 HTTP/1.1" 404 84268 "https://charsooq.com/wp/wp-admin/" "Mozilla/5.0 (Windows NT 10.0; Win64; x64) AppleWebKit/537.36 (KHTML, like Gecko) Chrome/120.0.0.0 Safari/537.36"
45.148.10.60 - - [27/Aug/2026:01:20:48 +0330] "POST /wp/index.php?rest_route=%2Fbatch%2Fv1 HTTP/1.1" 499 0 "https://charsooq.com/wp/wp-admin/" "Mozilla/5.0 (Windows NT 10.0; Win64; x64) AppleWebKit/537.36 (KHTML, like Gecko) Chrome/120.0.0.0 Safari/537.36"
127.0.0.1 - - [27/Aug/2026:01:20:49 +0330] "GET /api/v1/categories-amazon HTTP/1.1" 200 34230 "-" "node"
127.0.0.1 - - [27/Aug/2026:01:21:18 +0330] "GET /api/v3/product-show/amz-B07HCHHN34?amazon_region=undefined HTTP/1.1" 301 169 "-" "node"
127.0.0.1 - - [27/Aug/2026:01:21:18 +0330] "GET /api/v3/product-show/amz-B07HCHHN34?amazon_region= HTTP/1.1" 301 169 "-" "node"
127.0.0.1 - - [27/Aug/2026:01:21:18 +0330] "GET /api/v3/product-show/amz-B07HCHHN34?amazon_region=undefined HTTP/1.1" 200 12034 "-" "node"
127.0.0.1 - - [27/Aug/2026:01:21:18 +0330] "GET /api/v3/product-show/amz-B07HCHHN34?amazon_region= HTTP/1.1" 200 12041 "-" "node"
127.0.0.1 - - [27/Aug/2026:01:21:19 +0330] "GET /api/v1/categories-amazon HTTP/1.1" 200 34230 "-" "node"
52.167.144.187 - - [27/Aug/2026:01:21:19 +0330] "GET /product/amz-B07HCHHN34/Citizen-Mens-Chronograph-Eco-Drive-Watch-Promaster-Sky HTTP/2.0" 200 104729 "-" "Mozilla/5.0 AppleWebKit/537.36 (KHTML, like Gecko; compatible; bingbot/2.0; +http://www.bing.com/bingbot.htm) Chrome/116.0.1938.76 Safari/537.36"
127.0.0.1 - - [27/Aug/2026:01:21:27 +0330] "GET /api/v1/cart-index HTTP/1.1" 200 17462 "-" "node"
127.0.0.1 - - [27/Aug/2026:01:21:27 +0330] "GET /api/v1/article-page?region=emirates HTTP/1.1" 200 6704 "-" "node"
127.0.0.1 - - [27/Aug/2026:01:21:28 +0330] "GET /api/v1/categories-amazon HTTP/1.1" 200 34199 "-" "node"
42.201.192.20 - - [27/Aug/2026:01:21:28 +0330] "GET /emirates HTTP/2.0" 200 124317 "https://charsooq.com/foreign-shopping" "Mozilla/5.0 (Windows NT 10.0; Win64; x64) AppleWebKit/537.36 (KHTML, like Gecko) Chrome/121.0.0.0 Safari/537.36 Edg/121.0.0.0"
127.0.0.1 - - [27/Aug/2026:01:21:35 +0330] "GET /api/v1/categories-amazon HTTP/1.1" 200 34199 "-" "node"
172.16.20.25 - - [27/Aug/2026:01:21:35 +0330] "GET / HTTP/1.1" 200 338470 "-" "Mozilla/5.0 (compatible; PRTG Network Monitor (www.paessler.com); Windows)"
127.0.0.1 - - [27/Aug/2026:01:21:39 +0330] "GET /api/v1/categories-amazon HTTP/1.1" 200 34199 "-" "node"
148.230.4.6 - - [27/Aug/2026:01:21:39 +0330] "GET / HTTP/1.1" 200 106574 "https://easydirectory.in/domain-list-101" "Mozilla/5.0 (X11; Linux x86_64) AppleWebKit/537.36 (KHTML, like Gecko) Chrome/120.0.6099.216 Safari/537.36"
127.0.0.1 - - [27/Aug/2026:01:21:46 +0330] "GET /api/v2/sliders HTTP/1.1" 200 7479 "-" "node"
127.0.0.1 - - [27/Aug/2026:01:21:47 +0330] "GET /api/v1/categories-amazon HTTP/1.1" 200 34199 "-" "node"
77.90.46.6 - - [27/Aug/2026:01:21:47 +0330] "GET / HTTP/1.1" 200 106574 "https://easydirectory.in/domain-list-101" "Mozilla/5.0 (X11; Linux x86_64) AppleWebKit/537.36 (KHTML, like Gecko) Chrome/120.0.6099.216 Safari/537.36"
45.148.10.42 - - [27/Aug/2026:01:22:23 +0330] "GET /wp-json/ HTTP/1.1" 308 18 "-" "Mozilla/5.0 (Windows NT 10.0; Win64; x64) AppleWebKit/537.36 (KHTML, like Gecko) Chrome/120.0.0.0 Safari/537.36"
127.0.0.1 - - [27/Aug/2026:01:22:23 +0330] "GET /api/v1/article-old-show/wp-json HTTP/1.1" 404 170 "-" "node"
127.0.0.1 - - [27/Aug/2026:01:22:24 +0330] "GET /api/v1/categories-amazon HTTP/1.1" 200 34230 "-" "node"
45.148.10.42 - - [27/Aug/2026:01:22:24 +0330] "GET /wp-json HTTP/1.1" 499 0 "https://charsooq.com/wp-json/" "Mozilla/5.0 (Windows NT 10.0; Win64; x64) AppleWebKit/537.36 (KHTML, like Gecko) Chrome/120.0.0.0 Safari/537.36"
