127.0.0.1 - - [27/Aug/2026:00:42:43 +0330] "GET /api/v2/article-show/Buy-the-best-foreign-shampoo HTTP/1.1" 200 148795 "-" "node"
81.214.166.137 - - [27/Aug/2026:00:42:44 +0330] "GET /_next/static/css/1fd47d1e4f3a64a0.css HTTP/2.0" 200 5002 "-" "Mozilla/5.0 (Linux; Android 10; K) AppleWebKit/537.36 (KHTML, like Gecko) Chrome/151.0.0.0 Mobile Safari/537.36"
81.214.166.137 - - [27/Aug/2026:00:42:44 +0330] "GET /_next/static/chunks/polyfills-42372ed130431b0a.js HTTP/2.0" 200 39627 "-" "Mozilla/5.0 (Linux; Android 10; K) AppleWebKit/537.36 (KHTML, like Gecko) Chrome/151.0.0.0 Mobile Safari/537.36"
127.0.0.1 - - [27/Aug/2026:00:42:44 +0330] "GET /api/v1/categories-amazon HTTP/1.1" 200 34230 "-" "node"
81.214.166.137 - - [27/Aug/2026:00:42:44 +0330] "GET /articles/Buy-the-best-foreign-shampoo HTTP/2.0" 200 111630 "https://www.google.com/" "Mozilla/5.0 (Linux; Android 10; K) AppleWebKit/537.36 (KHTML, like Gecko) Chrome/151.0.0.0 Mobile Safari/537.36"
81.214.166.137 - - [27/Aug/2026:00:42:44 +0330] "GET /_next/image?url=%2Fassets%2Fimages%2Ficons%2Ftelegram-icon.png&w=128&q=75 HTTP/2.0" 200 5724 "https://charsooq.com/articles/Buy-the-best-foreign-shampoo" "Mozilla/5.0 (Linux; Android 10; K) AppleWebKit/537.36 (KHTML, like Gecko) Chrome/151.0.0.0 Mobile Safari/537.36"
81.214.166.137 - - [27/Aug/2026:00:42:45 +0330] "GET /_next/image?url=https%3A%2F%2Fpanel.charsooq.com%2Fstorage%2F01HRPQVK5DRJJVCFV4712NT6NW.webp&w=3840&q=75 HTTP/2.0" 200 33436 "https://charsooq.com/articles/Buy-the-best-foreign-shampoo" "Mozilla/5.0 (Linux; Android 10; K) AppleWebKit/537.36 (KHTML, like Gecko) Chrome/151.0.0.0 Mobile Safari/537.36"
81.214.166.137 - - [27/Aug/2026:00:42:45 +0330] "GET /_next/static/media/c7178acf770b8f1a-s.p.ttf HTTP/2.0" 200 35704 "https://charsooq.com/articles/Buy-the-best-foreign-shampoo" "Mozilla/5.0 (Linux; Android 10; K) AppleWebKit/537.36 (KHTML, like Gecko) Chrome/151.0.0.0 Mobile Safari/537.36"
81.214.166.137 - - [27/Aug/2026:00:42:45 +0330] "GET /_next/static/media/d36c74da9a95e091-s.p.ttf HTTP/2.0" 200 35196 "https://charsooq.com/articles/Buy-the-best-foreign-shampoo" "Mozilla/5.0 (Linux; Android 10; K) AppleWebKit/537.36 (KHTML, like Gecko) Chrome/151.0.0.0 Mobile Safari/537.36"
127.0.0.1 - - [27/Aug/2026:00:42:45 +0330] "GET /storage/01HRPQVK5DRJJVCFV4712NT6NW.webp HTTP/1.1" 200 117046 "-" "node"
81.214.166.137 - - [27/Aug/2026:00:42:46 +0330] "GET /assets/images/icons/instagram1.png HTTP/2.0" 200 1556 "https://charsooq.com/articles/Buy-the-best-foreign-shampoo" "Mozilla/5.0 (Linux; Android 10; K) AppleWebKit/537.36 (KHTML, like Gecko) Chrome/151.0.0.0 Mobile Safari/537.36"
81.214.166.137 - - [27/Aug/2026:00:42:46 +0330] "GET /assets/images/icons/whatsapp.png HTTP/2.0" 200 763 "https://charsooq.com/articles/Buy-the-best-foreign-shampoo" "Mozilla/5.0 (Linux; Android 10; K) AppleWebKit/537.36 (KHTML, like Gecko) Chrome/151.0.0.0 Mobile Safari/537.36"
81.214.166.137 - - [27/Aug/2026:00:42:46 +0330] "GET /assets/images/icons/telegram.png HTTP/2.0" 200 1179 "https://charsooq.com/articles/Buy-the-best-foreign-shampoo" "Mozilla/5.0 (Linux; Android 10; K) AppleWebKit/537.36 (KHTML, like Gecko) Chrome/151.0.0.0 Mobile Safari/537.36"
81.214.166.137 - - [27/Aug/2026:00:42:46 +0330] "GET /_next/static/chunks/webpack-f27042854bafc0d3.js HTTP/2.0" 200 2127 "https://charsooq.com/articles/Buy-the-best-foreign-shampoo" "Mozilla/5.0 (Linux; Android 10; K) AppleWebKit/537.36 (KHTML, like Gecko) Chrome/151.0.0.0 Mobile Safari/537.36"
81.214.166.137 - - [27/Aug/2026:00:42:46 +0330] "GET /_next/static/chunks/main-app-9964935a240c0d39.js HTTP/2.0" 200 471 "https://charsooq.com/articles/Buy-the-best-foreign-shampoo" "Mozilla/5.0 (Linux; Android 10; K) AppleWebKit/537.36 (KHTML, like Gecko) Chrome/151.0.0.0 Mobile Safari/537.36"
81.214.166.137 - - [27/Aug/2026:00:42:46 +0330] "GET /_next/static/chunks/2972-d7980624b2014943.js HTTP/2.0" 200 8732 "https://charsooq.com/articles/Buy-the-best-foreign-shampoo" "Mozilla/5.0 (Linux; Android 10; K) AppleWebKit/537.36 (KHTML, like Gecko) Chrome/151.0.0.0 Mobile Safari/537.36"
81.214.166.137 - - [27/Aug/2026:00:42:46 +0330] "GET /_next/static/chunks/2117-828e02dc1643a950.js HTTP/2.0" 200 32001 "https://charsooq.com/articles/Buy-the-best-foreign-shampoo" "Mozilla/5.0 (Linux; Android 10; K) AppleWebKit/537.36 (KHTML, like Gecko) Chrome/151.0.0.0 Mobile Safari/537.36"
81.214.166.137 - - [27/Aug/2026:00:42:46 +0330] "GET /_next/static/chunks/fd9d1056-9ff99acbd7fb9fe8.js HTTP/2.0" 200 53744 "https://charsooq.com/articles/Buy-the-best-foreign-shampoo" "Mozilla/5.0 (Linux; Android 10; K) AppleWebKit/537.36 (KHTML, like Gecko) Chrome/151.0.0.0 Mobile Safari/537.36"
81.214.166.137 - - [27/Aug/2026:00:42:46 +0330] "GET /_next/static/chunks/app/articles/%5Bslug%5D/not-found-a2aec68dc87351df.js HTTP/2.0" 200 284 "https://charsooq.com/articles/Buy-the-best-foreign-shampoo" "Mozilla/5.0 (Linux; Android 10; K) AppleWebKit/537.36 (KHTML, like Gecko) Chrome/151.0.0.0 Mobile Safari/537.36"
81.214.166.137 - - [27/Aug/2026:00:42:46 +0330] "GET /_next/static/chunks/1580-575957d688ae25ac.js HTTP/2.0" 200 12089 "https://charsooq.com/articles/Buy-the-best-foreign-shampoo" "Mozilla/5.0 (Linux; Android 10; K) AppleWebKit/537.36 (KHTML, like Gecko) Chrome/151.0.0.0 Mobile Safari/537.36"
81.214.166.137 - - [27/Aug/2026:00:42:46 +0330] "GET /_next/static/chunks/4438-ac5ce0d4a5fd9e15.js HTTP/2.0" 200 8260 "https://charsooq.com/articles/Buy-the-best-foreign-shampoo" "Mozilla/5.0 (Linux; Android 10; K) AppleWebKit/537.36 (KHTML, like Gecko) Chrome/151.0.0.0 Mobile Safari/537.36"
81.214.166.137 - - [27/Aug/2026:00:42:46 +0330] "GET /_next/static/chunks/3462-b3fd13ed1d4f90e2.js HTTP/2.0" 200 1833 "https://charsooq.com/articles/Buy-the-best-foreign-shampoo" "Mozilla/5.0 (Linux; Android 10; K) AppleWebKit/537.36 (KHTML, like Gecko) Chrome/151.0.0.0 Mobile Safari/537.36"
81.214.166.137 - - [27/Aug/2026:00:42:46 +0330] "GET /_next/static/chunks/6137-97a90ba21cd4a885.js HTTP/2.0" 200 6706 "https://charsooq.com/articles/Buy-the-best-foreign-shampoo" "Mozilla/5.0 (Linux; Android 10; K) AppleWebKit/537.36 (KHTML, like Gecko) Chrome/151.0.0.0 Mobile Safari/537.36"
81.214.166.137 - - [27/Aug/2026:00:42:46 +0330] "GET /_next/static/chunks/3013-a9939c72e4a38977.js HTTP/2.0" 200 6860 "https://charsooq.com/articles/Buy-the-best-foreign-shampoo" "Mozilla/5.0 (Linux; Android 10; K) AppleWebKit/537.36 (KHTML, like Gecko) Chrome/151.0.0.0 Mobile Safari/537.36"
81.214.166.137 - - [27/Aug/2026:00:42:46 +0330] "GET /_next/static/chunks/5878-8c4517462d65e9a5.js HTTP/2.0" 200 5170 "https://charsooq.com/articles/Buy-the-best-foreign-shampoo" "Mozilla/5.0 (Linux; Android 10; K) AppleWebKit/537.36 (KHTML, like Gecko) Chrome/151.0.0.0 Mobile Safari/537.36"
81.214.166.137 - - [27/Aug/2026:00:42:46 +0330] "GET /_next/static/chunks/6818-72710ec856a66515.js HTTP/2.0" 200 2700 "https://charsooq.com/articles/Buy-the-best-foreign-shampoo" "Mozilla/5.0 (Linux; Android 10; K) AppleWebKit/537.36 (KHTML, like Gecko) Chrome/151.0.0.0 Mobile Safari/537.36"
81.214.166.137 - - [27/Aug/2026:00:42:46 +0330] "GET /_next/static/chunks/1493-5bf6477734a442f1.js HTTP/2.0" 200 3468 "https://charsooq.com/articles/Buy-the-best-foreign-shampoo" "Mozilla/5.0 (Linux; Android 10; K) AppleWebKit/537.36 (KHTML, like Gecko) Chrome/151.0.0.0 Mobile Safari/537.36"
81.214.166.137 - - [27/Aug/2026:00:42:46 +0330] "GET /_next/static/chunks/8003-81602ee8b36ef204.js HTTP/2.0" 200 2418 "https://charsooq.com/articles/Buy-the-best-foreign-shampoo" "Mozilla/5.0 (Linux; Android 10; K) AppleWebKit/537.36 (KHTML, like Gecko) Chrome/151.0.0.0 Mobile Safari/537.36"
81.214.166.137 - - [27/Aug/2026:00:42:47 +0330] "GET /_next/static/chunks/9227-c2a8061d3143118a.js HTTP/2.0" 200 2320 "https://charsooq.com/articles/Buy-the-best-foreign-shampoo" "Mozilla/5.0 (Linux; Android 10; K) AppleWebKit/537.36 (KHTML, like Gecko) Chrome/151.0.0.0 Mobile Safari/537.36"
81.214.166.137 - - [27/Aug/2026:00:42:47 +0330] "GET /_next/static/chunks/8230-1cded471f36e4c61.js HTTP/2.0" 200 5411 "https://charsooq.com/articles/Buy-the-best-foreign-shampoo" "Mozilla/5.0 (Linux; Android 10; K) AppleWebKit/537.36 (KHTML, like Gecko) Chrome/151.0.0.0 Mobile Safari/537.36"
81.214.166.137 - - [27/Aug/2026:00:42:47 +0330] "GET /_next/static/chunks/app/articles/%5Bslug%5D/page-eab29444fd759c7a.js HTTP/2.0" 200 6410 "https://charsooq.com/articles/Buy-the-best-foreign-shampoo" "Mozilla/5.0 (Linux; Android 10; K) AppleWebKit/537.36 (KHTML, like Gecko) Chrome/151.0.0.0 Mobile Safari/537.36"
81.214.166.137 - - [27/Aug/2026:00:42:47 +0330] "GET /_next/static/chunks/9064-bc53da8ff6805f5a.js HTTP/2.0" 200 4703 "https://charsooq.com/articles/Buy-the-best-foreign-shampoo" "Mozilla/5.0 (Linux; Android 10; K) AppleWebKit/537.36 (KHTML, like Gecko) Chrome/151.0.0.0 Mobile Safari/537.36"
81.214.166.137 - - [27/Aug/2026:00:42:47 +0330] "GET /_next/static/chunks/4216-78fe3424349836f6.js HTTP/2.0" 200 7011 "https://charsooq.com/articles/Buy-the-best-foreign-shampoo" "Mozilla/5.0 (Linux; Android 10; K) AppleWebKit/537.36 (KHTML, like Gecko) Chrome/151.0.0.0 Mobile Safari/537.36"
81.214.166.137 - - [27/Aug/2026:00:42:47 +0330] "GET /_next/static/chunks/3134-367eb482f3be54c2.js HTTP/2.0" 200 2334 "https://charsooq.com/articles/Buy-the-best-foreign-shampoo" "Mozilla/5.0 (Linux; Android 10; K) AppleWebKit/537.36 (KHTML, like Gecko) Chrome/151.0.0.0 Mobile Safari/537.36"
81.214.166.137 - - [27/Aug/2026:00:42:47 +0330] "GET /_next/static/chunks/9470-129db663fb54ce77.js HTTP/2.0" 200 3092 "https://charsooq.com/articles/Buy-the-best-foreign-shampoo" "Mozilla/5.0 (Linux; Android 10; K) AppleWebKit/537.36 (KHTML, like Gecko) Chrome/151.0.0.0 Mobile Safari/537.36"
81.214.166.137 - - [27/Aug/2026:00:42:47 +0330] "GET /_next/static/chunks/8472-05374d6b6d91921f.js HTTP/2.0" 200 9473 "https://charsooq.com/articles/Buy-the-best-foreign-shampoo" "Mozilla/5.0 (Linux; Android 10; K) AppleWebKit/537.36 (KHTML, like Gecko) Chrome/151.0.0.0 Mobile Safari/537.36"
81.214.166.137 - - [27/Aug/2026:00:42:47 +0330] "GET /_next/static/chunks/84-b6c070b37c66d77f.js HTTP/2.0" 200 2597 "https://charsooq.com/articles/Buy-the-best-foreign-shampoo" "Mozilla/5.0 (Linux; Android 10; K) AppleWebKit/537.36 (KHTML, like Gecko) Chrome/151.0.0.0 Mobile Safari/537.36"
81.214.166.137 - - [27/Aug/2026:00:42:47 +0330] "GET /_next/static/chunks/app/error-094d5bcef522249f.js HTTP/2.0" 200 673 "https://charsooq.com/articles/Buy-the-best-foreign-shampoo" "Mozilla/5.0 (Linux; Android 10; K) AppleWebKit/537.36 (KHTML, like Gecko) Chrome/151.0.0.0 Mobile Safari/537.36"
81.214.166.137 - - [27/Aug/2026:00:42:47 +0330] "GET /_next/static/chunks/app/layout-cb550aa8118c7c2c.js HTTP/2.0" 200 11535 "https://charsooq.com/articles/Buy-the-best-foreign-shampoo" "Mozilla/5.0 (Linux; Android 10; K) AppleWebKit/537.36 (KHTML, like Gecko) Chrome/151.0.0.0 Mobile Safari/537.36"
81.214.166.137 - - [27/Aug/2026:00:42:47 +0330] "GET /_next/static/chunks/873-fa2a34145b7f655b.js HTTP/2.0" 200 64908 "https://charsooq.com/articles/Buy-the-best-foreign-shampoo" "Mozilla/5.0 (Linux; Android 10; K) AppleWebKit/537.36 (KHTML, like Gecko) Chrome/151.0.0.0 Mobile Safari/537.36"
81.214.166.137 - - [27/Aug/2026:00:42:47 +0330] "GET /storage/uploads/8hkHIjteMpO8bQu0NTjRQ5OyUDiY0st93SX4o8H2.webp HTTP/2.0" 200 44494 "https://charsooq.com/" "Mozilla/5.0 (Linux; Android 10; K) AppleWebKit/537.36 (KHTML, like Gecko) Chrome/151.0.0.0 Mobile Safari/537.36"
81.214.166.137 - - [27/Aug/2026:00:42:47 +0330] "GET /storage/uploads/IPKQ0jgwm3NTPDs9wonUcM7mYdTwotZESNe0VM3f.webp HTTP/2.0" 200 29756 "https://charsooq.com/" "Mozilla/5.0 (Linux; Android 10; K) AppleWebKit/537.36 (KHTML, like Gecko) Chrome/151.0.0.0 Mobile Safari/537.36"
81.214.166.137 - - [27/Aug/2026:00:42:48 +0330] "GET /storage/uploads/BCD4j47hSXH0jaQHNjyhcXtpM3Y91GJHHhTng8og.webp HTTP/2.0" 200 49514 "https://charsooq.com/" "Mozilla/5.0 (Linux; Android 10; K) AppleWebKit/537.36 (KHTML, like Gecko) Chrome/151.0.0.0 Mobile Safari/537.36"
81.214.166.137 - - [27/Aug/2026:00:42:48 +0330] "GET /storage/uploads/fm4dJlNrdjxeuQz1rOxn7hyUAMzGKO0d3HLmdVQd.webp HTTP/2.0" 200 33934 "https://charsooq.com/" "Mozilla/5.0 (Linux; Android 10; K) AppleWebKit/537.36 (KHTML, like Gecko) Chrome/151.0.0.0 Mobile Safari/537.36"
81.214.166.137 - - [27/Aug/2026:00:42:48 +0330] "GET /storage/uploads/6ekvNveP13EedtHMBGpjHaXVRhywlYcTmMyhl8b1.webp HTTP/2.0" 200 43296 "https://charsooq.com/" "Mozilla/5.0 (Linux; Android 10; K) AppleWebKit/537.36 (KHTML, like Gecko) Chrome/151.0.0.0 Mobile Safari/537.36"
81.214.166.137 - - [27/Aug/2026:00:42:48 +0330] "GET /storage/uploads/A6i7NztTDf3u7lEoJYoI9w7yWDdCzzbYGZEPQ6Od.webp HTTP/2.0" 200 39094 "https://charsooq.com/" "Mozilla/5.0 (Linux; Android 10; K) AppleWebKit/537.36 (KHTML, like Gecko) Chrome/151.0.0.0 Mobile Safari/537.36"
81.214.166.137 - - [27/Aug/2026:00:42:48 +0330] "GET /storage/uploads/GbIs3Gr6lfrYqySvEo9vKxHWYIqyQyjmh0X1KwHj.webp HTTP/2.0" 200 27462 "https://charsooq.com/" "Mozilla/5.0 (Linux; Android 10; K) AppleWebKit/537.36 (KHTML, like Gecko) Chrome/151.0.0.0 Mobile Safari/537.36"
81.214.166.137 - - [27/Aug/2026:00:42:48 +0330] "GET /storage/uploads/hIBwpSFRLM863PxTlvpPFKDcgq5S2tsbu46qkni7.webp HTTP/2.0" 200 8468 "https://charsooq.com/" "Mozilla/5.0 (Linux; Android 10; K) AppleWebKit/537.36 (KHTML, like Gecko) Chrome/151.0.0.0 Mobile Safari/537.36"
81.214.166.137 - - [27/Aug/2026:00:42:48 +0330] "GET /storage/uploads/KHblWa4KrJQyniBXHXuGFcGqM8yhZCAyA9DMcCkA.webp HTTP/2.0" 200 18506 "https://charsooq.com/" "Mozilla/5.0 (Linux; Android 10; K) AppleWebKit/537.36 (KHTML, like Gecko) Chrome/151.0.0.0 Mobile Safari/537.36"
81.214.166.137 - - [27/Aug/2026:00:42:49 +0330] "GET /storage/uploads/3aypDXsYSvSjHidAGZZUOuFnHJEUnaumGdLd1ZRY.webp HTTP/2.0" 200 34570 "https://charsooq.com/" "Mozilla/5.0 (Linux; Android 10; K) AppleWebKit/537.36 (KHTML, like Gecko) Chrome/151.0.0.0 Mobile Safari/537.36"
127.0.0.1 - - [27/Aug/2026:00:42:49 +0330] "GET /api/v1/article-most-view?count=3 HTTP/1.1" 301 169 "-" "node"
127.0.0.1 - - [27/Aug/2026:00:42:49 +0330] "GET /api/v1/article-future?count=4 HTTP/1.1" 301 169 "-" "node"
127.0.0.1 - - [27/Aug/2026:00:42:49 +0330] "GET /api/v1/articles?count=8&page=1 HTTP/1.1" 301 169 "-" "node"
81.214.166.137 - - [27/Aug/2026:00:42:49 +0330] "GET /checkout?_rsc=izqj6 HTTP/2.0" 200 1690 "https://charsooq.com/articles/Buy-the-best-foreign-shampoo" "Mozilla/5.0 (Linux; Android 10; K) AppleWebKit/537.36 (KHTML, like Gecko) Chrome/151.0.0.0 Mobile Safari/537.36"
81.214.166.137 - - [27/Aug/2026:00:42:49 +0330] "GET /?_rsc=izqj6 HTTP/2.0" 200 13563 "https://charsooq.com/articles/Buy-the-best-foreign-shampoo" "Mozilla/5.0 (Linux; Android 10; K) AppleWebKit/537.36 (KHTML, like Gecko) Chrome/151.0.0.0 Mobile Safari/537.36"
127.0.0.1 - - [27/Aug/2026:00:42:49 +0330] "GET /api/v1/articles?count=8&page=1 HTTP/1.1" 200 22411 "-" "node"
127.0.0.1 - - [27/Aug/2026:00:42:49 +0330] "GET /api/v1/article-most-view?count=3 HTTP/1.1" 200 806767 "-" "node"
127.0.0.1 - - [27/Aug/2026:00:42:49 +0330] "GET /api/v1/article-future?count=4 HTTP/1.1" 200 932759 "-" "node"
81.214.166.137 - - [27/Aug/2026:00:42:49 +0330] "GET /articles?_rsc=izqj6 HTTP/2.0" 200 7120 "https://charsooq.com/articles/Buy-the-best-foreign-shampoo" "Mozilla/5.0 (Linux; Android 10; K) AppleWebKit/537.36 (KHTML, like Gecko) Chrome/151.0.0.0 Mobile Safari/537.36"
81.214.166.137 - - [27/Aug/2026:00:42:49 +0330] "GET /_next/static/chunks/4922.b90b86ef20984235.js HTTP/2.0" 200 425 "https://charsooq.com/articles/Buy-the-best-foreign-shampoo" "Mozilla/5.0 (Linux; Android 10; K) AppleWebKit/537.36 (KHTML, like Gecko) Chrome/151.0.0.0 Mobile Safari/537.36"
81.214.166.137 - - [27/Aug/2026:00:42:49 +0330] "GET /_next/static/chunks/1495.b45bb862bd3e18ec.js HTTP/2.0" 200 779 "https://charsooq.com/articles/Buy-the-best-foreign-shampoo" "Mozilla/5.0 (Linux; Android 10; K) AppleWebKit/537.36 (KHTML, like Gecko) Chrome/151.0.0.0 Mobile Safari/537.36"
81.214.166.137 - - [27/Aug/2026:00:42:49 +0330] "GET /_next/static/chunks/415.9bf722adfc74e289.js HTTP/2.0" 200 8742 "https://charsooq.com/articles/Buy-the-best-foreign-shampoo" "Mozilla/5.0 (Linux; Android 10; K) AppleWebKit/537.36 (KHTML, like Gecko) Chrome/151.0.0.0 Mobile Safari/537.36"
81.214.166.137 - - [27/Aug/2026:00:42:49 +0330] "GET /_next/static/chunks/5763-e3689baff1695fd1.js HTTP/2.0" 200 4387 "https://charsooq.com/articles/Buy-the-best-foreign-shampoo" "Mozilla/5.0 (Linux; Android 10; K) AppleWebKit/537.36 (KHTML, like Gecko) Chrome/151.0.0.0 Mobile Safari/537.36"
81.214.166.137 - - [27/Aug/2026:00:42:49 +0330] "GET /_next/static/chunks/2034-b6ee9baf8082b7dc.js HTTP/2.0" 200 10926 "https://charsooq.com/articles/Buy-the-best-foreign-shampoo" "Mozilla/5.0 (Linux; Android 10; K) AppleWebKit/537.36 (KHTML, like Gecko) Chrome/151.0.0.0 Mobile Safari/537.36"
81.214.166.137 - - [27/Aug/2026:00:42:49 +0330] "GET /_next/static/chunks/5605-342a49848bbf0c11.js HTTP/2.0" 200 6777 "https://charsooq.com/articles/Buy-the-best-foreign-shampoo" "Mozilla/5.0 (Linux; Android 10; K) AppleWebKit/537.36 (KHTML, like Gecko) Chrome/151.0.0.0 Mobile Safari/537.36"
81.214.166.137 - - [27/Aug/2026:00:42:49 +0330] "GET /_next/static/chunks/app/checkout/layout-d7cf06d0dc8d6df6.js HTTP/2.0" 200 39421 "https://charsooq.com/articles/Buy-the-best-foreign-shampoo" "Mozilla/5.0 (Linux; Android 10; K) AppleWebKit/537.36 (KHTML, like Gecko) Chrome/151.0.0.0 Mobile Safari/537.36"
81.214.166.137 - - [27/Aug/2026:00:42:49 +0330] "GET /_next/static/chunks/1592-00644b699e0ed4d8.js HTTP/2.0" 200 7980 "https://charsooq.com/articles/Buy-the-best-foreign-shampoo" "Mozilla/5.0 (Linux; Android 10; K) AppleWebKit/537.36 (KHTML, like Gecko) Chrome/151.0.0.0 Mobile Safari/537.36"
81.214.166.137 - - [27/Aug/2026:00:42:49 +0330] "GET /_next/static/chunks/169-68dabecb1c163108.js HTTP/2.0" 200 6555 "https://charsooq.com/articles/Buy-the-best-foreign-shampoo" "Mozilla/5.0 (Linux; Android 10; K) AppleWebKit/537.36 (KHTML, like Gecko) Chrome/151.0.0.0 Mobile Safari/537.36"
81.214.166.137 - - [27/Aug/2026:00:42:50 +0330] "GET /_next/static/chunks/1188-8347881a51d7e866.js HTTP/2.0" 200 3364 "https://charsooq.com/articles/Buy-the-best-foreign-shampoo" "Mozilla/5.0 (Linux; Android 10; K) AppleWebKit/537.36 (KHTML, like Gecko) Chrome/151.0.0.0 Mobile Safari/537.36"
81.214.166.137 - - [27/Aug/2026:00:42:50 +0330] "GET /_next/static/chunks/7463-8c14f85f0b9a94fe.js HTTP/2.0" 200 3339 "https://charsooq.com/articles/Buy-the-best-foreign-shampoo" "Mozilla/5.0 (Linux; Android 10; K) AppleWebKit/537.36 (KHTML, like Gecko) Chrome/151.0.0.0 Mobile Safari/537.36"
81.214.166.137 - - [27/Aug/2026:00:42:50 +0330] "GET /_next/static/chunks/300-72da8991edf2ed5a.js HTTP/2.0" 200 33594 "https://charsooq.com/articles/Buy-the-best-foreign-shampoo" "Mozilla/5.0 (Linux; Android 10; K) AppleWebKit/537.36 (KHTML, like Gecko) Chrome/151.0.0.0 Mobile Safari/537.36"
81.214.166.137 - - [27/Aug/2026:00:42:50 +0330] "GET /_next/static/chunks/2177-53f14356cddc2711.js HTTP/2.0" 200 3254 "https://charsooq.com/articles/Buy-the-best-foreign-shampoo" "Mozilla/5.0 (Linux; Android 10; K) AppleWebKit/537.36 (KHTML, like Gecko) Chrome/151.0.0.0 Mobile Safari/537.36"
81.214.166.137 - - [27/Aug/2026:00:42:50 +0330] "GET /_next/static/chunks/app/page-759df78f59703adb.js HTTP/2.0" 200 1959 "https://charsooq.com/articles/Buy-the-best-foreign-shampoo" "Mozilla/5.0 (Linux; Android 10; K) AppleWebKit/537.36 (KHTML, like Gecko) Chrome/151.0.0.0 Mobile Safari/537.36"
81.214.166.137 - - [27/Aug/2026:00:42:50 +0330] "GET /_next/static/chunks/app/articles/page-324f669561f38a6f.js HTTP/2.0" 200 5209 "https://charsooq.com/articles/Buy-the-best-foreign-shampoo" "Mozilla/5.0 (Linux; Android 10; K) AppleWebKit/537.36 (KHTML, like Gecko) Chrome/151.0.0.0 Mobile Safari/537.36"
81.214.166.137 - - [27/Aug/2026:00:42:50 +0330] "GET /pwa-icon-180.png HTTP/2.0" 200 10221 "https://charsooq.com/articles/Buy-the-best-foreign-shampoo" "Mozilla/5.0 (Linux; Android 10; K) AppleWebKit/537.36 (KHTML, like Gecko) Chrome/151.0.0.0 Mobile Safari/537.36"
81.214.166.137 - - [27/Aug/2026:00:42:50 +0330] "GET /favicon.ico HTTP/2.0" 200 3035 "https://charsooq.com/articles/Buy-the-best-foreign-shampoo" "Mozilla/5.0 (Linux; Android 10; K) AppleWebKit/537.36 (KHTML, like Gecko) Chrome/151.0.0.0 Mobile Safari/537.36"
81.214.166.137 - - [27/Aug/2026:00:42:50 +0330] "GET /manifest.json HTTP/2.0" 200 334 "https://charsooq.com/articles/Buy-the-best-foreign-shampoo" "Mozilla/5.0 (Linux; Android 10; K) AppleWebKit/537.36 (KHTML, like Gecko) Chrome/151.0.0.0 Mobile Safari/537.36"
81.214.166.137 - - [27/Aug/2026:00:42:51 +0330] "GET /pwa-icon-180.png HTTP/2.0" 304 0 "https://charsooq.com/articles/Buy-the-best-foreign-shampoo" "Mozilla/5.0 (Linux; Android 10; K) AppleWebKit/537.36 (KHTML, like Gecko) Chrome/151.0.0.0 Mobile Safari/537.36"
66.249.77.99 - - [27/Aug/2026:00:42:58 +0330] "GET /?u=18204292392101 HTTP/1.1" 200 32660 "-" "Mozilla/5.0 (Linux; Android 6.0.1; Nexus 5X Build/MMB29P) AppleWebKit/537.36 (KHTML, like Gecko) Chrome/151.0.7922.173 Mobile Safari/537.36 (compatible; Googlebot/2.1; +http://www.google.com/bot.html)"
66.249.77.100 - - [27/Aug/2026:00:43:08 +0330] "GET /?u=39343263144800 HTTP/1.1" 200 36679 "-" "Mozilla/5.0 (Linux; Android 6.0.1; Nexus 5X Build/MMB29P) AppleWebKit/537.36 (KHTML, like Gecko) Chrome/151.0.7922.173 Mobile Safari/537.36 (compatible; Googlebot/2.1; +http://www.google.com/bot.html)"
66.249.77.101 - - [27/Aug/2026:00:43:09 +0330] "GET /?u=97768192741704 HTTP/1.1" 200 34258 "-" "Mozilla/5.0 (Linux; Android 6.0.1; Nexus 5X Build/MMB29P) AppleWebKit/537.36 (KHTML, like Gecko) Chrome/151.0.7922.173 Mobile Safari/537.36 (compatible; Googlebot/2.1; +http://www.google.com/bot.html)"
66.249.77.100 - - [27/Aug/2026:00:43:20 +0330] "GET /?u=62930220904202 HTTP/1.1" 200 34015 "-" "Mozilla/5.0 (Linux; Android 6.0.1; Nexus 5X Build/MMB29P) AppleWebKit/537.36 (KHTML, like Gecko) Chrome/151.0.7922.173 Mobile Safari/537.36 (compatible; Googlebot/2.1; +http://www.google.com/bot.html)"
66.249.77.100 - - [27/Aug/2026:00:43:21 +0330] "GET /?u=7650957310300 HTTP/1.1" 200 32928 "-" "Mozilla/5.0 (Linux; Android 6.0.1; Nexus 5X Build/MMB29P) AppleWebKit/537.36 (KHTML, like Gecko) Chrome/151.0.7922.173 Mobile Safari/537.36 (compatible; Googlebot/2.1; +http://www.google.com/bot.html)"
66.249.77.99 - - [27/Aug/2026:00:43:22 +0330] "GET /?u=09798215774300 HTTP/1.1" 200 32380 "-" "Mozilla/5.0 (Linux; Android 6.0.1; Nexus 5X Build/MMB29P) AppleWebKit/537.36 (KHTML, like Gecko) Chrome/151.0.7922.173 Mobile Safari/537.36 (compatible; Googlebot/2.1; +http://www.google.com/bot.html)"
127.0.0.1 - - [27/Aug/2026:00:43:34 +0330] "GET /api/v1/categories-amazon HTTP/1.1" 200 34230 "-" "node"
172.16.20.25 - - [27/Aug/2026:00:43:35 +0330] "GET / HTTP/1.1" 200 338446 "-" "Mozilla/5.0 (compatible; PRTG Network Monitor (www.paessler.com); Windows)"
66.249.77.101 - - [27/Aug/2026:00:44:07 +0330] "GET /?u=65305259422705 HTTP/1.1" 200 32581 "-" "Mozilla/5.0 (Linux; Android 6.0.1; Nexus 5X Build/MMB29P) AppleWebKit/537.36 (KHTML, like Gecko) Chrome/151.0.7922.173 Mobile Safari/537.36 (compatible; Googlebot/2.1; +http://www.google.com/bot.html)"
66.249.77.99 - - [27/Aug/2026:00:44:08 +0330] "GET /?u=7939130640000 HTTP/1.1" 200 32874 "-" "Mozilla/5.0 (Linux; Android 6.0.1; Nexus 5X Build/MMB29P) AppleWebKit/537.36 (KHTML, like Gecko) Chrome/151.0.7922.173 Mobile Safari/537.36 (compatible; Googlebot/2.1; +http://www.google.com/bot.html)"
66.249.77.101 - - [27/Aug/2026:00:44:09 +0330] "GET /?u=21386158543003 HTTP/1.1" 200 33127 "-" "Mozilla/5.0 (Linux; Android 6.0.1; Nexus 5X Build/MMB29P) AppleWebKit/537.36 (KHTML, like Gecko) Chrome/151.0.7922.173 Mobile Safari/537.36 (compatible; Googlebot/2.1; +http://www.google.com/bot.html)"
81.214.166.137 - - [27/Aug/2026:00:44:17 +0330] "GET /_next/image?url=https%3A%2F%2Fpanel.charsooq.com%2Fstorage%2F01K9HD1MWNHS2C6PKVV8AKKVJ8.webp&w=640&q=75 HTTP/2.0" 200 20080 "https://charsooq.com/articles/Buy-the-best-foreign-shampoo" "Mozilla/5.0 (Linux; Android 10; K) AppleWebKit/537.36 (KHTML, like Gecko) Chrome/151.0.0.0 Mobile Safari/537.36"
127.0.0.1 - - [27/Aug/2026:00:44:17 +0330] "GET /storage/01K9HD1MWNHS2C6PKVV8AKKVJ8.webp HTTP/1.1" 200 98600 "-" "node"
127.0.0.1 - - [27/Aug/2026:00:44:18 +0330] "GET /storage/01JF30S9DFCE6K3CWCCAA6REYV.webp HTTP/1.1" 200 86312 "-" "node"
81.214.166.137 - - [27/Aug/2026:00:44:18 +0330] "GET /_next/image?url=https%3A%2F%2Fpanel.charsooq.com%2Fstorage%2F01JF30S9DFCE6K3CWCCAA6REYV.webp&w=640&q=75 HTTP/2.0" 200 19948 "https://charsooq.com/articles/Buy-the-best-foreign-shampoo" "Mozilla/5.0 (Linux; Android 10; K) AppleWebKit/537.36 (KHTML, like Gecko) Chrome/151.0.0.0 Mobile Safari/537.36"
66.249.77.99 - - [27/Aug/2026:00:44:20 +0330] "GET /?u=13701133604707 HTTP/1.1" 200 33681 "-" "Mozilla/5.0 (Linux; Android 6.0.1; Nexus 5X Build/MMB29P) AppleWebKit/537.36 (KHTML, like Gecko) Chrome/151.0.7922.173 Mobile Safari/537.36 (compatible; Googlebot/2.1; +http://www.google.com/bot.html)"
66.249.77.99 - - [27/Aug/2026:00:44:21 +0330] "GET /?u=5865834845501 HTTP/1.1" 200 33630 "-" "Mozilla/5.0 (Linux; Android 6.0.1; Nexus 5X Build/MMB29P) AppleWebKit/537.36 (KHTML, like Gecko) Chrome/151.0.7922.173 Mobile Safari/537.36 (compatible; Googlebot/2.1; +http://www.google.com/bot.html)"
66.249.77.100 - - [27/Aug/2026:00:44:22 +0330] "GET /?u=57068270733200 HTTP/1.1" 200 34602 "-" "Mozilla/5.0 (Linux; Android 6.0.1; Nexus 5X Build/MMB29P) AppleWebKit/537.36 (KHTML, like Gecko) Chrome/151.0.7922.173 Mobile Safari/537.36 (compatible; Googlebot/2.1; +http://www.google.com/bot.html)"
127.0.0.1 - - [27/Aug/2026:00:44:34 +0330] "GET /api/v2/sliders HTTP/1.1" 200 7479 "-" "node"
127.0.0.1 - - [27/Aug/2026:00:44:34 +0330] "GET /api/v1/categories-amazon HTTP/1.1" 200 34199 "-" "node"
81.214.166.137 - - [27/Aug/2026:00:44:35 +0330] "GET /_next/image?url=https%3A%2F%2Fpanel.charsooq.com%2Fstorage%2F01J71KZ8W8DXNR700M38JVYVMK.webp&w=640&q=75 HTTP/2.0" 200 18098 "https://charsooq.com/articles/Buy-the-best-foreign-shampoo" "Mozilla/5.0 (Linux; Android 10; K) AppleWebKit/537.36 (KHTML, like Gecko) Chrome/151.0.0.0 Mobile Safari/537.36"
127.0.0.1 - - [27/Aug/2026:00:44:35 +0330] "GET /storage/01J71KZ8W8DXNR700M38JVYVMK.webp HTTP/1.1" 200 86520 "-" "node"
127.0.0.1 - - [27/Aug/2026:00:44:35 +0330] "GET /api/v2/page-data HTTP/1.1" 200 36854 "-" "node"
172.16.20.25 - - [27/Aug/2026:00:44:35 +0330] "GET / HTTP/1.1" 200 338477 "-" "Mozilla/5.0 (compatible; PRTG Network Monitor (www.paessler.com); Windows)"
81.214.166.137 - - [27/Aug/2026:00:44:44 +0330] "GET /_next/image?url=https%3A%2F%2Fpanel.charsooq.com%2Fstorage%2F01J67AS0F7KXJ40NQWMBD3T5RT.webp&w=640&q=75 HTTP/2.0" 200 6862 "https://charsooq.com/articles/Buy-the-best-foreign-shampoo" "Mozilla/5.0 (Linux; Android 10; K) AppleWebKit/537.36 (KHTML, like Gecko) Chrome/151.0.0.0 Mobile Safari/537.36"
127.0.0.1 - - [27/Aug/2026:00:44:44 +0330] "GET /storage/01J67AS0F7KXJ40NQWMBD3T5RT.webp HTTP/1.1" 200 69586 "-" "node"
5.234.192.171 - - [27/Aug/2026:00:44:45 +0330] "GET /storage/uploads/H6TeSWDVy4I2qlS41N26xkooaR7at3QPGFfEGYwF.webp HTTP/2.0" 200 26064 "https://www.google.com/" "Mozilla/5.0 (Linux; Android 12; SM-M115F Build/SP1A.210812.016; wv) AppleWebKit/537.36 (KHTML, like Gecko) Version/4.0 Chrome/151.0.7922.137 Mobile Safari/537.36 NSTNWV/3.142.952204578.release"
81.214.166.137 - - [27/Aug/2026:00:44:52 +0330] "GET /_next/image?url=%2Fassets%2Fimages%2Ficons%2Fenamad-icon.png&w=256&q=75 HTTP/2.0" 200 2578 "https://charsooq.com/" "Mozilla/5.0 (Linux; Android 10; K) AppleWebKit/537.36 (KHTML, like Gecko) Chrome/151.0.0.0 Mobile Safari/537.36"
81.214.166.137 - - [27/Aug/2026:00:44:52 +0330] "GET /articles/black-friday-t12-amazon-turkey?_rsc=izqj6 HTTP/2.0" 200 2021 "https://charsooq.com/articles/Buy-the-best-foreign-shampoo" "Mozilla/5.0 (Linux; Android 10; K) AppleWebKit/537.36 (KHTML, like Gecko) Chrome/151.0.0.0 Mobile Safari/537.36"
127.0.0.1 - - [27/Aug/2026:00:44:52 +0330] "GET /api/v2/article-show/black-friday-t12-amazon-turkey HTTP/1.1" 200 157400 "-" "node"
66.249.77.99 - - [27/Aug/2026:00:44:53 +0330] "GET /?u=14955234893100 HTTP/1.1" 200 35724 "-" "Mozilla/5.0 (Linux; Android 6.0.1; Nexus 5X Build/MMB29P) AppleWebKit/537.36 (KHTML, like Gecko) Chrome/151.0.7922.173 Mobile Safari/537.36 (compatible; Googlebot/2.1; +http://www.google.com/bot.html)"
66.249.77.100 - - [27/Aug/2026:00:45:08 +0330] "GET /?u=8929477634706 HTTP/1.1" 200 32781 "-" "Mozilla/5.0 (Linux; Android 6.0.1; Nexus 5X Build/MMB29P) AppleWebKit/537.36 (KHTML, like Gecko) Chrome/151.0.7922.173 Mobile Safari/537.36 (compatible; Googlebot/2.1; +http://www.google.com/bot.html)"
66.249.77.100 - - [27/Aug/2026:00:45:10 +0330] "GET /?u=48972147138702 HTTP/1.1" 200 34242 "-" "Mozilla/5.0 (Linux; Android 6.0.1; Nexus 5X Build/MMB29P) AppleWebKit/537.36 (KHTML, like Gecko) Chrome/151.0.7922.173 Mobile Safari/537.36 (compatible; Googlebot/2.1; +http://www.google.com/bot.html)"
66.249.77.99 - - [27/Aug/2026:00:45:20 +0330] "GET /?u=7953166366000 HTTP/1.1" 200 33637 "-" "Mozilla/5.0 (Linux; Android 6.0.1; Nexus 5X Build/MMB29P) AppleWebKit/537.36 (KHTML, like Gecko) Chrome/151.0.7922.173 Mobile Safari/537.36 (compatible; Googlebot/2.1; +http://www.google.com/bot.html)"
81.214.166.137 - - [27/Aug/2026:00:45:20 +0330] "GET /articles/buy-original-sneakers?_rsc=izqj6 HTTP/2.0" 200 2018 "https://charsooq.com/articles/Buy-the-best-foreign-shampoo" "Mozilla/5.0 (Linux; Android 10; K) AppleWebKit/537.36 (KHTML, like Gecko) Chrome/151.0.0.0 Mobile Safari/537.36"
127.0.0.1 - - [27/Aug/2026:00:45:20 +0330] "GET /api/v2/article-show/buy-original-sneakers HTTP/1.1" 200 211312 "-" "node"
81.214.166.137 - - [27/Aug/2026:00:45:20 +0330] "GET /articles/zara-women?_rsc=izqj6 HTTP/2.0" 200 2026 "https://charsooq.com/articles/Buy-the-best-foreign-shampoo" "Mozilla/5.0 (Linux; Android 10; K) AppleWebKit/537.36 (KHTML, like Gecko) Chrome/151.0.0.0 Mobile Safari/537.36"
127.0.0.1 - - [27/Aug/2026:00:45:20 +0330] "GET /api/v2/article-show/zara-women HTTP/1.1" 200 116964 "-" "node"
66.249.77.100 - - [27/Aug/2026:00:45:21 +0330] "GET /?u=9117611488814 HTTP/1.1" 200 33056 "-" "Mozilla/5.0 (Linux; Android 6.0.1; Nexus 5X Build/MMB29P) AppleWebKit/537.36 (KHTML, like Gecko) Chrome/151.0.7922.173 Mobile Safari/537.36 (compatible; Googlebot/2.1; +http://www.google.com/bot.html)"
81.214.166.137 - - [27/Aug/2026:00:45:21 +0330] "GET /articles/buy-nike-turkey?_rsc=izqj6 HTTP/2.0" 200 1955 "https://charsooq.com/articles/Buy-the-best-foreign-shampoo" "Mozilla/5.0 (Linux; Android 10; K) AppleWebKit/537.36 (KHTML, like Gecko) Chrome/151.0.0.0 Mobile Safari/537.36"
127.0.0.1 - - [27/Aug/2026:00:45:21 +0330] "GET /api/v2/article-show/buy-nike-turkey HTTP/1.1" 200 167424 "-" "node"
66.249.77.100 - - [27/Aug/2026:00:45:21 +0330] "GET /?u=5336180671301 HTTP/1.1" 200 36196 "-" "Mozilla/5.0 (Linux; Android 6.0.1; Nexus 5X Build/MMB29P) AppleWebKit/537.36 (KHTML, like Gecko) Chrome/151.0.7922.173 Mobile Safari/537.36 (compatible; Googlebot/2.1; +http://www.google.com/bot.html)"
81.214.166.137 - - [27/Aug/2026:00:45:28 +0330] "GET /calculator?_rsc=izqj6 HTTP/2.0" 200 1408 "https://charsooq.com/articles/Buy-the-best-foreign-shampoo" "Mozilla/5.0 (Linux; Android 10; K) AppleWebKit/537.36 (KHTML, like Gecko) Chrome/151.0.0.0 Mobile Safari/537.36"
81.214.166.137 - - [27/Aug/2026:00:45:28 +0330] "GET /about-us?_rsc=izqj6 HTTP/2.0" 200 1364 "https://charsooq.com/articles/Buy-the-best-foreign-shampoo" "Mozilla/5.0 (Linux; Android 10; K) AppleWebKit/537.36 (KHTML, like Gecko) Chrome/151.0.0.0 Mobile Safari/537.36"
81.214.166.137 - - [27/Aug/2026:00:45:28 +0330] "GET /help?_rsc=izqj6 HTTP/2.0" 200 1528 "https://charsooq.com/articles/Buy-the-best-foreign-shampoo" "Mozilla/5.0 (Linux; Android 10; K) AppleWebKit/537.36 (KHTML, like Gecko) Chrome/151.0.0.0 Mobile Safari/537.36"
81.214.166.137 - - [27/Aug/2026:00:45:29 +0330] "GET /faq?_rsc=izqj6 HTTP/2.0" 200 1359 "https://charsooq.com/articles/Buy-the-best-foreign-shampoo" "Mozilla/5.0 (Linux; Android 10; K) AppleWebKit/537.36 (KHTML, like Gecko) Chrome/151.0.0.0 Mobile Safari/537.36"
81.214.166.137 - - [27/Aug/2026:00:45:29 +0330] "GET /_next/static/chunks/app/help/layout-bafecda7f594b8aa.js HTTP/2.0" 200 4169 "https://charsooq.com/articles/Buy-the-best-foreign-shampoo" "Mozilla/5.0 (Linux; Android 10; K) AppleWebKit/537.36 (KHTML, like Gecko) Chrome/151.0.0.0 Mobile Safari/537.36"
81.214.166.137 - - [27/Aug/2026:00:45:29 +0330] "GET /ghavanincharsooq?_rsc=izqj6 HTTP/2.0" 200 1371 "https://charsooq.com/articles/Buy-the-best-foreign-shampoo" "Mozilla/5.0 (Linux; Android 10; K) AppleWebKit/537.36 (KHTML, like Gecko) Chrome/151.0.0.0 Mobile Safari/537.36"
81.214.166.137 - - [27/Aug/2026:00:45:31 +0330] "GET /contact-us?_rsc=izqj6 HTTP/2.0" 200 1366 "https://charsooq.com/articles/Buy-the-best-foreign-shampoo" "Mozilla/5.0 (Linux; Android 10; K) AppleWebKit/537.36 (KHTML, like Gecko) Chrome/151.0.0.0 Mobile Safari/537.36"
127.0.0.1 - - [27/Aug/2026:00:45:35 +0330] "GET /api/v1/categories-amazon HTTP/1.1" 200 34199 "-" "node"
172.16.20.25 - - [27/Aug/2026:00:45:35 +0330] "GET / HTTP/1.1" 200 338478 "-" "Mozilla/5.0 (compatible; PRTG Network Monitor (www.paessler.com); Windows)"
66.249.77.101 - - [27/Aug/2026:00:46:08 +0330] "GET /?u=40071156363401 HTTP/1.1" 200 32813 "-" "Mozilla/5.0 (Linux; Android 6.0.1; Nexus 5X Build/MMB29P) AppleWebKit/537.36 (KHTML, like Gecko) Chrome/151.0.7922.173 Mobile Safari/537.36 (compatible; Googlebot/2.1; +http://www.google.com/bot.html)"
66.249.77.100 - - [27/Aug/2026:00:46:09 +0330] "GET /?u=63277255895500 HTTP/1.1" 200 34053 "-" "Mozilla/5.0 (Linux; Android 6.0.1; Nexus 5X Build/MMB29P) AppleWebKit/537.36 (KHTML, like Gecko) Chrome/151.0.7922.173 Mobile Safari/537.36 (compatible; Googlebot/2.1; +http://www.google.com/bot.html)"
66.249.77.100 - - [27/Aug/2026:00:46:20 +0330] "GET /?u=82944146258503 HTTP/1.1" 200 31943 "-" "Mozilla/5.0 (Linux; Android 6.0.1; Nexus 5X Build/MMB29P) AppleWebKit/537.36 (KHTML, like Gecko) Chrome/151.0.7922.173 Mobile Safari/537.36 (compatible; Googlebot/2.1; +http://www.google.com/bot.html)"
66.249.77.99 - - [27/Aug/2026:00:46:21 +0330] "GET /?u=12990155797303 HTTP/1.1" 200 33671 "-" "Mozilla/5.0 (Linux; Android 6.0.1; Nexus 5X Build/MMB29P) AppleWebKit/537.36 (KHTML, like Gecko) Chrome/151.0.7922.173 Mobile Safari/537.36 (compatible; Googlebot/2.1; +http://www.google.com/bot.html)"
52.167.144.160 - - [27/Aug/2026:00:46:22 +0330] "GET /?u=9306526789401 HTTP/2.0" 200 33535 "-" "Mozilla/5.0 AppleWebKit/537.36 (KHTML, like Gecko; compatible; bingbot/2.0; +http://www.bing.com/bingbot.htm) Chrome/116.0.1938.76 Safari/537.36"
66.249.77.99 - - [27/Aug/2026:00:46:22 +0330] "GET /?u=71283154036303 HTTP/1.1" 200 33268 "-" "Mozilla/5.0 (Linux; Android 6.0.1; Nexus 5X Build/MMB29P) AppleWebKit/537.36 (KHTML, like Gecko) Chrome/151.0.7922.173 Mobile Safari/537.36 (compatible; Googlebot/2.1; +http://www.google.com/bot.html)"
127.0.0.1 - - [27/Aug/2026:00:46:34 +0330] "GET /api/v2/sliders HTTP/1.1" 200 7479 "-" "node"
127.0.0.1 - - [27/Aug/2026:00:46:35 +0330] "GET /api/v1/categories-amazon HTTP/1.1" 200 34199 "-" "node"
127.0.0.1 - - [27/Aug/2026:00:46:35 +0330] "GET /api/v2/page-data HTTP/1.1" 200 36854 "-" "node"
172.16.20.25 - - [27/Aug/2026:00:46:35 +0330] "GET / HTTP/1.1" 200 338477 "-" "Mozilla/5.0 (compatible; PRTG Network Monitor (www.paessler.com); Windows)"
66.249.77.101 - - [27/Aug/2026:00:47:06 +0330] "GET /?u=37012241996600 HTTP/1.1" 200 34560 "-" "Mozilla/5.0 (Linux; Android 6.0.1; Nexus 5X Build/MMB29P) AppleWebKit/537.36 (KHTML, like Gecko) Chrome/151.0.7922.173 Mobile Safari/537.36 (compatible; Googlebot/2.1; +http://www.google.com/bot.html)"
66.249.77.99 - - [27/Aug/2026:00:47:08 +0330] "GET /?u=70999162808304 HTTP/1.1" 200 33733 "-" "Mozilla/5.0 (Linux; Android 6.0.1; Nexus 5X Build/MMB29P) AppleWebKit/537.36 (KHTML, like Gecko) Chrome/151.0.7922.173 Mobile Safari/537.36 (compatible; Googlebot/2.1; +http://www.google.com/bot.html)"
127.0.0.1 - - [27/Aug/2026:00:47:08 +0330] "GET /api/v1/categories-amazon HTTP/1.1" 200 34199 "-" "node"
127.0.0.1 - - [27/Aug/2026:00:47:09 +0330] "GET /api/v1/sliders HTTP/1.1" 200 36005 "-" "node"
42.201.192.2 - - [27/Aug/2026:00:47:09 +0330] "GET /about-us HTTP/2.0" 200 119408 "https://charsooq.com/foreign-shopping" "Mozilla/5.0 (Macintosh; Intel Mac OS X 10.15; rv:122.0) Gecko/20100101 Firefox/122.0"
66.249.77.99 - - [27/Aug/2026:00:47:09 +0330] "GET /?u=10121131826100 HTTP/1.1" 200 33958 "-" "Mozilla/5.0 (Linux; Android 6.0.1; Nexus 5X Build/MMB29P) AppleWebKit/537.36 (KHTML, like Gecko) Chrome/151.0.7922.173 Mobile Safari/537.36 (compatible; Googlebot/2.1; +http://www.google.com/bot.html)"
66.249.77.99 - - [27/Aug/2026:00:47:09 +0330] "GET /?u=70626278352102 HTTP/1.1" 200 33547 "-" "Mozilla/5.0 (Linux; Android 6.0.1; Nexus 5X Build/MMB29P) AppleWebKit/537.36 (KHTML, like Gecko) Chrome/151.0.7922.173 Mobile Safari/537.36 (compatible; Googlebot/2.1; +http://www.google.com/bot.html)"
190.5.37.245 - - [27/Aug/2026:00:47:13 +0330] "GET /CONTRACT.html HTTP/1.1" 200 74912 "-" "Mozilla/5.0 (compatible; MSIE 10.0; Windows NT 6.1; Trident/6.0)"
66.249.77.100 - - [27/Aug/2026:00:47:22 +0330] "GET /?u=17877105523002 HTTP/1.1" 200 32761 "-" "Mozilla/5.0 (Linux; Android 6.0.1; Nexus 5X Build/MMB29P) AppleWebKit/537.36 (KHTML, like Gecko) Chrome/151.0.7922.173 Mobile Safari/537.36 (compatible; Googlebot/2.1; +http://www.google.com/bot.html)"
66.249.77.99 - - [27/Aug/2026:00:47:22 +0330] "GET /%E3%83%95%E3%82%A1%E3%82%A4%E3%83%B3%E3%83%8B%E3%83%83%E3%83%88%E3%83%AC%E3%82%AE%E3%83%B3%E3%82%B9%20%E3%83%A9%E3%82%A4%E3%83%88%E3%82%B0%E3%83%AC%E3%83%BC%20%7C%20%E3%81%99%E3%81%B9%E3%81%A6%E3%81%AE%E5%95%86%E5%93%81%20%7C%20%E7%BE%8E%E3%81%97%E3%81%8F%E7%9C%A0%E3%82%8B%20nanadecor%20%7C%20%E5%85%AC%E5%BC%8F%E3%82%AA%E3%83%B3%E3%83%A9%E3%82%A4%E3%83%B3%E3%82%B7%E3%83%A7%E3%83%83%E3%83%97,15_000000001845-768x1024.jpg HTTP/1.1" 200 35062 "-" "Googlebot-Image/1.0"
66.249.77.100 - - [27/Aug/2026:00:47:23 +0330] "GET /?u=16919246056501 HTTP/1.1" 200 33414 "-" "Mozilla/5.0 (Linux; Android 6.0.1; Nexus 5X Build/MMB29P) AppleWebKit/537.36 (KHTML, like Gecko) Chrome/151.0.7922.173 Mobile Safari/537.36 (compatible; Googlebot/2.1; +http://www.google.com/bot.html)"
66.249.77.100 - - [27/Aug/2026:00:47:24 +0330] "GET /?u=29116288535902 HTTP/1.1" 200 34108 "-" "Mozilla/5.0 (Linux; Android 6.0.1; Nexus 5X Build/MMB29P) AppleWebKit/537.36 (KHTML, like Gecko) Chrome/151.0.7922.173 Mobile Safari/537.36 (compatible; Googlebot/2.1; +http://www.google.com/bot.html)"
66.249.77.99 - - [27/Aug/2026:00:47:33 +0330] "GET /?u=91627285715610 HTTP/1.1" 200 32934 "-" "Mozilla/5.0 (Linux; Android 6.0.1; Nexus 5X Build/MMB29P) AppleWebKit/537.36 (KHTML, like Gecko) Chrome/151.0.7922.173 Mobile Safari/537.36 (compatible; Googlebot/2.1; +http://www.google.com/bot.html)"
127.0.0.1 - - [27/Aug/2026:00:47:35 +0330] "GET /api/v1/categories-amazon HTTP/1.1" 200 34199 "-" "node"
172.16.20.25 - - [27/Aug/2026:00:47:35 +0330] "GET / HTTP/1.1" 200 338478 "-" "Mozilla/5.0 (compatible; PRTG Network Monitor (www.paessler.com); Windows)"
127.0.0.1 - - [27/Aug/2026:00:47:50 +0330] "GET /api/v2/sliders HTTP/1.1" 200 7478 "-" "node"
127.0.0.1 - - [27/Aug/2026:00:47:50 +0330] "GET /api/v1/article-page?region=foreign-shopping HTTP/1.1" 200 6429 "-" "node"
127.0.0.1 - - [27/Aug/2026:00:47:51 +0330] "GET /api/v1/categories-amazon HTTP/1.1" 200 34199 "-" "node"
204.18.130.85 - - [27/Aug/2026:00:47:51 +0330] "GET /foreign-shopping HTTP/2.0" 200 113198 "https://www.google.com/" "Mozilla/5.0 (Linux; Android 10; K) AppleWebKit/537.36 (KHTML, like Gecko) Chrome/151.0.0.0 Mobile Safari/537.36"
204.18.130.85 - - [27/Aug/2026:00:47:51 +0330] "GET /_next/static/media/c7178acf770b8f1a-s.p.ttf HTTP/2.0" 200 35704 "https://charsooq.com/foreign-shopping" "Mozilla/5.0 (Linux; Android 10; K) AppleWebKit/537.36 (KHTML, like Gecko) Chrome/151.0.0.0 Mobile Safari/537.36"
204.18.130.85 - - [27/Aug/2026:00:47:51 +0330] "GET /_next/static/media/d36c74da9a95e091-s.p.ttf HTTP/2.0" 200 35196 "https://charsooq.com/foreign-shopping" "Mozilla/5.0 (Linux; Android 10; K) AppleWebKit/537.36 (KHTML, like Gecko) Chrome/151.0.0.0 Mobile Safari/537.36"
204.18.130.85 - - [27/Aug/2026:00:47:51 +0330] "GET /_next/image?url=%2Fassets%2Fimages%2Ficons%2Ftelegram-icon.png&w=128&q=75 HTTP/2.0" 200 5724 "https://charsooq.com/foreign-shopping" "Mozilla/5.0 (Linux; Android 10; K) AppleWebKit/537.36 (KHTML, like Gecko) Chrome/151.0.0.0 Mobile Safari/537.36"
204.18.130.85 - - [27/Aug/2026:00:47:51 +0330] "GET /_next/static/css/302d83c05ad27d8b.css HTTP/2.0" 200 369 "https://charsooq.com/foreign-shopping" "Mozilla/5.0 (Linux; Android 10; K) AppleWebKit/537.36 (KHTML, like Gecko) Chrome/151.0.0.0 Mobile Safari/537.36"
204.18.130.85 - - [27/Aug/2026:00:47:51 +0330] "GET /_next/static/css/2c9caab41af7e337.css HTTP/2.0" 200 3175 "https://charsooq.com/foreign-shopping" "Mozilla/5.0 (Linux; Android 10; K) AppleWebKit/537.36 (KHTML, like Gecko) Chrome/151.0.0.0 Mobile Safari/537.36"
204.18.130.85 - - [27/Aug/2026:00:47:51 +0330] "GET /_next/static/css/1fd47d1e4f3a64a0.css HTTP/2.0" 200 5002 "https://charsooq.com/foreign-shopping" "Mozilla/5.0 (Linux; Android 10; K) AppleWebKit/537.36 (KHTML, like Gecko) Chrome/151.0.0.0 Mobile Safari/537.36"
204.18.130.85 - - [27/Aug/2026:00:47:51 +0330] "GET /_next/static/css/ae4ed9c503fd1e33.css HTTP/2.0" 200 1056 "https://charsooq.com/foreign-shopping" "Mozilla/5.0 (Linux; Android 10; K) AppleWebKit/537.36 (KHTML, like Gecko) Chrome/151.0.0.0 Mobile Safari/537.36"
204.18.130.85 - - [27/Aug/2026:00:47:51 +0330] "GET /_next/static/css/91447b978d7716af.css HTTP/2.0" 200 20418 "https://charsooq.com/foreign-shopping" "Mozilla/5.0 (Linux; Android 10; K) AppleWebKit/537.36 (KHTML, like Gecko) Chrome/151.0.0.0 Mobile Safari/537.36"
204.18.130.85 - - [27/Aug/2026:00:47:51 +0330] "GET /_next/image?url=https%3A%2F%2Fpanel.charsooq.com%2Fstorage%2F01K86CG1QRVXB0PMTKY5EERBNB.jpg&w=640&q=75 HTTP/2.0" 200 5768 "https://charsooq.com/foreign-shopping" "Mozilla/5.0 (Linux; Android 10; K) AppleWebKit/537.36 (KHTML, like Gecko) Chrome/151.0.0.0 Mobile Safari/537.36"
204.18.130.85 - - [27/Aug/2026:00:47:51 +0330] "GET /assets/images/home/comment-vector-up.svg HTTP/2.0" 200 536 "https://charsooq.com/foreign-shopping" "Mozilla/5.0 (Linux; Android 10; K) AppleWebKit/537.36 (KHTML, like Gecko) Chrome/151.0.0.0 Mobile Safari/537.36"
127.0.0.1 - - [27/Aug/2026:00:47:51 +0330] "GET /storage/01K86CG1QRVXB0PMTKY5EERBNB.jpg HTTP/1.1" 200 25489 "-" "node"
204.18.130.85 - - [27/Aug/2026:00:47:51 +0330] "GET /assets/images/icons/instagram1.png HTTP/2.0" 200 1556 "https://charsooq.com/foreign-shopping" "Mozilla/5.0 (Linux; Android 10; K) AppleWebKit/537.36 (KHTML, like Gecko) Chrome/151.0.0.0 Mobile Safari/537.36"
204.18.130.85 - - [27/Aug/2026:00:47:51 +0330] "GET /assets/images/home/comment-vector-down.svg HTTP/2.0" 200 533 "https://charsooq.com/foreign-shopping" "Mozilla/5.0 (Linux; Android 10; K) AppleWebKit/537.36 (KHTML, like Gecko) Chrome/151.0.0.0 Mobile Safari/537.36"
127.0.0.1 - - [27/Aug/2026:00:47:51 +0330] "GET /storage/01JCFP932H9Q64GVP49TFBKJK8.webp HTTP/1.1" 200 86270 "-" "node"
204.18.130.85 - - [27/Aug/2026:00:47:51 +0330] "GET /_next/image?url=https%3A%2F%2Fpanel.charsooq.com%2Fstorage%2F01JCFP932H9Q64GVP49TFBKJK8.webp&w=640&q=75 HTTP/2.0" 200 16312 "https://charsooq.com/foreign-shopping" "Mozilla/5.0 (Linux; Android 10; K) AppleWebKit/537.36 (KHTML, like Gecko) Chrome/151.0.0.0 Mobile Safari/537.36"
204.18.130.85 - - [27/Aug/2026:00:47:51 +0330] "GET /_next/image?url=https%3A%2F%2Fpanel.charsooq.com%2Fstorage%2F01HY6BS8GDGCSW52KSBB7AXNKE.webp&w=640&q=75 HTTP/2.0" 200 24990 "https://charsooq.com/foreign-shopping" "Mozilla/5.0 (Linux; Android 10; K) AppleWebKit/537.36 (KHTML, like Gecko) Chrome/151.0.0.0 Mobile Safari/537.36"
204.18.130.85 - - [27/Aug/2026:00:47:51 +0330] "GET /_next/image?url=https%3A%2F%2Fpanel.charsooq.com%2Fstorage%2F01HRWH760X60682C0NV8KM236N.webp&w=640&q=75 HTTP/2.0" 200 37386 "https://charsooq.com/foreign-shopping" "Mozilla/5.0 (Linux; Android 10; K) AppleWebKit/537.36 (KHTML, like Gecko) Chrome/151.0.0.0 Mobile Safari/537.36"
204.18.130.85 - - [27/Aug/2026:00:47:51 +0330] "GET /_next/image?url=https%3A%2F%2Fpanel.charsooq.com%2Fstorage%2F01HJ90G045MK53PA3245KNQQ8X.webp&w=640&q=75 HTTP/2.0" 200 13276 "https://charsooq.com/foreign-shopping" "Mozilla/5.0 (Linux; Android 10; K) AppleWebKit/537.36 (KHTML, like Gecko) Chrome/151.0.0.0 Mobile Safari/537.36"
204.18.130.85 - - [27/Aug/2026:00:47:51 +0330] "GET /_next/static/chunks/webpack-f27042854bafc0d3.js HTTP/2.0" 200 2127 "https://charsooq.com/foreign-shopping" "Mozilla/5.0 (Linux; Android 10; K) AppleWebKit/537.36 (KHTML, like Gecko) Chrome/151.0.0.0 Mobile Safari/537.36"
204.18.130.85 - - [27/Aug/2026:00:47:51 +0330] "GET /_next/static/chunks/main-app-9964935a240c0d39.js HTTP/2.0" 200 471 "https://charsooq.com/foreign-shopping" "Mozilla/5.0 (Linux; Android 10; K) AppleWebKit/537.36 (KHTML, like Gecko) Chrome/151.0.0.0 Mobile Safari/537.36"
127.0.0.1 - - [27/Aug/2026:00:47:51 +0330] "GET /storage/01HY6BS8GDGCSW52KSBB7AXNKE.webp HTTP/1.1" 200 200174 "-" "node"
127.0.0.1 - - [27/Aug/2026:00:47:51 +0330] "GET /storage/01HRWH760X60682C0NV8KM236N.webp HTTP/1.1" 200 121696 "-" "node"
127.0.0.1 - - [27/Aug/2026:00:47:51 +0330] "GET /storage/01HJ90G045MK53PA3245KNQQ8X.webp HTTP/1.1" 200 111382 "-" "node"
204.18.130.85 - - [27/Aug/2026:00:47:51 +0330] "GET /_next/static/chunks/2972-d7980624b2014943.js HTTP/2.0" 200 8732 "https://charsooq.com/foreign-shopping" "Mozilla/5.0 (Linux; Android 10; K) AppleWebKit/537.36 (KHTML, like Gecko) Chrome/151.0.0.0 Mobile Safari/537.36"
204.18.130.85 - - [27/Aug/2026:00:47:51 +0330] "GET /_next/static/chunks/2117-828e02dc1643a950.js HTTP/2.0" 200 32001 "https://charsooq.com/foreign-shopping" "Mozilla/5.0 (Linux; Android 10; K) AppleWebKit/537.36 (KHTML, like Gecko) Chrome/151.0.0.0 Mobile Safari/537.36"
204.18.130.85 - - [27/Aug/2026:00:47:52 +0330] "GET /_next/static/chunks/1580-575957d688ae25ac.js HTTP/2.0" 200 12089 "https://charsooq.com/foreign-shopping" "Mozilla/5.0 (Linux; Android 10; K) AppleWebKit/537.36 (KHTML, like Gecko) Chrome/151.0.0.0 Mobile Safari/537.36"
204.18.130.85 - - [27/Aug/2026:00:47:52 +0330] "GET /_next/static/chunks/4438-ac5ce0d4a5fd9e15.js HTTP/2.0" 200 8260 "https://charsooq.com/foreign-shopping" "Mozilla/5.0 (Linux; Android 10; K) AppleWebKit/537.36 (KHTML, like Gecko) Chrome/151.0.0.0 Mobile Safari/537.36"
204.18.130.85 - - [27/Aug/2026:00:47:52 +0330] "GET /_next/static/chunks/fd9d1056-9ff99acbd7fb9fe8.js HTTP/2.0" 200 53744 "https://charsooq.com/foreign-shopping" "Mozilla/5.0 (Linux; Android 10; K) AppleWebKit/537.36 (KHTML, like Gecko) Chrome/151.0.0.0 Mobile Safari/537.36"
204.18.130.85 - - [27/Aug/2026:00:47:52 +0330] "GET /assets/images/home/sell-buy.svg HTTP/2.0" 200 71219 "https://charsooq.com/foreign-shopping" "Mozilla/5.0 (Linux; Android 10; K) AppleWebKit/537.36 (KHTML, like Gecko) Chrome/151.0.0.0 Mobile Safari/537.36"
204.18.130.85 - - [27/Aug/2026:00:47:52 +0330] "GET /_next/static/chunks/6137-97a90ba21cd4a885.js HTTP/2.0" 200 6706 "https://charsooq.com/foreign-shopping" "Mozilla/5.0 (Linux; Android 10; K) AppleWebKit/537.36 (KHTML, like Gecko) Chrome/151.0.0.0 Mobile Safari/537.36"
204.18.130.85 - - [27/Aug/2026:00:47:52 +0330] "GET /_next/static/chunks/3462-b3fd13ed1d4f90e2.js HTTP/2.0" 200 1833 "https://charsooq.com/foreign-shopping" "Mozilla/5.0 (Linux; Android 10; K) AppleWebKit/537.36 (KHTML, like Gecko) Chrome/151.0.0.0 Mobile Safari/537.36"
204.18.130.85 - - [27/Aug/2026:00:47:52 +0330] "GET /_next/static/chunks/3013-a9939c72e4a38977.js HTTP/2.0" 200 6860 "https://charsooq.com/foreign-shopping" "Mozilla/5.0 (Linux; Android 10; K) AppleWebKit/537.36 (KHTML, like Gecko) Chrome/151.0.0.0 Mobile Safari/537.36"
204.18.130.85 - - [27/Aug/2026:00:47:52 +0330] "GET /assets/images/icons/whatsapp.png HTTP/2.0" 200 763 "https://charsooq.com/foreign-shopping" "Mozilla/5.0 (Linux; Android 10; K) AppleWebKit/537.36 (KHTML, like Gecko) Chrome/151.0.0.0 Mobile Safari/537.36"
204.18.130.85 - - [27/Aug/2026:00:47:52 +0330] "GET /assets/images/icons/telegram.png HTTP/2.0" 200 1179 "https://charsooq.com/foreign-shopping" "Mozilla/5.0 (Linux; Android 10; K) AppleWebKit/537.36 (KHTML, like Gecko) Chrome/151.0.0.0 Mobile Safari/537.36"
204.18.130.85 - - [27/Aug/2026:00:47:52 +0330] "GET /assets/images/home/discount-background.webp HTTP/2.0" 200 59114 "https://charsooq.com/_next/static/css/2c9caab41af7e337.css" "Mozilla/5.0 (Linux; Android 10; K) AppleWebKit/537.36 (KHTML, like Gecko) Chrome/151.0.0.0 Mobile Safari/537.36"
204.18.130.85 - - [27/Aug/2026:00:47:52 +0330] "GET /_next/static/chunks/5878-8c4517462d65e9a5.js HTTP/2.0" 200 5170 "https://charsooq.com/foreign-shopping" "Mozilla/5.0 (Linux; Android 10; K) AppleWebKit/537.36 (KHTML, like Gecko) Chrome/151.0.0.0 Mobile Safari/537.36"
204.18.130.85 - - [27/Aug/2026:00:47:52 +0330] "GET /_next/static/chunks/6818-72710ec856a66515.js HTTP/2.0" 200 2700 "https://charsooq.com/foreign-shopping" "Mozilla/5.0 (Linux; Android 10; K) AppleWebKit/537.36 (KHTML, like Gecko) Chrome/151.0.0.0 Mobile Safari/537.36"
204.18.130.85 - - [27/Aug/2026:00:47:52 +0330] "GET /_next/static/chunks/5763-e3689baff1695fd1.js HTTP/2.0" 200 4387 "https://charsooq.com/foreign-shopping" "Mozilla/5.0 (Linux; Android 10; K) AppleWebKit/537.36 (KHTML, like Gecko) Chrome/151.0.0.0 Mobile Safari/537.36"
204.18.130.85 - - [27/Aug/2026:00:47:52 +0330] "GET /_next/static/chunks/9064-bc53da8ff6805f5a.js HTTP/2.0" 200 4703 "https://charsooq.com/foreign-shopping" "Mozilla/5.0 (Linux; Android 10; K) AppleWebKit/537.36 (KHTML, like Gecko) Chrome/151.0.0.0 Mobile Safari/537.36"
