5.52.173.121 - - [27/Aug/2026:00:37:30 +0330] "GET /_next/image?url=%2Fassets%2Fimages%2Fhome%2Ffaq-bg2.png&w=1080&q=75 HTTP/2.0" 304 0 "https://charsooq.com/calculator" "Mozilla/5.0 (Linux; Android 10; K) AppleWebKit/537.36 (KHTML, like Gecko) Chrome/150.0.0.0 Mobile Safari/537.36"
5.52.173.121 - - [27/Aug/2026:00:37:30 +0330] "GET /assets/images/icons/us-icon.png HTTP/2.0" 304 0 "https://charsooq.com/calculator" "Mozilla/5.0 (Linux; Android 10; K) AppleWebKit/537.36 (KHTML, like Gecko) Chrome/150.0.0.0 Mobile Safari/537.36"
5.52.173.121 - - [27/Aug/2026:00:37:30 +0330] "GET /assets/images/icons/instagram1.png HTTP/2.0" 304 0 "https://charsooq.com/calculator" "Mozilla/5.0 (Linux; Android 10; K) AppleWebKit/537.36 (KHTML, like Gecko) Chrome/150.0.0.0 Mobile Safari/537.36"
5.52.173.121 - - [27/Aug/2026:00:37:30 +0330] "GET /assets/images/icons/whatsapp.png HTTP/2.0" 304 0 "https://charsooq.com/calculator" "Mozilla/5.0 (Linux; Android 10; K) AppleWebKit/537.36 (KHTML, like Gecko) Chrome/150.0.0.0 Mobile Safari/537.36"
5.52.173.121 - - [27/Aug/2026:00:37:30 +0330] "GET /assets/images/icons/telegram.png HTTP/2.0" 304 0 "https://charsooq.com/calculator" "Mozilla/5.0 (Linux; Android 10; K) AppleWebKit/537.36 (KHTML, like Gecko) Chrome/150.0.0.0 Mobile Safari/537.36"
5.52.173.121 - - [27/Aug/2026:00:37:30 +0330] "GET /_next/image?url=%2Fassets%2Fimages%2Ficons%2Fenamad-icon.png&w=256&q=75 HTTP/2.0" 304 0 "https://charsooq.com/" "Mozilla/5.0 (Linux; Android 10; K) AppleWebKit/537.36 (KHTML, like Gecko) Chrome/150.0.0.0 Mobile Safari/537.36"
5.52.173.121 - - [27/Aug/2026:00:37:30 +0330] "GET /manifest.json HTTP/2.0" 304 0 "https://charsooq.com/calculator" "Mozilla/5.0 (Linux; Android 10; K) AppleWebKit/537.36 (KHTML, like Gecko) Chrome/150.0.0.0 Mobile Safari/537.36"
5.52.173.121 - - [27/Aug/2026:00:37:31 +0330] "GET /checkout?_rsc=bqr1v HTTP/2.0" 200 1690 "https://charsooq.com/calculator" "Mozilla/5.0 (Linux; Android 10; K) AppleWebKit/537.36 (KHTML, like Gecko) Chrome/150.0.0.0 Mobile Safari/537.36"
5.52.173.121 - - [27/Aug/2026:00:37:31 +0330] "GET /?_rsc=bqr1v HTTP/2.0" 200 13564 "https://charsooq.com/calculator" "Mozilla/5.0 (Linux; Android 10; K) AppleWebKit/537.36 (KHTML, like Gecko) Chrome/150.0.0.0 Mobile Safari/537.36"
5.52.173.121 - - [27/Aug/2026:00:37:31 +0330] "GET /pwa-icon-180.png HTTP/2.0" 304 0 "https://charsooq.com/calculator" "Mozilla/5.0 (Linux; Android 10; K) AppleWebKit/537.36 (KHTML, like Gecko) Chrome/150.0.0.0 Mobile Safari/537.36"
5.52.173.121 - - [27/Aug/2026:00:37:31 +0330] "GET /api/v1/calculator-index HTTP/2.0" 200 1549 "https://charsooq.com/" "Mozilla/5.0 (Linux; Android 10; K) AppleWebKit/537.36 (KHTML, like Gecko) Chrome/150.0.0.0 Mobile Safari/537.36"
127.0.0.1 - - [27/Aug/2026:00:37:35 +0330] "GET /api/v1/categories-amazon HTTP/1.1" 200 34199 "-" "node"
172.16.20.25 - - [27/Aug/2026:00:37:35 +0330] "GET / HTTP/1.1" 200 338446 "-" "Mozilla/5.0 (compatible; PRTG Network Monitor (www.paessler.com); Windows)"
45.148.10.40 - - [27/Aug/2026:00:37:42 +0330] "POST /register HTTP/1.1" 301 16 "-" "Mozilla/5.0 (Windows NT 10.0; Win64; x64) Chrome/120.0.0.0"
45.148.10.40 - - [27/Aug/2026:00:37:43 +0330] "GET /login HTTP/1.1" 499 0 "https://charsooq.com/register" "Mozilla/5.0 (Windows NT 10.0; Win64; x64) Chrome/120.0.0.0"
127.0.0.1 - - [27/Aug/2026:00:37:43 +0330] "GET /api/v1/categories-amazon HTTP/1.1" 200 34199 "-" "node"
66.249.77.100 - - [27/Aug/2026:00:38:00 +0330] "GET /img.fril.jp/img/704099926/l/2343236222.jpg?1723388...,www.ryonanshop.com/cdn/shop/files/001_VJPG141_8G_S...,%E3%80%90%E8%B6%85%E4%BA%BA%E6%B0%97%E3%83%A2%E3%83%90%E3%82%A4%E3%83%ABPC%E3%80%91%20%E4%B8%AD%E5%8F%A4%20%E3%83%8E%E3%83%BC%E3%83%88%20SONY%20VAIO%20VJPG13C11N%20%E7%AC%AC10%E4%B8%96%E4%BB%A3%20Core%20i5%204%E3%82%B3%E3%82%A2/8%E3%82%B9%E3%83%AC%E3%83%83%E3%83%89%20%E3%83%91%E3%82%BD%E3%82%B3%E3%83%B3%20PC%20%20%E4%B8%AD%E5%8F%A4%E3%83%91%E3%82%BD%E3%82%B3%E3%83%B3%20M.2%20SSD%E6%90%AD%E8%BC%89%20corei5%20Windows11%20Windows10%20Office2019%20WiFi%20%E3%83%A1%E3%83%A2%E3%83%AA8GB%20SSD256GB%20%20...,item-shopping.c.yimg.jp/i/l/whatfun_vjp13c11n-b,%E4%B8%AD%E5%8F%A4%E3%83%91%E3%82%BD%E3%82%B3%E3%83%B3%E3%80%91SONY%20VAIO%20ProPG13%20VJPG13C11N%20%E4%B8%AD%E5%8F%A4%20%E3%83%8E%E3%83%BC%E3%83%88Office%20Win11%20or%20Win10%20%E7%AC%AC10%E4%B8%96%E4%BB%A3%20%E3%83%95%E3%83%ABHD%20[Core%20%20i5%201035G1%20%E3%83%A1%E3%83%A2%E3%83%AA8GB%20SSD256GB%20%E7%84%A1%E7%B7%9A%2013.3%E5%9E%8B]:%E8%A8%B3%E3%81%82%E3%82%8A(%E3%82%AB%E3%83%A1%E3%83%A9%E2%96%B3)%20%EF%BD%9C%E3%83%AF%E3%83%83%E3%83%88%E3%83%95%E3%82%A1%E3%83%B3 HTTP/1.1" 200 34429 "-" "Googlebot-Image/1.0"
127.0.0.1 - - [27/Aug/2026:00:38:03 +0330] "GET /api/v1/categories-amazon HTTP/1.1" 200 34230 "-" "node"
45.148.10.40 - - [27/Aug/2026:00:38:03 +0330] "POST /dashboard HTTP/1.1" 200 83930 "-" "Mozilla/5.0 (Windows NT 10.0; Win64; x64) Chrome/120.0.0.0"
66.249.77.99 - - [27/Aug/2026:00:38:06 +0330] "GET /?u=2132240610402 HTTP/1.1" 200 33176 "-" "Mozilla/5.0 (Linux; Android 6.0.1; Nexus 5X Build/MMB29P) AppleWebKit/537.36 (KHTML, like Gecko) Chrome/151.0.7922.173 Mobile Safari/537.36 (compatible; Googlebot/2.1; +http://www.google.com/bot.html)"
5.52.173.121 - - [27/Aug/2026:00:38:11 +0330] "GET /assets/images/icons/iran-icon.png HTTP/2.0" 304 0 "https://charsooq.com/calculator" "Mozilla/5.0 (Linux; Android 10; K) AppleWebKit/537.36 (KHTML, like Gecko) Chrome/150.0.0.0 Mobile Safari/537.36"
5.52.173.121 - - [27/Aug/2026:00:38:13 +0330] "POST /api/v1/calculator-show HTTP/2.0" 200 337 "https://charsooq.com/" "Mozilla/5.0 (Linux; Android 10; K) AppleWebKit/537.36 (KHTML, like Gecko) Chrome/150.0.0.0 Mobile Safari/537.36"
127.0.0.1 - - [27/Aug/2026:00:38:16 +0330] "GET /api/v1/article-old-show/admin HTTP/1.1" 404 170 "-" "node"
5.52.173.121 - - [27/Aug/2026:00:38:16 +0330] "GET /about-us?_rsc=bqr1v HTTP/2.0" 200 1364 "https://charsooq.com/calculator" "Mozilla/5.0 (Linux; Android 10; K) AppleWebKit/537.36 (KHTML, like Gecko) Chrome/150.0.0.0 Mobile Safari/537.36"
127.0.0.1 - - [27/Aug/2026:00:38:17 +0330] "GET /api/v1/categories-amazon HTTP/1.1" 200 34199 "-" "node"
45.148.10.40 - - [27/Aug/2026:00:38:17 +0330] "POST /admin HTTP/1.1" 200 110000 "-" "Mozilla/5.0 (Windows NT 10.0; Win64; x64) Chrome/120.0.0.0"
5.52.173.121 - - [27/Aug/2026:00:38:21 +0330] "GET /help?_rsc=bqr1v HTTP/2.0" 200 1528 "https://charsooq.com/calculator" "Mozilla/5.0 (Linux; Android 10; K) AppleWebKit/537.36 (KHTML, like Gecko) Chrome/150.0.0.0 Mobile Safari/537.36"
5.52.173.121 - - [27/Aug/2026:00:38:21 +0330] "GET /faq?_rsc=bqr1v HTTP/2.0" 200 1359 "https://charsooq.com/calculator" "Mozilla/5.0 (Linux; Android 10; K) AppleWebKit/537.36 (KHTML, like Gecko) Chrome/150.0.0.0 Mobile Safari/537.36"
127.0.0.1 - - [27/Aug/2026:00:38:21 +0330] "GET /api/v1/article-old-show/account HTTP/1.1" 404 170 "-" "node"
127.0.0.1 - - [27/Aug/2026:00:38:22 +0330] "GET /api/v1/categories-amazon HTTP/1.1" 200 34230 "-" "node"
45.148.10.40 - - [27/Aug/2026:00:38:22 +0330] "POST /account HTTP/1.1" 200 110063 "-" "Mozilla/5.0 (Windows NT 10.0; Win64; x64) Chrome/120.0.0.0"
127.0.0.1 - - [27/Aug/2026:00:38:23 +0330] "GET /api/v1/article-old-show/account HTTP/1.1" 404 170 "-" "node"
127.0.0.1 - - [27/Aug/2026:00:38:24 +0330] "GET /api/v1/categories-amazon HTTP/1.1" 200 34230 "-" "node"
45.148.10.40 - - [27/Aug/2026:00:38:24 +0330] "POST /account HTTP/1.1" 200 110063 "-" "Mozilla/5.0 (Windows NT 10.0; Win64; x64) Chrome/120.0.0.0"
127.0.0.1 - - [27/Aug/2026:00:38:26 +0330] "GET /api/v1/article-old-show/account HTTP/1.1" 404 170 "-" "node"
127.0.0.1 - - [27/Aug/2026:00:38:26 +0330] "GET /api/v1/categories-amazon HTTP/1.1" 200 34199 "-" "node"
45.148.10.40 - - [27/Aug/2026:00:38:27 +0330] "POST /account HTTP/1.1" 200 110063 "-" "Mozilla/5.0 (Windows NT 10.0; Win64; x64) Chrome/120.0.0.0"
127.0.0.1 - - [27/Aug/2026:00:38:33 +0330] "GET /api/v1/categories-amazon HTTP/1.1" 200 34199 "-" "node"
45.148.10.40 - - [27/Aug/2026:00:38:33 +0330] "POST /auth/callback HTTP/1.1" 404 84234 "-" "Mozilla/5.0 (Windows NT 10.0; Win64; x64) Chrome/120.0.0.0"
127.0.0.1 - - [27/Aug/2026:00:38:34 +0330] "GET /api/v2/sliders HTTP/1.1" 200 7479 "-" "node"
127.0.0.1 - - [27/Aug/2026:00:38:34 +0330] "GET /api/v1/categories-amazon HTTP/1.1" 200 34199 "-" "node"
127.0.0.1 - - [27/Aug/2026:00:38:35 +0330] "GET /api/v2/page-data HTTP/1.1" 200 36854 "-" "node"
172.16.20.25 - - [27/Aug/2026:00:38:35 +0330] "GET / HTTP/1.1" 200 338501 "-" "Mozilla/5.0 (compatible; PRTG Network Monitor (www.paessler.com); Windows)"
127.0.0.1 - - [27/Aug/2026:00:38:36 +0330] "GET /api/v1/categories-amazon HTTP/1.1" 200 34230 "-" "node"
45.148.10.40 - - [27/Aug/2026:00:38:36 +0330] "POST /auth/callback HTTP/1.1" 404 84234 "-" "Mozilla/5.0 (Windows NT 10.0; Win64; x64) Chrome/120.0.0.0"
45.148.10.40 - - [27/Aug/2026:00:38:41 +0330] "POST / HTTP/1.1" 301 169 "-" "Mozilla/5.0 (Windows NT 10.0; Win64; x64) Chrome/120.0.0.0"
127.0.0.1 - - [27/Aug/2026:00:38:43 +0330] "GET /api/v1/categories-amazon HTTP/1.1" 200 34230 "-" "node"
45.148.10.40 - - [27/Aug/2026:00:38:43 +0330] "GET / HTTP/1.1" 200 106586 "http://charsooq.com" "Mozilla/5.0 (Windows NT 10.0; Win64; x64) Chrome/120.0.0.0"
127.0.0.1 - - [27/Aug/2026:00:38:58 +0330] "GET /api/v1/categories-amazon HTTP/1.1" 200 34199 "-" "node"
45.148.10.40 - - [27/Aug/2026:00:38:58 +0330] "POST /wp/index.php?rest_route=/batch/v1 HTTP/1.1" 404 84268 "-" "Mozilla/5.0 (Windows NT 10.0; Win64; x64) AppleWebKit/537.36 (KHTML, like Gecko) Chrome/120.0.0.0 Safari/537.36"
127.0.0.1 - - [27/Aug/2026:00:39:01 +0330] "GET /api/v1/categories-amazon HTTP/1.1" 200 34199 "-" "node"
45.148.10.40 - - [27/Aug/2026:00:39:01 +0330] "POST /wp/index.php?rest_route=%2Fbatch%2Fv1 HTTP/1.1" 404 84272 "-" "Mozilla/5.0 (Windows NT 10.0; Win64; x64) AppleWebKit/537.36 (KHTML, like Gecko) Chrome/120.0.0.0 Safari/537.36"
45.148.10.40 - - [27/Aug/2026:00:39:01 +0330] "POST /wp/?rest_route=%2Fbatch%2Fv1 HTTP/1.1" 308 39 "-" "Mozilla/5.0 (Windows NT 10.0; Win64; x64) AppleWebKit/537.36 (KHTML, like Gecko) Chrome/120.0.0.0 Safari/537.36"
127.0.0.1 - - [27/Aug/2026:00:39:01 +0330] "GET /api/v1/article-old-show/wp HTTP/1.1" 404 170 "-" "node"
127.0.0.1 - - [27/Aug/2026:00:39:02 +0330] "GET /api/v1/categories-amazon HTTP/1.1" 200 34199 "-" "node"
45.148.10.40 - - [27/Aug/2026:00:39:02 +0330] "POST /wp?rest_route=%2Fbatch%2Fv1 HTTP/1.1" 200 109928 "https://charsooq.com/wp/?rest_route=%2Fbatch%2Fv1" "Mozilla/5.0 (Windows NT 10.0; Win64; x64) AppleWebKit/537.36 (KHTML, like Gecko) Chrome/120.0.0.0 Safari/537.36"
45.148.10.40 - - [27/Aug/2026:00:39:03 +0330] "POST /wp/?rest_route=/batch%2Fv1 HTTP/1.1" 308 39 "-" "Mozilla/5.0 (Windows NT 10.0; Win64; x64) AppleWebKit/537.36 (KHTML, like Gecko) Chrome/120.0.0.0 Safari/537.36"
127.0.0.1 - - [27/Aug/2026:00:39:04 +0330] "GET /api/v1/article-old-show/wp HTTP/1.1" 404 170 "-" "node"
127.0.0.1 - - [27/Aug/2026:00:39:04 +0330] "GET /api/v1/categories-amazon HTTP/1.1" 200 34230 "-" "node"
45.148.10.40 - - [27/Aug/2026:00:39:04 +0330] "POST /wp?rest_route=%2Fbatch%2Fv1 HTTP/1.1" 200 110094 "https://charsooq.com/wp/?rest_route=/batch%2Fv1" "Mozilla/5.0 (Windows NT 10.0; Win64; x64) AppleWebKit/537.36 (KHTML, like Gecko) Chrome/120.0.0.0 Safari/537.36"
45.148.10.40 - - [27/Aug/2026:00:39:05 +0330] "POST /wp/?rest_route=/batch/v1 HTTP/1.1" 308 39 "-" "Mozilla/5.0 (Windows NT 10.0; Win64; x64) AppleWebKit/537.36 (KHTML, like Gecko) Chrome/120.0.0.0 Safari/537.36"
127.0.0.1 - - [27/Aug/2026:00:39:05 +0330] "GET /api/v1/article-old-show/wp HTTP/1.1" 404 170 "-" "node"
127.0.0.1 - - [27/Aug/2026:00:39:06 +0330] "GET /api/v1/categories-amazon HTTP/1.1" 200 34199 "-" "node"
45.148.10.40 - - [27/Aug/2026:00:39:06 +0330] "POST /wp?rest_route=%2Fbatch%2Fv1 HTTP/1.1" 200 110094 "https://charsooq.com/wp/?rest_route=/batch/v1" "Mozilla/5.0 (Windows NT 10.0; Win64; x64) AppleWebKit/537.36 (KHTML, like Gecko) Chrome/120.0.0.0 Safari/537.36"
127.0.0.1 - - [27/Aug/2026:00:39:07 +0330] "GET /api/v1/categories-amazon HTTP/1.1" 200 34230 "-" "node"
45.148.10.40 - - [27/Aug/2026:00:39:08 +0330] "POST /wp/wp-json/batch/v1 HTTP/1.1" 404 84239 "-" "Mozilla/5.0 (Windows NT 10.0; Win64; x64) AppleWebKit/537.36 (KHTML, like Gecko) Chrome/120.0.0.0 Safari/537.36"
127.0.0.1 - - [27/Aug/2026:00:39:10 +0330] "GET /api/v1/categories-amazon HTTP/1.1" 200 34199 "-" "node"
45.148.10.40 - - [27/Aug/2026:00:39:10 +0330] "POST /wp/wp-json/Batch/v1 HTTP/1.1" 404 84240 "-" "Mozilla/5.0 (Windows NT 10.0; Win64; x64) AppleWebKit/537.36 (KHTML, like Gecko) Chrome/120.0.0.0 Safari/537.36"
45.148.10.40 - - [27/Aug/2026:00:39:11 +0330] "POST /wp//wp-json/batch/v1 HTTP/1.1" 308 31 "-" "Mozilla/5.0 (Windows NT 10.0; Win64; x64) AppleWebKit/537.36 (KHTML, like Gecko) Chrome/120.0.0.0 Safari/537.36"
127.0.0.1 - - [27/Aug/2026:00:39:12 +0330] "GET /api/v1/categories-amazon HTTP/1.1" 200 34230 "-" "node"
45.148.10.40 - - [27/Aug/2026:00:39:12 +0330] "POST /wp/wp-json/batch/v1 HTTP/1.1" 404 84239 "https://charsooq.com/wp//wp-json/batch/v1" "Mozilla/5.0 (Windows NT 10.0; Win64; x64) AppleWebKit/537.36 (KHTML, like Gecko) Chrome/120.0.0.0 Safari/537.36"
45.148.10.40 - - [27/Aug/2026:00:39:13 +0330] "POST /wp/wp-json/batch/v1/ HTTP/1.1" 308 31 "-" "Mozilla/5.0 (Windows NT 10.0; Win64; x64) AppleWebKit/537.36 (KHTML, like Gecko) Chrome/120.0.0.0 Safari/537.36"
127.0.0.1 - - [27/Aug/2026:00:39:14 +0330] "GET /api/v1/categories-amazon HTTP/1.1" 200 34230 "-" "node"
45.148.10.40 - - [27/Aug/2026:00:39:14 +0330] "POST /wp/wp-json/batch/v1 HTTP/1.1" 404 84239 "https://charsooq.com/wp/wp-json/batch/v1/" "Mozilla/5.0 (Windows NT 10.0; Win64; x64) AppleWebKit/537.36 (KHTML, like Gecko) Chrome/120.0.0.0 Safari/537.36"
127.0.0.1 - - [27/Aug/2026:00:39:15 +0330] "GET /api/v1/categories-amazon HTTP/1.1" 200 34199 "-" "node"
45.148.10.40 - - [27/Aug/2026:00:39:15 +0330] "POST /wp/blog/wp-json/batch/v1 HTTP/1.1" 404 84243 "-" "Mozilla/5.0 (Windows NT 10.0; Win64; x64) AppleWebKit/537.36 (KHTML, like Gecko) Chrome/120.0.0.0 Safari/537.36"
57.141.20.33 - - [27/Aug/2026:00:39:16 +0330] "GET /_next/image?url=https%3A%2F%2Fpanel.charsooq.com%2Fstorage%2F01HMG82QXMAVNTC6M7CNKVXRS1.webp&w=1200&q=75 HTTP/2.0" 200 32696 "-" "Mozilla/5.0 (Windows NT 10.0; Win64; x64) AppleWebKit/537.36 (KHTML, like Gecko) Chrome/145.0.0.0 Safari/537.36 (compatible; meta-externalagent/1.1 (+https://developers.facebook.com/docs/sharing/webmasters/crawler))"
127.0.0.1 - - [27/Aug/2026:00:39:16 +0330] "GET /storage/01HMG82QXMAVNTC6M7CNKVXRS1.webp HTTP/1.1" 200 96400 "-" "node"
127.0.0.1 - - [27/Aug/2026:00:39:16 +0330] "GET /api/v1/categories-amazon HTTP/1.1" 200 34230 "-" "node"
45.148.10.40 - - [27/Aug/2026:00:39:16 +0330] "POST /wp/wordpress/wp-json/batch/v1 HTTP/1.1" 404 84246 "-" "Mozilla/5.0 (Windows NT 10.0; Win64; x64) AppleWebKit/537.36 (KHTML, like Gecko) Chrome/120.0.0.0 Safari/537.36"
127.0.0.1 - - [27/Aug/2026:00:39:18 +0330] "GET /api/v1/categories-amazon HTTP/1.1" 200 34230 "-" "node"
45.148.10.40 - - [27/Aug/2026:00:39:18 +0330] "POST /wp/index.php?rest_route=/batch/v1 HTTP/1.1" 404 84268 "https://charsooq.com/wp/wp-admin/" "Mozilla/5.0 (Windows NT 10.0; Win64; x64) AppleWebKit/537.36 (KHTML, like Gecko) Chrome/120.0.0.0 Safari/537.36"
127.0.0.1 - - [27/Aug/2026:00:39:20 +0330] "GET /api/v1/categories-amazon HTTP/1.1" 200 34199 "-" "node"
45.148.10.40 - - [27/Aug/2026:00:39:20 +0330] "POST /wp/index.php?rest_route=%2Fbatch%2Fv1 HTTP/1.1" 404 84272 "https://charsooq.com/wp/wp-admin/" "Mozilla/5.0 (Windows NT 10.0; Win64; x64) AppleWebKit/537.36 (KHTML, like Gecko) Chrome/120.0.0.0 Safari/537.36"
45.148.10.40 - - [27/Aug/2026:00:39:21 +0330] "POST /wp/?rest_route=%2Fbatch%2Fv1 HTTP/1.1" 308 39 "https://charsooq.com/wp/wp-admin/" "Mozilla/5.0 (Windows NT 10.0; Win64; x64) AppleWebKit/537.36 (KHTML, like Gecko) Chrome/120.0.0.0 Safari/537.36"
127.0.0.1 - - [27/Aug/2026:00:39:22 +0330] "GET /api/v1/article-old-show/wp HTTP/1.1" 404 170 "-" "node"
127.0.0.1 - - [27/Aug/2026:00:39:23 +0330] "GET /api/v1/categories-amazon HTTP/1.1" 200 34199 "-" "node"
45.148.10.40 - - [27/Aug/2026:00:39:23 +0330] "POST /wp?rest_route=%2Fbatch%2Fv1 HTTP/1.1" 200 110094 "https://charsooq.com/wp/wp-admin/" "Mozilla/5.0 (Windows NT 10.0; Win64; x64) AppleWebKit/537.36 (KHTML, like Gecko) Chrome/120.0.0.0 Safari/537.36"
45.148.10.40 - - [27/Aug/2026:00:39:23 +0330] "POST /wp/?rest_route=/batch%2Fv1 HTTP/1.1" 308 39 "https://charsooq.com/wp/wp-admin/" "Mozilla/5.0 (Windows NT 10.0; Win64; x64) AppleWebKit/537.36 (KHTML, like Gecko) Chrome/120.0.0.0 Safari/537.36"
127.0.0.1 - - [27/Aug/2026:00:39:24 +0330] "GET /api/v1/article-old-show/wp HTTP/1.1" 404 170 "-" "node"
127.0.0.1 - - [27/Aug/2026:00:39:24 +0330] "GET /api/v2/article-show/buy-electronic-components HTTP/1.1" 200 257761 "-" "node"
127.0.0.1 - - [27/Aug/2026:00:39:24 +0330] "GET /api/v1/categories-amazon HTTP/1.1" 200 34230 "-" "node"
45.148.10.40 - - [27/Aug/2026:00:39:24 +0330] "POST /wp?rest_route=%2Fbatch%2Fv1 HTTP/1.1" 200 110094 "https://charsooq.com/wp/wp-admin/" "Mozilla/5.0 (Windows NT 10.0; Win64; x64) AppleWebKit/537.36 (KHTML, like Gecko) Chrome/120.0.0.0 Safari/537.36"
57.141.20.54 - - [27/Aug/2026:00:39:24 +0330] "GET /_next/image?url=https%3A%2F%2Fpanel.charsooq.com%2Fstorage%2F01HMG82QXMAVNTC6M7CNKVXRS1.webp&w=1200&q=75 HTTP/2.0" 200 32696 "-" "Mozilla/5.0 (Windows NT 10.0; Win64; x64) AppleWebKit/537.36 (KHTML, like Gecko) Chrome/145.0.0.0 Safari/537.36 (compatible; meta-externalagent/1.1 (+https://developers.facebook.com/docs/sharing/webmasters/crawler))"
127.0.0.1 - - [27/Aug/2026:00:39:25 +0330] "GET /api/v1/categories-amazon HTTP/1.1" 200 34199 "-" "node"
45.6.28.236 - - [27/Aug/2026:00:39:25 +0330] "GET /articles/buy-electronic-components HTTP/2.0" 200 119994 "-" "Mozilla/5.0 (Macintosh; Intel Mac OS X 10_15_7) AppleWebKit/537.36 (KHTML, like Gecko) Chrome/133.0.0.0 Safari/537.36"
45.148.10.40 - - [27/Aug/2026:00:39:25 +0330] "POST /wp/?rest_route=/batch/v1 HTTP/1.1" 308 39 "https://charsooq.com/wp/wp-admin/" "Mozilla/5.0 (Windows NT 10.0; Win64; x64) AppleWebKit/537.36 (KHTML, like Gecko) Chrome/120.0.0.0 Safari/537.36"
127.0.0.1 - - [27/Aug/2026:00:39:27 +0330] "GET /api/v1/article-old-show/wp HTTP/1.1" 404 170 "-" "node"
127.0.0.1 - - [27/Aug/2026:00:39:28 +0330] "GET /api/v1/categories-amazon HTTP/1.1" 200 34230 "-" "node"
45.148.10.40 - - [27/Aug/2026:00:39:28 +0330] "POST /wp?rest_route=%2Fbatch%2Fv1 HTTP/1.1" 200 110094 "https://charsooq.com/wp/wp-admin/" "Mozilla/5.0 (Windows NT 10.0; Win64; x64) AppleWebKit/537.36 (KHTML, like Gecko) Chrome/120.0.0.0 Safari/537.36"
127.0.0.1 - - [27/Aug/2026:00:39:30 +0330] "GET /api/v1/categories-amazon HTTP/1.1" 200 34199 "-" "node"
45.148.10.40 - - [27/Aug/2026:00:39:30 +0330] "POST /wp/wp-json/batch/v1 HTTP/1.1" 404 84239 "https://charsooq.com/wp/wp-admin/" "Mozilla/5.0 (Windows NT 10.0; Win64; x64) AppleWebKit/537.36 (KHTML, like Gecko) Chrome/120.0.0.0 Safari/537.36"
127.0.0.1 - - [27/Aug/2026:00:39:31 +0330] "GET /api/v1/categories-amazon HTTP/1.1" 200 34199 "-" "node"
45.148.10.40 - - [27/Aug/2026:00:39:31 +0330] "POST /wp/wp-json/Batch/v1 HTTP/1.1" 404 84240 "https://charsooq.com/wp/wp-admin/" "Mozilla/5.0 (Windows NT 10.0; Win64; x64) AppleWebKit/537.36 (KHTML, like Gecko) Chrome/120.0.0.0 Safari/537.36"
45.148.10.40 - - [27/Aug/2026:00:39:31 +0330] "POST /wp//wp-json/batch/v1 HTTP/1.1" 308 31 "https://charsooq.com/wp/wp-admin/" "Mozilla/5.0 (Windows NT 10.0; Win64; x64) AppleWebKit/537.36 (KHTML, like Gecko) Chrome/120.0.0.0 Safari/537.36"
127.0.0.1 - - [27/Aug/2026:00:39:32 +0330] "GET /api/v1/categories-amazon HTTP/1.1" 200 34230 "-" "node"
45.148.10.40 - - [27/Aug/2026:00:39:32 +0330] "POST /wp/wp-json/batch/v1 HTTP/1.1" 404 84239 "https://charsooq.com/wp/wp-admin/" "Mozilla/5.0 (Windows NT 10.0; Win64; x64) AppleWebKit/537.36 (KHTML, like Gecko) Chrome/120.0.0.0 Safari/537.36"
45.148.10.40 - - [27/Aug/2026:00:39:32 +0330] "POST /wp/wp-json/batch/v1/ HTTP/1.1" 308 31 "https://charsooq.com/wp/wp-admin/" "Mozilla/5.0 (Windows NT 10.0; Win64; x64) AppleWebKit/537.36 (KHTML, like Gecko) Chrome/120.0.0.0 Safari/537.36"
127.0.0.1 - - [27/Aug/2026:00:39:34 +0330] "GET /api/v1/categories-amazon HTTP/1.1" 200 34230 "-" "node"
45.148.10.40 - - [27/Aug/2026:00:39:34 +0330] "POST /wp/wp-json/batch/v1 HTTP/1.1" 404 84233 "https://charsooq.com/wp/wp-admin/" "Mozilla/5.0 (Windows NT 10.0; Win64; x64) AppleWebKit/537.36 (KHTML, like Gecko) Chrome/120.0.0.0 Safari/537.36"
127.0.0.1 - - [27/Aug/2026:00:39:34 +0330] "GET /api/v1/categories-amazon HTTP/1.1" 200 34230 "-" "node"
172.16.20.25 - - [27/Aug/2026:00:39:35 +0330] "GET / HTTP/1.1" 200 338470 "-" "Mozilla/5.0 (compatible; PRTG Network Monitor (www.paessler.com); Windows)"
127.0.0.1 - - [27/Aug/2026:00:39:35 +0330] "GET /api/v1/categories-amazon HTTP/1.1" 200 34230 "-" "node"
45.148.10.40 - - [27/Aug/2026:00:39:35 +0330] "POST /wp/blog/wp-json/batch/v1 HTTP/1.1" 404 84243 "https://charsooq.com/wp/wp-admin/" "Mozilla/5.0 (Windows NT 10.0; Win64; x64) AppleWebKit/537.36 (KHTML, like Gecko) Chrome/120.0.0.0 Safari/537.36"
127.0.0.1 - - [27/Aug/2026:00:39:37 +0330] "GET /api/v1/categories-amazon HTTP/1.1" 200 34230 "-" "node"
45.148.10.40 - - [27/Aug/2026:00:39:38 +0330] "POST /wp/wordpress/wp-json/batch/v1 HTTP/1.1" 404 84246 "https://charsooq.com/wp/wp-admin/" "Mozilla/5.0 (Windows NT 10.0; Win64; x64) AppleWebKit/537.36 (KHTML, like Gecko) Chrome/120.0.0.0 Safari/537.36"
127.0.0.1 - - [27/Aug/2026:00:39:40 +0330] "GET /api/v1/categories-amazon HTTP/1.1" 200 34230 "-" "node"
45.148.10.40 - - [27/Aug/2026:00:39:40 +0330] "POST /wp/index.php?rest_route=/batch/v1 HTTP/1.1" 404 84268 "https://charsooq.com/wp/wp-admin/" "Mozilla/5.0 (Windows NT 10.0; Win64; x64) AppleWebKit/537.36 (KHTML, like Gecko) Chrome/120.0.0.0 Safari/537.36"
127.0.0.1 - - [27/Aug/2026:00:39:44 +0330] "GET /api/v1/categories-amazon HTTP/1.1" 200 34230 "-" "node"
45.148.10.40 - - [27/Aug/2026:00:39:44 +0330] "POST /wp/index.php?rest_route=%2Fbatch%2Fv1 HTTP/1.1" 404 84272 "https://charsooq.com/wp/wp-admin/" "Mozilla/5.0 (Windows NT 10.0; Win64; x64) AppleWebKit/537.36 (KHTML, like Gecko) Chrome/120.0.0.0 Safari/537.36"
45.148.10.40 - - [27/Aug/2026:00:39:44 +0330] "POST /wp/?rest_route=%2Fbatch%2Fv1 HTTP/1.1" 308 39 "https://charsooq.com/wp/wp-admin/" "Mozilla/5.0 (Windows NT 10.0; Win64; x64) AppleWebKit/537.36 (KHTML, like Gecko) Chrome/120.0.0.0 Safari/537.36"
127.0.0.1 - - [27/Aug/2026:00:39:44 +0330] "GET /api/v1/article-old-show/wp HTTP/1.1" 404 170 "-" "node"
127.0.0.1 - - [27/Aug/2026:00:39:45 +0330] "GET /api/v1/categories-amazon HTTP/1.1" 200 34199 "-" "node"
45.148.10.40 - - [27/Aug/2026:00:39:45 +0330] "POST /wp?rest_route=%2Fbatch%2Fv1 HTTP/1.1" 200 110094 "https://charsooq.com/wp/wp-admin/" "Mozilla/5.0 (Windows NT 10.0; Win64; x64) AppleWebKit/537.36 (KHTML, like Gecko) Chrome/120.0.0.0 Safari/537.36"
45.148.10.40 - - [27/Aug/2026:00:39:46 +0330] "POST /wp/?rest_route=/batch%2Fv1 HTTP/1.1" 308 39 "https://charsooq.com/wp/wp-admin/" "Mozilla/5.0 (Windows NT 10.0; Win64; x64) AppleWebKit/537.36 (KHTML, like Gecko) Chrome/120.0.0.0 Safari/537.36"
127.0.0.1 - - [27/Aug/2026:00:39:46 +0330] "GET /api/v1/article-old-show/wp HTTP/1.1" 404 170 "-" "node"
127.0.0.1 - - [27/Aug/2026:00:39:47 +0330] "GET /api/v1/categories-amazon HTTP/1.1" 200 34199 "-" "node"
45.148.10.40 - - [27/Aug/2026:00:39:47 +0330] "POST /wp?rest_route=%2Fbatch%2Fv1 HTTP/1.1" 200 110094 "https://charsooq.com/wp/wp-admin/" "Mozilla/5.0 (Windows NT 10.0; Win64; x64) AppleWebKit/537.36 (KHTML, like Gecko) Chrome/120.0.0.0 Safari/537.36"
45.148.10.40 - - [27/Aug/2026:00:39:48 +0330] "POST /wp/?rest_route=/batch/v1 HTTP/1.1" 308 39 "https://charsooq.com/wp/wp-admin/" "Mozilla/5.0 (Windows NT 10.0; Win64; x64) AppleWebKit/537.36 (KHTML, like Gecko) Chrome/120.0.0.0 Safari/537.36"
127.0.0.1 - - [27/Aug/2026:00:39:48 +0330] "GET /api/v1/article-old-show/wp HTTP/1.1" 404 170 "-" "node"
127.0.0.1 - - [27/Aug/2026:00:39:49 +0330] "GET /api/v1/categories-amazon HTTP/1.1" 200 34230 "-" "node"
45.148.10.40 - - [27/Aug/2026:00:39:49 +0330] "POST /wp?rest_route=%2Fbatch%2Fv1 HTTP/1.1" 200 110094 "https://charsooq.com/wp/wp-admin/" "Mozilla/5.0 (Windows NT 10.0; Win64; x64) AppleWebKit/537.36 (KHTML, like Gecko) Chrome/120.0.0.0 Safari/537.36"
127.0.0.1 - - [27/Aug/2026:00:39:50 +0330] "GET /api/v1/categories-amazon HTTP/1.1" 200 34199 "-" "node"
45.148.10.40 - - [27/Aug/2026:00:39:50 +0330] "POST /wp/wp-json/batch/v1 HTTP/1.1" 404 84227 "https://charsooq.com/wp/wp-admin/" "Mozilla/5.0 (Windows NT 10.0; Win64; x64) AppleWebKit/537.36 (KHTML, like Gecko) Chrome/120.0.0.0 Safari/537.36"
127.0.0.1 - - [27/Aug/2026:00:39:53 +0330] "GET /api/v1/categories-amazon HTTP/1.1" 200 34199 "-" "node"
45.148.10.40 - - [27/Aug/2026:00:39:53 +0330] "POST /wp/wp-json/Batch/v1 HTTP/1.1" 404 84240 "https://charsooq.com/wp/wp-admin/" "Mozilla/5.0 (Windows NT 10.0; Win64; x64) AppleWebKit/537.36 (KHTML, like Gecko) Chrome/120.0.0.0 Safari/537.36"
45.148.10.40 - - [27/Aug/2026:00:39:53 +0330] "POST /wp//wp-json/batch/v1 HTTP/1.1" 308 31 "https://charsooq.com/wp/wp-admin/" "Mozilla/5.0 (Windows NT 10.0; Win64; x64) AppleWebKit/537.36 (KHTML, like Gecko) Chrome/120.0.0.0 Safari/537.36"
127.0.0.1 - - [27/Aug/2026:00:39:54 +0330] "GET /api/v1/categories-amazon HTTP/1.1" 200 34230 "-" "node"
45.148.10.40 - - [27/Aug/2026:00:39:54 +0330] "POST /wp/wp-json/batch/v1 HTTP/1.1" 404 84239 "https://charsooq.com/wp/wp-admin/" "Mozilla/5.0 (Windows NT 10.0; Win64; x64) AppleWebKit/537.36 (KHTML, like Gecko) Chrome/120.0.0.0 Safari/537.36"
45.148.10.40 - - [27/Aug/2026:00:39:55 +0330] "POST /wp/wp-json/batch/v1/ HTTP/1.1" 308 31 "https://charsooq.com/wp/wp-admin/" "Mozilla/5.0 (Windows NT 10.0; Win64; x64) AppleWebKit/537.36 (KHTML, like Gecko) Chrome/120.0.0.0 Safari/537.36"
127.0.0.1 - - [27/Aug/2026:00:39:56 +0330] "GET /api/v1/categories-amazon HTTP/1.1" 200 34199 "-" "node"
45.148.10.40 - - [27/Aug/2026:00:39:56 +0330] "POST /wp/wp-json/batch/v1 HTTP/1.1" 404 84239 "https://charsooq.com/wp/wp-admin/" "Mozilla/5.0 (Windows NT 10.0; Win64; x64) AppleWebKit/537.36 (KHTML, like Gecko) Chrome/120.0.0.0 Safari/537.36"
127.0.0.1 - - [27/Aug/2026:00:39:58 +0330] "GET /api/v1/categories-amazon HTTP/1.1" 200 34199 "-" "node"
45.148.10.40 - - [27/Aug/2026:00:39:58 +0330] "POST /wp/blog/wp-json/batch/v1 HTTP/1.1" 404 84243 "https://charsooq.com/wp/wp-admin/" "Mozilla/5.0 (Windows NT 10.0; Win64; x64) AppleWebKit/537.36 (KHTML, like Gecko) Chrome/120.0.0.0 Safari/537.36"
127.0.0.1 - - [27/Aug/2026:00:40:01 +0330] "GET /api/v1/categories-amazon HTTP/1.1" 200 34199 "-" "node"
45.148.10.40 - - [27/Aug/2026:00:40:01 +0330] "POST /wp/wordpress/wp-json/batch/v1 HTTP/1.1" 404 84246 "https://charsooq.com/wp/wp-admin/" "Mozilla/5.0 (Windows NT 10.0; Win64; x64) AppleWebKit/537.36 (KHTML, like Gecko) Chrome/120.0.0.0 Safari/537.36"
127.0.0.1 - - [27/Aug/2026:00:40:07 +0330] "GET /api/v1/categories-amazon HTTP/1.1" 200 34230 "-" "node"
45.148.10.40 - - [27/Aug/2026:00:40:07 +0330] "POST /wp/index.php?rest_route=/batch/v1 HTTP/1.1" 404 84268 "https://charsooq.com/wp/wp-admin/" "Mozilla/5.0 (Windows NT 10.0; Win64; x64) AppleWebKit/537.36 (KHTML, like Gecko) Chrome/120.0.0.0 Safari/537.36"
127.0.0.1 - - [27/Aug/2026:00:40:08 +0330] "GET /api/v1/categories-amazon HTTP/1.1" 200 34199 "-" "node"
45.148.10.40 - - [27/Aug/2026:00:40:08 +0330] "POST /wp/index.php?rest_route=%2Fbatch%2Fv1 HTTP/1.1" 404 84272 "https://charsooq.com/wp/wp-admin/" "Mozilla/5.0 (Windows NT 10.0; Win64; x64) AppleWebKit/537.36 (KHTML, like Gecko) Chrome/120.0.0.0 Safari/537.36"
45.148.10.40 - - [27/Aug/2026:00:40:08 +0330] "POST /wp/?rest_route=%2Fbatch%2Fv1 HTTP/1.1" 308 39 "https://charsooq.com/wp/wp-admin/" "Mozilla/5.0 (Windows NT 10.0; Win64; x64) AppleWebKit/537.36 (KHTML, like Gecko) Chrome/120.0.0.0 Safari/537.36"
127.0.0.1 - - [27/Aug/2026:00:40:09 +0330] "GET /api/v1/article-old-show/wp HTTP/1.1" 404 170 "-" "node"
127.0.0.1 - - [27/Aug/2026:00:40:10 +0330] "GET /api/v1/categories-amazon HTTP/1.1" 200 34199 "-" "node"
45.148.10.40 - - [27/Aug/2026:00:40:10 +0330] "POST /wp?rest_route=%2Fbatch%2Fv1 HTTP/1.1" 200 110094 "https://charsooq.com/wp/wp-admin/" "Mozilla/5.0 (Windows NT 10.0; Win64; x64) AppleWebKit/537.36 (KHTML, like Gecko) Chrome/120.0.0.0 Safari/537.36"
45.148.10.40 - - [27/Aug/2026:00:40:17 +0330] "POST /wp/?rest_route=/batch%2Fv1 HTTP/1.1" 308 39 "https://charsooq.com/wp/wp-admin/" "Mozilla/5.0 (Windows NT 10.0; Win64; x64) AppleWebKit/537.36 (KHTML, like Gecko) Chrome/120.0.0.0 Safari/537.36"
127.0.0.1 - - [27/Aug/2026:00:40:17 +0330] "GET /api/v1/article-old-show/wp HTTP/1.1" 404 170 "-" "node"
127.0.0.1 - - [27/Aug/2026:00:40:18 +0330] "GET /api/v1/categories-amazon HTTP/1.1" 200 34199 "-" "node"
45.148.10.40 - - [27/Aug/2026:00:40:18 +0330] "POST /wp?rest_route=%2Fbatch%2Fv1 HTTP/1.1" 200 110094 "https://charsooq.com/wp/wp-admin/" "Mozilla/5.0 (Windows NT 10.0; Win64; x64) AppleWebKit/537.36 (KHTML, like Gecko) Chrome/120.0.0.0 Safari/537.36"
45.148.10.40 - - [27/Aug/2026:00:40:19 +0330] "POST /wp/?rest_route=/batch/v1 HTTP/1.1" 308 39 "https://charsooq.com/wp/wp-admin/" "Mozilla/5.0 (Windows NT 10.0; Win64; x64) AppleWebKit/537.36 (KHTML, like Gecko) Chrome/120.0.0.0 Safari/537.36"
127.0.0.1 - - [27/Aug/2026:00:40:19 +0330] "GET /api/v1/article-old-show/wp HTTP/1.1" 404 170 "-" "node"
127.0.0.1 - - [27/Aug/2026:00:40:20 +0330] "GET /api/v1/categories-amazon HTTP/1.1" 200 34230 "-" "node"
45.148.10.40 - - [27/Aug/2026:00:40:20 +0330] "POST /wp?rest_route=%2Fbatch%2Fv1 HTTP/1.1" 200 110094 "https://charsooq.com/wp/wp-admin/" "Mozilla/5.0 (Windows NT 10.0; Win64; x64) AppleWebKit/537.36 (KHTML, like Gecko) Chrome/120.0.0.0 Safari/537.36"
127.0.0.1 - - [27/Aug/2026:00:40:21 +0330] "GET /api/v1/categories-amazon HTTP/1.1" 200 34230 "-" "node"
45.148.10.40 - - [27/Aug/2026:00:40:21 +0330] "POST /wp/wp-json/batch/v1 HTTP/1.1" 404 84239 "https://charsooq.com/wp/wp-admin/" "Mozilla/5.0 (Windows NT 10.0; Win64; x64) AppleWebKit/537.36 (KHTML, like Gecko) Chrome/120.0.0.0 Safari/537.36"
127.0.0.1 - - [27/Aug/2026:00:40:25 +0330] "GET /api/v1/categories-amazon HTTP/1.1" 200 34230 "-" "node"
45.148.10.40 - - [27/Aug/2026:00:40:25 +0330] "POST /wp/wp-json/Batch/v1 HTTP/1.1" 404 84240 "https://charsooq.com/wp/wp-admin/" "Mozilla/5.0 (Windows NT 10.0; Win64; x64) AppleWebKit/537.36 (KHTML, like Gecko) Chrome/120.0.0.0 Safari/537.36"
45.148.10.40 - - [27/Aug/2026:00:40:25 +0330] "POST /wp//wp-json/batch/v1 HTTP/1.1" 308 31 "https://charsooq.com/wp/wp-admin/" "Mozilla/5.0 (Windows NT 10.0; Win64; x64) AppleWebKit/537.36 (KHTML, like Gecko) Chrome/120.0.0.0 Safari/537.36"
127.0.0.1 - - [27/Aug/2026:00:40:26 +0330] "GET /api/v1/categories-amazon HTTP/1.1" 200 34230 "-" "node"
45.148.10.40 - - [27/Aug/2026:00:40:26 +0330] "POST /wp/wp-json/batch/v1 HTTP/1.1" 404 84239 "https://charsooq.com/wp/wp-admin/" "Mozilla/5.0 (Windows NT 10.0; Win64; x64) AppleWebKit/537.36 (KHTML, like Gecko) Chrome/120.0.0.0 Safari/537.36"
45.148.10.40 - - [27/Aug/2026:00:40:29 +0330] "POST /wp/wp-json/batch/v1/ HTTP/1.1" 308 31 "https://charsooq.com/wp/wp-admin/" "Mozilla/5.0 (Windows NT 10.0; Win64; x64) AppleWebKit/537.36 (KHTML, like Gecko) Chrome/120.0.0.0 Safari/537.36"
127.0.0.1 - - [27/Aug/2026:00:40:30 +0330] "GET /api/v1/categories-amazon HTTP/1.1" 200 34230 "-" "node"
45.148.10.40 - - [27/Aug/2026:00:40:30 +0330] "POST /wp/wp-json/batch/v1 HTTP/1.1" 404 84239 "https://charsooq.com/wp/wp-admin/" "Mozilla/5.0 (Windows NT 10.0; Win64; x64) AppleWebKit/537.36 (KHTML, like Gecko) Chrome/120.0.0.0 Safari/537.36"
127.0.0.1 - - [27/Aug/2026:00:40:32 +0330] "GET /api/v1/categories-amazon HTTP/1.1" 200 34230 "-" "node"
45.148.10.40 - - [27/Aug/2026:00:40:32 +0330] "POST /wp/blog/wp-json/batch/v1 HTTP/1.1" 404 84243 "https://charsooq.com/wp/wp-admin/" "Mozilla/5.0 (Windows NT 10.0; Win64; x64) AppleWebKit/537.36 (KHTML, like Gecko) Chrome/120.0.0.0 Safari/537.36"
127.0.0.1 - - [27/Aug/2026:00:40:33 +0330] "GET /api/v1/categories-amazon HTTP/1.1" 200 34199 "-" "node"
45.148.10.40 - - [27/Aug/2026:00:40:33 +0330] "POST /wp/wordpress/wp-json/batch/v1 HTTP/1.1" 404 84246 "https://charsooq.com/wp/wp-admin/" "Mozilla/5.0 (Windows NT 10.0; Win64; x64) AppleWebKit/537.36 (KHTML, like Gecko) Chrome/120.0.0.0 Safari/537.36"
127.0.0.1 - - [27/Aug/2026:00:40:34 +0330] "GET /api/v1/categories-amazon HTTP/1.1" 200 34199 "-" "node"
45.148.10.40 - - [27/Aug/2026:00:40:34 +0330] "POST /wp/index.php?rest_route=/batch/v1 HTTP/1.1" 404 84262 "https://charsooq.com/wp/wp-admin/" "Mozilla/5.0 (Windows NT 10.0; Win64; x64) AppleWebKit/537.36 (KHTML, like Gecko) Chrome/120.0.0.0 Safari/537.36"
127.0.0.1 - - [27/Aug/2026:00:40:34 +0330] "GET /api/v2/sliders HTTP/1.1" 200 7479 "-" "node"
127.0.0.1 - - [27/Aug/2026:00:40:35 +0330] "GET /api/v1/categories-amazon HTTP/1.1" 200 34199 "-" "node"
127.0.0.1 - - [27/Aug/2026:00:40:36 +0330] "GET /api/v2/page-data HTTP/1.1" 200 36854 "-" "node"
172.16.20.25 - - [27/Aug/2026:00:40:36 +0330] "GET / HTTP/1.1" 200 338501 "-" "Mozilla/5.0 (compatible; PRTG Network Monitor (www.paessler.com); Windows)"
127.0.0.1 - - [27/Aug/2026:00:40:36 +0330] "GET /api/v1/categories-amazon HTTP/1.1" 200 34199 "-" "node"
45.148.10.40 - - [27/Aug/2026:00:40:37 +0330] "POST /wp/index.php?rest_route=%2Fbatch%2Fv1 HTTP/1.1" 404 84259 "https://charsooq.com/wp/wp-admin/" "Mozilla/5.0 (Windows NT 10.0; Win64; x64) AppleWebKit/537.36 (KHTML, like Gecko) Chrome/120.0.0.0 Safari/537.36"
45.148.10.40 - - [27/Aug/2026:00:40:37 +0330] "POST /wp/?rest_route=%2Fbatch%2Fv1 HTTP/1.1" 308 39 "https://charsooq.com/wp/wp-admin/" "Mozilla/5.0 (Windows NT 10.0; Win64; x64) AppleWebKit/537.36 (KHTML, like Gecko) Chrome/120.0.0.0 Safari/537.36"
127.0.0.1 - - [27/Aug/2026:00:40:37 +0330] "GET /api/v1/article-old-show/wp HTTP/1.1" 404 170 "-" "node"
127.0.0.1 - - [27/Aug/2026:00:40:38 +0330] "GET /api/v1/categories-amazon HTTP/1.1" 200 34199 "-" "node"
45.148.10.40 - - [27/Aug/2026:00:40:38 +0330] "POST /wp?rest_route=%2Fbatch%2Fv1 HTTP/1.1" 200 110094 "https://charsooq.com/wp/wp-admin/" "Mozilla/5.0 (Windows NT 10.0; Win64; x64) AppleWebKit/537.36 (KHTML, like Gecko) Chrome/120.0.0.0 Safari/537.36"
45.148.10.40 - - [27/Aug/2026:00:40:39 +0330] "POST /wp/?rest_route=/batch%2Fv1 HTTP/1.1" 308 39 "https://charsooq.com/wp/wp-admin/" "Mozilla/5.0 (Windows NT 10.0; Win64; x64) AppleWebKit/537.36 (KHTML, like Gecko) Chrome/120.0.0.0 Safari/537.36"
127.0.0.1 - - [27/Aug/2026:00:40:39 +0330] "GET /api/v1/article-old-show/wp HTTP/1.1" 404 170 "-" "node"
127.0.0.1 - - [27/Aug/2026:00:40:40 +0330] "GET /api/v1/categories-amazon HTTP/1.1" 200 34230 "-" "node"
45.148.10.40 - - [27/Aug/2026:00:40:40 +0330] "POST /wp?rest_route=%2Fbatch%2Fv1 HTTP/1.1" 200 110094 "https://charsooq.com/wp/wp-admin/" "Mozilla/5.0 (Windows NT 10.0; Win64; x64) AppleWebKit/537.36 (KHTML, like Gecko) Chrome/120.0.0.0 Safari/537.36"
45.148.10.40 - - [27/Aug/2026:00:40:40 +0330] "POST /wp/?rest_route=/batch/v1 HTTP/1.1" 308 39 "https://charsooq.com/wp/wp-admin/" "Mozilla/5.0 (Windows NT 10.0; Win64; x64) AppleWebKit/537.36 (KHTML, like Gecko) Chrome/120.0.0.0 Safari/537.36"
127.0.0.1 - - [27/Aug/2026:00:40:41 +0330] "GET /api/v1/article-old-show/wp HTTP/1.1" 404 170 "-" "node"
127.0.0.1 - - [27/Aug/2026:00:40:41 +0330] "GET /api/v1/categories-amazon HTTP/1.1" 200 34199 "-" "node"
45.148.10.40 - - [27/Aug/2026:00:40:42 +0330] "POST /wp?rest_route=%2Fbatch%2Fv1 HTTP/1.1" 200 110094 "https://charsooq.com/wp/wp-admin/" "Mozilla/5.0 (Windows NT 10.0; Win64; x64) AppleWebKit/537.36 (KHTML, like Gecko) Chrome/120.0.0.0 Safari/537.36"
127.0.0.1 - - [27/Aug/2026:00:40:43 +0330] "GET /api/v1/categories-amazon HTTP/1.1" 200 34230 "-" "node"
45.148.10.40 - - [27/Aug/2026:00:40:43 +0330] "POST /wp/wp-json/batch/v1 HTTP/1.1" 404 84239 "https://charsooq.com/wp/wp-admin/" "Mozilla/5.0 (Windows NT 10.0; Win64; x64) AppleWebKit/537.36 (KHTML, like Gecko) Chrome/120.0.0.0 Safari/537.36"
127.0.0.1 - - [27/Aug/2026:00:40:45 +0330] "GET /api/v1/categories-amazon HTTP/1.1" 200 34199 "-" "node"
45.148.10.40 - - [27/Aug/2026:00:40:45 +0330] "POST /wp/wp-json/Batch/v1 HTTP/1.1" 404 84240 "https://charsooq.com/wp/wp-admin/" "Mozilla/5.0 (Windows NT 10.0; Win64; x64) AppleWebKit/537.36 (KHTML, like Gecko) Chrome/120.0.0.0 Safari/537.36"
45.148.10.40 - - [27/Aug/2026:00:40:46 +0330] "POST /wp//wp-json/batch/v1 HTTP/1.1" 308 31 "https://charsooq.com/wp/wp-admin/" "Mozilla/5.0 (Windows NT 10.0; Win64; x64) AppleWebKit/537.36 (KHTML, like Gecko) Chrome/120.0.0.0 Safari/537.36"
127.0.0.1 - - [27/Aug/2026:00:40:47 +0330] "GET /api/v1/categories-amazon HTTP/1.1" 200 34199 "-" "node"
45.148.10.40 - - [27/Aug/2026:00:40:47 +0330] "POST /wp/wp-json/batch/v1 HTTP/1.1" 404 84239 "https://charsooq.com/wp/wp-admin/" "Mozilla/5.0 (Windows NT 10.0; Win64; x64) AppleWebKit/537.36 (KHTML, like Gecko) Chrome/120.0.0.0 Safari/537.36"
45.148.10.40 - - [27/Aug/2026:00:40:48 +0330] "POST /wp/wp-json/batch/v1/ HTTP/1.1" 308 31 "https://charsooq.com/wp/wp-admin/" "Mozilla/5.0 (Windows NT 10.0; Win64; x64) AppleWebKit/537.36 (KHTML, like Gecko) Chrome/120.0.0.0 Safari/537.36"
127.0.0.1 - - [27/Aug/2026:00:40:49 +0330] "GET /api/v1/categories-amazon HTTP/1.1" 200 34230 "-" "node"
45.148.10.40 - - [27/Aug/2026:00:40:49 +0330] "POST /wp/wp-json/batch/v1 HTTP/1.1" 404 84239 "https://charsooq.com/wp/wp-admin/" "Mozilla/5.0 (Windows NT 10.0; Win64; x64) AppleWebKit/537.36 (KHTML, like Gecko) Chrome/120.0.0.0 Safari/537.36"
127.0.0.1 - - [27/Aug/2026:00:40:50 +0330] "GET /api/v1/categories-amazon HTTP/1.1" 200 34230 "-" "node"
45.148.10.40 - - [27/Aug/2026:00:40:50 +0330] "POST /wp/blog/wp-json/batch/v1 HTTP/1.1" 404 84243 "https://charsooq.com/wp/wp-admin/" "Mozilla/5.0 (Windows NT 10.0; Win64; x64) AppleWebKit/537.36 (KHTML, like Gecko) Chrome/120.0.0.0 Safari/537.36"
127.0.0.1 - - [27/Aug/2026:00:40:52 +0330] "GET /api/v1/categories-amazon HTTP/1.1" 200 34230 "-" "node"
45.148.10.40 - - [27/Aug/2026:00:40:52 +0330] "POST /wp/wordpress/wp-json/batch/v1 HTTP/1.1" 404 84246 "https://charsooq.com/wp/wp-admin/" "Mozilla/5.0 (Windows NT 10.0; Win64; x64) AppleWebKit/537.36 (KHTML, like Gecko) Chrome/120.0.0.0 Safari/537.36"
127.0.0.1 - - [27/Aug/2026:00:40:55 +0330] "GET /api/v1/categories-amazon HTTP/1.1" 200 34199 "-" "node"
45.148.10.40 - - [27/Aug/2026:00:40:55 +0330] "POST /wp/index.php?rest_route=/batch/v1 HTTP/1.1" 404 84268 "https://charsooq.com/wp/wp-admin/" "Mozilla/5.0 (Windows NT 10.0; Win64; x64) AppleWebKit/537.36 (KHTML, like Gecko) Chrome/120.0.0.0 Safari/537.36"
127.0.0.1 - - [27/Aug/2026:00:40:58 +0330] "GET /api/v1/categories-amazon HTTP/1.1" 200 34199 "-" "node"
45.148.10.40 - - [27/Aug/2026:00:40:58 +0330] "POST /wp/index.php?rest_route=%2Fbatch%2Fv1 HTTP/1.1" 404 84272 "https://charsooq.com/wp/wp-admin/" "Mozilla/5.0 (Windows NT 10.0; Win64; x64) AppleWebKit/537.36 (KHTML, like Gecko) Chrome/120.0.0.0 Safari/537.36"
45.148.10.40 - - [27/Aug/2026:00:40:59 +0330] "POST /wp/?rest_route=%2Fbatch%2Fv1 HTTP/1.1" 308 39 "https://charsooq.com/wp/wp-admin/" "Mozilla/5.0 (Windows NT 10.0; Win64; x64) AppleWebKit/537.36 (KHTML, like Gecko) Chrome/120.0.0.0 Safari/537.36"
127.0.0.1 - - [27/Aug/2026:00:40:59 +0330] "GET /api/v1/article-old-show/wp HTTP/1.1" 404 170 "-" "node"
127.0.0.1 - - [27/Aug/2026:00:41:00 +0330] "GET /api/v1/categories-amazon HTTP/1.1" 200 34199 "-" "node"
45.148.10.40 - - [27/Aug/2026:00:41:00 +0330] "POST /wp?rest_route=%2Fbatch%2Fv1 HTTP/1.1" 200 110088 "https://charsooq.com/wp/wp-admin/" "Mozilla/5.0 (Windows NT 10.0; Win64; x64) AppleWebKit/537.36 (KHTML, like Gecko) Chrome/120.0.0.0 Safari/537.36"
45.148.10.40 - - [27/Aug/2026:00:41:00 +0330] "POST /wp/?rest_route=/batch%2Fv1 HTTP/1.1" 308 39 "https://charsooq.com/wp/wp-admin/" "Mozilla/5.0 (Windows NT 10.0; Win64; x64) AppleWebKit/537.36 (KHTML, like Gecko) Chrome/120.0.0.0 Safari/537.36"
127.0.0.1 - - [27/Aug/2026:00:41:01 +0330] "GET /api/v1/article-old-show/wp HTTP/1.1" 404 170 "-" "node"
127.0.0.1 - - [27/Aug/2026:00:41:01 +0330] "GET /api/v1/categories-amazon HTTP/1.1" 200 34230 "-" "node"
45.148.10.40 - - [27/Aug/2026:00:41:01 +0330] "POST /wp?rest_route=%2Fbatch%2Fv1 HTTP/1.1" 200 110094 "https://charsooq.com/wp/wp-admin/" "Mozilla/5.0 (Windows NT 10.0; Win64; x64) AppleWebKit/537.36 (KHTML, like Gecko) Chrome/120.0.0.0 Safari/537.36"
45.148.10.40 - - [27/Aug/2026:00:41:08 +0330] "POST /wp/?rest_route=/batch/v1 HTTP/1.1" 308 39 "https://charsooq.com/wp/wp-admin/" "Mozilla/5.0 (Windows NT 10.0; Win64; x64) AppleWebKit/537.36 (KHTML, like Gecko) Chrome/120.0.0.0 Safari/537.36"
127.0.0.1 - - [27/Aug/2026:00:41:08 +0330] "GET /api/v1/article-old-show/wp HTTP/1.1" 404 170 "-" "node"
127.0.0.1 - - [27/Aug/2026:00:41:09 +0330] "GET /api/v1/categories-amazon HTTP/1.1" 200 34199 "-" "node"
45.148.10.40 - - [27/Aug/2026:00:41:09 +0330] "POST /wp?rest_route=%2Fbatch%2Fv1 HTTP/1.1" 200 110094 "https://charsooq.com/wp/wp-admin/" "Mozilla/5.0 (Windows NT 10.0; Win64; x64) AppleWebKit/537.36 (KHTML, like Gecko) Chrome/120.0.0.0 Safari/537.36"
127.0.0.1 - - [27/Aug/2026:00:41:10 +0330] "GET /api/v1/categories-amazon HTTP/1.1" 200 34199 "-" "node"
45.148.10.40 - - [27/Aug/2026:00:41:10 +0330] "POST /wp/wp-json/batch/v1 HTTP/1.1" 404 84239 "https://charsooq.com/wp/wp-admin/" "Mozilla/5.0 (Windows NT 10.0; Win64; x64) AppleWebKit/537.36 (KHTML, like Gecko) Chrome/120.0.0.0 Safari/537.36"
127.0.0.1 - - [27/Aug/2026:00:41:11 +0330] "GET /api/v1/categories-amazon HTTP/1.1" 200 34230 "-" "node"
45.148.10.40 - - [27/Aug/2026:00:41:11 +0330] "POST /wp/wp-json/Batch/v1 HTTP/1.1" 404 84240 "https://charsooq.com/wp/wp-admin/" "Mozilla/5.0 (Windows NT 10.0; Win64; x64) AppleWebKit/537.36 (KHTML, like Gecko) Chrome/120.0.0.0 Safari/537.36"
45.148.10.40 - - [27/Aug/2026:00:41:13 +0330] "POST /wp//wp-json/batch/v1 HTTP/1.1" 308 31 "https://charsooq.com/wp/wp-admin/" "Mozilla/5.0 (Windows NT 10.0; Win64; x64) AppleWebKit/537.36 (KHTML, like Gecko) Chrome/120.0.0.0 Safari/537.36"
127.0.0.1 - - [27/Aug/2026:00:41:14 +0330] "GET /api/v1/categories-amazon HTTP/1.1" 200 34230 "-" "node"
45.148.10.40 - - [27/Aug/2026:00:41:14 +0330] "POST /wp/wp-json/batch/v1 HTTP/1.1" 404 84239 "https://charsooq.com/wp/wp-admin/" "Mozilla/5.0 (Windows NT 10.0; Win64; x64) AppleWebKit/537.36 (KHTML, like Gecko) Chrome/120.0.0.0 Safari/537.36"
45.148.10.40 - - [27/Aug/2026:00:41:15 +0330] "POST /wp/wp-json/batch/v1/ HTTP/1.1" 308 31 "https://charsooq.com/wp/wp-admin/" "Mozilla/5.0 (Windows NT 10.0; Win64; x64) AppleWebKit/537.36 (KHTML, like Gecko) Chrome/120.0.0.0 Safari/537.36"
127.0.0.1 - - [27/Aug/2026:00:41:16 +0330] "GET /api/v1/categories-amazon HTTP/1.1" 200 34199 "-" "node"
45.148.10.40 - - [27/Aug/2026:00:41:16 +0330] "POST /wp/wp-json/batch/v1 HTTP/1.1" 404 84239 "https://charsooq.com/wp/wp-admin/" "Mozilla/5.0 (Windows NT 10.0; Win64; x64) AppleWebKit/537.36 (KHTML, like Gecko) Chrome/120.0.0.0 Safari/537.36"
127.0.0.1 - - [27/Aug/2026:00:41:17 +0330] "GET /api/v1/categories-amazon HTTP/1.1" 200 34199 "-" "node"
45.148.10.40 - - [27/Aug/2026:00:41:17 +0330] "POST /wp/blog/wp-json/batch/v1 HTTP/1.1" 404 84243 "https://charsooq.com/wp/wp-admin/" "Mozilla/5.0 (Windows NT 10.0; Win64; x64) AppleWebKit/537.36 (KHTML, like Gecko) Chrome/120.0.0.0 Safari/537.36"
127.0.0.1 - - [27/Aug/2026:00:41:19 +0330] "GET /api/v1/categories-amazon HTTP/1.1" 200 34230 "-" "node"
45.148.10.40 - - [27/Aug/2026:00:41:19 +0330] "POST /wp/wordpress/wp-json/batch/v1 HTTP/1.1" 404 84246 "https://charsooq.com/wp/wp-admin/" "Mozilla/5.0 (Windows NT 10.0; Win64; x64) AppleWebKit/537.36 (KHTML, like Gecko) Chrome/120.0.0.0 Safari/537.36"
127.0.0.1 - - [27/Aug/2026:00:41:20 +0330] "GET /api/v1/categories-amazon HTTP/1.1" 200 34199 "-" "node"
45.148.10.40 - - [27/Aug/2026:00:41:20 +0330] "POST /wp/index.php?rest_route=/batch/v1 HTTP/1.1" 404 84268 "https://charsooq.com/wp/wp-admin/" "WordPress/6.4.3"
127.0.0.1 - - [27/Aug/2026:00:41:21 +0330] "GET /api/v1/categories-amazon HTTP/1.1" 200 34199 "-" "node"
45.148.10.40 - - [27/Aug/2026:00:41:21 +0330] "POST /wp/index.php?rest_route=%2Fbatch%2Fv1 HTTP/1.1" 404 84272 "https://charsooq.com/wp/wp-admin/" "WordPress/6.4.3"
45.148.10.40 - - [27/Aug/2026:00:41:24 +0330] "POST /wp/?rest_route=%2Fbatch%2Fv1 HTTP/1.1" 308 39 "https://charsooq.com/wp/wp-admin/" "WordPress/6.4.3"
127.0.0.1 - - [27/Aug/2026:00:41:24 +0330] "GET /api/v1/article-old-show/wp HTTP/1.1" 404 170 "-" "node"
127.0.0.1 - - [27/Aug/2026:00:41:24 +0330] "GET /api/v1/categories-amazon HTTP/1.1" 200 34230 "-" "node"
45.148.10.40 - - [27/Aug/2026:00:41:26 +0330] "POST /wp?rest_route=%2Fbatch%2Fv1 HTTP/1.1" 200 110075 "https://charsooq.com/wp/wp-admin/" "WordPress/6.4.3"
101.99.88.90 - - [27/Aug/2026:00:41:33 +0330] "GET / HTTP/1.1" 301 169 "-" "Mozilla/5.0 (compatible; Googlebot/2.1; +http://www.google.com/bot.html)"
127.0.0.1 - - [27/Aug/2026:00:41:34 +0330] "GET /api/v1/categories-amazon HTTP/1.1" 200 34230 "-" "node"
172.16.20.25 - - [27/Aug/2026:00:41:34 +0330] "GET / HTTP/1.1" 200 338470 "-" "Mozilla/5.0 (compatible; PRTG Network Monitor (www.paessler.com); Windows)"
101.99.88.90 - - [27/Aug/2026:00:41:38 +0330] "GET / HTTP/1.1" 200 231507 "-" "Mozilla/5.0 (compatible; Googlebot/2.1; +http://www.google.com/bot.html)"
47.128.97.246 - - [27/Aug/2026:00:41:38 +0330] "GET /robots.txt HTTP/1.1" 301 169 "-" "Mozilla/5.0 (Linux; Android 5.0) AppleWebKit/537.36 (KHTML, like Gecko) Mobile Safari/537.36 (compatible; Bytespider; spider-feedback@bytedance.com)"
101.99.88.90 - - [27/Aug/2026:00:41:39 +0330] "GET /wp-includes/x2423e3/index.php HTTP/1.1" 404 27 "-" "-"
127.0.0.1 - - [27/Aug/2026:00:41:40 +0330] "GET /api/v1/robot HTTP/1.1" 200 666 "-" "node"
47.128.97.246 - - [27/Aug/2026:00:41:40 +0330] "GET /robots.txt HTTP/1.1" 200 708 "-" "Mozilla/5.0 (Linux; Android 5.0) AppleWebKit/537.36 (KHTML, like Gecko) Mobile Safari/537.36 (compatible; Bytespider; spider-feedback@bytedance.com)"
127.0.0.1 - - [27/Aug/2026:00:41:42 +0330] "GET /api/v1/categories-amazon HTTP/1.1" 200 34199 "-" "node"
45.148.10.40 - - [27/Aug/2026:00:41:42 +0330] "POST /wp/wp-json/batch/v1 HTTP/1.1" 404 84239 "https://charsooq.com/wp/wp-admin/" "WordPress/6.4.3"
127.0.0.1 - - [27/Aug/2026:00:41:45 +0330] "GET /api/v1/categories-amazon HTTP/1.1" 200 34230 "-" "node"
45.148.10.40 - - [27/Aug/2026:00:41:45 +0330] "POST /wp/wp-json/Batch/v1 HTTP/1.1" 404 84240 "https://charsooq.com/wp/wp-admin/" "WordPress/6.4.3"
45.148.10.40 - - [27/Aug/2026:00:41:46 +0330] "POST /wp//wp-json/batch/v1 HTTP/1.1" 308 31 "https://charsooq.com/wp/wp-admin/" "WordPress/6.4.3"
127.0.0.1 - - [27/Aug/2026:00:41:47 +0330] "GET /api/v1/categories-amazon HTTP/1.1" 200 34230 "-" "node"
45.148.10.40 - - [27/Aug/2026:00:41:47 +0330] "POST /wp/wp-json/batch/v1 HTTP/1.1" 404 84233 "https://charsooq.com/wp/wp-admin/" "WordPress/6.4.3"
45.148.10.40 - - [27/Aug/2026:00:41:48 +0330] "POST /wp/wp-json/batch/v1/ HTTP/1.1" 308 31 "https://charsooq.com/wp/wp-admin/" "WordPress/6.4.3"
127.0.0.1 - - [27/Aug/2026:00:41:49 +0330] "GET /api/v1/categories-amazon HTTP/1.1" 200 34199 "-" "node"
45.148.10.40 - - [27/Aug/2026:00:41:49 +0330] "POST /wp/wp-json/batch/v1 HTTP/1.1" 404 84239 "https://charsooq.com/wp/wp-admin/" "WordPress/6.4.3"
127.0.0.1 - - [27/Aug/2026:00:41:50 +0330] "GET /api/v1/categories-amazon HTTP/1.1" 200 34230 "-" "node"
45.148.10.40 - - [27/Aug/2026:00:41:50 +0330] "POST /wp/blog/wp-json/batch/v1 HTTP/1.1" 404 84243 "https://charsooq.com/wp/wp-admin/" "WordPress/6.4.3"
127.0.0.1 - - [27/Aug/2026:00:41:51 +0330] "GET /api/v1/categories-amazon HTTP/1.1" 200 34230 "-" "node"
45.148.10.40 - - [27/Aug/2026:00:41:51 +0330] "POST /wp/wordpress/wp-json/batch/v1 HTTP/1.1" 404 84233 "https://charsooq.com/wp/wp-admin/" "WordPress/6.4.3"
66.249.77.99 - - [27/Aug/2026:00:42:08 +0330] "GET /?detail/16102150725927 HTTP/1.1" 200 32592 "-" "Mozilla/5.0 (Linux; Android 6.0.1; Nexus 5X Build/MMB29P) AppleWebKit/537.36 (KHTML, like Gecko) Chrome/151.0.7922.173 Mobile Safari/537.36 (compatible; Googlebot/2.1; +http://www.google.com/bot.html)"
66.249.77.100 - - [27/Aug/2026:00:42:21 +0330] "GET /?u=57968144582702 HTTP/1.1" 200 32814 "-" "Mozilla/5.0 (Linux; Android 6.0.1; Nexus 5X Build/MMB29P) AppleWebKit/537.36 (KHTML, like Gecko) Chrome/151.0.7922.173 Mobile Safari/537.36 (compatible; Googlebot/2.1; +http://www.google.com/bot.html)"
66.249.77.99 - - [27/Aug/2026:00:42:27 +0330] "GET /?u=06892148294703 HTTP/1.1" 200 33478 "-" "Mozilla/5.0 (compatible; Googlebot/2.1; +http://www.google.com/bot.html)"
127.0.0.1 - - [27/Aug/2026:00:42:34 +0330] "GET /api/v2/sliders HTTP/1.1" 200 7479 "-" "node"
127.0.0.1 - - [27/Aug/2026:00:42:34 +0330] "GET /api/v1/categories-amazon HTTP/1.1" 200 34230 "-" "node"
81.214.166.137 - - [27/Aug/2026:00:42:35 +0330] "GET /storage/uploads/IPKQ0jgwm3NTPDs9wonUcM7mYdTwotZESNe0VM3f.webp HTTP/2.0" 200 29756 "https://www.google.com/" "Mozilla/5.0 (Linux; Android 14; 2312DRA50G Build/UKQ1.231003.002; wv) AppleWebKit/537.36 (KHTML, like Gecko) Version/4.0 Chrome/151.0.7922.83 Mobile Safari/537.36 GoogleApp/17.50.18.ve.arm64"
127.0.0.1 - - [27/Aug/2026:00:42:35 +0330] "GET /api/v2/page-data HTTP/1.1" 200 36854 "-" "node"
172.16.20.25 - - [27/Aug/2026:00:42:35 +0330] "GET / HTTP/1.1" 200 338501 "-" "Mozilla/5.0 (compatible; PRTG Network Monitor (www.paessler.com); Windows)"
81.214.166.137 - - [27/Aug/2026:00:42:43 +0330] "GET /_next/static/css/302d83c05ad27d8b.css HTTP/2.0" 200 369 "-" "Mozilla/5.0 (Linux; Android 10; K) AppleWebKit/537.36 (KHTML, like Gecko) Chrome/151.0.0.0 Mobile Safari/537.36"
81.214.166.137 - - [27/Aug/2026:00:42:43 +0330] "GET /_next/static/css/2c9caab41af7e337.css HTTP/2.0" 200 3175 "-" "Mozilla/5.0 (Linux; Android 10; K) AppleWebKit/537.36 (KHTML, like Gecko) Chrome/151.0.0.0 Mobile Safari/537.36"
81.214.166.137 - - [27/Aug/2026:00:42:43 +0330] "GET /_next/static/css/91447b978d7716af.css HTTP/2.0" 200 20418 "-" "Mozilla/5.0 (Linux; Android 10; K) AppleWebKit/537.36 (KHTML, like Gecko) Chrome/151.0.0.0 Mobile Safari/537.36"
