5.232.49.15 - - [27/Aug/2026:00:30:42 +0330] "GET /foreign-shopping?_rsc=1oa1z HTTP/2.0" 200 1473 "https://charsooq.com/china" "Mozilla/5.0 (iPhone; CPU iPhone OS 18_7 like Mac OS X) AppleWebKit/605.1.15 (KHTML, like Gecko) Version/26.3 Mobile/15E148 Safari/604.1"
5.52.173.121 - - [27/Aug/2026:00:30:43 +0330] "GET /amazon/products?page=1&category=clothing-shoes-jewelry-women&_rsc=bqr1v HTTP/2.0" 200 1542 "https://charsooq.com/calculator" "Mozilla/5.0 (Linux; Android 10; K) AppleWebKit/537.36 (KHTML, like Gecko) Chrome/150.0.0.0 Mobile Safari/537.36"
5.52.173.121 - - [27/Aug/2026:00:30:43 +0330] "GET /amazon/products?page=1&category=clothing-shoes-jewelry-boys&_rsc=bqr1v HTTP/2.0" 200 1541 "https://charsooq.com/calculator" "Mozilla/5.0 (Linux; Android 10; K) AppleWebKit/537.36 (KHTML, like Gecko) Chrome/150.0.0.0 Mobile Safari/537.36"
5.52.173.121 - - [27/Aug/2026:00:30:43 +0330] "GET /amazon/products?page=1&category=clothing-shoes-jewelry-men&_rsc=bqr1v HTTP/2.0" 200 1539 "https://charsooq.com/calculator" "Mozilla/5.0 (Linux; Android 10; K) AppleWebKit/537.36 (KHTML, like Gecko) Chrome/150.0.0.0 Mobile Safari/537.36"
5.232.49.15 - - [27/Aug/2026:00:30:45 +0330] "GET /_next/image?url=https%3A%2F%2Fpanel.charsooq.com%2Fstorage%2F01K86B6Z46YEXTNEG22HH3V6JD.jpg&w=640&q=75 HTTP/2.0" 200 22388 "https://charsooq.com/china" "Mozilla/5.0 (iPhone; CPU iPhone OS 18_7 like Mac OS X) AppleWebKit/605.1.15 (KHTML, like Gecko) Version/26.3 Mobile/15E148 Safari/604.1"
127.0.0.1 - - [27/Aug/2026:00:30:45 +0330] "GET /storage/01K86B6Z46YEXTNEG22HH3V6JD.jpg HTTP/1.1" 200 101329 "-" "node"
127.0.0.1 - - [27/Aug/2026:00:30:49 +0330] "GET /api/v1/categories-product?store=amazon&category=clothing-shoes-jewelry-boys&count=24&page=1&minprice=0&maxprice=10000&ratings=&sortby= HTTP/1.1" 301 169 "-" "node"
5.52.173.121 - - [27/Aug/2026:00:30:49 +0330] "GET /manifest.json HTTP/2.0" 304 0 "https://charsooq.com/amazon/products?page=1&category=clothing-shoes-jewelry-boys" "Mozilla/5.0 (Linux; Android 10; K) AppleWebKit/537.36 (KHTML, like Gecko) Chrome/150.0.0.0 Mobile Safari/537.36"
5.232.49.15 - - [27/Aug/2026:00:30:49 +0330] "GET /_next/image?url=https%3A%2F%2Fpanel.charsooq.com%2Fstorage%2F01K86AXVR1CPDP7XRQP0YNRWQ9.jpg&w=640&q=75 HTTP/2.0" 200 40524 "https://charsooq.com/china" "Mozilla/5.0 (iPhone; CPU iPhone OS 18_7 like Mac OS X) AppleWebKit/605.1.15 (KHTML, like Gecko) Version/26.3 Mobile/15E148 Safari/604.1"
127.0.0.1 - - [27/Aug/2026:00:30:49 +0330] "GET /storage/01K86AXVR1CPDP7XRQP0YNRWQ9.jpg HTTP/1.1" 200 116887 "-" "node"
5.52.173.121 - - [27/Aug/2026:00:30:49 +0330] "GET /pwa-icon-180.png HTTP/2.0" 304 0 "https://charsooq.com/amazon/products?page=1&category=clothing-shoes-jewelry-boys" "Mozilla/5.0 (Linux; Android 10; K) AppleWebKit/537.36 (KHTML, like Gecko) Chrome/150.0.0.0 Mobile Safari/537.36"
127.0.0.1 - - [27/Aug/2026:00:30:49 +0330] "GET /api/v1/show-products-offers/OriginalCryBabySurpriseDoll HTTP/1.1" 301 169 "-" "node"
127.0.0.1 - - [27/Aug/2026:00:30:49 +0330] "GET /api/v1/show-products-offers/Babycamera HTTP/1.1" 301 169 "-" "node"
127.0.0.1 - - [27/Aug/2026:00:30:49 +0330] "GET /api/v1/show-products-offers/Babycamera HTTP/1.1" 200 1444 "-" "node"
127.0.0.1 - - [27/Aug/2026:00:30:49 +0330] "GET /api/v1/show-products-offers/OriginalCryBabySurpriseDoll HTTP/1.1" 200 1768 "-" "node"
5.232.49.15 - - [27/Aug/2026:00:30:49 +0330] "GET /products/Babycamera/%D8%AF%D9%88%D8%B1%D8%A8%DB%8C%D9%86-%D8%B9%DA%A9%D8%A7%D8%B3%DB%8C-%DA%A9%D9%88%D8%AF%DA%A9?_rsc=1oa1z HTTP/2.0" 200 2168 "https://charsooq.com/china" "Mozilla/5.0 (iPhone; CPU iPhone OS 18_7 like Mac OS X) AppleWebKit/605.1.15 (KHTML, like Gecko) Version/26.3 Mobile/15E148 Safari/604.1"
5.232.49.15 - - [27/Aug/2026:00:30:49 +0330] "GET /products/OriginalCryBabySurpriseDoll/%D8%B9%D8%B1%D9%88%D8%B3%DA%A9-%D8%B3%D9%88%D9%BE%D8%B1%D8%A7%DB%8C%D8%B2-%DA%A9%D8%B1%D8%A7%DB%8C-%D8%A8%DB%8C%D8%A8%DB%8C-%D8%A7%D9%88%D8%B1%D8%AC%DB%8C%D9%86%D8%A7%D9%84?_rsc=1oa1z HTTP/2.0" 200 2276 "https://charsooq.com/china" "Mozilla/5.0 (iPhone; CPU iPhone OS 18_7 like Mac OS X) AppleWebKit/605.1.15 (KHTML, like Gecko) Version/26.3 Mobile/15E148 Safari/604.1"
127.0.0.1 - - [27/Aug/2026:00:30:50 +0330] "GET /api/v1/categories-product?store=amazon&category=clothing-shoes-jewelry-boys&count=24&page=1&minprice=0&maxprice=10000&ratings=&sortby= HTTP/1.1" 200 12485 "-" "node"
5.52.173.121 - - [27/Aug/2026:00:30:50 +0330] "GET /amazon/products?page=1&category=clothing-shoes-jewelry-boys&_rsc=8ly0z HTTP/2.0" 200 15618 "https://charsooq.com/calculator" "Mozilla/5.0 (Linux; Android 10; K) AppleWebKit/537.36 (KHTML, like Gecko) Chrome/150.0.0.0 Mobile Safari/537.36"
5.52.173.121 - - [27/Aug/2026:00:30:50 +0330] "GET /_next/static/chunks/7539-9d426d13d3df87a8.js HTTP/2.0" 200 8837 "https://charsooq.com/amazon/products?page=1&category=clothing-shoes-jewelry-boys" "Mozilla/5.0 (Linux; Android 10; K) AppleWebKit/537.36 (KHTML, like Gecko) Chrome/150.0.0.0 Mobile Safari/537.36"
5.52.173.121 - - [27/Aug/2026:00:30:50 +0330] "GET /_next/static/chunks/app/amazon/products/page-2f8d0aefd9263f1e.js HTTP/2.0" 200 8530 "https://charsooq.com/amazon/products?page=1&category=clothing-shoes-jewelry-boys" "Mozilla/5.0 (Linux; Android 10; K) AppleWebKit/537.36 (KHTML, like Gecko) Chrome/150.0.0.0 Mobile Safari/537.36"
127.0.0.1 - - [27/Aug/2026:00:30:50 +0330] "GET /api/v3/product-show/amz-B098QJF9QQ?amazon_region= HTTP/1.1" 301 169 "-" "node"
127.0.0.1 - - [27/Aug/2026:00:30:50 +0330] "GET /api/v3/product-show/amz-B07ZZ7HF3F?amazon_region= HTTP/1.1" 301 169 "-" "node"
127.0.0.1 - - [27/Aug/2026:00:30:50 +0330] "GET /api/v3/product-show/amz-B0C5XP2QPH?amazon_region= HTTP/1.1" 301 169 "-" "node"
127.0.0.1 - - [27/Aug/2026:00:30:51 +0330] "GET /api/v3/product-show/amz-B0C5XP2QPH?amazon_region= HTTP/1.1" 200 4733 "-" "node"
5.52.173.121 - - [27/Aug/2026:00:30:51 +0330] "GET /product/amz-B0C5XP2QPH/nike-unisex-child-air-jordan-1-mid-se?_rsc=1tdvg HTTP/2.0" 200 2701 "https://charsooq.com/amazon/products?page=1&category=clothing-shoes-jewelry-boys" "Mozilla/5.0 (Linux; Android 10; K) AppleWebKit/537.36 (KHTML, like Gecko) Chrome/150.0.0.0 Mobile Safari/537.36"
127.0.0.1 - - [27/Aug/2026:00:30:51 +0330] "GET /api/v3/product-show/amz-B07ZZ7HF3F?amazon_region= HTTP/1.1" 200 12491 "-" "node"
5.52.173.121 - - [27/Aug/2026:00:30:51 +0330] "GET /product/amz-B07ZZ7HF3F/dayllon-kids-digital-watch-outdoor-sports-50m-waterproof-electronic-watches-alarm-clock-1224-h-stopwatch-calendar-boy-girl-wristwatch?_rsc=1tdvg HTTP/2.0" 200 2969 "https://charsooq.com/amazon/products?page=1&category=clothing-shoes-jewelry-boys" "Mozilla/5.0 (Linux; Android 10; K) AppleWebKit/537.36 (KHTML, like Gecko) Chrome/150.0.0.0 Mobile Safari/537.36"
127.0.0.1 - - [27/Aug/2026:00:30:51 +0330] "GET /api/v3/product-show/amz-B098QJF9QQ?amazon_region= HTTP/1.1" 200 15408 "-" "node"
5.52.173.121 - - [27/Aug/2026:00:30:51 +0330] "GET /product/amz-B098QJF9QQ/nike-boys-tennis-little-kids-shoes-36-eu?_rsc=1tdvg HTTP/2.0" 200 2760 "https://charsooq.com/amazon/products?page=1&category=clothing-shoes-jewelry-boys" "Mozilla/5.0 (Linux; Android 10; K) AppleWebKit/537.36 (KHTML, like Gecko) Chrome/150.0.0.0 Mobile Safari/537.36"
5.232.49.15 - - [27/Aug/2026:00:30:52 +0330] "GET /articles/Buy-Best-China-Sites?_rsc=1oa1z HTTP/2.0" 200 1869 "https://charsooq.com/china" "Mozilla/5.0 (iPhone; CPU iPhone OS 18_7 like Mac OS X) AppleWebKit/605.1.15 (KHTML, like Gecko) Version/26.3 Mobile/15E148 Safari/604.1"
127.0.0.1 - - [27/Aug/2026:00:30:52 +0330] "GET /api/v2/article-show/Buy-Best-China-Sites HTTP/1.1" 200 224095 "-" "node"
5.232.49.15 - - [27/Aug/2026:00:30:52 +0330] "GET /help?tab=ebay-turkey-emirates-china&_rsc=1oa1z HTTP/2.0" 200 1558 "https://charsooq.com/china" "Mozilla/5.0 (iPhone; CPU iPhone OS 18_7 like Mac OS X) AppleWebKit/605.1.15 (KHTML, like Gecko) Version/26.3 Mobile/15E148 Safari/604.1"
5.232.49.15 - - [27/Aug/2026:00:30:52 +0330] "GET /_next/static/chunks/app/help/layout-bafecda7f594b8aa.js HTTP/2.0" 200 4169 "https://charsooq.com/china" "Mozilla/5.0 (iPhone; CPU iPhone OS 18_7 like Mac OS X) AppleWebKit/605.1.15 (KHTML, like Gecko) Version/26.3 Mobile/15E148 Safari/604.1"
5.232.49.15 - - [27/Aug/2026:00:30:52 +0330] "GET /assets/images/home/china/aliexpress-logo.webp HTTP/2.0" 200 26194 "https://charsooq.com/china" "Mozilla/5.0 (iPhone; CPU iPhone OS 18_7 like Mac OS X) AppleWebKit/605.1.15 (KHTML, like Gecko) Version/26.3 Mobile/15E148 Safari/604.1"
127.0.0.1 - - [27/Aug/2026:00:30:54 +0330] "GET /api/v3/product-show/amz-B0CPTCB62Q?amazon_region= HTTP/1.1" 301 169 "-" "node"
127.0.0.1 - - [27/Aug/2026:00:30:54 +0330] "GET /api/v3/product-show/amz-B08BJD1X1G?amazon_region= HTTP/1.1" 301 169 "-" "node"
127.0.0.1 - - [27/Aug/2026:00:30:54 +0330] "GET /api/v3/product-show/amz-B0CPTCB62Q?amazon_region= HTTP/1.1" 200 5699 "-" "node"
5.52.173.121 - - [27/Aug/2026:00:30:54 +0330] "GET /product/amz-B0CPTCB62Q/nike-unisex-child-air-jordan-1-mid-se?_rsc=1tdvg HTTP/2.0" 200 2703 "https://charsooq.com/amazon/products?page=1&category=clothing-shoes-jewelry-boys" "Mozilla/5.0 (Linux; Android 10; K) AppleWebKit/537.36 (KHTML, like Gecko) Chrome/150.0.0.0 Mobile Safari/537.36"
127.0.0.1 - - [27/Aug/2026:00:30:54 +0330] "GET /api/v3/product-show/amz-B08BJD1X1G?amazon_region= HTTP/1.1" 200 6142 "-" "node"
5.52.173.121 - - [27/Aug/2026:00:30:54 +0330] "GET /product/amz-B08BJD1X1G/nike-little-posite-one-pro-boys-shoes-size?_rsc=1tdvg HTTP/2.0" 200 2722 "https://charsooq.com/amazon/products?page=1&category=clothing-shoes-jewelry-boys" "Mozilla/5.0 (Linux; Android 10; K) AppleWebKit/537.36 (KHTML, like Gecko) Chrome/150.0.0.0 Mobile Safari/537.36"
127.0.0.1 - - [27/Aug/2026:00:30:59 +0330] "GET /api/v3/product-show/amz-B07H9KBF2R?amazon_region= HTTP/1.1" 301 169 "-" "node"
127.0.0.1 - - [27/Aug/2026:00:30:59 +0330] "GET /api/v3/product-show/amz-B07H9KBF2R?amazon_region= HTTP/1.1" 200 11702 "-" "node"
5.52.173.121 - - [27/Aug/2026:00:30:59 +0330] "GET /product/amz-B07H9KBF2R/and1-showout-girls-boys-basketball-shoes-kids-boys-high-top-sneakers-youth-size-1-to-7-kids-basketball-shoes-boys?_rsc=1tdvg HTTP/2.0" 200 2842 "https://charsooq.com/amazon/products?page=1&category=clothing-shoes-jewelry-boys" "Mozilla/5.0 (Linux; Android 10; K) AppleWebKit/537.36 (KHTML, like Gecko) Chrome/150.0.0.0 Mobile Safari/537.36"
66.249.69.105 - - [27/Aug/2026:00:31:09 +0330] "GET /?u=79248217184116 HTTP/1.1" 200 32359 "-" "Mozilla/5.0 (Linux; Android 6.0.1; Nexus 5X Build/MMB29P) AppleWebKit/537.36 (KHTML, like Gecko) Chrome/151.0.7922.173 Mobile Safari/537.36 (compatible; Googlebot/2.1; +http://www.google.com/bot.html)"
127.0.0.1 - - [27/Aug/2026:00:31:11 +0330] "GET /api/v3/product-show/amz-B0C6YQ9S93?amazon_region= HTTP/1.1" 301 169 "-" "node"
127.0.0.1 - - [27/Aug/2026:00:31:11 +0330] "GET /api/v3/product-show/amz-B0C6YQ9S93?amazon_region= HTTP/1.1" 200 12561 "-" "node"
5.52.173.121 - - [27/Aug/2026:00:31:11 +0330] "GET /product/amz-B0C6YQ9S93/and1-showout-girls-boys-basketball-shoes-kids-boys-high-top-sneakers-youth-size-1-to-7-kids-basketball-shoes-boys?_rsc=1tdvg HTTP/2.0" 200 2857 "https://charsooq.com/amazon/products?page=1&category=clothing-shoes-jewelry-boys" "Mozilla/5.0 (Linux; Android 10; K) AppleWebKit/537.36 (KHTML, like Gecko) Chrome/150.0.0.0 Mobile Safari/537.36"
127.0.0.1 - - [27/Aug/2026:00:31:18 +0330] "GET /api/v3/product-show/amz-B08BJD1X1G?amazon_region=undefined HTTP/1.1" 301 169 "-" "node"
127.0.0.1 - - [27/Aug/2026:00:31:18 +0330] "GET /api/v3/product-show/amz-B08BJD1X1G?amazon_region= HTTP/1.1" 301 169 "-" "node"
5.52.173.121 - - [27/Aug/2026:00:31:18 +0330] "GET /_next/static/css/aacc7ef42b2356a7.css HTTP/2.0" 200 716 "https://charsooq.com/amazon/products?page=1&category=clothing-shoes-jewelry-boys" "Mozilla/5.0 (Linux; Android 10; K) AppleWebKit/537.36 (KHTML, like Gecko) Chrome/150.0.0.0 Mobile Safari/537.36"
5.52.173.121 - - [27/Aug/2026:00:31:18 +0330] "GET /manifest.json HTTP/2.0" 304 0 "https://charsooq.com/product/amz-B08BJD1X1G/nike-little-posite-one-pro-boys-shoes-size" "Mozilla/5.0 (Linux; Android 10; K) AppleWebKit/537.36 (KHTML, like Gecko) Chrome/150.0.0.0 Mobile Safari/537.36"
5.52.173.121 - - [27/Aug/2026:00:31:18 +0330] "GET /pwa-icon-180.png HTTP/2.0" 304 0 "https://charsooq.com/product/amz-B08BJD1X1G/nike-little-posite-one-pro-boys-shoes-size" "Mozilla/5.0 (Linux; Android 10; K) AppleWebKit/537.36 (KHTML, like Gecko) Chrome/150.0.0.0 Mobile Safari/537.36"
5.52.173.121 - - [27/Aug/2026:00:31:18 +0330] "GET /16px.png HTTP/2.0" 200 9783 "https://charsooq.com/product/amz-B08BJD1X1G/nike-little-posite-one-pro-boys-shoes-size" "Mozilla/5.0 (Linux; Android 10; K) AppleWebKit/537.36 (KHTML, like Gecko) Chrome/150.0.0.0 Mobile Safari/537.36"
127.0.0.1 - - [27/Aug/2026:00:31:19 +0330] "GET /api/v3/product-show/amz-B08BJD1X1G?amazon_region=undefined HTTP/1.1" 200 6142 "-" "node"
127.0.0.1 - - [27/Aug/2026:00:31:19 +0330] "GET /api/v3/product-show/amz-B08BJD1X1G?amazon_region= HTTP/1.1" 200 6142 "-" "node"
5.52.173.121 - - [27/Aug/2026:00:31:19 +0330] "GET /product/amz-B08BJD1X1G/nike-little-posite-one-pro-boys-shoes-size?_rsc=16lra HTTP/2.0" 200 13034 "https://charsooq.com/amazon/products?page=1&category=clothing-shoes-jewelry-boys" "Mozilla/5.0 (Linux; Android 10; K) AppleWebKit/537.36 (KHTML, like Gecko) Chrome/150.0.0.0 Mobile Safari/537.36"
5.52.173.121 - - [27/Aug/2026:00:31:19 +0330] "GET /_next/static/chunks/9496-511d5e04493bb6c9.js HTTP/2.0" 200 18435 "https://charsooq.com/product/amz-B08BJD1X1G/nike-little-posite-one-pro-boys-shoes-size" "Mozilla/5.0 (Linux; Android 10; K) AppleWebKit/537.36 (KHTML, like Gecko) Chrome/150.0.0.0 Mobile Safari/537.36"
5.52.173.121 - - [27/Aug/2026:00:31:19 +0330] "GET /_next/static/chunks/5176-ee004c1792da33da.js HTTP/2.0" 200 7144 "https://charsooq.com/product/amz-B08BJD1X1G/nike-little-posite-one-pro-boys-shoes-size" "Mozilla/5.0 (Linux; Android 10; K) AppleWebKit/537.36 (KHTML, like Gecko) Chrome/150.0.0.0 Mobile Safari/537.36"
5.52.173.121 - - [27/Aug/2026:00:31:19 +0330] "GET /_next/static/chunks/6477-32e18fbecea10db7.js HTTP/2.0" 200 20263 "https://charsooq.com/product/amz-B08BJD1X1G/nike-little-posite-one-pro-boys-shoes-size" "Mozilla/5.0 (Linux; Android 10; K) AppleWebKit/537.36 (KHTML, like Gecko) Chrome/150.0.0.0 Mobile Safari/537.36"
5.52.173.121 - - [27/Aug/2026:00:31:19 +0330] "GET /_next/static/chunks/2429-dce83281d9dba3e1.js HTTP/2.0" 200 3524 "https://charsooq.com/product/amz-B08BJD1X1G/nike-little-posite-one-pro-boys-shoes-size" "Mozilla/5.0 (Linux; Android 10; K) AppleWebKit/537.36 (KHTML, like Gecko) Chrome/150.0.0.0 Mobile Safari/537.36"
5.52.173.121 - - [27/Aug/2026:00:31:19 +0330] "GET /_next/static/chunks/1562-6ee80329b07bb1a9.js HTTP/2.0" 200 4306 "https://charsooq.com/product/amz-B08BJD1X1G/nike-little-posite-one-pro-boys-shoes-size" "Mozilla/5.0 (Linux; Android 10; K) AppleWebKit/537.36 (KHTML, like Gecko) Chrome/150.0.0.0 Mobile Safari/537.36"
5.52.173.121 - - [27/Aug/2026:00:31:19 +0330] "GET /_next/static/chunks/3570-a2ad5dfcad216f8e.js HTTP/2.0" 200 6218 "https://charsooq.com/product/amz-B08BJD1X1G/nike-little-posite-one-pro-boys-shoes-size" "Mozilla/5.0 (Linux; Android 10; K) AppleWebKit/537.36 (KHTML, like Gecko) Chrome/150.0.0.0 Mobile Safari/537.36"
5.52.173.121 - - [27/Aug/2026:00:31:19 +0330] "GET /_next/static/chunks/app/product/%5B...productSlug%5D/page-648f7cde64adfa9b.js HTTP/2.0" 200 14866 "https://charsooq.com/product/amz-B08BJD1X1G/nike-little-posite-one-pro-boys-shoes-size" "Mozilla/5.0 (Linux; Android 10; K) AppleWebKit/537.36 (KHTML, like Gecko) Chrome/150.0.0.0 Mobile Safari/537.36"
5.52.173.121 - - [27/Aug/2026:00:31:19 +0330] "GET /_next/static/css/89c525ac1f9c2b21.css HTTP/2.0" 200 1518 "https://charsooq.com/product/amz-B08BJD1X1G/nike-little-posite-one-pro-boys-shoes-size" "Mozilla/5.0 (Linux; Android 10; K) AppleWebKit/537.36 (KHTML, like Gecko) Chrome/150.0.0.0 Mobile Safari/537.36"
5.52.173.121 - - [27/Aug/2026:00:31:19 +0330] "GET /_next/static/css/a3ea09f254e74c9c.css HTTP/2.0" 200 2012 "https://charsooq.com/product/amz-B08BJD1X1G/nike-little-posite-one-pro-boys-shoes-size" "Mozilla/5.0 (Linux; Android 10; K) AppleWebKit/537.36 (KHTML, like Gecko) Chrome/150.0.0.0 Mobile Safari/537.36"
5.52.173.121 - - [27/Aug/2026:00:31:19 +0330] "GET /assets/images/icons/icons8-united-arab-emirates-48.svg HTTP/2.0" 200 747 "https://charsooq.com/product/amz-B08BJD1X1G/nike-little-posite-one-pro-boys-shoes-size" "Mozilla/5.0 (Linux; Android 10; K) AppleWebKit/537.36 (KHTML, like Gecko) Chrome/150.0.0.0 Mobile Safari/537.36"
5.52.173.121 - - [27/Aug/2026:00:31:19 +0330] "GET /assets/images/icons/svgs/us.svg HTTP/2.0" 200 882 "https://charsooq.com/product/amz-B08BJD1X1G/nike-little-posite-one-pro-boys-shoes-size" "Mozilla/5.0 (Linux; Android 10; K) AppleWebKit/537.36 (KHTML, like Gecko) Chrome/150.0.0.0 Mobile Safari/537.36"
5.52.173.121 - - [27/Aug/2026:00:31:19 +0330] "POST /api/v3/other-amazon-url HTTP/2.0" 200 228 "https://charsooq.com/" "Mozilla/5.0 (Linux; Android 10; K) AppleWebKit/537.36 (KHTML, like Gecko) Chrome/150.0.0.0 Mobile Safari/537.36"
5.52.173.121 - - [27/Aug/2026:00:31:33 +0330] "GET /manifest.json HTTP/2.0" 304 0 "https://charsooq.com/amazon/products?page=1&category=clothing-shoes-jewelry-boys" "Mozilla/5.0 (Linux; Android 10; K) AppleWebKit/537.36 (KHTML, like Gecko) Chrome/150.0.0.0 Mobile Safari/537.36"
5.52.173.121 - - [27/Aug/2026:00:31:33 +0330] "GET /16px.png HTTP/2.0" 304 0 "https://charsooq.com/amazon/products?page=1&category=clothing-shoes-jewelry-boys" "Mozilla/5.0 (Linux; Android 10; K) AppleWebKit/537.36 (KHTML, like Gecko) Chrome/150.0.0.0 Mobile Safari/537.36"
5.52.173.121 - - [27/Aug/2026:00:31:33 +0330] "GET /pwa-icon-180.png HTTP/2.0" 304 0 "https://charsooq.com/amazon/products?page=1&category=clothing-shoes-jewelry-boys" "Mozilla/5.0 (Linux; Android 10; K) AppleWebKit/537.36 (KHTML, like Gecko) Chrome/150.0.0.0 Mobile Safari/537.36"
5.52.173.121 - - [27/Aug/2026:00:31:34 +0330] "GET /_next/image?url=%2Fassets%2Fimages%2Fhome%2Ffaq-bg3.png&w=1200&q=75 HTTP/2.0" 304 0 "https://charsooq.com/calculator" "Mozilla/5.0 (Linux; Android 10; K) AppleWebKit/537.36 (KHTML, like Gecko) Chrome/150.0.0.0 Mobile Safari/537.36"
5.52.173.121 - - [27/Aug/2026:00:31:34 +0330] "GET /_next/image?url=%2Fassets%2Fimages%2Fhome%2Ffaq-bg2.png&w=1080&q=75 HTTP/2.0" 304 0 "https://charsooq.com/calculator" "Mozilla/5.0 (Linux; Android 10; K) AppleWebKit/537.36 (KHTML, like Gecko) Chrome/150.0.0.0 Mobile Safari/537.36"
5.52.173.121 - - [27/Aug/2026:00:31:34 +0330] "GET /assets/images/icons/us-icon.png HTTP/2.0" 304 0 "https://charsooq.com/calculator" "Mozilla/5.0 (Linux; Android 10; K) AppleWebKit/537.36 (KHTML, like Gecko) Chrome/150.0.0.0 Mobile Safari/537.36"
5.52.173.121 - - [27/Aug/2026:00:31:35 +0330] "GET /api/v1/calculator-index HTTP/2.0" 200 1549 "https://charsooq.com/" "Mozilla/5.0 (Linux; Android 10; K) AppleWebKit/537.36 (KHTML, like Gecko) Chrome/150.0.0.0 Mobile Safari/537.36"
5.52.173.121 - - [27/Aug/2026:00:31:35 +0330] "GET /manifest.json HTTP/2.0" 304 0 "https://charsooq.com/calculator" "Mozilla/5.0 (Linux; Android 10; K) AppleWebKit/537.36 (KHTML, like Gecko) Chrome/150.0.0.0 Mobile Safari/537.36"
5.52.173.121 - - [27/Aug/2026:00:31:35 +0330] "GET /pwa-icon-180.png HTTP/2.0" 304 0 "https://charsooq.com/calculator" "Mozilla/5.0 (Linux; Android 10; K) AppleWebKit/537.36 (KHTML, like Gecko) Chrome/150.0.0.0 Mobile Safari/537.36"
66.249.69.107 - - [27/Aug/2026:00:31:35 +0330] "GET /storage/uploads/vRMgeb57aVfvzX4Pna0takzGYZlEzdJktyc49csN.webp HTTP/1.1" 301 169 "-" "Googlebot-Image/1.0"
127.0.0.1 - - [27/Aug/2026:00:31:35 +0330] "GET /api/v1/categories-amazon HTTP/1.1" 200 34199 "-" "node"
172.16.20.25 - - [27/Aug/2026:00:31:35 +0330] "GET / HTTP/1.1" 200 338470 "-" "Mozilla/5.0 (compatible; PRTG Network Monitor (www.paessler.com); Windows)"
66.249.69.106 - - [27/Aug/2026:00:31:36 +0330] "GET /storage/uploads/vRMgeb57aVfvzX4Pna0takzGYZlEzdJktyc49csN.webp HTTP/1.1" 200 23364 "-" "Googlebot-Image/1.0"
40.77.167.151 - - [27/Aug/2026:00:32:02 +0330] "GET /shop/pg/1005024010/ HTTP/2.0" 200 33361 "-" "Mozilla/5.0 AppleWebKit/537.36 (KHTML, like Gecko; compatible; bingbot/2.0; +http://www.bing.com/bingbot.htm) Chrome/116.0.1938.76 Safari/537.36"
127.0.0.1 - - [27/Aug/2026:00:32:34 +0330] "GET /api/v2/sliders HTTP/1.1" 200 7479 "-" "node"
127.0.0.1 - - [27/Aug/2026:00:32:34 +0330] "GET /api/v1/categories-amazon HTTP/1.1" 200 34230 "-" "node"
127.0.0.1 - - [27/Aug/2026:00:32:36 +0330] "GET /api/v2/page-data HTTP/1.1" 200 36854 "-" "node"
172.16.20.25 - - [27/Aug/2026:00:32:36 +0330] "GET / HTTP/1.1" 200 338501 "-" "Mozilla/5.0 (compatible; PRTG Network Monitor (www.paessler.com); Windows)"
188.241.67.201 - - [27/Aug/2026:00:33:07 +0330] "GET / HTTP/2.0" 308 20 "-" "Mozilla/5.0 (iPhone; CPU iPhone OS 13_2_3 like Mac OS X) AppleWebKit/605.1.15 (KHTML, like Gecko) Version/13.0.3 Mobile/15E148 Safari/604.1"
84.40.158.194 - - [27/Aug/2026:00:33:07 +0330] "GET / HTTP/2.0" 308 20 "-" "Mozilla/5.0 (iPhone; CPU iPhone OS 13_2_3 like Mac OS X) AppleWebKit/605.1.15 (KHTML, like Gecko) Version/13.0.3 Mobile/15E148 Safari/604.1"
47.128.29.212 - - [27/Aug/2026:00:33:07 +0330] "GET / HTTP/2.0" 308 20 "-" "Mozilla/5.0 (Linux; Android 5.0) AppleWebKit/537.36 (KHTML, like Gecko) Mobile Safari/537.36 (compatible; Bytespider; spider-feedback@bytedance.com)"
45.38.215.118 - - [27/Aug/2026:00:33:07 +0330] "GET / HTTP/2.0" 308 20 "-" "Mozilla/5.0 (iPhone; CPU iPhone OS 13_2_3 like Mac OS X) AppleWebKit/605.1.15 (KHTML, like Gecko) Version/13.0.3 Mobile/15E148 Safari/604.1"
47.128.28.245 - - [27/Aug/2026:00:33:08 +0330] "GET / HTTP/2.0" 308 20 "-" "Mozilla/5.0 (Linux; Android 5.0) AppleWebKit/537.36 (KHTML, like Gecko) Mobile Safari/537.36 (compatible; Bytespider; spider-feedback@bytedance.com)"
47.128.24.212 - - [27/Aug/2026:00:33:08 +0330] "GET / HTTP/2.0" 308 20 "-" "Mozilla/5.0 (Linux; Android 5.0) AppleWebKit/537.36 (KHTML, like Gecko) Mobile Safari/537.36 (compatible; Bytespider; spider-feedback@bytedance.com)"
47.128.21.22 - - [27/Aug/2026:00:33:08 +0330] "GET / HTTP/2.0" 308 20 "-" "Mozilla/5.0 (Linux; Android 5.0) AppleWebKit/537.36 (KHTML, like Gecko) Mobile Safari/537.36 (compatible; Bytespider; spider-feedback@bytedance.com)"
78.174.217.21 - - [27/Aug/2026:00:33:08 +0330] "GET / HTTP/2.0" 308 20 "-" "Mozilla/5.0 (iPhone; CPU iPhone OS 13_2_3 like Mac OS X) AppleWebKit/605.1.15 (KHTML, like Gecko) Version/13.0.3 Mobile/15E148 Safari/604.1"
99.102.29.133 - - [27/Aug/2026:00:33:08 +0330] "GET / HTTP/2.0" 308 20 "-" "Mozilla/5.0 (iPhone; CPU iPhone OS 13_2_3 like Mac OS X) AppleWebKit/605.1.15 (KHTML, like Gecko) Version/13.0.3 Mobile/15E148 Safari/604.1"
103.69.146.80 - - [27/Aug/2026:00:33:08 +0330] "GET / HTTP/2.0" 308 20 "-" "Mozilla/5.0 (iPhone; CPU iPhone OS 13_2_3 like Mac OS X) AppleWebKit/605.1.15 (KHTML, like Gecko) Version/13.0.3 Mobile/15E148 Safari/604.1"
181.94.224.154 - - [27/Aug/2026:00:33:09 +0330] "GET / HTTP/2.0" 308 20 "-" "Mozilla/5.0 (iPhone; CPU iPhone OS 13_2_3 like Mac OS X) AppleWebKit/605.1.15 (KHTML, like Gecko) Version/13.0.3 Mobile/15E148 Safari/604.1"
186.207.243.33 - - [27/Aug/2026:00:33:09 +0330] "GET / HTTP/2.0" 308 20 "-" "Mozilla/5.0 (Windows NT 10.0; Win64; x64) AppleWebKit/537.36 (KHTML, like Gecko) Chrome/142.0.0.0 Safari/537.36"
170.78.101.62 - - [27/Aug/2026:00:33:10 +0330] "GET / HTTP/2.0" 308 20 "-" "Mozilla/5.0 (iPhone; CPU iPhone OS 13_2_3 like Mac OS X) AppleWebKit/605.1.15 (KHTML, like Gecko) Version/13.0.3 Mobile/15E148 Safari/604.1"
127.0.0.1 - - [27/Aug/2026:00:33:10 +0330] "GET /api/v1/categories-amazon HTTP/1.1" 200 34199 "-" "node"
127.0.0.1 - - [27/Aug/2026:00:33:10 +0330] "GET /api/v1/categories-amazon HTTP/1.1" 200 34199 "-" "node"
127.0.0.1 - - [27/Aug/2026:00:33:10 +0330] "GET /api/v1/categories-amazon HTTP/1.1" 200 34199 "-" "node"
103.110.163.133 - - [27/Aug/2026:00:33:10 +0330] "GET / HTTP/2.0" 200 106228 "-" "Mozilla/5.0 (iPhone; CPU iPhone OS 13_2_3 like Mac OS X) AppleWebKit/605.1.15 (KHTML, like Gecko) Version/13.0.3 Mobile/15E148 Safari/604.1"
47.128.28.245 - - [27/Aug/2026:00:33:11 +0330] "GET / HTTP/2.0" 200 106228 "-" "Mozilla/5.0 (Linux; Android 5.0) AppleWebKit/537.36 (KHTML, like Gecko) Mobile Safari/537.36 (compatible; Bytespider; spider-feedback@bytedance.com)"
47.128.24.212 - - [27/Aug/2026:00:33:11 +0330] "GET / HTTP/2.0" 200 106228 "-" "Mozilla/5.0 (Linux; Android 5.0) AppleWebKit/537.36 (KHTML, like Gecko) Mobile Safari/537.36 (compatible; Bytespider; spider-feedback@bytedance.com)"
103.110.163.133 - - [27/Aug/2026:00:33:11 +0330] "GET /_next/image?url=%2Fassets%2Fimages%2Fhome%2Fcategory%2Fshoes.jpg&w=828&q=75 HTTP/2.0" 200 13250 "https://charsooq.com/" "Mozilla/5.0 (iPhone; CPU iPhone OS 13_2_3 like Mac OS X) AppleWebKit/605.1.15 (KHTML, like Gecko) Version/13.0.3 Mobile/15E148 Safari/604.1"
103.110.163.133 - - [27/Aug/2026:00:33:11 +0330] "GET /_next/image?url=%2Fassets%2Fimages%2Fhome%2Fhome-instagram2.webp&w=828&q=75 HTTP/2.0" 200 4836 "https://charsooq.com/" "Mozilla/5.0 (iPhone; CPU iPhone OS 13_2_3 like Mac OS X) AppleWebKit/605.1.15 (KHTML, like Gecko) Version/13.0.3 Mobile/15E148 Safari/604.1"
103.110.163.133 - - [27/Aug/2026:00:33:11 +0330] "GET /_next/image?url=%2Fassets%2Fimages%2Fhome%2Fcategory%2Fcosmetic.jpg&w=828&q=75 HTTP/2.0" 200 15462 "https://charsooq.com/" "Mozilla/5.0 (iPhone; CPU iPhone OS 13_2_3 like Mac OS X) AppleWebKit/605.1.15 (KHTML, like Gecko) Version/13.0.3 Mobile/15E148 Safari/604.1"
103.110.163.133 - - [27/Aug/2026:00:33:11 +0330] "GET /_next/image?url=%2Fassets%2Fimages%2Fhome%2Fhome-telegram2.webp&w=828&q=75 HTTP/2.0" 200 8658 "https://charsooq.com/" "Mozilla/5.0 (iPhone; CPU iPhone OS 13_2_3 like Mac OS X) AppleWebKit/605.1.15 (KHTML, like Gecko) Version/13.0.3 Mobile/15E148 Safari/604.1"
103.110.163.133 - - [27/Aug/2026:00:33:11 +0330] "GET /_next/image?url=%2Fassets%2Fimages%2Ficons%2Ftelegram-icon.png&w=64&q=75 HTTP/2.0" 200 2500 "https://charsooq.com/" "Mozilla/5.0 (iPhone; CPU iPhone OS 13_2_3 like Mac OS X) AppleWebKit/605.1.15 (KHTML, like Gecko) Version/13.0.3 Mobile/15E148 Safari/604.1"
103.110.163.133 - - [27/Aug/2026:00:33:11 +0330] "GET /_next/static/css/302d83c05ad27d8b.css HTTP/2.0" 200 369 "https://charsooq.com/" "Mozilla/5.0 (iPhone; CPU iPhone OS 13_2_3 like Mac OS X) AppleWebKit/605.1.15 (KHTML, like Gecko) Version/13.0.3 Mobile/15E148 Safari/604.1"
103.110.163.133 - - [27/Aug/2026:00:33:11 +0330] "GET /_next/static/css/2c9caab41af7e337.css HTTP/2.0" 200 3175 "https://charsooq.com/" "Mozilla/5.0 (iPhone; CPU iPhone OS 13_2_3 like Mac OS X) AppleWebKit/605.1.15 (KHTML, like Gecko) Version/13.0.3 Mobile/15E148 Safari/604.1"
103.110.163.133 - - [27/Aug/2026:00:33:11 +0330] "GET /_next/static/css/1fd47d1e4f3a64a0.css HTTP/2.0" 200 5002 "https://charsooq.com/" "Mozilla/5.0 (iPhone; CPU iPhone OS 13_2_3 like Mac OS X) AppleWebKit/605.1.15 (KHTML, like Gecko) Version/13.0.3 Mobile/15E148 Safari/604.1"
103.110.163.133 - - [27/Aug/2026:00:33:11 +0330] "GET /_next/static/css/91447b978d7716af.css HTTP/2.0" 200 20418 "https://charsooq.com/" "Mozilla/5.0 (iPhone; CPU iPhone OS 13_2_3 like Mac OS X) AppleWebKit/605.1.15 (KHTML, like Gecko) Version/13.0.3 Mobile/15E148 Safari/604.1"
127.0.0.1 - - [27/Aug/2026:00:33:11 +0330] "GET /api/v1/categories-amazon HTTP/1.1" 200 34230 "-" "node"
127.0.0.1 - - [27/Aug/2026:00:33:11 +0330] "GET /api/v1/categories-amazon HTTP/1.1" 200 34230 "-" "node"
127.0.0.1 - - [27/Aug/2026:00:33:11 +0330] "GET /api/v1/categories-amazon HTTP/1.1" 200 34230 "-" "node"
127.0.0.1 - - [27/Aug/2026:00:33:11 +0330] "GET /api/v1/categories-amazon HTTP/1.1" 200 34230 "-" "node"
103.110.163.133 - - [27/Aug/2026:00:33:11 +0330] "GET /_next/image?url=https%3A%2F%2Fpanel.charsooq.com%2Fstorage%2F01K86CG1QRVXB0PMTKY5EERBNB.jpg&w=384&q=75 HTTP/2.0" 200 2660 "https://charsooq.com/" "Mozilla/5.0 (iPhone; CPU iPhone OS 13_2_3 like Mac OS X) AppleWebKit/605.1.15 (KHTML, like Gecko) Version/13.0.3 Mobile/15E148 Safari/604.1"
103.110.163.133 - - [27/Aug/2026:00:33:11 +0330] "GET /_next/static/chunks/main-app-9964935a240c0d39.js HTTP/2.0" 200 471 "https://charsooq.com/" "Mozilla/5.0 (iPhone; CPU iPhone OS 13_2_3 like Mac OS X) AppleWebKit/605.1.15 (KHTML, like Gecko) Version/13.0.3 Mobile/15E148 Safari/604.1"
103.110.163.133 - - [27/Aug/2026:00:33:11 +0330] "GET /_next/image?url=https%3A%2F%2Fpanel.charsooq.com%2Fstorage%2F01KFXB7VBNM3NRS4TMST0J77BY.jpg&w=384&q=75 HTTP/2.0" 200 21950 "https://charsooq.com/" "Mozilla/5.0 (iPhone; CPU iPhone OS 13_2_3 like Mac OS X) AppleWebKit/605.1.15 (KHTML, like Gecko) Version/13.0.3 Mobile/15E148 Safari/604.1"
103.110.163.133 - - [27/Aug/2026:00:33:11 +0330] "GET /_next/static/chunks/2117-828e02dc1643a950.js HTTP/2.0" 200 32001 "https://charsooq.com/" "Mozilla/5.0 (iPhone; CPU iPhone OS 13_2_3 like Mac OS X) AppleWebKit/605.1.15 (KHTML, like Gecko) Version/13.0.3 Mobile/15E148 Safari/604.1"
127.0.0.1 - - [27/Aug/2026:00:33:11 +0330] "GET /storage/01K86CG1QRVXB0PMTKY5EERBNB.jpg HTTP/1.1" 200 25489 "-" "node"
127.0.0.1 - - [27/Aug/2026:00:33:11 +0330] "GET /storage/01KFXB7VBNM3NRS4TMST0J77BY.jpg HTTP/1.1" 200 245196 "-" "node"
47.128.29.212 - - [27/Aug/2026:00:33:11 +0330] "GET / HTTP/2.0" 200 106228 "-" "Mozilla/5.0 (Linux; Android 5.0) AppleWebKit/537.36 (KHTML, like Gecko) Mobile Safari/537.36 (compatible; Bytespider; spider-feedback@bytedance.com)"
88.230.125.140 - - [27/Aug/2026:00:33:11 +0330] "GET / HTTP/2.0" 200 106228 "-" "Mozilla/5.0 (iPhone; CPU iPhone OS 13_2_3 like Mac OS X) AppleWebKit/605.1.15 (KHTML, like Gecko) Version/13.0.3 Mobile/15E148 Safari/604.1"
103.250.83.207 - - [27/Aug/2026:00:33:11 +0330] "GET / HTTP/2.0" 200 106228 "-" "Mozilla/5.0 (iPhone; CPU iPhone OS 13_2_3 like Mac OS X) AppleWebKit/605.1.15 (KHTML, like Gecko) Version/13.0.3 Mobile/15E148 Safari/604.1"
103.110.163.133 - - [27/Aug/2026:00:33:11 +0330] "GET /assets/images/home/discount-background.webp HTTP/2.0" 206 500 "https://charsooq.com/_next/static/css/2c9caab41af7e337.css" "Mozilla/5.0 (iPhone; CPU iPhone OS 13_2_3 like Mac OS X) AppleWebKit/605.1.15 (KHTML, like Gecko) Version/13.0.3 Mobile/15E148 Safari/604.1"
47.128.24.212 - - [27/Aug/2026:00:33:12 +0330] "GET /products-offer?page=1&_rsc=19zvn HTTP/2.0" 200 1470 "https://charsooq.com/" "Mozilla/5.0 (Linux; Android 5.0) AppleWebKit/537.36 (KHTML, like Gecko) Mobile Safari/537.36 (compatible; Bytespider; spider-feedback@bytedance.com)"
47.128.21.22 - - [27/Aug/2026:00:33:12 +0330] "GET / HTTP/2.0" 200 106228 "-" "Mozilla/5.0 (Linux; Android 5.0) AppleWebKit/537.36 (KHTML, like Gecko) Mobile Safari/537.36 (compatible; Bytespider; spider-feedback@bytedance.com)"
103.110.163.133 - - [27/Aug/2026:00:33:12 +0330] "GET /_next/static/chunks/2972-d7980624b2014943.js HTTP/2.0" 200 8732 "https://charsooq.com/" "Mozilla/5.0 (iPhone; CPU iPhone OS 13_2_3 like Mac OS X) AppleWebKit/605.1.15 (KHTML, like Gecko) Version/13.0.3 Mobile/15E148 Safari/604.1"
127.0.0.1 - - [27/Aug/2026:00:33:12 +0330] "GET /api/v1/show-products-offers/Iketoiletconversion HTTP/1.1" 301 169 "-" "node"
103.110.163.133 - - [27/Aug/2026:00:33:12 +0330] "GET /_next/static/chunks/5763-e3689baff1695fd1.js HTTP/2.0" 200 4387 "https://charsooq.com/" "Mozilla/5.0 (iPhone; CPU iPhone OS 13_2_3 like Mac OS X) AppleWebKit/605.1.15 (KHTML, like Gecko) Version/13.0.3 Mobile/15E148 Safari/604.1"
103.110.163.133 - - [27/Aug/2026:00:33:12 +0330] "GET /_next/static/chunks/1493-5bf6477734a442f1.js HTTP/2.0" 200 3468 "https://charsooq.com/" "Mozilla/5.0 (iPhone; CPU iPhone OS 13_2_3 like Mac OS X) AppleWebKit/605.1.15 (KHTML, like Gecko) Version/13.0.3 Mobile/15E148 Safari/604.1"
103.110.163.133 - - [27/Aug/2026:00:33:12 +0330] "GET /_next/static/chunks/5878-8c4517462d65e9a5.js HTTP/2.0" 200 5170 "https://charsooq.com/" "Mozilla/5.0 (iPhone; CPU iPhone OS 13_2_3 like Mac OS X) AppleWebKit/605.1.15 (KHTML, like Gecko) Version/13.0.3 Mobile/15E148 Safari/604.1"
103.110.163.133 - - [27/Aug/2026:00:33:12 +0330] "GET /_next/static/chunks/fd9d1056-9ff99acbd7fb9fe8.js HTTP/2.0" 200 53744 "https://charsooq.com/" "Mozilla/5.0 (iPhone; CPU iPhone OS 13_2_3 like Mac OS X) AppleWebKit/605.1.15 (KHTML, like Gecko) Version/13.0.3 Mobile/15E148 Safari/604.1"
127.0.0.1 - - [27/Aug/2026:00:33:12 +0330] "GET /api/v1/categories-amazon HTTP/1.1" 200 34230 "-" "node"
127.0.0.1 - - [27/Aug/2026:00:33:12 +0330] "GET /api/v1/show-products-offers/Iketoiletconversion HTTP/1.1" 200 3557 "-" "node"
47.128.24.212 - - [27/Aug/2026:00:33:12 +0330] "GET /products/Iketoiletconversion/%D8%AA%D8%A8%D8%AF%DB%8C%D9%84-%D8%AA%D9%88%D8%A7%D9%84%D8%AA-%D9%81%D8%B1%D9%86%DA%AF%DB%8C-%D8%A7%DB%8C%DA%A9%DB%8C%D8%A7?_rsc=19zvn HTTP/2.0" 200 2255 "https://charsooq.com/" "Mozilla/5.0 (Linux; Android 5.0) AppleWebKit/537.36 (KHTML, like Gecko) Mobile Safari/537.36 (compatible; Bytespider; spider-feedback@bytedance.com)"
185.170.109.23 - - [27/Aug/2026:00:33:12 +0330] "GET / HTTP/2.0" 200 106228 "-" "Mozilla/5.0 (iPhone; CPU iPhone OS 13_2_3 like Mac OS X) AppleWebKit/605.1.15 (KHTML, like Gecko) Version/13.0.3 Mobile/15E148 Safari/604.1"
103.110.163.133 - - [27/Aug/2026:00:33:12 +0330] "GET /_next/static/chunks/6818-72710ec856a66515.js HTTP/2.0" 200 2700 "https://charsooq.com/" "Mozilla/5.0 (iPhone; CPU iPhone OS 13_2_3 like Mac OS X) AppleWebKit/605.1.15 (KHTML, like Gecko) Version/13.0.3 Mobile/15E148 Safari/604.1"
127.0.0.1 - - [27/Aug/2026:00:33:12 +0330] "GET /api/v1/categories-amazon HTTP/1.1" 200 34199 "-" "node"
103.110.163.133 - - [27/Aug/2026:00:33:12 +0330] "GET /_next/static/chunks/2034-b6ee9baf8082b7dc.js HTTP/2.0" 200 10926 "https://charsooq.com/" "Mozilla/5.0 (iPhone; CPU iPhone OS 13_2_3 like Mac OS X) AppleWebKit/605.1.15 (KHTML, like Gecko) Version/13.0.3 Mobile/15E148 Safari/604.1"
103.110.163.133 - - [27/Aug/2026:00:33:12 +0330] "GET /_next/static/chunks/3462-b3fd13ed1d4f90e2.js HTTP/2.0" 200 1833 "https://charsooq.com/" "Mozilla/5.0 (iPhone; CPU iPhone OS 13_2_3 like Mac OS X) AppleWebKit/605.1.15 (KHTML, like Gecko) Version/13.0.3 Mobile/15E148 Safari/604.1"
103.110.163.133 - - [27/Aug/2026:00:33:12 +0330] "GET /_next/static/chunks/5605-342a49848bbf0c11.js HTTP/2.0" 200 6777 "https://charsooq.com/" "Mozilla/5.0 (iPhone; CPU iPhone OS 13_2_3 like Mac OS X) AppleWebKit/605.1.15 (KHTML, like Gecko) Version/13.0.3 Mobile/15E148 Safari/604.1"
127.0.0.1 - - [27/Aug/2026:00:33:12 +0330] "GET /api/v1/categories-amazon HTTP/1.1" 200 34199 "-" "node"
103.110.163.133 - - [27/Aug/2026:00:33:12 +0330] "GET /_next/static/chunks/6137-97a90ba21cd4a885.js HTTP/2.0" 200 6706 "https://charsooq.com/" "Mozilla/5.0 (iPhone; CPU iPhone OS 13_2_3 like Mac OS X) AppleWebKit/605.1.15 (KHTML, like Gecko) Version/13.0.3 Mobile/15E148 Safari/604.1"
127.0.0.1 - - [27/Aug/2026:00:33:12 +0330] "GET /api/v1/categories-amazon HTTP/1.1" 200 34230 "-" "node"
127.0.0.1 - - [27/Aug/2026:00:33:13 +0330] "GET /api/v1/show-products-offers/Iketoiletconversion HTTP/1.1" 301 169 "-" "node"
103.250.83.207 - - [27/Aug/2026:00:33:13 +0330] "GET /products-offer?page=1&_rsc=19zvn HTTP/2.0" 200 1470 "https://charsooq.com/" "Mozilla/5.0 (iPhone; CPU iPhone OS 13_2_3 like Mac OS X) AppleWebKit/605.1.15 (KHTML, like Gecko) Version/13.0.3 Mobile/15E148 Safari/604.1"
127.0.0.1 - - [27/Aug/2026:00:33:13 +0330] "GET /api/v1/categories-amazon HTTP/1.1" 200 34199 "-" "node"
127.0.0.1 - - [27/Aug/2026:00:33:13 +0330] "GET /api/v1/show-products-offers/Iketoiletconversion HTTP/1.1" 200 3557 "-" "node"
27.130.104.147 - - [27/Aug/2026:00:33:13 +0330] "GET / HTTP/2.0" 200 106228 "-" "Mozilla/5.0 (iPhone; CPU iPhone OS 13_2_3 like Mac OS X) AppleWebKit/605.1.15 (KHTML, like Gecko) Version/13.0.3 Mobile/15E148 Safari/604.1"
103.250.83.207 - - [27/Aug/2026:00:33:13 +0330] "GET /products/Iketoiletconversion/%D8%AA%D8%A8%D8%AF%DB%8C%D9%84-%D8%AA%D9%88%D8%A7%D9%84%D8%AA-%D9%81%D8%B1%D9%86%DA%AF%DB%8C-%D8%A7%DB%8C%DA%A9%DB%8C%D8%A7?_rsc=19zvn HTTP/2.0" 200 2255 "https://charsooq.com/" "Mozilla/5.0 (iPhone; CPU iPhone OS 13_2_3 like Mac OS X) AppleWebKit/605.1.15 (KHTML, like Gecko) Version/13.0.3 Mobile/15E148 Safari/604.1"
177.86.21.20 - - [27/Aug/2026:00:33:13 +0330] "GET / HTTP/2.0" 200 106228 "-" "Mozilla/5.0 (iPhone; CPU iPhone OS 13_2_3 like Mac OS X) AppleWebKit/605.1.15 (KHTML, like Gecko) Version/13.0.3 Mobile/15E148 Safari/604.1"
103.110.163.133 - - [27/Aug/2026:00:33:13 +0330] "GET /_next/static/chunks/9064-bc53da8ff6805f5a.js HTTP/2.0" 200 4703 "https://charsooq.com/" "Mozilla/5.0 (iPhone; CPU iPhone OS 13_2_3 like Mac OS X) AppleWebKit/605.1.15 (KHTML, like Gecko) Version/13.0.3 Mobile/15E148 Safari/604.1"
47.128.21.22 - - [27/Aug/2026:00:33:13 +0330] "GET /checkout?_rsc=19zvn HTTP/2.0" 200 1690 "https://charsooq.com/" "Mozilla/5.0 (Linux; Android 5.0) AppleWebKit/537.36 (KHTML, like Gecko) Mobile Safari/537.36 (compatible; Bytespider; spider-feedback@bytedance.com)"
185.210.23.118 - - [27/Aug/2026:00:33:13 +0330] "GET / HTTP/2.0" 200 106228 "-" "Mozilla/5.0 (Windows NT 10.0; Win64; x64) AppleWebKit/537.36 (KHTML, like Gecko) Chrome/142.0.0.0 Safari/537.36"
103.110.163.133 - - [27/Aug/2026:00:33:13 +0330] "GET /_next/static/chunks/169-68dabecb1c163108.js HTTP/2.0" 200 6555 "https://charsooq.com/" "Mozilla/5.0 (iPhone; CPU iPhone OS 13_2_3 like Mac OS X) AppleWebKit/605.1.15 (KHTML, like Gecko) Version/13.0.3 Mobile/15E148 Safari/604.1"
103.110.163.133 - - [27/Aug/2026:00:33:13 +0330] "GET /_next/static/chunks/9227-c2a8061d3143118a.js HTTP/2.0" 200 2320 "https://charsooq.com/" "Mozilla/5.0 (iPhone; CPU iPhone OS 13_2_3 like Mac OS X) AppleWebKit/605.1.15 (KHTML, like Gecko) Version/13.0.3 Mobile/15E148 Safari/604.1"
103.110.163.133 - - [27/Aug/2026:00:33:13 +0330] "GET /_next/static/chunks/300-72da8991edf2ed5a.js HTTP/2.0" 200 33594 "https://charsooq.com/" "Mozilla/5.0 (iPhone; CPU iPhone OS 13_2_3 like Mac OS X) AppleWebKit/605.1.15 (KHTML, like Gecko) Version/13.0.3 Mobile/15E148 Safari/604.1"
103.110.163.133 - - [27/Aug/2026:00:33:13 +0330] "GET /_next/static/chunks/2177-53f14356cddc2711.js HTTP/2.0" 200 3254 "https://charsooq.com/" "Mozilla/5.0 (iPhone; CPU iPhone OS 13_2_3 like Mac OS X) AppleWebKit/605.1.15 (KHTML, like Gecko) Version/13.0.3 Mobile/15E148 Safari/604.1"
127.0.0.1 - - [27/Aug/2026:00:33:13 +0330] "GET /api/v1/show-products-offers/Iketoiletconversion HTTP/1.1" 301 169 "-" "node"
47.128.21.22 - - [27/Aug/2026:00:33:13 +0330] "GET /products-offer?page=1&_rsc=19zvn HTTP/2.0" 200 1470 "https://charsooq.com/" "Mozilla/5.0 (Linux; Android 5.0) AppleWebKit/537.36 (KHTML, like Gecko) Mobile Safari/537.36 (compatible; Bytespider; spider-feedback@bytedance.com)"
155.94.177.205 - - [27/Aug/2026:00:33:13 +0330] "GET /_next/static/css/302d83c05ad27d8b.css HTTP/2.0" 200 369 "https://charsooq.com/" "Mozilla/5.0 (iPhone; CPU iPhone OS 13_2_3 like Mac OS X) AppleWebKit/605.1.15 (KHTML, like Gecko) Version/13.0.3 Mobile/15E148 Safari/604.1"
155.94.177.205 - - [27/Aug/2026:00:33:13 +0330] "GET /_next/image?url=%2Fassets%2Fimages%2Fhome%2Fcategory%2Fshoes.jpg&w=828&q=75 HTTP/2.0" 200 13250 "https://charsooq.com/" "Mozilla/5.0 (iPhone; CPU iPhone OS 13_2_3 like Mac OS X) AppleWebKit/605.1.15 (KHTML, like Gecko) Version/13.0.3 Mobile/15E148 Safari/604.1"
155.94.177.205 - - [27/Aug/2026:00:33:13 +0330] "GET /_next/image?url=%2Fassets%2Fimages%2Fhome%2Fcategory%2Fcosmetic.jpg&w=828&q=75 HTTP/2.0" 200 15462 "https://charsooq.com/" "Mozilla/5.0 (iPhone; CPU iPhone OS 13_2_3 like Mac OS X) AppleWebKit/605.1.15 (KHTML, like Gecko) Version/13.0.3 Mobile/15E148 Safari/604.1"
155.94.177.205 - - [27/Aug/2026:00:33:13 +0330] "GET /_next/image?url=%2Fassets%2Fimages%2Fhome%2Fhome-instagram2.webp&w=828&q=75 HTTP/2.0" 200 4836 "https://charsooq.com/" "Mozilla/5.0 (iPhone; CPU iPhone OS 13_2_3 like Mac OS X) AppleWebKit/605.1.15 (KHTML, like Gecko) Version/13.0.3 Mobile/15E148 Safari/604.1"
155.94.177.205 - - [27/Aug/2026:00:33:13 +0330] "GET /_next/static/css/2c9caab41af7e337.css HTTP/2.0" 200 3175 "https://charsooq.com/" "Mozilla/5.0 (iPhone; CPU iPhone OS 13_2_3 like Mac OS X) AppleWebKit/605.1.15 (KHTML, like Gecko) Version/13.0.3 Mobile/15E148 Safari/604.1"
155.94.177.205 - - [27/Aug/2026:00:33:13 +0330] "GET /_next/image?url=%2Fassets%2Fimages%2Fhome%2Fhome-telegram2.webp&w=828&q=75 HTTP/2.0" 200 8658 "https://charsooq.com/" "Mozilla/5.0 (iPhone; CPU iPhone OS 13_2_3 like Mac OS X) AppleWebKit/605.1.15 (KHTML, like Gecko) Version/13.0.3 Mobile/15E148 Safari/604.1"
127.0.0.1 - - [27/Aug/2026:00:33:13 +0330] "GET /api/v1/categories-amazon HTTP/1.1" 200 34199 "-" "node"
155.94.177.205 - - [27/Aug/2026:00:33:13 +0330] "GET /_next/static/css/1fd47d1e4f3a64a0.css HTTP/2.0" 200 5002 "https://charsooq.com/" "Mozilla/5.0 (iPhone; CPU iPhone OS 13_2_3 like Mac OS X) AppleWebKit/605.1.15 (KHTML, like Gecko) Version/13.0.3 Mobile/15E148 Safari/604.1"
155.94.177.205 - - [27/Aug/2026:00:33:13 +0330] "GET /_next/image?url=%2Fassets%2Fimages%2Ficons%2Ftelegram-icon.png&w=64&q=75 HTTP/2.0" 200 2500 "https://charsooq.com/" "Mozilla/5.0 (iPhone; CPU iPhone OS 13_2_3 like Mac OS X) AppleWebKit/605.1.15 (KHTML, like Gecko) Version/13.0.3 Mobile/15E148 Safari/604.1"
155.94.177.205 - - [27/Aug/2026:00:33:13 +0330] "GET /_next/static/css/91447b978d7716af.css HTTP/2.0" 200 20418 "https://charsooq.com/" "Mozilla/5.0 (iPhone; CPU iPhone OS 13_2_3 like Mac OS X) AppleWebKit/605.1.15 (KHTML, like Gecko) Version/13.0.3 Mobile/15E148 Safari/604.1"
127.0.0.1 - - [27/Aug/2026:00:33:13 +0330] "GET /api/v1/show-products-offers/Iketoiletconversion HTTP/1.1" 200 3557 "-" "node"
47.128.21.22 - - [27/Aug/2026:00:33:13 +0330] "GET /products/Iketoiletconversion/%D8%AA%D8%A8%D8%AF%DB%8C%D9%84-%D8%AA%D9%88%D8%A7%D9%84%D8%AA-%D9%81%D8%B1%D9%86%DA%AF%DB%8C-%D8%A7%DB%8C%DA%A9%DB%8C%D8%A7?_rsc=19zvn HTTP/2.0" 200 2255 "https://charsooq.com/" "Mozilla/5.0 (Linux; Android 5.0) AppleWebKit/537.36 (KHTML, like Gecko) Mobile Safari/537.36 (compatible; Bytespider; spider-feedback@bytedance.com)"
47.128.29.212 - - [27/Aug/2026:00:33:13 +0330] "GET /products-offer?page=1&_rsc=19zvn HTTP/2.0" 200 1470 "https://charsooq.com/" "Mozilla/5.0 (Linux; Android 5.0) AppleWebKit/537.36 (KHTML, like Gecko) Mobile Safari/537.36 (compatible; Bytespider; spider-feedback@bytedance.com)"
103.110.163.133 - - [27/Aug/2026:00:33:13 +0330] "GET /_next/static/chunks/4438-ac5ce0d4a5fd9e15.js HTTP/2.0" 200 8260 "https://charsooq.com/" "Mozilla/5.0 (iPhone; CPU iPhone OS 13_2_3 like Mac OS X) AppleWebKit/605.1.15 (KHTML, like Gecko) Version/13.0.3 Mobile/15E148 Safari/604.1"
45.4.126.195 - - [27/Aug/2026:00:33:13 +0330] "GET / HTTP/2.0" 200 106228 "-" "Mozilla/5.0 (iPhone; CPU iPhone OS 13_2_3 like Mac OS X) AppleWebKit/605.1.15 (KHTML, like Gecko) Version/13.0.3 Mobile/15E148 Safari/604.1"
103.110.163.133 - - [27/Aug/2026:00:33:13 +0330] "GET /_next/static/chunks/8003-81602ee8b36ef204.js HTTP/2.0" 200 2418 "https://charsooq.com/" "Mozilla/5.0 (iPhone; CPU iPhone OS 13_2_3 like Mac OS X) AppleWebKit/605.1.15 (KHTML, like Gecko) Version/13.0.3 Mobile/15E148 Safari/604.1"
103.110.163.133 - - [27/Aug/2026:00:33:13 +0330] "GET /_next/static/chunks/9470-129db663fb54ce77.js HTTP/2.0" 200 3092 "https://charsooq.com/" "Mozilla/5.0 (iPhone; CPU iPhone OS 13_2_3 like Mac OS X) AppleWebKit/605.1.15 (KHTML, like Gecko) Version/13.0.3 Mobile/15E148 Safari/604.1"
103.110.163.133 - - [27/Aug/2026:00:33:13 +0330] "GET /_next/static/chunks/8472-05374d6b6d91921f.js HTTP/2.0" 200 9473 "https://charsooq.com/" "Mozilla/5.0 (iPhone; CPU iPhone OS 13_2_3 like Mac OS X) AppleWebKit/605.1.15 (KHTML, like Gecko) Version/13.0.3 Mobile/15E148 Safari/604.1"
47.128.21.22 - - [27/Aug/2026:00:33:13 +0330] "GET /_next/static/chunks/app/checkout/layout-d7cf06d0dc8d6df6.js HTTP/2.0" 200 39421 "https://charsooq.com/" "Mozilla/5.0 (Linux; Android 5.0) AppleWebKit/537.36 (KHTML, like Gecko) Mobile Safari/537.36 (compatible; Bytespider; spider-feedback@bytedance.com)"
103.110.163.133 - - [27/Aug/2026:00:33:13 +0330] "GET /_next/static/chunks/app/error-094d5bcef522249f.js HTTP/2.0" 200 673 "https://charsooq.com/" "Mozilla/5.0 (iPhone; CPU iPhone OS 13_2_3 like Mac OS X) AppleWebKit/605.1.15 (KHTML, like Gecko) Version/13.0.3 Mobile/15E148 Safari/604.1"
127.0.0.1 - - [27/Aug/2026:00:33:13 +0330] "GET /api/v1/show-products-offers/Iketoiletconversion HTTP/1.1" 301 169 "-" "node"
181.68.7.149 - - [27/Aug/2026:00:33:13 +0330] "GET / HTTP/2.0" 200 106228 "-" "Mozilla/5.0 (iPhone; CPU iPhone OS 13_2_3 like Mac OS X) AppleWebKit/605.1.15 (KHTML, like Gecko) Version/13.0.3 Mobile/15E148 Safari/604.1"
127.0.0.1 - - [27/Aug/2026:00:33:13 +0330] "GET /api/v1/show-products-offers/Iketoiletconversion HTTP/1.1" 200 3557 "-" "node"
127.0.0.1 - - [27/Aug/2026:00:33:13 +0330] "GET /api/v1/show-products-offers/Iketoiletconversion HTTP/1.1" 301 169 "-" "node"
47.128.29.212 - - [27/Aug/2026:00:33:13 +0330] "GET /products/Iketoiletconversion/%D8%AA%D8%A8%D8%AF%DB%8C%D9%84-%D8%AA%D9%88%D8%A7%D9%84%D8%AA-%D9%81%D8%B1%D9%86%DA%AF%DB%8C-%D8%A7%DB%8C%DA%A9%DB%8C%D8%A7?_rsc=19zvn HTTP/2.0" 200 2255 "https://charsooq.com/" "Mozilla/5.0 (Linux; Android 5.0) AppleWebKit/537.36 (KHTML, like Gecko) Mobile Safari/537.36 (compatible; Bytespider; spider-feedback@bytedance.com)"
185.170.109.23 - - [27/Aug/2026:00:33:13 +0330] "GET /products-offer?page=1&_rsc=19zvn HTTP/2.0" 200 1470 "https://charsooq.com/" "Mozilla/5.0 (iPhone; CPU iPhone OS 13_2_3 like Mac OS X) AppleWebKit/605.1.15 (KHTML, like Gecko) Version/13.0.3 Mobile/15E148 Safari/604.1"
103.69.146.179 - - [27/Aug/2026:00:33:13 +0330] "GET /storage/01K7BR402XKVFCR55W677WXMYY.jpg HTTP/2.0" 206 500 "https://charsooq.com/" "Mozilla/5.0 (iPhone; CPU iPhone OS 13_2_3 like Mac OS X) AppleWebKit/605.1.15 (KHTML, like Gecko) Version/13.0.3 Mobile/15E148 Safari/604.1"
103.110.163.133 - - [27/Aug/2026:00:33:13 +0330] "GET /assets/images/icons/instagram1.png HTTP/2.0" 206 500 "https://charsooq.com/" "Mozilla/5.0 (iPhone; CPU iPhone OS 13_2_3 like Mac OS X) AppleWebKit/605.1.15 (KHTML, like Gecko) Version/13.0.3 Mobile/15E148 Safari/604.1"
127.0.0.1 - - [27/Aug/2026:00:33:13 +0330] "GET /api/v1/show-products-offers/Iketoiletconversion HTTP/1.1" 200 3557 "-" "node"
185.170.109.23 - - [27/Aug/2026:00:33:13 +0330] "GET /products/Iketoiletconversion/%D8%AA%D8%A8%D8%AF%DB%8C%D9%84-%D8%AA%D9%88%D8%A7%D9%84%D8%AA-%D9%81%D8%B1%D9%86%DA%AF%DB%8C-%D8%A7%DB%8C%DA%A9%DB%8C%D8%A7?_rsc=19zvn HTTP/2.0" 200 2255 "https://charsooq.com/" "Mozilla/5.0 (iPhone; CPU iPhone OS 13_2_3 like Mac OS X) AppleWebKit/605.1.15 (KHTML, like Gecko) Version/13.0.3 Mobile/15E148 Safari/604.1"
103.110.163.133 - - [27/Aug/2026:00:33:13 +0330] "GET /_next/static/chunks/4216-78fe3424349836f6.js HTTP/2.0" 200 7011 "https://charsooq.com/" "Mozilla/5.0 (iPhone; CPU iPhone OS 13_2_3 like Mac OS X) AppleWebKit/605.1.15 (KHTML, like Gecko) Version/13.0.3 Mobile/15E148 Safari/604.1"
103.110.163.133 - - [27/Aug/2026:00:33:13 +0330] "GET /_next/static/chunks/3134-367eb482f3be54c2.js HTTP/2.0" 200 2334 "https://charsooq.com/" "Mozilla/5.0 (iPhone; CPU iPhone OS 13_2_3 like Mac OS X) AppleWebKit/605.1.15 (KHTML, like Gecko) Version/13.0.3 Mobile/15E148 Safari/604.1"
103.110.163.133 - - [27/Aug/2026:00:33:14 +0330] "GET /_next/static/chunks/1580-575957d688ae25ac.js HTTP/2.0" 200 12089 "https://charsooq.com/" "Mozilla/5.0 (iPhone; CPU iPhone OS 13_2_3 like Mac OS X) AppleWebKit/605.1.15 (KHTML, like Gecko) Version/13.0.3 Mobile/15E148 Safari/604.1"
127.0.0.1 - - [27/Aug/2026:00:33:14 +0330] "GET /storage/01KD7W28R9M57F4MPBTPSH8CT1.webp HTTP/1.1" 200 114466 "-" "node"
103.110.163.133 - - [27/Aug/2026:00:33:14 +0330] "GET /_next/image?url=https%3A%2F%2Fpanel.charsooq.com%2Fstorage%2F01KD7W28R9M57F4MPBTPSH8CT1.webp&w=384&q=75 HTTP/2.0" 200 7618 "https://charsooq.com/" "Mozilla/5.0 (iPhone; CPU iPhone OS 13_2_3 like Mac OS X) AppleWebKit/605.1.15 (KHTML, like Gecko) Version/13.0.3 Mobile/15E148 Safari/604.1"
155.94.177.205 - - [27/Aug/2026:00:33:14 +0330] "GET /_next/static/chunks/main-app-9964935a240c0d39.js HTTP/2.0" 200 471 "https://charsooq.com/" "Mozilla/5.0 (iPhone; CPU iPhone OS 13_2_3 like Mac OS X) AppleWebKit/605.1.15 (KHTML, like Gecko) Version/13.0.3 Mobile/15E148 Safari/604.1"
155.94.177.205 - - [27/Aug/2026:00:33:14 +0330] "GET /_next/image?url=https%3A%2F%2Fpanel.charsooq.com%2Fstorage%2F01K86CG1QRVXB0PMTKY5EERBNB.jpg&w=384&q=75 HTTP/2.0" 200 2660 "https://charsooq.com/" "Mozilla/5.0 (iPhone; CPU iPhone OS 13_2_3 like Mac OS X) AppleWebKit/605.1.15 (KHTML, like Gecko) Version/13.0.3 Mobile/15E148 Safari/604.1"
155.94.177.205 - - [27/Aug/2026:00:33:14 +0330] "GET /_next/image?url=https%3A%2F%2Fpanel.charsooq.com%2Fstorage%2F01KD7W28R9M57F4MPBTPSH8CT1.webp&w=384&q=75 HTTP/2.0" 200 7618 "https://charsooq.com/" "Mozilla/5.0 (iPhone; CPU iPhone OS 13_2_3 like Mac OS X) AppleWebKit/605.1.15 (KHTML, like Gecko) Version/13.0.3 Mobile/15E148 Safari/604.1"
155.94.177.205 - - [27/Aug/2026:00:33:14 +0330] "GET /_next/static/chunks/1580-575957d688ae25ac.js HTTP/2.0" 200 12089 "https://charsooq.com/" "Mozilla/5.0 (iPhone; CPU iPhone OS 13_2_3 like Mac OS X) AppleWebKit/605.1.15 (KHTML, like Gecko) Version/13.0.3 Mobile/15E148 Safari/604.1"
155.94.177.205 - - [27/Aug/2026:00:33:14 +0330] "GET /_next/static/chunks/6137-97a90ba21cd4a885.js HTTP/2.0" 200 6706 "https://charsooq.com/" "Mozilla/5.0 (iPhone; CPU iPhone OS 13_2_3 like Mac OS X) AppleWebKit/605.1.15 (KHTML, like Gecko) Version/13.0.3 Mobile/15E148 Safari/604.1"
155.94.177.205 - - [27/Aug/2026:00:33:14 +0330] "GET /_next/static/chunks/2117-828e02dc1643a950.js HTTP/2.0" 200 32001 "https://charsooq.com/" "Mozilla/5.0 (iPhone; CPU iPhone OS 13_2_3 like Mac OS X) AppleWebKit/605.1.15 (KHTML, like Gecko) Version/13.0.3 Mobile/15E148 Safari/604.1"
155.94.177.205 - - [27/Aug/2026:00:33:14 +0330] "GET /_next/static/chunks/fd9d1056-9ff99acbd7fb9fe8.js HTTP/2.0" 200 53744 "https://charsooq.com/" "Mozilla/5.0 (iPhone; CPU iPhone OS 13_2_3 like Mac OS X) AppleWebKit/605.1.15 (KHTML, like Gecko) Version/13.0.3 Mobile/15E148 Safari/604.1"
