OwlCyberSecurity - MANAGER
Edit File: access.log.1
66.249.69.107 - - [27/Aug/2026:00:00:23 +0330] "GET /?u=90729189170600 HTTP/1.1" 200 34165 "-" "Mozilla/5.0 (Linux; Android 6.0.1; Nexus 5X Build/MMB29P) AppleWebKit/537.36 (KHTML, like Gecko) Chrome/151.0.7922.173 Mobile Safari/537.36 (compatible; Googlebot/2.1; +http://www.google.com/bot.html)"
66.249.69.107 - - [27/Aug/2026:00:00:27 +0330] "GET /storage/uploads/5s9zGEfVfJZQHniA8Y41AGbj6otzYveYYnzn59NJ.webp HTTP/1.1" 301 169 "-" "Googlebot-Image/1.0"
66.249.69.105 - - [27/Aug/2026:00:00:28 +0330] "GET /storage/uploads/5s9zGEfVfJZQHniA8Y41AGbj6otzYveYYnzn59NJ.webp HTTP/1.1" 200 26638 "-" "Googlebot-Image/1.0"
127.0.0.1 - - [27/Aug/2026:00:00:34 +0330] "GET /api/v2/sliders HTTP/1.1" 200 7479 "-" "node"
127.0.0.1 - - [27/Aug/2026:00:00:35 +0330] "GET /api/v1/categories-amazon HTTP/1.1" 200 34199 "-" "node"
172.16.20.25 - - [27/Aug/2026:00:00:35 +0330] "GET / HTTP/1.1" 200 338446 "-" "Mozilla/5.0 (compatible; PRTG Network Monitor (www.paessler.com); Windows)"
66.249.69.107 - - [27/Aug/2026:00:01:06 +0330] "GET /?u=28593159484302 HTTP/1.1" 200 33365 "-" "Mozilla/5.0 (Linux; Android 6.0.1; Nexus 5X Build/MMB29P) AppleWebKit/537.36 (KHTML, like Gecko) Chrome/151.0.7922.173 Mobile Safari/537.36 (compatible; Googlebot/2.1; +http://www.google.com/bot.html)"
4.205.62.107 - - [27/Aug/2026:00:01:08 +0330] "GET /wp-content/plugins/hellopress/wp_filemanager.php HTTP/1.1" 301 169 "-" "-"
4.205.62.107 - - [27/Aug/2026:00:01:08 +0330] "GET /wp-content/plugins/hellopress/wp_filemanager.php HTTP/1.1" 404 27 "-" "-"
4.205.62.107 - - [27/Aug/2026:00:01:08 +0330] "GET /this_is_a_new_hello_world.php HTTP/1.1" 301 169 "-" "-"
4.205.62.107 - - [27/Aug/2026:00:01:09 +0330] "GET /this_is_a_new_hello_world.php HTTP/1.1" 404 27 "-" "-"
4.205.62.107 - - [27/Aug/2026:00:01:09 +0330] "GET /or.php HTTP/1.1" 301 169 "-" "-"
4.205.62.107 - - [27/Aug/2026:00:01:09 +0330] "GET /or.php HTTP/1.1" 404 27 "-" "-"
4.205.62.107 - - [27/Aug/2026:00:01:09 +0330] "GET /verox.php HTTP/1.1" 301 169 "-" "-"
4.205.62.107 - - [27/Aug/2026:00:01:09 +0330] "GET /verox.php HTTP/1.1" 404 27 "-" "-"
4.205.62.107 - - [27/Aug/2026:00:01:10 +0330] "GET /BDKR28WP.php HTTP/1.1" 301 169 "-" "-"
4.205.62.107 - - [27/Aug/2026:00:01:10 +0330] "GET /BDKR28WP.php HTTP/1.1" 404 27 "-" "-"
4.205.62.107 - - [27/Aug/2026:00:01:10 +0330] "GET /ok.php HTTP/1.1" 301 169 "-" "-"
4.205.62.107 - - [27/Aug/2026:00:01:10 +0330] "GET /ok.php HTTP/1.1" 404 27 "-" "-"
4.205.62.107 - - [27/Aug/2026:00:01:10 +0330] "GET /aww.php HTTP/1.1" 301 169 "-" "-"
4.205.62.107 - - [27/Aug/2026:00:01:10 +0330] "GET /aww.php HTTP/1.1" 404 27 "-" "-"
4.205.62.107 - - [27/Aug/2026:00:01:11 +0330] "GET /wander.php HTTP/1.1" 301 169 "-" "-"
4.205.62.107 - - [27/Aug/2026:00:01:11 +0330] "GET /wander.php HTTP/1.1" 404 27 "-" "-"
4.205.62.107 - - [27/Aug/2026:00:01:11 +0330] "GET /_js.jpg..bk.php HTTP/1.1" 301 169 "-" "-"
4.205.62.107 - - [27/Aug/2026:00:01:11 +0330] "GET /_js.jpg..bk.php HTTP/1.1" 404 27 "-" "-"
4.205.62.107 - - [27/Aug/2026:00:01:11 +0330] "GET /dragonshell.php HTTP/1.1" 301 169 "-" "-"
4.205.62.107 - - [27/Aug/2026:00:01:12 +0330] "GET /dragonshell.php HTTP/1.1" 404 27 "-" "-"
4.205.62.107 - - [27/Aug/2026:00:01:12 +0330] "GET /wp-jufsis.php HTTP/1.1" 301 169 "-" "-"
4.205.62.107 - - [27/Aug/2026:00:01:12 +0330] "GET /wp-jufsis.php HTTP/1.1" 404 27 "-" "-"
4.205.62.107 - - [27/Aug/2026:00:01:12 +0330] "GET /bthil.php HTTP/1.1" 301 169 "-" "-"
4.205.62.107 - - [27/Aug/2026:00:01:12 +0330] "GET /bthil.php HTTP/1.1" 404 27 "-" "-"
4.205.62.107 - - [27/Aug/2026:00:01:12 +0330] "GET /txets.php HTTP/1.1" 301 169 "-" "-"
4.205.62.107 - - [27/Aug/2026:00:01:13 +0330] "GET /txets.php HTTP/1.1" 404 27 "-" "-"
4.205.62.107 - - [27/Aug/2026:00:01:13 +0330] "GET /privacy.php HTTP/1.1" 301 169 "-" "-"
4.205.62.107 - - [27/Aug/2026:00:01:13 +0330] "GET /privacy.php HTTP/1.1" 404 27 "-" "-"
4.205.62.107 - - [27/Aug/2026:00:01:13 +0330] "GET /samll.php HTTP/1.1" 301 169 "-" "-"
4.205.62.107 - - [27/Aug/2026:00:01:13 +0330] "GET /samll.php HTTP/1.1" 404 27 "-" "-"
4.205.62.107 - - [27/Aug/2026:00:01:14 +0330] "GET /motu.php HTTP/1.1" 301 169 "-" "-"
4.205.62.107 - - [27/Aug/2026:00:01:14 +0330] "GET /motu.php HTTP/1.1" 404 27 "-" "-"
4.205.62.107 - - [27/Aug/2026:00:01:14 +0330] "GET /themes.php HTTP/1.1" 301 169 "-" "-"
4.205.62.107 - - [27/Aug/2026:00:01:14 +0330] "GET /themes.php HTTP/1.1" 404 27 "-" "-"
4.205.62.107 - - [27/Aug/2026:00:01:14 +0330] "GET /greem_res.php HTTP/1.1" 301 169 "-" "-"
4.205.62.107 - - [27/Aug/2026:00:01:14 +0330] "GET /greem_res.php HTTP/1.1" 404 27 "-" "-"
4.205.62.107 - - [27/Aug/2026:00:01:15 +0330] "GET /min.php HTTP/1.1" 301 169 "-" "-"
4.205.62.107 - - [27/Aug/2026:00:01:15 +0330] "GET /min.php HTTP/1.1" 404 27 "-" "-"
4.205.62.107 - - [27/Aug/2026:00:01:15 +0330] "GET /luJMF.php HTTP/1.1" 301 169 "-" "-"
4.205.62.107 - - [27/Aug/2026:00:01:15 +0330] "GET /luJMF.php HTTP/1.1" 404 27 "-" "-"
4.205.62.107 - - [27/Aug/2026:00:01:15 +0330] "GET /abcd.php HTTP/1.1" 301 169 "-" "-"
4.205.62.107 - - [27/Aug/2026:00:01:16 +0330] "GET /abcd.php HTTP/1.1" 404 27 "-" "-"
4.205.62.107 - - [27/Aug/2026:00:01:16 +0330] "GET /wo.php HTTP/1.1" 301 169 "-" "-"
4.205.62.107 - - [27/Aug/2026:00:01:16 +0330] "GET /wo.php HTTP/1.1" 404 27 "-" "-"
4.205.62.107 - - [27/Aug/2026:00:01:16 +0330] "GET /v4.php HTTP/1.1" 301 169 "-" "-"
4.205.62.107 - - [27/Aug/2026:00:01:16 +0330] "GET /v4.php HTTP/1.1" 404 27 "-" "-"
4.205.62.107 - - [27/Aug/2026:00:01:16 +0330] "GET /v1.php HTTP/1.1" 301 169 "-" "-"
4.205.62.107 - - [27/Aug/2026:00:01:17 +0330] "GET /v1.php HTTP/1.1" 404 27 "-" "-"
4.205.62.107 - - [27/Aug/2026:00:01:17 +0330] "GET /v2.php HTTP/1.1" 301 169 "-" "-"
4.205.62.107 - - [27/Aug/2026:00:01:17 +0330] "GET /v2.php HTTP/1.1" 404 27 "-" "-"
4.205.62.107 - - [27/Aug/2026:00:01:17 +0330] "GET /v3.php HTTP/1.1" 301 169 "-" "-"
4.205.62.107 - - [27/Aug/2026:00:01:17 +0330] "GET /v3.php HTTP/1.1" 404 27 "-" "-"
4.205.62.107 - - [27/Aug/2026:00:01:18 +0330] "GET /7.php HTTP/1.1" 301 169 "-" "-"
4.205.62.107 - - [27/Aug/2026:00:01:18 +0330] "GET /7.php HTTP/1.1" 404 27 "-" "-"
4.205.62.107 - - [27/Aug/2026:00:01:18 +0330] "GET /wp-content/themes/luJMF.php HTTP/1.1" 301 169 "-" "-"
4.205.62.107 - - [27/Aug/2026:00:01:18 +0330] "GET /wp-content/themes/luJMF.php HTTP/1.1" 404 27 "-" "-"
4.205.62.107 - - [27/Aug/2026:00:01:18 +0330] "GET /wp-includes/js/codemirror/about.php HTTP/1.1" 301 169 "-" "-"
4.205.62.107 - - [27/Aug/2026:00:01:18 +0330] "GET /wp-includes/js/codemirror/about.php HTTP/1.1" 404 27 "-" "-"
4.205.62.107 - - [27/Aug/2026:00:01:19 +0330] "GET /wp-content/plugin-install.php HTTP/1.1" 301 169 "-" "-"
4.205.62.107 - - [27/Aug/2026:00:01:19 +0330] "GET /wp-content/plugin-install.php HTTP/1.1" 404 27 "-" "-"
4.205.62.107 - - [27/Aug/2026:00:01:19 +0330] "GET /wp-content/maintenance.php HTTP/1.1" 301 169 "-" "-"
4.205.62.107 - - [27/Aug/2026:00:01:19 +0330] "GET /wp-content/maintenance.php HTTP/1.1" 404 27 "-" "-"
4.205.62.107 - - [27/Aug/2026:00:01:19 +0330] "GET /wp-content/db-status.php HTTP/1.1" 301 169 "-" "-"
4.205.62.107 - - [27/Aug/2026:00:01:20 +0330] "GET /wp-content/db-status.php HTTP/1.1" 404 27 "-" "-"
4.205.62.107 - - [27/Aug/2026:00:01:20 +0330] "GET /wp-content/admin.php HTTP/1.1" 301 169 "-" "-"
4.205.62.107 - - [27/Aug/2026:00:01:20 +0330] "GET /wp-content/admin.php HTTP/1.1" 404 27 "-" "-"
127.0.0.1 - - [27/Aug/2026:00:01:22 +0330] "GET /api/v1/categories-amazon HTTP/1.1" 200 34199 "-" "node"
127.0.0.1 - - [27/Aug/2026:00:01:23 +0330] "GET /api/v2/page-data HTTP/1.1" 200 36854 "-" "node"
195.178.110.72 - - [27/Aug/2026:00:01:23 +0330] "POST /?rest_route=/batch/v1 HTTP/1.1" 200 106630 "-" "Mozilla/5.0 (Windows NT 10.0; Win64; x64) AppleWebKit/537.36 (KHTML, like Gecko) Chrome/120.0.0.0 Safari/537.36"
66.249.69.106 - - [27/Aug/2026:00:01:24 +0330] "GET /?u=01858216380604 HTTP/1.1" 200 32997 "-" "Mozilla/5.0 (compatible; Googlebot/2.1; +http://www.google.com/bot.html)"
195.178.110.72 - - [27/Aug/2026:00:01:28 +0330] "GET /wp-json/ HTTP/1.1" 308 18 "-" "Mozilla/5.0 (Windows NT 10.0; Win64; x64) AppleWebKit/537.36 (KHTML, like Gecko) Chrome/120.0.0.0 Safari/537.36"
127.0.0.1 - - [27/Aug/2026:00:01:28 +0330] "GET /api/v1/article-old-show/wp-json HTTP/1.1" 404 170 "-" "node"
127.0.0.1 - - [27/Aug/2026:00:01:29 +0330] "GET /api/v1/categories-amazon HTTP/1.1" 200 34230 "-" "node"
195.178.110.72 - - [27/Aug/2026:00:01:29 +0330] "GET /wp-json HTTP/1.1" 200 110005 "https://charsooq.com/wp-json/" "Mozilla/5.0 (Windows NT 10.0; Win64; x64) AppleWebKit/537.36 (KHTML, like Gecko) Chrome/120.0.0.0 Safari/537.36"
127.0.0.1 - - [27/Aug/2026:00:01:30 +0330] "GET /api/v1/article-old-show/index HTTP/1.1" 404 170 "-" "node"
127.0.0.1 - - [27/Aug/2026:00:01:31 +0330] "GET /api/v1/categories-amazon HTTP/1.1" 200 34230 "-" "node"
195.178.110.72 - - [27/Aug/2026:00:01:31 +0330] "POST /index.php?rest_route=/batch/v1 HTTP/1.1" 200 110099 "-" "Mozilla/5.0 (Windows NT 10.0; Win64; x64) AppleWebKit/537.36 (KHTML, like Gecko) Chrome/120.0.0.0 Safari/537.36"
127.0.0.1 - - [27/Aug/2026:00:01:31 +0330] "GET /api/v1/article-old-show/index HTTP/1.1" 404 170 "-" "node"
127.0.0.1 - - [27/Aug/2026:00:01:32 +0330] "GET /api/v1/categories-amazon HTTP/1.1" 200 34230 "-" "node"
195.178.110.72 - - [27/Aug/2026:00:01:32 +0330] "POST /index.php?rest_route=%2Fbatch%2Fv1 HTTP/1.1" 200 110101 "-" "Mozilla/5.0 (Windows NT 10.0; Win64; x64) AppleWebKit/537.36 (KHTML, like Gecko) Chrome/120.0.0.0 Safari/537.36"
127.0.0.1 - - [27/Aug/2026:00:01:33 +0330] "GET /api/v1/categories-amazon HTTP/1.1" 200 34199 "-" "node"
195.178.110.72 - - [27/Aug/2026:00:01:33 +0330] "POST /?rest_route=%2Fbatch%2Fv1 HTTP/1.1" 200 106628 "-" "Mozilla/5.0 (Windows NT 10.0; Win64; x64) AppleWebKit/537.36 (KHTML, like Gecko) Chrome/120.0.0.0 Safari/537.36"
127.0.0.1 - - [27/Aug/2026:00:01:34 +0330] "GET /api/v1/categories-amazon HTTP/1.1" 200 34230 "-" "node"
172.16.20.25 - - [27/Aug/2026:00:01:34 +0330] "GET / HTTP/1.1" 200 338470 "-" "Mozilla/5.0 (compatible; PRTG Network Monitor (www.paessler.com); Windows)"
127.0.0.1 - - [27/Aug/2026:00:01:35 +0330] "GET /api/v2/sliders HTTP/1.1" 200 7479 "-" "node"
127.0.0.1 - - [27/Aug/2026:00:01:36 +0330] "GET /api/v1/categories-amazon HTTP/1.1" 200 34199 "-" "node"
195.178.110.72 - - [27/Aug/2026:00:01:36 +0330] "POST /?rest_route=/batch%2Fv1 HTTP/1.1" 200 106627 "-" "Mozilla/5.0 (Windows NT 10.0; Win64; x64) AppleWebKit/537.36 (KHTML, like Gecko) Chrome/120.0.0.0 Safari/537.36"
127.0.0.1 - - [27/Aug/2026:00:01:43 +0330] "GET /api/v1/categories-amazon HTTP/1.1" 200 34230 "-" "node"
195.178.110.72 - - [27/Aug/2026:00:01:44 +0330] "POST /?rest_route=/batch/v1 HTTP/1.1" 200 106626 "-" "Mozilla/5.0 (Windows NT 10.0; Win64; x64) AppleWebKit/537.36 (KHTML, like Gecko) Chrome/120.0.0.0 Safari/537.36"
127.0.0.1 - - [27/Aug/2026:00:01:45 +0330] "GET /api/v1/categories-amazon HTTP/1.1" 200 34199 "-" "node"
195.178.110.72 - - [27/Aug/2026:00:01:45 +0330] "POST /wp-json/batch/v1 HTTP/1.1" 404 84237 "-" "Mozilla/5.0 (Windows NT 10.0; Win64; x64) AppleWebKit/537.36 (KHTML, like Gecko) Chrome/120.0.0.0 Safari/537.36"
127.0.0.1 - - [27/Aug/2026:00:01:47 +0330] "GET /api/v1/categories-amazon HTTP/1.1" 200 34230 "-" "node"
195.178.110.72 - - [27/Aug/2026:00:01:47 +0330] "POST /wp-json/Batch/v1 HTTP/1.1" 404 84238 "-" "Mozilla/5.0 (Windows NT 10.0; Win64; x64) AppleWebKit/537.36 (KHTML, like Gecko) Chrome/120.0.0.0 Safari/537.36"
195.178.110.72 - - [27/Aug/2026:00:01:54 +0330] "POST //wp-json/batch/v1 HTTP/1.1" 308 28 "-" "Mozilla/5.0 (Windows NT 10.0; Win64; x64) AppleWebKit/537.36 (KHTML, like Gecko) Chrome/120.0.0.0 Safari/537.36"
127.0.0.1 - - [27/Aug/2026:00:01:55 +0330] "GET /api/v1/categories-amazon HTTP/1.1" 200 34199 "-" "node"
195.178.110.72 - - [27/Aug/2026:00:01:55 +0330] "POST /wp-json/batch/v1 HTTP/1.1" 404 84237 "https://charsooq.com//wp-json/batch/v1" "Mozilla/5.0 (Windows NT 10.0; Win64; x64) AppleWebKit/537.36 (KHTML, like Gecko) Chrome/120.0.0.0 Safari/537.36"
195.178.110.72 - - [27/Aug/2026:00:01:55 +0330] "POST /wp-json/batch/v1/ HTTP/1.1" 308 28 "-" "Mozilla/5.0 (Windows NT 10.0; Win64; x64) AppleWebKit/537.36 (KHTML, like Gecko) Chrome/120.0.0.0 Safari/537.36"
127.0.0.1 - - [27/Aug/2026:00:01:58 +0330] "GET /api/v1/categories-amazon HTTP/1.1" 200 34230 "-" "node"
195.178.110.72 - - [27/Aug/2026:00:01:58 +0330] "POST /wp-json/batch/v1 HTTP/1.1" 404 84237 "https://charsooq.com/wp-json/batch/v1/" "Mozilla/5.0 (Windows NT 10.0; Win64; x64) AppleWebKit/537.36 (KHTML, like Gecko) Chrome/120.0.0.0 Safari/537.36"
127.0.0.1 - - [27/Aug/2026:00:02:02 +0330] "GET /api/v1/categories-amazon HTTP/1.1" 200 34230 "-" "node"
195.178.110.72 - - [27/Aug/2026:00:02:02 +0330] "POST /blog/wp-json/batch/v1 HTTP/1.1" 404 84241 "-" "Mozilla/5.0 (Windows NT 10.0; Win64; x64) AppleWebKit/537.36 (KHTML, like Gecko) Chrome/120.0.0.0 Safari/537.36"
195.178.110.72 - - [27/Aug/2026:00:02:04 +0330] "POST /wordpress/wp-json/batch/v1 HTTP/1.1" 499 0 "-" "Mozilla/5.0 (Windows NT 10.0; Win64; x64) AppleWebKit/537.36 (KHTML, like Gecko) Chrome/120.0.0.0 Safari/537.36"
127.0.0.1 - - [27/Aug/2026:00:02:04 +0330] "GET /api/v1/categories-amazon HTTP/1.1" 200 34230 "-" "node"
127.0.0.1 - - [27/Aug/2026:00:02:11 +0330] "GET /api/v1/categories-amazon HTTP/1.1" 200 34199 "-" "node"
195.178.110.72 - - [27/Aug/2026:00:02:12 +0330] "GET /?rest_route=/gravitysmtp/v1/tests/mock-data&page=gravitysmtp-settings HTTP/1.1" 200 106657 "-" "Mozilla/5.0 (Macintosh; Intel Mac OS X 10_15_7) AppleWebKit/605.1.15 (KHTML, like Gecko) Version/17.0 Safari/605.1.15"
195.178.110.72 - - [27/Aug/2026:00:02:12 +0330] "GET / HTTP/1.1" 301 169 "-" "Mozilla/5.0 (Windows NT 10.0; Win64; x64) AppleWebKit/537.36 (KHTML, like Gecko) Chrome/131.0.0.0 Safari/537.36"
127.0.0.1 - - [27/Aug/2026:00:02:13 +0330] "GET /api/v1/categories-amazon HTTP/1.1" 200 34199 "-" "node"
195.178.110.72 - - [27/Aug/2026:00:02:13 +0330] "GET /wp-json/gravitysmtp/v1/tests/mock-data?page=gravitysmtp-connections HTTP/1.1" 404 84281 "-" "Mozilla/5.0 (X11; Linux x86_64; rv:121.0) Gecko/20100101 Firefox/121.0"
127.0.0.1 - - [27/Aug/2026:00:02:14 +0330] "GET /api/v1/categories-amazon HTTP/1.1" 200 34199 "-" "node"
195.178.110.72 - - [27/Aug/2026:00:02:14 +0330] "GET /?rest_route=/gravitysmtp/v1/tests/mock-data&page=gravitysmtp-connections HTTP/1.1" 200 106737 "-" "Mozilla/5.0 (Windows NT 10.0; Win64; x64; rv:121.0) Gecko/20100101 Firefox/121.0"
127.0.0.1 - - [27/Aug/2026:00:02:16 +0330] "GET /api/v1/article-old-show/index HTTP/1.1" 404 170 "-" "node"
127.0.0.1 - - [27/Aug/2026:00:02:17 +0330] "GET /api/v1/categories-amazon HTTP/1.1" 200 34230 "-" "node"
195.178.110.72 - - [27/Aug/2026:00:02:17 +0330] "GET /index.php?rest_route=/gravitysmtp/v1/tests/mock-data&page=gravitysmtp-settings HTTP/1.1" 200 110152 "-" "Mozilla/5.0 (iPhone; CPU iPhone OS 17_0 like Mac OS X) AppleWebKit/605.1.15 (KHTML, like Gecko) Version/17.0 Mobile/15E148 Safari/604.1"
127.0.0.1 - - [27/Aug/2026:00:02:19 +0330] "GET /api/v1/categories-amazon HTTP/1.1" 200 34199 "-" "node"
195.178.110.72 - - [27/Aug/2026:00:02:19 +0330] "GET /wp-json/gravitysmtp/v1/tests/mock-data HTTP/1.1" 404 84256 "-" "Mozilla/5.0 (Linux; Android 13; SM-S918B) AppleWebKit/537.36 (KHTML, like Gecko) Chrome/120.0.0.0 Mobile Safari/537.36"
127.0.0.1 - - [27/Aug/2026:00:02:34 +0330] "GET /api/v1/categories-amazon HTTP/1.1" 200 34230 "-" "node"
127.0.0.1 - - [27/Aug/2026:00:02:36 +0330] "GET /api/v2/page-data HTTP/1.1" 200 36854 "-" "node"
172.16.20.25 - - [27/Aug/2026:00:02:36 +0330] "GET / HTTP/1.1" 200 338509 "-" "Mozilla/5.0 (compatible; PRTG Network Monitor (www.paessler.com); Windows)"
127.0.0.1 - - [27/Aug/2026:00:02:43 +0330] "GET /api/v1/categories-amazon HTTP/1.1" 200 34230 "-" "node"
193.186.4.43 - - [27/Aug/2026:00:02:44 +0330] "GET /calculator HTTP/2.0" 200 84591 "https://www.google.com/" "Mozilla/5.0 (Linux; Android 10; K) AppleWebKit/537.36 (KHTML, like Gecko) Chrome/151.0.0.0 Mobile Safari/537.36"
66.249.69.105 - - [27/Aug/2026:00:02:51 +0330] "GET /?u=89588201550003 HTTP/1.1" 200 32337 "-" "Mozilla/5.0 (Linux; Android 6.0.1; Nexus 5X Build/MMB29P) AppleWebKit/537.36 (KHTML, like Gecko) Chrome/151.0.7922.173 Mobile Safari/537.36 (compatible; Googlebot/2.1; +http://www.google.com/bot.html)"
5.214.7.209 - - [27/Aug/2026:00:02:54 +0330] "GET /_next/static/css/2c9caab41af7e337.css HTTP/2.0" 200 3175 "-" "Mozilla/5.0 (Linux; Android 10; K) AppleWebKit/537.36 (KHTML, like Gecko) Chrome/151.0.0.0 Mobile Safari/537.36"
5.214.7.209 - - [27/Aug/2026:00:02:54 +0330] "GET /_next/static/css/302d83c05ad27d8b.css HTTP/2.0" 200 369 "-" "Mozilla/5.0 (Linux; Android 10; K) AppleWebKit/537.36 (KHTML, like Gecko) Chrome/151.0.0.0 Mobile Safari/537.36"
5.214.7.209 - - [27/Aug/2026:00:02:54 +0330] "GET /_next/static/css/91447b978d7716af.css HTTP/2.0" 200 20418 "-" "Mozilla/5.0 (Linux; Android 10; K) AppleWebKit/537.36 (KHTML, like Gecko) Chrome/151.0.0.0 Mobile Safari/537.36"
5.214.7.209 - - [27/Aug/2026:00:02:54 +0330] "GET /_next/static/css/1fd47d1e4f3a64a0.css HTTP/2.0" 200 5002 "-" "Mozilla/5.0 (Linux; Android 10; K) AppleWebKit/537.36 (KHTML, like Gecko) Chrome/151.0.0.0 Mobile Safari/537.36"
5.214.7.209 - - [27/Aug/2026:00:02:54 +0330] "GET /_next/static/chunks/polyfills-42372ed130431b0a.js HTTP/2.0" 200 39627 "-" "Mozilla/5.0 (Linux; Android 10; K) AppleWebKit/537.36 (KHTML, like Gecko) Chrome/151.0.0.0 Mobile Safari/537.36"
127.0.0.1 - - [27/Aug/2026:00:02:54 +0330] "GET /api/v1/categories-amazon HTTP/1.1" 200 34230 "-" "node"
72.14.201.43 - - [27/Aug/2026:00:02:54 +0330] "GET /calculator HTTP/2.0" 200 84591 "https://www.google.com/" "Mozilla/5.0 (Linux; Android 10; K) AppleWebKit/537.36 (KHTML, like Gecko) Chrome/151.0.0.0 Mobile Safari/537.36"
127.0.0.1 - - [27/Aug/2026:00:02:55 +0330] "GET /api/v1/categories-amazon HTTP/1.1" 200 34199 "-" "node"
5.214.7.209 - - [27/Aug/2026:00:02:55 +0330] "GET /calculator HTTP/2.0" 200 84591 "https://www.google.com/" "Mozilla/5.0 (Linux; Android 10; K) AppleWebKit/537.36 (KHTML, like Gecko) Chrome/151.0.0.0 Mobile Safari/537.36"
5.214.7.209 - - [27/Aug/2026:00:02:55 +0330] "GET /_next/static/media/d36c74da9a95e091-s.p.ttf HTTP/2.0" 200 35196 "https://charsooq.com/calculator" "Mozilla/5.0 (Linux; Android 10; K) AppleWebKit/537.36 (KHTML, like Gecko) Chrome/151.0.0.0 Mobile Safari/537.36"
5.214.7.209 - - [27/Aug/2026:00:02:55 +0330] "GET /_next/static/media/c7178acf770b8f1a-s.p.ttf HTTP/2.0" 200 35704 "https://charsooq.com/calculator" "Mozilla/5.0 (Linux; Android 10; K) AppleWebKit/537.36 (KHTML, like Gecko) Chrome/151.0.0.0 Mobile Safari/537.36"
5.214.7.209 - - [27/Aug/2026:00:02:55 +0330] "GET /_next/image?url=%2Fassets%2Fimages%2Fhome%2Ffaq-bg2.png&w=1080&q=75 HTTP/2.0" 200 89606 "https://charsooq.com/calculator" "Mozilla/5.0 (Linux; Android 10; K) AppleWebKit/537.36 (KHTML, like Gecko) Chrome/151.0.0.0 Mobile Safari/537.36"
5.214.7.209 - - [27/Aug/2026:00:02:55 +0330] "GET /_next/image?url=%2Fassets%2Fimages%2Fhome%2Ffaq-bg3.png&w=1200&q=75 HTTP/2.0" 200 167576 "https://charsooq.com/calculator" "Mozilla/5.0 (Linux; Android 10; K) AppleWebKit/537.36 (KHTML, like Gecko) Chrome/151.0.0.0 Mobile Safari/537.36"
5.214.7.209 - - [27/Aug/2026:00:02:55 +0330] "GET /_next/image?url=%2Fassets%2Fimages%2Ficons%2Ftelegram-icon.png&w=128&q=75 HTTP/2.0" 200 5724 "https://charsooq.com/calculator" "Mozilla/5.0 (Linux; Android 10; K) AppleWebKit/537.36 (KHTML, like Gecko) Chrome/151.0.0.0 Mobile Safari/537.36"
5.214.7.209 - - [27/Aug/2026:00:02:55 +0330] "GET /assets/images/icons/us-icon.png HTTP/2.0" 200 426 "https://charsooq.com/calculator" "Mozilla/5.0 (Linux; Android 10; K) AppleWebKit/537.36 (KHTML, like Gecko) Chrome/151.0.0.0 Mobile Safari/537.36"
5.214.7.209 - - [27/Aug/2026:00:02:55 +0330] "GET /assets/images/icons/instagram1.png HTTP/2.0" 200 1556 "https://charsooq.com/calculator" "Mozilla/5.0 (Linux; Android 10; K) AppleWebKit/537.36 (KHTML, like Gecko) Chrome/151.0.0.0 Mobile Safari/537.36"
5.214.7.209 - - [27/Aug/2026:00:02:55 +0330] "GET /assets/images/icons/whatsapp.png HTTP/2.0" 200 763 "https://charsooq.com/calculator" "Mozilla/5.0 (Linux; Android 10; K) AppleWebKit/537.36 (KHTML, like Gecko) Chrome/151.0.0.0 Mobile Safari/537.36"
5.214.7.209 - - [27/Aug/2026:00:02:56 +0330] "GET /assets/images/icons/telegram.png HTTP/2.0" 200 1179 "https://charsooq.com/calculator" "Mozilla/5.0 (Linux; Android 10; K) AppleWebKit/537.36 (KHTML, like Gecko) Chrome/151.0.0.0 Mobile Safari/537.36"
5.214.7.209 - - [27/Aug/2026:00:02:56 +0330] "GET /_next/static/chunks/webpack-f27042854bafc0d3.js HTTP/2.0" 200 2127 "https://charsooq.com/calculator" "Mozilla/5.0 (Linux; Android 10; K) AppleWebKit/537.36 (KHTML, like Gecko) Chrome/151.0.0.0 Mobile Safari/537.36"
5.214.7.209 - - [27/Aug/2026:00:02:56 +0330] "GET /_next/static/chunks/2117-828e02dc1643a950.js HTTP/2.0" 200 32001 "https://charsooq.com/calculator" "Mozilla/5.0 (Linux; Android 10; K) AppleWebKit/537.36 (KHTML, like Gecko) Chrome/151.0.0.0 Mobile Safari/537.36"
5.214.7.209 - - [27/Aug/2026:00:02:56 +0330] "GET /_next/static/chunks/fd9d1056-9ff99acbd7fb9fe8.js HTTP/2.0" 200 53744 "https://charsooq.com/calculator" "Mozilla/5.0 (Linux; Android 10; K) AppleWebKit/537.36 (KHTML, like Gecko) Chrome/151.0.0.0 Mobile Safari/537.36"
5.214.7.209 - - [27/Aug/2026:00:02:56 +0330] "GET /_next/static/chunks/main-app-9964935a240c0d39.js HTTP/2.0" 200 471 "https://charsooq.com/calculator" "Mozilla/5.0 (Linux; Android 10; K) AppleWebKit/537.36 (KHTML, like Gecko) Chrome/151.0.0.0 Mobile Safari/537.36"
5.214.7.209 - - [27/Aug/2026:00:02:56 +0330] "GET /_next/static/chunks/4438-ac5ce0d4a5fd9e15.js HTTP/2.0" 200 8260 "https://charsooq.com/calculator" "Mozilla/5.0 (Linux; Android 10; K) AppleWebKit/537.36 (KHTML, like Gecko) Chrome/151.0.0.0 Mobile Safari/537.36"
5.214.7.209 - - [27/Aug/2026:00:02:56 +0330] "GET /_next/static/chunks/6137-97a90ba21cd4a885.js HTTP/2.0" 200 6706 "https://charsooq.com/calculator" "Mozilla/5.0 (Linux; Android 10; K) AppleWebKit/537.36 (KHTML, like Gecko) Chrome/151.0.0.0 Mobile Safari/537.36"
5.214.7.209 - - [27/Aug/2026:00:02:56 +0330] "GET /_next/static/chunks/3462-b3fd13ed1d4f90e2.js HTTP/2.0" 200 1833 "https://charsooq.com/calculator" "Mozilla/5.0 (Linux; Android 10; K) AppleWebKit/537.36 (KHTML, like Gecko) Chrome/151.0.0.0 Mobile Safari/537.36"
5.214.7.209 - - [27/Aug/2026:00:02:56 +0330] "GET /_next/static/chunks/5878-8c4517462d65e9a5.js HTTP/2.0" 200 5170 "https://charsooq.com/calculator" "Mozilla/5.0 (Linux; Android 10; K) AppleWebKit/537.36 (KHTML, like Gecko) Chrome/151.0.0.0 Mobile Safari/537.36"
5.214.7.209 - - [27/Aug/2026:00:02:56 +0330] "GET /_next/static/chunks/3013-a9939c72e4a38977.js HTTP/2.0" 200 6860 "https://charsooq.com/calculator" "Mozilla/5.0 (Linux; Android 10; K) AppleWebKit/537.36 (KHTML, like Gecko) Chrome/151.0.0.0 Mobile Safari/537.36"
5.214.7.209 - - [27/Aug/2026:00:02:56 +0330] "GET /_next/static/chunks/2034-b6ee9baf8082b7dc.js HTTP/2.0" 200 10926 "https://charsooq.com/calculator" "Mozilla/5.0 (Linux; Android 10; K) AppleWebKit/537.36 (KHTML, like Gecko) Chrome/151.0.0.0 Mobile Safari/537.36"
5.214.7.209 - - [27/Aug/2026:00:02:56 +0330] "GET /_next/static/chunks/5605-342a49848bbf0c11.js HTTP/2.0" 200 6777 "https://charsooq.com/calculator" "Mozilla/5.0 (Linux; Android 10; K) AppleWebKit/537.36 (KHTML, like Gecko) Chrome/151.0.0.0 Mobile Safari/537.36"
5.214.7.209 - - [27/Aug/2026:00:02:56 +0330] "GET /_next/static/chunks/app/calculator/page-173ebce368fa72cd.js HTTP/2.0" 200 3357 "https://charsooq.com/calculator" "Mozilla/5.0 (Linux; Android 10; K) AppleWebKit/537.36 (KHTML, like Gecko) Chrome/151.0.0.0 Mobile Safari/537.36"
5.214.7.209 - - [27/Aug/2026:00:02:56 +0330] "GET /_next/static/chunks/2972-d7980624b2014943.js HTTP/2.0" 200 8732 "https://charsooq.com/calculator" "Mozilla/5.0 (Linux; Android 10; K) AppleWebKit/537.36 (KHTML, like Gecko) Chrome/151.0.0.0 Mobile Safari/537.36"
5.214.7.209 - - [27/Aug/2026:00:02:56 +0330] "GET /_next/static/chunks/1580-575957d688ae25ac.js HTTP/2.0" 200 12089 "https://charsooq.com/calculator" "Mozilla/5.0 (Linux; Android 10; K) AppleWebKit/537.36 (KHTML, like Gecko) Chrome/151.0.0.0 Mobile Safari/537.36"
5.214.7.209 - - [27/Aug/2026:00:02:56 +0330] "GET /_next/static/chunks/6818-72710ec856a66515.js HTTP/2.0" 200 2700 "https://charsooq.com/calculator" "Mozilla/5.0 (Linux; Android 10; K) AppleWebKit/537.36 (KHTML, like Gecko) Chrome/151.0.0.0 Mobile Safari/537.36"
5.214.7.209 - - [27/Aug/2026:00:02:56 +0330] "GET /_next/static/chunks/5763-e3689baff1695fd1.js HTTP/2.0" 200 4387 "https://charsooq.com/calculator" "Mozilla/5.0 (Linux; Android 10; K) AppleWebKit/537.36 (KHTML, like Gecko) Chrome/151.0.0.0 Mobile Safari/537.36"
5.214.7.209 - - [27/Aug/2026:00:02:56 +0330] "GET /_next/static/chunks/9064-bc53da8ff6805f5a.js HTTP/2.0" 200 4703 "https://charsooq.com/calculator" "Mozilla/5.0 (Linux; Android 10; K) AppleWebKit/537.36 (KHTML, like Gecko) Chrome/151.0.0.0 Mobile Safari/537.36"
5.214.7.209 - - [27/Aug/2026:00:02:56 +0330] "GET /_next/static/chunks/1493-5bf6477734a442f1.js HTTP/2.0" 200 3468 "https://charsooq.com/calculator" "Mozilla/5.0 (Linux; Android 10; K) AppleWebKit/537.36 (KHTML, like Gecko) Chrome/151.0.0.0 Mobile Safari/537.36"
5.214.7.209 - - [27/Aug/2026:00:02:56 +0330] "GET /_next/static/chunks/1592-00644b699e0ed4d8.js HTTP/2.0" 200 7980 "https://charsooq.com/calculator" "Mozilla/5.0 (Linux; Android 10; K) AppleWebKit/537.36 (KHTML, like Gecko) Chrome/151.0.0.0 Mobile Safari/537.36"
5.214.7.209 - - [27/Aug/2026:00:02:56 +0330] "GET /_next/static/chunks/8003-81602ee8b36ef204.js HTTP/2.0" 200 2418 "https://charsooq.com/calculator" "Mozilla/5.0 (Linux; Android 10; K) AppleWebKit/537.36 (KHTML, like Gecko) Chrome/151.0.0.0 Mobile Safari/537.36"
5.214.7.209 - - [27/Aug/2026:00:02:56 +0330] "GET /_next/static/chunks/169-68dabecb1c163108.js HTTP/2.0" 200 6555 "https://charsooq.com/calculator" "Mozilla/5.0 (Linux; Android 10; K) AppleWebKit/537.36 (KHTML, like Gecko) Chrome/151.0.0.0 Mobile Safari/537.36"
5.214.7.209 - - [27/Aug/2026:00:02:56 +0330] "GET /_next/static/chunks/9227-c2a8061d3143118a.js HTTP/2.0" 200 2320 "https://charsooq.com/calculator" "Mozilla/5.0 (Linux; Android 10; K) AppleWebKit/537.36 (KHTML, like Gecko) Chrome/151.0.0.0 Mobile Safari/537.36"
5.214.7.209 - - [27/Aug/2026:00:02:56 +0330] "GET /_next/static/chunks/1188-8347881a51d7e866.js HTTP/2.0" 200 3364 "https://charsooq.com/calculator" "Mozilla/5.0 (Linux; Android 10; K) AppleWebKit/537.36 (KHTML, like Gecko) Chrome/151.0.0.0 Mobile Safari/537.36"
5.214.7.209 - - [27/Aug/2026:00:02:56 +0330] "GET /_next/static/chunks/7463-8c14f85f0b9a94fe.js HTTP/2.0" 200 3339 "https://charsooq.com/calculator" "Mozilla/5.0 (Linux; Android 10; K) AppleWebKit/537.36 (KHTML, like Gecko) Chrome/151.0.0.0 Mobile Safari/537.36"
5.214.7.209 - - [27/Aug/2026:00:02:56 +0330] "GET /_next/static/chunks/2177-53f14356cddc2711.js HTTP/2.0" 200 3254 "https://charsooq.com/calculator" "Mozilla/5.0 (Linux; Android 10; K) AppleWebKit/537.36 (KHTML, like Gecko) Chrome/151.0.0.0 Mobile Safari/537.36"
5.214.7.209 - - [27/Aug/2026:00:02:56 +0330] "GET /_next/static/chunks/300-72da8991edf2ed5a.js HTTP/2.0" 200 33594 "https://charsooq.com/calculator" "Mozilla/5.0 (Linux; Android 10; K) AppleWebKit/537.36 (KHTML, like Gecko) Chrome/151.0.0.0 Mobile Safari/537.36"
5.214.7.209 - - [27/Aug/2026:00:02:56 +0330] "GET /_next/static/chunks/app/page-759df78f59703adb.js HTTP/2.0" 200 1959 "https://charsooq.com/calculator" "Mozilla/5.0 (Linux; Android 10; K) AppleWebKit/537.36 (KHTML, like Gecko) Chrome/151.0.0.0 Mobile Safari/537.36"
5.214.7.209 - - [27/Aug/2026:00:02:56 +0330] "GET /_next/static/chunks/4216-78fe3424349836f6.js HTTP/2.0" 200 7011 "https://charsooq.com/calculator" "Mozilla/5.0 (Linux; Android 10; K) AppleWebKit/537.36 (KHTML, like Gecko) Chrome/151.0.0.0 Mobile Safari/537.36"
5.214.7.209 - - [27/Aug/2026:00:02:56 +0330] "GET /_next/static/chunks/3134-367eb482f3be54c2.js HTTP/2.0" 200 2334 "https://charsooq.com/calculator" "Mozilla/5.0 (Linux; Android 10; K) AppleWebKit/537.36 (KHTML, like Gecko) Chrome/151.0.0.0 Mobile Safari/537.36"
5.214.7.209 - - [27/Aug/2026:00:02:56 +0330] "GET /_next/static/chunks/9470-129db663fb54ce77.js HTTP/2.0" 200 3092 "https://charsooq.com/calculator" "Mozilla/5.0 (Linux; Android 10; K) AppleWebKit/537.36 (KHTML, like Gecko) Chrome/151.0.0.0 Mobile Safari/537.36"
5.214.7.209 - - [27/Aug/2026:00:02:56 +0330] "GET /_next/static/chunks/8472-05374d6b6d91921f.js HTTP/2.0" 200 9473 "https://charsooq.com/calculator" "Mozilla/5.0 (Linux; Android 10; K) AppleWebKit/537.36 (KHTML, like Gecko) Chrome/151.0.0.0 Mobile Safari/537.36"
5.214.7.209 - - [27/Aug/2026:00:02:56 +0330] "GET /_next/static/chunks/84-b6c070b37c66d77f.js HTTP/2.0" 200 2597 "https://charsooq.com/calculator" "Mozilla/5.0 (Linux; Android 10; K) AppleWebKit/537.36 (KHTML, like Gecko) Chrome/151.0.0.0 Mobile Safari/537.36"
5.214.7.209 - - [27/Aug/2026:00:02:56 +0330] "GET /_next/static/chunks/app/layout-cb550aa8118c7c2c.js HTTP/2.0" 200 11535 "https://charsooq.com/calculator" "Mozilla/5.0 (Linux; Android 10; K) AppleWebKit/537.36 (KHTML, like Gecko) Chrome/151.0.0.0 Mobile Safari/537.36"
5.214.7.209 - - [27/Aug/2026:00:02:56 +0330] "GET /_next/static/chunks/app/error-094d5bcef522249f.js HTTP/2.0" 200 673 "https://charsooq.com/calculator" "Mozilla/5.0 (Linux; Android 10; K) AppleWebKit/537.36 (KHTML, like Gecko) Chrome/151.0.0.0 Mobile Safari/537.36"
5.214.7.209 - - [27/Aug/2026:00:02:56 +0330] "GET /_next/static/chunks/873-fa2a34145b7f655b.js HTTP/2.0" 200 64908 "https://charsooq.com/calculator" "Mozilla/5.0 (Linux; Android 10; K) AppleWebKit/537.36 (KHTML, like Gecko) Chrome/151.0.0.0 Mobile Safari/537.36"
5.214.7.209 - - [27/Aug/2026:00:02:56 +0330] "GET /_next/image?url=%2Fassets%2Fimages%2Ficons%2Fenamad-icon.png&w=256&q=75 HTTP/2.0" 200 2578 "https://charsooq.com/" "Mozilla/5.0 (Linux; Android 10; K) AppleWebKit/537.36 (KHTML, like Gecko) Chrome/151.0.0.0 Mobile Safari/537.36"
5.214.7.209 - - [27/Aug/2026:00:02:56 +0330] "GET /manifest.json HTTP/2.0" 200 334 "https://charsooq.com/calculator" "Mozilla/5.0 (Linux; Android 10; K) AppleWebKit/537.36 (KHTML, like Gecko) Chrome/151.0.0.0 Mobile Safari/537.36"
5.214.7.209 - - [27/Aug/2026:00:02:56 +0330] "GET /favicon.ico HTTP/2.0" 200 3035 "https://charsooq.com/calculator" "Mozilla/5.0 (Linux; Android 10; K) AppleWebKit/537.36 (KHTML, like Gecko) Chrome/151.0.0.0 Mobile Safari/537.36"
5.214.7.209 - - [27/Aug/2026:00:02:56 +0330] "GET /pwa-icon-180.png HTTP/2.0" 200 10221 "https://charsooq.com/calculator" "Mozilla/5.0 (Linux; Android 10; K) AppleWebKit/537.36 (KHTML, like Gecko) Chrome/151.0.0.0 Mobile Safari/537.36"
5.214.7.209 - - [27/Aug/2026:00:02:56 +0330] "GET /_next/static/chunks/4922.b90b86ef20984235.js HTTP/2.0" 200 425 "https://charsooq.com/calculator" "Mozilla/5.0 (Linux; Android 10; K) AppleWebKit/537.36 (KHTML, like Gecko) Chrome/151.0.0.0 Mobile Safari/537.36"
5.214.7.209 - - [27/Aug/2026:00:02:56 +0330] "GET /_next/static/chunks/1495.b45bb862bd3e18ec.js HTTP/2.0" 200 779 "https://charsooq.com/calculator" "Mozilla/5.0 (Linux; Android 10; K) AppleWebKit/537.36 (KHTML, like Gecko) Chrome/151.0.0.0 Mobile Safari/537.36"
5.214.7.209 - - [27/Aug/2026:00:02:56 +0330] "GET /_next/static/chunks/415.9bf722adfc74e289.js HTTP/2.0" 200 8742 "https://charsooq.com/calculator" "Mozilla/5.0 (Linux; Android 10; K) AppleWebKit/537.36 (KHTML, like Gecko) Chrome/151.0.0.0 Mobile Safari/537.36"
5.214.7.209 - - [27/Aug/2026:00:02:56 +0330] "GET /checkout?_rsc=bqr1v HTTP/2.0" 200 1690 "https://charsooq.com/calculator" "Mozilla/5.0 (Linux; Android 10; K) AppleWebKit/537.36 (KHTML, like Gecko) Chrome/151.0.0.0 Mobile Safari/537.36"
5.214.7.209 - - [27/Aug/2026:00:02:56 +0330] "GET /?_rsc=bqr1v HTTP/2.0" 200 13564 "https://charsooq.com/calculator" "Mozilla/5.0 (Linux; Android 10; K) AppleWebKit/537.36 (KHTML, like Gecko) Chrome/151.0.0.0 Mobile Safari/537.36"
5.214.7.209 - - [27/Aug/2026:00:02:56 +0330] "GET /pwa-icon-180.png HTTP/2.0" 304 0 "https://charsooq.com/calculator" "Mozilla/5.0 (Linux; Android 10; K) AppleWebKit/537.36 (KHTML, like Gecko) Chrome/151.0.0.0 Mobile Safari/537.36"
5.214.7.209 - - [27/Aug/2026:00:02:56 +0330] "GET /_next/static/chunks/app/checkout/layout-d7cf06d0dc8d6df6.js HTTP/2.0" 200 39421 "https://charsooq.com/calculator" "Mozilla/5.0 (Linux; Android 10; K) AppleWebKit/537.36 (KHTML, like Gecko) Chrome/151.0.0.0 Mobile Safari/537.36"
127.0.0.1 - - [27/Aug/2026:00:02:56 +0330] "GET /api/v2/sliders HTTP/1.1" 200 7478 "-" "node"
5.214.7.209 - - [27/Aug/2026:00:02:57 +0330] "GET /api/v1/calculator-index HTTP/2.0" 200 1549 "https://charsooq.com/" "Mozilla/5.0 (Linux; Android 10; K) AppleWebKit/537.36 (KHTML, like Gecko) Chrome/151.0.0.0 Mobile Safari/537.36"
127.0.0.1 - - [27/Aug/2026:00:03:06 +0330] "GET /api/v1/article-old-show/signin HTTP/1.1" 404 170 "-" "node"
195.178.110.72 - - [27/Aug/2026:00:03:06 +0330] "POST /signin HTTP/1.1" 499 0 "-" "Mozilla/5.0 (Windows NT 10.0; Win64; x64) Chrome/120.0.0.0"
127.0.0.1 - - [27/Aug/2026:00:03:07 +0330] "GET /api/v1/categories-amazon HTTP/1.1" 200 34230 "-" "node"
127.0.0.1 - - [27/Aug/2026:00:03:34 +0330] "GET /api/v2/article-show/IPhone-11-Shopping-Guide HTTP/1.1" 200 47091 "-" "node"
127.0.0.1 - - [27/Aug/2026:00:03:35 +0330] "GET /api/v1/categories-amazon HTTP/1.1" 200 34199 "-" "node"
172.16.20.25 - - [27/Aug/2026:00:03:35 +0330] "GET / HTTP/1.1" 200 338349 "-" "Mozilla/5.0 (compatible; PRTG Network Monitor (www.paessler.com); Windows)"
127.0.0.1 - - [27/Aug/2026:00:03:35 +0330] "GET /api/v1/categories-amazon HTTP/1.1" 200 34230 "-" "node"
9.129.54.142 - - [27/Aug/2026:00:03:35 +0330] "GET /articles/IPhone-11-Shopping-Guide HTTP/2.0" 200 96286 "-" "Mozilla/5.0 AppleWebKit/537.36 (KHTML, like Gecko); compatible; ChatGPT-User/1.0; +https://openai.com/bot"
127.0.0.1 - - [27/Aug/2026:00:03:38 +0330] "GET /api/v1/categories-amazon HTTP/1.1" 200 34230 "-" "node"
127.0.0.1 - - [27/Aug/2026:00:03:39 +0330] "GET /api/v2/page-data HTTP/1.1" 200 36854 "-" "node"
9.129.54.131 - - [27/Aug/2026:00:03:39 +0330] "GET / HTTP/2.0" 200 106231 "-" "Mozilla/5.0 AppleWebKit/537.36 (KHTML, like Gecko); compatible; ChatGPT-User/1.0; +https://openai.com/bot"
5.214.7.209 - - [27/Aug/2026:00:03:54 +0330] "GET /about-us?_rsc=bqr1v HTTP/2.0" 200 1364 "https://charsooq.com/calculator" "Mozilla/5.0 (Linux; Android 10; K) AppleWebKit/537.36 (KHTML, like Gecko) Chrome/151.0.0.0 Mobile Safari/537.36"
5.214.7.209 - - [27/Aug/2026:00:03:54 +0330] "GET /help?_rsc=bqr1v HTTP/2.0" 200 1528 "https://charsooq.com/calculator" "Mozilla/5.0 (Linux; Android 10; K) AppleWebKit/537.36 (KHTML, like Gecko) Chrome/151.0.0.0 Mobile Safari/537.36"
5.214.7.209 - - [27/Aug/2026:00:03:54 +0330] "GET /faq?_rsc=bqr1v HTTP/2.0" 200 1359 "https://charsooq.com/calculator" "Mozilla/5.0 (Linux; Android 10; K) AppleWebKit/537.36 (KHTML, like Gecko) Chrome/151.0.0.0 Mobile Safari/537.36"
5.214.7.209 - - [27/Aug/2026:00:03:54 +0330] "GET /_next/static/chunks/app/help/layout-bafecda7f594b8aa.js HTTP/2.0" 200 4169 "https://charsooq.com/calculator" "Mozilla/5.0 (Linux; Android 10; K) AppleWebKit/537.36 (KHTML, like Gecko) Chrome/151.0.0.0 Mobile Safari/537.36"
5.214.7.209 - - [27/Aug/2026:00:03:54 +0330] "GET /articles?_rsc=bqr1v HTTP/2.0" 200 1795 "https://charsooq.com/calculator" "Mozilla/5.0 (Linux; Android 10; K) AppleWebKit/537.36 (KHTML, like Gecko) Chrome/151.0.0.0 Mobile Safari/537.36"
5.214.7.209 - - [27/Aug/2026:00:03:54 +0330] "GET /ghavanincharsooq?_rsc=bqr1v HTTP/2.0" 200 1371 "https://charsooq.com/calculator" "Mozilla/5.0 (Linux; Android 10; K) AppleWebKit/537.36 (KHTML, like Gecko) Chrome/151.0.0.0 Mobile Safari/537.36"
127.0.0.1 - - [27/Aug/2026:00:04:34 +0330] "GET /api/v2/sliders HTTP/1.1" 200 7479 "-" "node"
127.0.0.1 - - [27/Aug/2026:00:04:34 +0330] "GET /api/v1/categories-amazon HTTP/1.1" 200 34230 "-" "node"
172.16.20.25 - - [27/Aug/2026:00:04:35 +0330] "GET / HTTP/1.1" 200 338444 "-" "Mozilla/5.0 (compatible; PRTG Network Monitor (www.paessler.com); Windows)"
127.0.0.1 - - [27/Aug/2026:00:04:37 +0330] "GET /api/v1/categories-amazon HTTP/1.1" 200 34230 "-" "node"
195.178.110.72 - - [27/Aug/2026:00:04:37 +0330] "POST /auth/callback HTTP/1.1" 404 84234 "-" "Mozilla/5.0 (Windows NT 10.0; Win64; x64) Chrome/120.0.0.0"
127.0.0.1 - - [27/Aug/2026:00:05:03 +0330] "GET /api/v1/categories-amazon HTTP/1.1" 200 34230 "-" "node"
127.0.0.1 - - [27/Aug/2026:00:05:04 +0330] "GET /api/v2/page-data HTTP/1.1" 200 36854 "-" "node"
195.178.110.72 - - [27/Aug/2026:00:05:04 +0330] "GET / HTTP/1.1" 200 106592 "-" "Mozilla/5.0 (Windows NT 10.0; Win64; x64) AppleWebKit/537.36 (KHTML, like Gecko) Chrome/120.0.0.0 Safari/537.36"
127.0.0.1 - - [27/Aug/2026:00:05:34 +0330] "GET /api/v1/categories-amazon HTTP/1.1" 200 34199 "-" "node"
172.16.20.25 - - [27/Aug/2026:00:05:35 +0330] "GET / HTTP/1.1" 200 338470 "-" "Mozilla/5.0 (compatible; PRTG Network Monitor (www.paessler.com); Windows)"
66.249.69.105 - - [27/Aug/2026:00:05:46 +0330] "GET /?u=2662935959215 HTTP/1.1" 200 33556 "-" "Mozilla/5.0 (Linux; Android 6.0.1; Nexus 5X Build/MMB29P) AppleWebKit/537.36 (KHTML, like Gecko) Chrome/151.0.7922.173 Mobile Safari/537.36 (compatible; Googlebot/2.1; +http://www.google.com/bot.html)"
66.249.69.98 - - [27/Aug/2026:00:05:54 +0330] "GET /robots.txt HTTP/1.1" 308 42 "-" "Mozilla/5.0 (compatible; Googlebot/2.1; +http://www.google.com/bot.html)"
5.121.175.201 - - [27/Aug/2026:00:06:14 +0330] "GET /_next/static/css/302d83c05ad27d8b.css HTTP/2.0" 200 369 "-" "Mozilla/5.0 (Linux; Android 10; K) AppleWebKit/537.36 (KHTML, like Gecko) Chrome/151.0.0.0 Mobile Safari/537.36"
5.121.175.201 - - [27/Aug/2026:00:06:14 +0330] "GET /_next/static/css/2c9caab41af7e337.css HTTP/2.0" 200 3175 "-" "Mozilla/5.0 (Linux; Android 10; K) AppleWebKit/537.36 (KHTML, like Gecko) Chrome/151.0.0.0 Mobile Safari/537.36"
5.121.175.201 - - [27/Aug/2026:00:06:14 +0330] "GET /_next/static/css/91447b978d7716af.css HTTP/2.0" 200 20418 "-" "Mozilla/5.0 (Linux; Android 10; K) AppleWebKit/537.36 (KHTML, like Gecko) Chrome/151.0.0.0 Mobile Safari/537.36"
5.121.175.201 - - [27/Aug/2026:00:06:14 +0330] "GET /_next/static/css/1fd47d1e4f3a64a0.css HTTP/2.0" 200 5002 "-" "Mozilla/5.0 (Linux; Android 10; K) AppleWebKit/537.36 (KHTML, like Gecko) Chrome/151.0.0.0 Mobile Safari/537.36"
5.121.175.201 - - [27/Aug/2026:00:06:14 +0330] "GET /_next/static/chunks/polyfills-42372ed130431b0a.js HTTP/2.0" 200 39627 "-" "Mozilla/5.0 (Linux; Android 10; K) AppleWebKit/537.36 (KHTML, like Gecko) Chrome/151.0.0.0 Mobile Safari/537.36"
127.0.0.1 - - [27/Aug/2026:00:06:14 +0330] "GET /api/v2/sliders HTTP/1.1" 200 7479 "-" "node"
127.0.0.1 - - [27/Aug/2026:00:06:15 +0330] "GET /api/v1/categories-amazon HTTP/1.1" 200 34230 "-" "node"
5.121.175.201 - - [27/Aug/2026:00:06:16 +0330] "GET /_next/image?url=%2Fassets%2Fimages%2Fhome%2Fcategory%2Fshoes.jpg&w=1920&q=75 HTTP/2.0" 200 13250 "https://charsooq.com/" "Mozilla/5.0 (Linux; Android 10; K) AppleWebKit/537.36 (KHTML, like Gecko) Chrome/151.0.0.0 Mobile Safari/537.36"
5.121.175.201 - - [27/Aug/2026:00:06:16 +0330] "GET /_next/static/media/c7178acf770b8f1a-s.p.ttf HTTP/2.0" 200 35704 "https://charsooq.com/" "Mozilla/5.0 (Linux; Android 10; K) AppleWebKit/537.36 (KHTML, like Gecko) Chrome/151.0.0.0 Mobile Safari/537.36"
5.121.175.201 - - [27/Aug/2026:00:06:16 +0330] "GET /_next/static/media/d36c74da9a95e091-s.p.ttf HTTP/2.0" 200 35196 "https://charsooq.com/" "Mozilla/5.0 (Linux; Android 10; K) AppleWebKit/537.36 (KHTML, like Gecko) Chrome/151.0.0.0 Mobile Safari/537.36"
5.121.175.201 - - [27/Aug/2026:00:06:16 +0330] "GET /_next/image?url=%2Fassets%2Fimages%2Fhome%2Fcategory%2Fcosmetic.jpg&w=1920&q=75 HTTP/2.0" 200 15462 "https://charsooq.com/" "Mozilla/5.0 (Linux; Android 10; K) AppleWebKit/537.36 (KHTML, like Gecko) Chrome/151.0.0.0 Mobile Safari/537.36"
5.121.175.201 - - [27/Aug/2026:00:06:16 +0330] "GET /_next/image?url=%2Fassets%2Fimages%2Fhome%2Fhome-instagram2.webp&w=1920&q=75 HTTP/2.0" 200 10150 "https://charsooq.com/" "Mozilla/5.0 (Linux; Android 10; K) AppleWebKit/537.36 (KHTML, like Gecko) Chrome/151.0.0.0 Mobile Safari/537.36"
5.121.175.201 - - [27/Aug/2026:00:06:16 +0330] "GET /_next/image?url=%2Fassets%2Fimages%2Fhome%2Fhome-telegram2.webp&w=1920&q=75 HTTP/2.0" 200 16878 "https://charsooq.com/" "Mozilla/5.0 (Linux; Android 10; K) AppleWebKit/537.36 (KHTML, like Gecko) Chrome/151.0.0.0 Mobile Safari/537.36"
5.121.175.201 - - [27/Aug/2026:00:06:16 +0330] "GET /_next/image?url=%2Fassets%2Fimages%2Ficons%2Ftelegram-icon.png&w=128&q=75 HTTP/2.0" 200 5724 "https://charsooq.com/" "Mozilla/5.0 (Linux; Android 10; K) AppleWebKit/537.36 (KHTML, like Gecko) Chrome/151.0.0.0 Mobile Safari/537.36"
5.121.175.201 - - [27/Aug/2026:00:06:16 +0330] "GET /_next/static/chunks/main-app-9964935a240c0d39.js HTTP/2.0" 200 471 "https://charsooq.com/" "Mozilla/5.0 (Linux; Android 10; K) AppleWebKit/537.36 (KHTML, like Gecko) Chrome/151.0.0.0 Mobile Safari/537.36"
5.121.175.201 - - [27/Aug/2026:00:06:16 +0330] "GET /_next/image?url=https%3A%2F%2Fpanel.charsooq.com%2Fstorage%2F01K86CG1QRVXB0PMTKY5EERBNB.jpg&w=640&q=75 HTTP/2.0" 200 5768 "https://charsooq.com/" "Mozilla/5.0 (Linux; Android 10; K) AppleWebKit/537.36 (KHTML, like Gecko) Chrome/151.0.0.0 Mobile Safari/537.36"
127.0.0.1 - - [27/Aug/2026:00:06:16 +0330] "GET /storage/01K86CG1QRVXB0PMTKY5EERBNB.jpg HTTP/1.1" 200 25489 "-" "node"
127.0.0.1 - - [27/Aug/2026:00:06:16 +0330] "GET /storage/01KFXB7VBNM3NRS4TMST0J77BY.jpg HTTP/1.1" 200 245196 "-" "node"
127.0.0.1 - - [27/Aug/2026:00:06:16 +0330] "GET /storage/01KE1FP01NABFH9KQRP45ECBQ5.webp HTTP/1.1" 200 101104 "-" "node"
127.0.0.1 - - [27/Aug/2026:00:06:16 +0330] "GET /storage/01KD7W28R9M57F4MPBTPSH8CT1.webp HTTP/1.1" 200 114466 "-" "node"
127.0.0.1 - - [27/Aug/2026:00:06:16 +0330] "GET /storage/01KCR92KVH2GAESBCCCE4TDAEF.webp HTTP/1.1" 200 118204 "-" "node"
5.121.175.201 - - [27/Aug/2026:00:06:16 +0330] "GET /_next/image?url=https%3A%2F%2Fpanel.charsooq.com%2Fstorage%2F01KE1FP01NABFH9KQRP45ECBQ5.webp&w=640&q=75 HTTP/2.0" 200 20988 "https://charsooq.com/" "Mozilla/5.0 (Linux; Android 10; K) AppleWebKit/537.36 (KHTML, like Gecko) Chrome/151.0.0.0 Mobile Safari/537.36"
5.121.175.201 - - [27/Aug/2026:00:06:16 +0330] "GET /_next/image?url=https%3A%2F%2Fpanel.charsooq.com%2Fstorage%2F01KD7W28R9M57F4MPBTPSH8CT1.webp&w=640&q=75 HTTP/2.0" 200 14936 "https://charsooq.com/" "Mozilla/5.0 (Linux; Android 10; K) AppleWebKit/537.36 (KHTML, like Gecko) Chrome/151.0.0.0 Mobile Safari/537.36"
5.121.175.201 - - [27/Aug/2026:00:06:16 +0330] "GET /_next/image?url=https%3A%2F%2Fpanel.charsooq.com%2Fstorage%2F01KCR92KVH2GAESBCCCE4TDAEF.webp&w=640&q=75 HTTP/2.0" 200 16696 "https://charsooq.com/" "Mozilla/5.0 (Linux; Android 10; K) AppleWebKit/537.36 (KHTML, like Gecko) Chrome/151.0.0.0 Mobile Safari/537.36"
5.121.175.201 - - [27/Aug/2026:00:06:16 +0330] "GET /_next/image?url=https%3A%2F%2Fpanel.charsooq.com%2Fstorage%2F01KFXB7VBNM3NRS4TMST0J77BY.jpg&w=640&q=75 HTTP/2.0" 200 46206 "https://charsooq.com/" "Mozilla/5.0 (Linux; Android 10; K) AppleWebKit/537.36 (KHTML, like Gecko) Chrome/151.0.0.0 Mobile Safari/537.36"
5.121.175.201 - - [27/Aug/2026:00:06:16 +0330] "GET /_next/static/chunks/webpack-f27042854bafc0d3.js HTTP/2.0" 200 2127 "https://charsooq.com/" "Mozilla/5.0 (Linux; Android 10; K) AppleWebKit/537.36 (KHTML, like Gecko) Chrome/151.0.0.0 Mobile Safari/537.36"
127.0.0.1 - - [27/Aug/2026:00:06:16 +0330] "GET /storage/01K86C2WJ5BTW35M4WQY1ARM0W.jpg HTTP/1.1" 200 257693 "-" "node"
127.0.0.1 - - [27/Aug/2026:00:06:16 +0330] "GET /storage/01K86BG0D1WEMNCNNJKE10YXQ3.jpg HTTP/1.1" 200 121544 "-" "node"
127.0.0.1 - - [27/Aug/2026:00:06:16 +0330] "GET /storage/01K3G78KBK02639K593VK9RFHM.jpg HTTP/1.1" 200 80312 "-" "node"
127.0.0.1 - - [27/Aug/2026:00:06:16 +0330] "GET /storage/01K3G6XJMEKTWF2PNNZ84GEQG1.jpg HTTP/1.1" 200 79260 "-" "node"
127.0.0.1 - - [27/Aug/2026:00:06:16 +0330] "GET /storage/01K3G79AZZEVWC6WZRKBQWMB0V.jpg HTTP/1.1" 200 59062 "-" "node"
127.0.0.1 - - [27/Aug/2026:00:06:16 +0330] "GET /api/v2/page-data HTTP/1.1" 200 36854 "-" "node"
5.121.175.201 - - [27/Aug/2026:00:06:19 +0330] "GET /_next/static/chunks/fd9d1056-9ff99acbd7fb9fe8.js HTTP/2.0" 200 53744 "https://charsooq.com/" "Mozilla/5.0 (Linux; Android 10; K) AppleWebKit/537.36 (KHTML, like Gecko) Chrome/151.0.0.0 Mobile Safari/537.36"
5.121.175.201 - - [27/Aug/2026:00:06:19 +0330] "GET /assets/images/home/discount-background.webp HTTP/2.0" 200 59114 "https://charsooq.com/_next/static/css/2c9caab41af7e337.css" "Mozilla/5.0 (Linux; Android 10; K) AppleWebKit/537.36 (KHTML, like Gecko) Chrome/151.0.0.0 Mobile Safari/537.36"
5.121.175.201 - - [27/Aug/2026:00:06:19 +0330] "GET / HTTP/2.0" 200 106234 "https://www.google.com/" "Mozilla/5.0 (Linux; Android 10; K) AppleWebKit/537.36 (KHTML, like Gecko) Chrome/151.0.0.0 Mobile Safari/537.36"
5.121.175.201 - - [27/Aug/2026:00:06:19 +0330] "GET /_next/static/chunks/2117-828e02dc1643a950.js HTTP/2.0" 200 32001 "https://charsooq.com/" "Mozilla/5.0 (Linux; Android 10; K) AppleWebKit/537.36 (KHTML, like Gecko) Chrome/151.0.0.0 Mobile Safari/537.36"
5.121.175.201 - - [27/Aug/2026:00:06:19 +0330] "GET /_next/static/chunks/2972-d7980624b2014943.js HTTP/2.0" 200 8732 "https://charsooq.com/" "Mozilla/5.0 (Linux; Android 10; K) AppleWebKit/537.36 (KHTML, like Gecko) Chrome/151.0.0.0 Mobile Safari/537.36"
5.121.175.201 - - [27/Aug/2026:00:06:19 +0330] "GET /_next/static/chunks/1580-575957d688ae25ac.js HTTP/2.0" 200 12089 "https://charsooq.com/" "Mozilla/5.0 (Linux; Android 10; K) AppleWebKit/537.36 (KHTML, like Gecko) Chrome/151.0.0.0 Mobile Safari/537.36"
5.121.175.201 - - [27/Aug/2026:00:06:19 +0330] "GET /_next/static/chunks/4438-ac5ce0d4a5fd9e15.js HTTP/2.0" 200 8260 "https://charsooq.com/" "Mozilla/5.0 (Linux; Android 10; K) AppleWebKit/537.36 (KHTML, like Gecko) Chrome/151.0.0.0 Mobile Safari/537.36"
5.121.175.201 - - [27/Aug/2026:00:06:19 +0330] "GET /_next/static/chunks/6137-97a90ba21cd4a885.js HTTP/2.0" 200 6706 "https://charsooq.com/" "Mozilla/5.0 (Linux; Android 10; K) AppleWebKit/537.36 (KHTML, like Gecko) Chrome/151.0.0.0 Mobile Safari/537.36"
5.121.175.201 - - [27/Aug/2026:00:06:19 +0330] "GET /_next/static/chunks/3462-b3fd13ed1d4f90e2.js HTTP/2.0" 200 1833 "https://charsooq.com/" "Mozilla/5.0 (Linux; Android 10; K) AppleWebKit/537.36 (KHTML, like Gecko) Chrome/151.0.0.0 Mobile Safari/537.36"
5.121.175.201 - - [27/Aug/2026:00:06:19 +0330] "GET /_next/static/chunks/3013-a9939c72e4a38977.js HTTP/2.0" 200 6860 "https://charsooq.com/" "Mozilla/5.0 (Linux; Android 10; K) AppleWebKit/537.36 (KHTML, like Gecko) Chrome/151.0.0.0 Mobile Safari/537.36"
5.121.175.201 - - [27/Aug/2026:00:06:19 +0330] "GET /_next/static/chunks/5878-8c4517462d65e9a5.js HTTP/2.0" 200 5170 "https://charsooq.com/" "Mozilla/5.0 (Linux; Android 10; K) AppleWebKit/537.36 (KHTML, like Gecko) Chrome/151.0.0.0 Mobile Safari/537.36"
5.121.175.201 - - [27/Aug/2026:00:06:19 +0330] "GET /_next/static/chunks/6818-72710ec856a66515.js HTTP/2.0" 200 2700 "https://charsooq.com/" "Mozilla/5.0 (Linux; Android 10; K) AppleWebKit/537.36 (KHTML, like Gecko) Chrome/151.0.0.0 Mobile Safari/537.36"
5.121.175.201 - - [27/Aug/2026:00:06:19 +0330] "GET /_next/static/chunks/5763-e3689baff1695fd1.js HTTP/2.0" 200 4387 "https://charsooq.com/" "Mozilla/5.0 (Linux; Android 10; K) AppleWebKit/537.36 (KHTML, like Gecko) Chrome/151.0.0.0 Mobile Safari/537.36"
5.121.175.201 - - [27/Aug/2026:00:06:19 +0330] "GET /_next/static/chunks/9064-bc53da8ff6805f5a.js HTTP/2.0" 200 4703 "https://charsooq.com/" "Mozilla/5.0 (Linux; Android 10; K) AppleWebKit/537.36 (KHTML, like Gecko) Chrome/151.0.0.0 Mobile Safari/537.36"
5.121.175.201 - - [27/Aug/2026:00:06:19 +0330] "GET /_next/static/chunks/1493-5bf6477734a442f1.js HTTP/2.0" 200 3468 "https://charsooq.com/" "Mozilla/5.0 (Linux; Android 10; K) AppleWebKit/537.36 (KHTML, like Gecko) Chrome/151.0.0.0 Mobile Safari/537.36"
5.121.175.201 - - [27/Aug/2026:00:06:19 +0330] "GET /_next/static/chunks/2034-b6ee9baf8082b7dc.js HTTP/2.0" 200 10926 "https://charsooq.com/" "Mozilla/5.0 (Linux; Android 10; K) AppleWebKit/537.36 (KHTML, like Gecko) Chrome/151.0.0.0 Mobile Safari/537.36"
5.121.175.201 - - [27/Aug/2026:00:06:19 +0330] "GET /_next/static/chunks/5605-342a49848bbf0c11.js HTTP/2.0" 200 6777 "https://charsooq.com/" "Mozilla/5.0 (Linux; Android 10; K) AppleWebKit/537.36 (KHTML, like Gecko) Chrome/151.0.0.0 Mobile Safari/537.36"
5.121.175.201 - - [27/Aug/2026:00:06:19 +0330] "GET /_next/static/chunks/1592-00644b699e0ed4d8.js HTTP/2.0" 200 7980 "https://charsooq.com/" "Mozilla/5.0 (Linux; Android 10; K) AppleWebKit/537.36 (KHTML, like Gecko) Chrome/151.0.0.0 Mobile Safari/537.36"
5.121.175.201 - - [27/Aug/2026:00:06:19 +0330] "GET /_next/static/chunks/8003-81602ee8b36ef204.js HTTP/2.0" 200 2418 "https://charsooq.com/" "Mozilla/5.0 (Linux; Android 10; K) AppleWebKit/537.36 (KHTML, like Gecko) Chrome/151.0.0.0 Mobile Safari/537.36"
5.121.175.201 - - [27/Aug/2026:00:06:19 +0330] "GET /_next/static/chunks/169-68dabecb1c163108.js HTTP/2.0" 200 6555 "https://charsooq.com/" "Mozilla/5.0 (Linux; Android 10; K) AppleWebKit/537.36 (KHTML, like Gecko) Chrome/151.0.0.0 Mobile Safari/537.36"
5.121.175.201 - - [27/Aug/2026:00:06:19 +0330] "GET /_next/static/chunks/9227-c2a8061d3143118a.js HTTP/2.0" 200 2320 "https://charsooq.com/" "Mozilla/5.0 (Linux; Android 10; K) AppleWebKit/537.36 (KHTML, like Gecko) Chrome/151.0.0.0 Mobile Safari/537.36"
5.121.175.201 - - [27/Aug/2026:00:06:19 +0330] "GET /_next/static/chunks/1188-8347881a51d7e866.js HTTP/2.0" 200 3364 "https://charsooq.com/" "Mozilla/5.0 (Linux; Android 10; K) AppleWebKit/537.36 (KHTML, like Gecko) Chrome/151.0.0.0 Mobile Safari/537.36"
